D/ConnectivityService( 2749): returning Blocked NetworkInfo for ifname=rmnet_data0, uid=10140
I/ServiceManager( 5726): Waiting for service goodix.fp...
V/WLAN_PSA( 380): NL MSG, len[048], NL type[0x11] WNI type[0x5050] len[028]
V/WLAN_PSA( 380): NL MSG, PID: 380
I/SurfaceFlinger( 320): FPS: 3
W/MessageQueue(11904): Handler (android.os.Handler) {3084422f} sending message to a Handler on a dead thread
W/MessageQueue(11904): java.lang.IllegalStateException: Handler (android.os.Handler) {3084422f} sending message to a Handler on a dead thread
W/MessageQueue(11904): at android.os.MessageQueue.enqueueMessage(MessageQueue.java)
W/MessageQueue(11904): at android.os.Handler.enqueueMessage(Handler.java)
W/MessageQueue(11904): at android.os.Handler.sendMessageAtTime(Handler.java)
W/MessageQueue(11904): at android.os.Handler.sendMessageDelayed(Handler.java)
W/MessageQueue(11904): at android.os.Handler.post(Handler.java)
W/MessageQueue(11904): at X.03N.a(:14147)
W/MessageQueue(11904): at X.0Zr.a(:90831)
W/MessageQueue(11904): at X.0Zr.b(:90848)
W/MessageQueue(11904): at com.facebook.fbservice.ops.DefaultBlueServiceOperation$3.b(:92057)
W/MessageQueue(11904): at X.0bX.r$0(:94895)
W/MessageQueue(11904): at X.0bl.run(:95098)
W/MessageQueue(11904): at java.util.concurrent.Executors$RunnableAdapter.call(Executors.java:422)
W/MessageQueue(11904): at java.util.concurrent.FutureTask.run(FutureTask.java:237)
W/MessageQueue(11904): at X.0cD.run(:95603)
W/MessageQueue(11904): at android.os.Handler.handleCallback(Handler.java)
W/MessageQueue(11904): at android.os.Handler.dispatchMessage(Handler.java)
W/MessageQueue(11904): at android.os.Looper.loop(Looper.java)
W/MessageQueue(11904): at android.os.HandlerThread.run(HandlerThread.java)
I/ServiceManager( 5726): Waiting for service goodix.fp...
D/BatteryService( 2749): Processing new values: chargerAcOnline=false, chargerUsbOnline=false, chargerWirelessOnline=false, batteryStatus=4, batteryHealth=2, batteryPresent=true, batteryLevel=89, batteryTechnology=Li-ion, batteryVoltage=4202, batteryTemperature=342, mBatteryLevelCritical=false, mPlugType=0
I/SleepModeManager( 5069): I notifyEvent !mIsEnable return
D/BatteryService( 2749): Sending ACTION_BATTERY_CHANGED. level:89, scale:100, status:4, health:2, present:true, voltage: 4202, temperature: 342, technology: Li-ion, AC powered:false, USB powered:false, Wireless powered:false, icon:17303143, invalid charger:0
I/SleepModeManager_CertSleepDetection( 5069): I CertBroadcastReceiver onReceive:android.intent.action.BATTERY_CHANGED
D/BatteryService( 2749): zhaoqf_sh batteryServices call state : 0 mPlugType : 0
I/InfoCollectManager( 5279): ACTION:android.intent.action.BATTERY_CHANGED
D/com.gsamlabs.bbm.lib.NotifyingService(11594): ===:89:4202:34.2:0
I/SurfaceFlinger( 320): FPS: 3
I/ServiceManager( 5726): Waiting for service goodix.fp...
W/ (12398): [ColorAdjust] gammamode=2, cemode=10
W/ (12398): [ColorAdjust] temp_gammavalue=2, temp_cevalue=10
W/ (12398): [ColorAdjust] Don't setGamma!
W/ (12398): [ColorAdjust] Don't setCe!
W/ (12398): [ColorAdjust] Set temp_prefer temp_ce!
D/FingerGoodix( 5726): go into while FingerPrint,getFingerPrintService()
I/SurfaceFlinger( 320): FPS: 4
I/ActivityManager( 2749): Start proc 12401:com.qualcomm.qti.carrierconfigure/1000 for service com.qualcomm.qti.carrierconfigure/.StartActivityReceiver$RegistTriggerService
D/WtProcessController( 5069): onAMProcStart callback
D/TidaProvider(12401): TidaProvider()
W/ResourcesManager(12401): Asset path '/system/framework/qcrilhook.jar' does not exist or contains no resources.
I/ServiceManager( 5726): Waiting for service goodix.fp...
I/RegistTriggerService(12401): register StartActivityReceiver
D/QcrilMsgTunnelSocket( 9282): readRilMessage: Buffer = [B@2a7ee7d8 HexData = [010000000404000011000000514f454d484f4f4bef0308000100000003]
D/QcrilMsgTunnelSocket( 9282): Rcvd UNSOL response with 28 bytes data for SUB0
D/QcrilMsgTunnelSocket( 9282): Response ID 525295 is not served in this process.
D/QcrilMsgTunnelSocket( 9282): To broadcast an Intent via the notifier to external apps
D/QcrilMsgTunnelIfaceManager( 9282): handleMessage what = 0
D/QcrilMsgTunnelSocket( 9282): readRilMessage: Buffer = [B@2a7ee7d8 HexData = [010000000404000011000000514f454d484f4f4bfa0308000100000000]
D/QcrilMsgTunnelSocket( 9282): Rcvd UNSOL response with 28 bytes data for SUB0
D/QcrilMsgTunnelSocket( 9282): Response ID 525306 is not served in this process.
D/QcrilMsgTunnelSocket( 9282): To broadcast an Intent via the notifier to external apps
D/QcrilMsgTunnelIfaceManager( 9282): handleMessage what = 0
D/StatusBar.NetworkController( 4773): onSignalStrengthsChanged received on slotId :0signalStrength=SignalStrength: 12 0 -120 -160 -120 -1 -1 99 2147483647 2147483647 2147483647 2147483647 2147483647 gsm|lte level=5 cdmdlevel=0 evdolevel=0
D/StatusBar.NetworkController( 4773): onServiceStateChanged received on slotId :0state=0 VoiceNetworkType=3 DataNetworkType=3
D/NetworkTypeUtils( 4773): default net type
D/StatusBar.NetworkController( 4773): updateNetworkName spn=null plmn=COSMOTE slotId=0 hasService=true showSpn=false showPlmn=true
D/ConnectivityService( 2749): rematching NetworkAgentInfo [MOBILE (HSPA+) - 102]
D/ConnectivityService( 2749): Network NetworkAgentInfo [MOBILE (HSPA+) - 102] was already satisfying request 1. No change.
D/ConnectivityService( 2749): notifyType AVAILABLE for NetworkAgentInfo [MOBILE (HSPA+) - 102]
D/ConnectivityManager.CallbackHandler( 4773): CM callback handler got msg 524290
D/SecurityController( 4773): onAvailable 102 : [ Transports: CELLULAR Capabilities: SUPL&INTERNET&NOT_RESTRICTED&TRUSTED&NOT_VPN LinkUpBandwidth>=384Kbps LinkDnBandwidth>=384Kbps Specifier: <1>]
D/ConnectivityService( 2749): notifyType CAP_CHANGED for NetworkAgentInfo [MOBILE (HSPA+) - 102]
D/ConnectivityManager.CallbackHandler( 6997): CM callback handler got msg 524290
D/ConnectivityManager.CallbackHandler(11666): CM callback handler got msg 524290
D/ConnectivityManager.CallbackHandler( 4773): CM callback handler got msg 524294
D/ConnectivityManager.CallbackHandler(11904): CM callback handler got msg 524290
D/ConnectivityService( 2749): returning Blocked NetworkInfo for ifname=rmnet_data0, uid=10140
D/ConnectivityManager.CallbackHandler(11666): CM callback handler got msg 524294
D/ConnectivityManager.CallbackHandler(11904): CM callback handler got msg 524294
D/ConnectivityService( 2749): notifyType IP_CHANGED for NetworkAgentInfo [MOBILE (UMTS) - 102]
D/ConnectivityService( 2749): returning Blocked NetworkInfo for ifname=rmnet_data0, uid=10140
D/ConnectivityManager.CallbackHandler( 6997): CM callback handler got msg 524290
D/ConnectivityManager.CallbackHandler( 4773): CM callback handler got msg 524295
D/ConnectivityManager.CallbackHandler( 6997): CM callback handler got msg 524290
D/ConnectivityManager.CallbackHandler(11666): CM callback handler got msg 524295
D/ConnectivityManager.CallbackHandler(11904): CM callback handler got msg 524295
D/ConnectivityManager.CallbackHandler( 6997): CM callback handler got msg 524294
D/ConnectivityManager.CallbackHandler( 6997): CM callback handler got msg 524294
D/ConnectivityManager.CallbackHandler( 6997): CM callback handler got msg 524294
D/StatusBar.NetworkController( 4773): onDataConnectionStateChanged received on slotId :0state=2 type=3
D/NetworkTypeUtils( 4773): default net type
D/ConnectivityManager.CallbackHandler( 6997): CM callback handler got msg 524295
D/ConnectivityManager.CallbackHandler( 6997): CM callback handler got msg 524295
D/ConnectivityManager.CallbackHandler( 6997): CM callback handler got msg 524295
D/PhoneApp( 5881): mReceiver: ACTION_ANY_DATA_CONNECTION_STATE_CHANGED
D/PhoneApp( 5881): - state: CONNECTED
D/PhoneApp( 5881): - reason: null
D/StatusBar.NetworkController( 4773): onSignalStrengthsChanged received on slotId :0signalStrength=SignalStrength: 14 0 -120 -160 -120 -1 -1 99 2147483647 2147483647 2147483647 2147483647 2147483647 gsm|lte level=5 cdmdlevel=0 evdolevel=0
I/SurfaceFlinger( 320): FPS: 3
I/ServiceManager( 5726): Waiting for service goodix.fp...
V/WLAN_PSA( 380): NL MSG, len[048], NL type[0x11] WNI type[0x5050] len[028]
V/WLAN_PSA( 380): NL MSG, PID: 380
I/SurfaceFlinger( 320): FPS: 2
I/ServiceManager( 5726): Waiting for service goodix.fp...
D/VM_BMS ( 569): wake_lock acquired
D/VM_BMS ( 569): New BMS data - Size=56
D/VM_BMS ( 569): Start process_bms_data
D/VM_BMS ( 569): For batt_temp=342 fcc_mah=4048
D/VM_BMS ( 569): For ocv=4261386 batt_temp=342 soc=91
D/VM_BMS ( 569): fifo_count=5 acc_count=0
D/VM_BMS ( 569): INIT: ocv=4261386 last_ocv=4261386 batt_temp=342 soc=91
D/VM_BMS ( 569): For soc=91 batt_temp=342 slope=11600
D/VM_BMS ( 569): For soc=91 batt_temp=342 rbatt_sf=89
D/VM_BMS ( 569): rbatt_mohm_default=112, rbatt_mohm=99, sf=89 batt_temp=342
D/VM_BMS ( 569): For ocv=4261108 batt_temp=342 soc=91
D/VM_BMS ( 569): FIFO=0 fifo_avg=4.203135 rbatt=0.149000 slope=1.160000 ibatt=0.390012 ocv=4.261108 soc=91 fcc_ah=4.048000 sample_count=128 sample_interval=70 seq_num=176
D/VM_BMS ( 569): For soc=91 batt_temp=342 slope=11600
D/VM_BMS ( 569): For soc=91 batt_temp=342 rbatt_sf=89
D/VM_BMS ( 569): rbatt_mohm_default=112, rbatt_mohm=99, sf=89 batt_temp=342
D/VM_BMS ( 569): For ocv=4260959 batt_temp=342 soc=91
D/VM_BMS ( 569): FIFO=1 fifo_avg=4.230069 rbatt=0.149000 slope=1.160000 ibatt=0.207816 ocv=4.260960 soc=91 fcc_ah=4.048000 sample_count=128 sample_interval=70 seq_num=176
D/VM_BMS ( 569): For soc=91 batt_temp=342 slope=11600
D/VM_BMS ( 569): For soc=91 batt_temp=342 rbatt_sf=89
D/VM_BMS ( 569): rbatt_mohm_default=112, rbatt_mohm=99, sf=89 batt_temp=342
D/VM_BMS ( 569): For ocv=4260746 batt_temp=342 soc=91
D/VM_BMS ( 569): FIFO=2 fifo_avg=4.216452 rbatt=0.149000 slope=1.160000 ibatt=0.297992 ocv=4.260746 soc=91 fcc_ah=4.048000 sample_count=128 sample_interval=70 seq_num=176
D/VM_BMS ( 569): For soc=91 batt_temp=342 slope=11600
D/VM_BMS ( 569): For soc=91 batt_temp=342 rbatt_sf=89
D/VM_BMS ( 569): rbatt_mohm_default=112, rbatt_mohm=99, sf=89 batt_temp=342
D/VM_BMS ( 569): For ocv=4260526 batt_temp=342 soc=91
D/VM_BMS ( 569): FIFO=3 fifo_avg=4.214676 rbatt=0.149000 slope=1.160000 ibatt=0.308457 ocv=4.260526 soc=91 fcc_ah=4.048000 sample_count=128 sample_interval=70 seq_num=176
D/VM_BMS ( 569): For soc=91 batt_temp=342 slope=11600
D/VM_BMS ( 569): For soc=91 batt_temp=342 rbatt_sf=89
D/VM_BMS ( 569): rbatt_mohm_default=112, rbatt_mohm=99, sf=89 batt_temp=342
D/VM_BMS ( 569): For ocv=4260298 batt_temp=342 soc=91
D/VM_BMS ( 569): FIFO=4 fifo_avg=4.212900 rbatt=0.149000 slope=1.160000 ibatt=0.318875 ocv=4.260299 soc=91 fcc_ah=4.048000 sample_count=128 sample_interval=70 seq_num=176
I/VM_BMS ( 569): power_supply_update: ocv_uv=4260298 ibatt=318874 soc=91 seq_num=176
D/VM_BMS ( 569): End process_bms_data
D/VM_BMS ( 569): wake_lock released
E/SingleFileAttributeStore.cpp(11904): Could not read data from the disk
D/QcrilMsgTunnelSocket( 9282): readRilMessage: Buffer = [B@2a7ee7d8 HexData = [010000000404000011000000514f454d484f4f4bef0308000100000003]
D/QcrilMsgTunnelSocket( 9282): Rcvd UNSOL response with 28 bytes data for SUB0
D/QcrilMsgTunnelSocket( 9282): Response ID 525295 is not served in this process.
D/QcrilMsgTunnelSocket( 9282): To broadcast an Intent via the notifier to external apps
D/QcrilMsgTunnelIfaceManager( 9282): handleMessage what = 0
D/QcrilMsgTunnelSocket( 9282): readRilMessage: Buffer = [B@2a7ee7d8 HexData = [010000000404000011000000514f454d484f4f4bfa0308000100000000]
D/QcrilMsgTunnelSocket( 9282): Rcvd UNSOL response with 28 bytes data for SUB0
D/QcrilMsgTunnelSocket( 9282): Response ID 525306 is not served in this process.
D/QcrilMsgTunnelSocket( 9282): To broadcast an Intent via the notifier to external apps
D/QcrilMsgTunnelIfaceManager( 9282): handleMessage what = 0
D/StatusBar.NetworkController( 4773): onServiceStateChanged received on slotId :0state=0 VoiceNetworkType=3 DataNetworkType=15
D/NetworkTypeUtils( 4773): default net type
D/ConnectivityService( 2749): rematching NetworkAgentInfo [MOBILE (UMTS) - 102]
D/ConnectivityService( 2749): Network NetworkAgentInfo [MOBILE (UMTS) - 102] was already satisfying request 1. No change.
D/ConnectivityService( 2749): notifyType AVAILABLE for NetworkAgentInfo [MOBILE (UMTS) - 102]
D/ConnectivityManager.CallbackHandler( 6997): CM callback handler got msg 524290
D/ConnectivityManager.CallbackHandler( 4773): CM callback handler got msg 524290
D/SecurityController( 4773): onAvailable 102 : [ Transports: CELLULAR Capabilities: SUPL&INTERNET&NOT_RESTRICTED&TRUSTED&NOT_VPN LinkUpBandwidth>=11264Kbps LinkDnBandwidth>=43008Kbps Specifier: <1>]
D/ConnectivityService( 2749): notifyType CAP_CHANGED for NetworkAgentInfo [MOBILE (UMTS) - 102]
D/ConnectivityManager.CallbackHandler( 4773): CM callback handler got msg 524294
D/ConnectivityService( 2749): returning Blocked NetworkInfo for ifname=rmnet_data0, uid=10140
D/ConnectivityManager.CallbackHandler(11666): CM callback handler got msg 524290
D/ConnectivityManager.CallbackHandler( 6997): CM callback handler got msg 524290
D/ConnectivityManager.CallbackHandler(11666): CM callback handler got msg 524294
D/ConnectivityService( 2749): returning Blocked NetworkInfo for ifname=rmnet_data0, uid=10140
D/ConnectivityService( 2749): notifyType IP_CHANGED for NetworkAgentInfo [MOBILE (HSPA+) - 102]
D/ConnectivityManager.CallbackHandler( 4773): CM callback handler got msg 524295
D/ConnectivityManager.CallbackHandler( 6997): CM callback handler got msg 524290
D/ConnectivityManager.CallbackHandler(11666): CM callback handler got msg 524295
D/StatusBar.NetworkController( 4773): updateNetworkName spn=null plmn=COSMOTE slotId=0 hasService=true showSpn=false showPlmn=true
D/ConnectivityManager.CallbackHandler( 6997): CM callback handler got msg 524294
D/ConnectivityManager.CallbackHandler( 6997): CM callback handler got msg 524294
D/ConnectivityManager.CallbackHandler( 6997): CM callback handler got msg 524294
D/ConnectivityManager.CallbackHandler( 6997): CM callback handler got msg 524295
D/ConnectivityManager.CallbackHandler(11904): CM callback handler got msg 524290
D/ConnectivityManager.CallbackHandler( 6997): CM callback handler got msg 524295
D/ConnectivityManager.CallbackHandler(11904): CM callback handler got msg 524294
D/ConnectivityManager.CallbackHandler( 6997): CM callback handler got msg 524295
D/ConnectivityManager.CallbackHandler(11904): CM callback handler got msg 524295
D/StatusBar.NetworkController( 4773): onDataConnectionStateChanged received on slotId :0state=2 type=15
D/NetworkTypeUtils( 4773): default net type
I/SurfaceFlinger( 320): FPS: 2
D/PhoneApp( 5881): mReceiver: ACTION_ANY_DATA_CONNECTION_STATE_CHANGED
D/PhoneApp( 5881): - state: CONNECTED
D/PhoneApp( 5881): - reason: null
I/ServiceManager( 5726): Waiting for service goodix.fp...
D/StatusBar.NetworkController( 4773): onSignalStrengthsChanged received on slotId :0signalStrength=SignalStrength: 14 0 -120 -160 -120 -1 -1 99 2147483647 2147483647 2147483647 2147483647 2147483647 gsm|lte level=5 cdmdlevel=0 evdolevel=0
I/ServiceManager( 7576): Waiting for service AtCmdFwd...
W/ (12494): [ColorAdjust] gammamode=2, cemode=10
W/ (12494): [ColorAdjust] temp_gammavalue=2, temp_cevalue=10
W/ (12494): [ColorAdjust] Don't setGamma!
W/ (12494): [ColorAdjust] Don't setCe!
W/ (12494): [ColorAdjust] Set temp_prefer temp_ce!
I/ServiceManager( 5726): Waiting for service goodix.fp...
I/SurfaceFlinger( 320): FPS: 5
D/qdlights( 2749): persist.sys.display_eyecare:0
D/qdlights( 2749): disable night mode:0
E/PPDaemon( 2749): DisplayConfigPPMode_float: strength select:0 ,local 0
D/PPDaemon( 2749): DisplayConfigPPMode_float: Mode:0 applied successfully
D/qdlights( 2749): persist.sys.display_eyecare:0
D/qdlights( 2749): disable night mode:0
E/PPDaemon( 2749): DisplayConfigPPMode_float: strength select:0 ,local 0
D/PPDaemon( 2749): DisplayConfigPPMode_float: Mode:0 applied successfully
D/qdlights( 2749): persist.sys.display_eyecare:0
D/qdlights( 2749): disable night mode:0
E/PPDaemon( 2749): DisplayConfigPPMode_float: strength select:0 ,local 0
D/PPDaemon( 2749): DisplayConfigPPMode_float: Mode:0 applied successfully
D/qdlights( 2749): persist.sys.display_eyecare:0
D/qdlights( 2749): disable night mode:0
E/PPDaemon( 2749): DisplayConfigPPMode_float: strength select:0 ,local 0
D/PPDaemon( 2749): DisplayConfigPPMode_float: Mode:0 applied successfully
D/qdlights( 2749): persist.sys.display_eyecare:0
D/qdlights( 2749): disable night mode:0
E/PPDaemon( 2749): DisplayConfigPPMode_float: strength select:0 ,local 0
D/PPDaemon( 2749): DisplayConfigPPMode_float: Mode:0 applied successfully
D/LightsService( 2749): Excessive delay setting light: 149ms
D/qdlights( 2749): persist.sys.display_eyecare:0
D/qdlights( 2749): disable night mode:0
E/PPDaemon( 2749): DisplayConfigPPMode_float: strength select:0 ,local 0
I/ServiceManager( 7576): Waiting for service AtCmdFwd...
D/PPDaemon( 2749): DisplayConfigPPMode_float: Mode:0 applied successfully
D/LightsService( 2749): Excessive delay setting light: 99ms
D/qdlights( 2749): persist.sys.display_eyecare:0
D/qdlights( 2749): disable night mode:0
E/PPDaemon( 2749): DisplayConfigPPMode_float: strength select:0 ,local 0
D/PPDaemon( 2749): DisplayConfigPPMode_float: Mode:0 applied successfully
D/qdlights( 2749): persist.sys.display_eyecare:0
D/qdlights( 2749): disable night mode:0
E/PPDaemon( 2749): DisplayConfigPPMode_float: strength select:0 ,local 0
D/PPDaemon( 2749): DisplayConfigPPMode_float: Mode:0 applied successfully
D/qdlights( 2749): persist.sys.display_eyecare:0
D/qdlights( 2749): disable night mode:0
E/PPDaemon( 2749): DisplayConfigPPMode_float: strength select:0 ,local 0
D/PPDaemon( 2749): DisplayConfigPPMode_float: Mode:0 applied successfully
D/FingerGoodix( 5726): go into while FingerPrint,getFingerPrintService()
D/qdlights( 2749): persist.sys.display_eyecare:0
D/qdlights( 2749): disable night mode:0
E/PPDaemon( 2749): DisplayConfigPPMode_float: strength select:0 ,local 0
D/PPDaemon( 2749): DisplayConfigPPMode_float: Mode:0 applied successfully
D/qdlights( 2749): persist.sys.display_eyecare:0
D/qdlights( 2749): disable night mode:0
E/PPDaemon( 2749): DisplayConfigPPMode_float: strength select:0 ,local 0
D/PPDaemon( 2749): DisplayConfigPPMode_float: Mode:0 applied successfully
D/qdlights( 2749): persist.sys.display_eyecare:0
D/qdlights( 2749): disable night mode:0
E/PPDaemon( 2749): DisplayConfigPPMode_float: strength select:0 ,local 0
D/PPDaemon( 2749): DisplayConfigPPMode_float: Mode:0 applied successfully
D/qdlights( 2749): persist.sys.display_eyecare:0
D/qdlights( 2749): disable night mode:0
E/PPDaemon( 2749): DisplayConfigPPMode_float: strength select:0 ,local 0
D/PPDaemon( 2749): DisplayConfigPPMode_float: Mode:0 applied successfully
D/qdlights( 2749): persist.sys.display_eyecare:0
D/qdlights( 2749): disable night mode:0
E/PPDaemon( 2749): DisplayConfigPPMode_float: strength select:0 ,local 0
D/PPDaemon( 2749): DisplayConfigPPMode_float: Mode:0 applied successfully
D/qdlights( 2749): persist.sys.display_eyecare:0
D/qdlights( 2749): disable night mode:0
E/PPDaemon( 2749): DisplayConfigPPMode_float: strength select:0 ,local 0
D/PPDaemon( 2749): DisplayConfigPPMode_float: Mode:0 applied successfully
D/LightsService( 2749): Excessive delay setting light: 83ms
D/qdlights( 2749): persist.sys.display_eyecare:0
D/qdlights( 2749): disable night mode:0
E/PPDaemon( 2749): DisplayConfigPPMode_float: strength select:0 ,local 0
D/PPDaemon( 2749): DisplayConfigPPMode_float: Mode:0 applied successfully
D/LightsService( 2749): Excessive delay setting light: 110ms
D/qdlights( 2749): persist.sys.display_eyecare:0
D/qdlights( 2749): disable night mode:0
I/qdlights( 2749): In void night_mode_switch(int),brightness = 2, mode=15
E/PPDaemon( 2749): DisplayConfigPPMode_float: strength select:15 ,local 4915
D/PPDaemon( 2749): DisplayConfigPPMode_float: Mode:15 applied successfully
I/SurfaceFlinger( 320): FPS: 42
I/ServiceManager( 5726): Waiting for service goodix.fp...
D/qdlights( 2749): persist.sys.display_eyecare:0
D/qdlights( 2749): disable night mode:0
I/qdlights( 2749): In void night_mode_switch(int),brightness = 5, mode=55
E/PPDaemon( 2749): DisplayConfigPPMode_float: strength select:55 ,local 18022
D/PPDaemon( 2749): DisplayConfigPPMode_float: Mode:55 applied successfully
D/qdlights( 2749): persist.sys.display_eyecare:0
D/qdlights( 2749): disable night mode:0
I/qdlights( 2749): In void night_mode_switch(int),brightness = 8, mode=100
E/PPDaemon( 2749): DisplayConfigPPMode_float: strength select:100 ,local 32768
D/PPDaemon( 2749): DisplayConfigPPMode_float: Mode:100 applied successfully
D/qdlights( 2749): persist.sys.display_eyecare:0
D/qdlights( 2749): disable night mode:0
E/PPDaemon( 2749): DisplayConfigPPMode_float: strength select:0 ,local 0
D/PPDaemon( 2749): DisplayConfigPPMode_float: Mode:0 applied successfully
D/qdlights( 2749): persist.sys.display_eyecare:0
D/qdlights( 2749): disable night mode:0
E/PPDaemon( 2749): DisplayConfigPPMode_float: strength select:0 ,local 0
D/PPDaemon( 2749): DisplayConfigPPMode_float: Mode:0 applied successfully
D/qdlights( 2749): persist.sys.display_eyecare:0
D/qdlights( 2749): disable night mode:0
E/PPDaemon( 2749): DisplayConfigPPMode_float: strength select:0 ,local 0
D/PPDaemon( 2749): DisplayConfigPPMode_float: Mode:0 applied successfully
D/qdlights( 2749): persist.sys.display_eyecare:0
D/qdlights( 2749): disable night mode:0
E/PPDaemon( 2749): DisplayConfigPPMode_float: strength select:0 ,local 0
D/PPDaemon( 2749): DisplayConfigPPMode_float: Mode:0 applied successfully
D/qdlights( 2749): persist.sys.display_eyecare:0
D/qdlights( 2749): disable night mode:0
E/PPDaemon( 2749): DisplayConfigPPMode_float: strength select:0 ,local 0
D/PPDaemon( 2749): DisplayConfigPPMode_float: Mode:0 applied successfully
D/qdlights( 2749): persist.sys.display_eyecare:0
D/qdlights( 2749): disable night mode:0
E/PPDaemon( 2749): DisplayConfigPPMode_float: strength select:0 ,local 0
D/PPDaemon( 2749): DisplayConfigPPMode_float: Mode:0 applied successfully
D/qdlights( 2749): persist.sys.display_eyecare:0
D/qdlights( 2749): disable night mode:0
E/PPDaemon( 2749): DisplayConfigPPMode_float: strength select:0 ,local 0
D/PPDaemon( 2749): DisplayConfigPPMode_float: Mode:0 applied successfully
D/qdlights( 2749): persist.sys.display_eyecare:0
D/qdlights( 2749): disable night mode:0
E/PPDaemon( 2749): DisplayConfigPPMode_float: strength select:0 ,local 0
D/PPDaemon( 2749): DisplayConfigPPMode_float: Mode:0 applied successfully
D/qdlights( 2749): persist.sys.display_eyecare:0
D/qdlights( 2749): disable night mode:0
E/PPDaemon( 2749): DisplayConfigPPMode_float: strength select:0 ,local 0
D/PPDaemon( 2749): DisplayConfigPPMode_float: Mode:0 applied successfully
D/qdlights( 2749): persist.sys.display_eyecare:0
D/qdlights( 2749): disable night mode:0
E/PPDaemon( 2749): DisplayConfigPPMode_float: strength select:0 ,local 0
I/ServiceManager( 7576): Waiting for service AtCmdFwd...
D/PPDaemon( 2749): DisplayConfigPPMode_float: Mode:0 applied successfully
D/qdlights( 2749): persist.sys.display_eyecare:0
D/qdlights( 2749): disable night mode:0
E/PPDaemon( 2749): DisplayConfigPPMode_float: strength select:0 ,local 0
D/PPDaemon( 2749): DisplayConfigPPMode_float: Mode:0 applied successfully
D/qdlights( 2749): persist.sys.display_eyecare:0
D/qdlights( 2749): disable night mode:0
E/PPDaemon( 2749): DisplayConfigPPMode_float: strength select:0 ,local 0
D/PPDaemon( 2749): DisplayConfigPPMode_float: Mode:0 applied successfully
D/qdlights( 2749): persist.sys.display_eyecare:0
D/qdlights( 2749): disable night mode:0
E/PPDaemon( 2749): DisplayConfigPPMode_float: strength select:0 ,local 0
D/PPDaemon( 2749): DisplayConfigPPMode_float: Mode:0 applied successfully
D/qdlights( 2749): persist.sys.display_eyecare:0
D/qdlights( 2749): disable night mode:0
E/PPDaemon( 2749): DisplayConfigPPMode_float: strength select:0 ,local 0
D/PPDaemon( 2749): DisplayConfigPPMode_float: Mode:0 applied successfully
D/qdlights( 2749): persist.sys.display_eyecare:0
D/qdlights( 2749): disable night mode:0
E/PPDaemon( 2749): DisplayConfigPPMode_float: strength select:0 ,local 0
D/PPDaemon( 2749): DisplayConfigPPMode_float: Mode:0 applied successfully
D/qdlights( 2749): persist.sys.display_eyecare:0
D/qdlights( 2749): disable night mode:0
E/PPDaemon( 2749): DisplayConfigPPMode_float: strength select:0 ,local 0
D/PPDaemon( 2749): DisplayConfigPPMode_float: Mode:0 applied successfully
D/qdlights( 2749): persist.sys.display_eyecare:0
D/qdlights( 2749): disable night mode:0
E/PPDaemon( 2749): DisplayConfigPPMode_float: strength select:0 ,local 0
D/PPDaemon( 2749): DisplayConfigPPMode_float: Mode:0 applied successfully
D/LightsService( 2749): Excessive delay setting light: 84ms
D/qdlights( 2749): persist.sys.display_eyecare:0
D/qdlights( 2749): disable night mode:0
E/PPDaemon( 2749): DisplayConfigPPMode_float: strength select:0 ,local 0
D/PPDaemon( 2749): DisplayConfigPPMode_float: Mode:0 applied successfully
D/LightsService( 2749): Excessive delay setting light: 149ms
D/qdlights( 2749): persist.sys.display_eyecare:0
D/qdlights( 2749): disable night mode:0
E/PPDaemon( 2749): DisplayConfigPPMode_float: strength select:0 ,local 0
D/QcrilMsgTunnelSocket( 9282): readRilMessage: Buffer = [B@2a7ee7d8 HexData = [010000000404000011000000514f454d484f4f4bef0308000100000003]
D/QcrilMsgTunnelSocket( 9282): Rcvd UNSOL response with 28 bytes data for SUB0
D/QcrilMsgTunnelSocket( 9282): Response ID 525295 is not served in this process.
D/QcrilMsgTunnelSocket( 9282): To broadcast an Intent via the notifier to external apps
D/QcrilMsgTunnelIfaceManager( 9282): handleMessage what = 0
D/QcrilMsgTunnelSocket( 9282): readRilMessage: Buffer = [B@2a7ee7d8 HexData = [010000000404000011000000514f454d484f4f4bfa0308000100000000]
D/QcrilMsgTunnelSocket( 9282): Rcvd UNSOL response with 28 bytes data for SUB0
D/QcrilMsgTunnelSocket( 9282): Response ID 525306 is not served in this process.
D/QcrilMsgTunnelSocket( 9282): To broadcast an Intent via the notifier to external apps
D/QcrilMsgTunnelIfaceManager( 9282): handleMessage what = 0
D/PPDaemon( 2749): DisplayConfigPPMode_float: Mode:0 applied successfully
D/StatusBar.NetworkController( 4773): onSignalStrengthsChanged received on slotId :0signalStrength=SignalStrength: 14 0 -120 -160 -120 -1 -1 99 2147483647 2147483647 2147483647 2147483647 2147483647 gsm|lte level=5 cdmdlevel=0 evdolevel=0
D/StatusBar.NetworkController( 4773): onServiceStateChanged received on slotId :0state=0 VoiceNetworkType=3 DataNetworkType=3
D/NetworkTypeUtils( 4773): default net type
D/ConnectivityService( 2749): rematching NetworkAgentInfo [MOBILE (HSPA+) - 102]
D/ConnectivityService( 2749): Network NetworkAgentInfo [MOBILE (HSPA+) - 102] was already satisfying request 1. No change.
D/ConnectivityService( 2749): notifyType AVAILABLE for NetworkAgentInfo [MOBILE (HSPA+) - 102]
D/ConnectivityManager.CallbackHandler( 4773): CM callback handler got msg 524290
D/SecurityController( 4773): onAvailable 102 : [ Transports: CELLULAR Capabilities: SUPL&INTERNET&NOT_RESTRICTED&TRUSTED&NOT_VPN LinkUpBandwidth>=384Kbps LinkDnBandwidth>=384Kbps Specifier: <1>]
D/ConnectivityService( 2749): notifyType CAP_CHANGED for NetworkAgentInfo [MOBILE (HSPA+) - 102]
D/ConnectivityManager.CallbackHandler( 6997): CM callback handler got msg 524290
D/ConnectivityManager.CallbackHandler(11666): CM callback handler got msg 524290
D/ConnectivityManager.CallbackHandler( 4773): CM callback handler got msg 524294
D/ConnectivityManager.CallbackHandler( 6997): CM callback handler got msg 524290
D/ConnectivityManager.CallbackHandler(11904): CM callback handler got msg 524290
D/ConnectivityService( 2749): returning Blocked NetworkInfo for ifname=rmnet_data0, uid=10140
D/ConnectivityService( 2749): notifyType IP_CHANGED for NetworkAgentInfo [MOBILE (UMTS) - 102]
D/ConnectivityManager.CallbackHandler(11666): CM callback handler got msg 524294
D/ConnectivityManager.CallbackHandler( 4773): CM callback handler got msg 524295
D/ConnectivityService( 2749): returning Blocked NetworkInfo for ifname=rmnet_data0, uid=10140
D/ConnectivityManager.CallbackHandler(11904): CM callback handler got msg 524294
D/ConnectivityManager.CallbackHandler( 6997): CM callback handler got msg 524290
D/ConnectivityManager.CallbackHandler(11904): CM callback handler got msg 524295
D/ConnectivityManager.CallbackHandler(11666): CM callback handler got msg 524295
D/ConnectivityManager.CallbackHandler( 6997): CM callback handler got msg 524294
D/ConnectivityManager.CallbackHandler( 6997): CM callback handler got msg 524294
D/ConnectivityManager.CallbackHandler( 6997): CM callback handler got msg 524294
D/ConnectivityManager.CallbackHandler( 6997): CM callback handler got msg 524295
D/StatusBar.NetworkController( 4773): updateNetworkName spn=null plmn=COSMOTE slotId=0 hasService=true showSpn=false showPlmn=true
D/ConnectivityManager.CallbackHandler( 6997): CM callback handler got msg 524295
I/SurfaceFlinger( 320): FPS: 61
D/ConnectivityManager.CallbackHandler( 6997): CM callback handler got msg 524295
D/StatusBar.NetworkController( 4773): onDataConnectionStateChanged received on slotId :0state=2 type=3
D/NetworkTypeUtils( 4773): default net type
D/PhoneApp( 5881): mReceiver: ACTION_ANY_DATA_CONNECTION_STATE_CHANGED
D/PhoneApp( 5881): - state: CONNECTED
D/PhoneApp( 5881): - reason: null
I/ServiceManager( 5726): Waiting for service goodix.fp...
I/ServiceManager( 7576): Waiting for service AtCmdFwd...
V/WLAN_PSA( 380): NL MSG, len[048], NL type[0x11] WNI type[0x5050] len[028]
V/WLAN_PSA( 380): NL MSG, PID: 380
I/SurfaceFlinger( 320): FPS: 57
I/ServiceManager( 5726): Waiting for service goodix.fp...
D/StatusBar.NetworkController( 4773): onSignalStrengthsChanged received on slotId :0signalStrength=SignalStrength: 13 0 -120 -160 -120 -1 -1 99 2147483647 2147483647 2147483647 2147483647 2147483647 gsm|lte level=5 cdmdlevel=0 evdolevel=0
I/ServiceManager( 7576): Waiting for service AtCmdFwd...
D/BatteryService( 2749): Processing new values: chargerAcOnline=false, chargerUsbOnline=false, chargerWirelessOnline=false, batteryStatus=4, batteryHealth=2, batteryPresent=true, batteryLevel=89, batteryTechnology=Li-ion, batteryVoltage=4221, batteryTemperature=342, mBatteryLevelCritical=false, mPlugType=0
D/BatteryService( 2749): Sending ACTION_BATTERY_CHANGED. level:89, scale:100, status:4, health:2, present:true, voltage: 4221, temperature: 342, technology: Li-ion, AC powered:false, USB powered:false, Wireless powered:false, icon:17303143, invalid charger:0
D/BatteryService( 2749): zhaoqf_sh batteryServices call state : 0 mPlugType : 0
I/InfoCollectManager( 5279): ACTION:android.intent.action.BATTERY_CHANGED
D/com.gsamlabs.bbm.lib.NotifyingService(11594): ===:89:4221:34.2:0
I/SleepModeManager( 5069): I notifyEvent !mIsEnable return
I/SleepModeManager_CertSleepDetection( 5069): I CertBroadcastReceiver onReceive:android.intent.action.BATTERY_CHANGED
W/ (12532): [ColorAdjust] gammamode=2, cemode=10
W/ (12532): [ColorAdjust] temp_gammavalue=2, temp_cevalue=10
W/ (12532): [ColorAdjust] Don't setGamma!
W/ (12532): [ColorAdjust] Don't setCe!
W/ (12532): [ColorAdjust] Set temp_prefer temp_ce!
I/SurfaceFlinger( 320): FPS: 58
I/ServiceManager( 5726): Waiting for service goodix.fp...
W/Atfwd_Sendcmd( 7576): AtCmdFwd service not published, waiting... retryCnt : 4
I/SurfaceFlinger( 320): FPS: 56
I/ServiceManager( 5726): Waiting for service goodix.fp...
D/WtProcessController( 5069): onAMProcStart callback
I/ActivityManager( 2749): Start proc 12534:com.facebook.orca:videoplayer/u0a131 for service com.facebook.orca/com.facebook.video.vps.VideoPlayerService
D/TidaProvider(12534): TidaProvider()
W/ResourcesManager(12534): Asset path '/system/framework/com.google.android.maps.jar' does not exist or contains no resources.
W/linker (12534): libglog.so: unused DT entry: type 0x6ffffffe arg 0x22ec
W/linker (12534): libglog.so: unused DT entry: type 0x6fffffff arg 0x1
W/linker (12534): libfbgloginit.so: unused DT entry: type 0x6ffffffe arg 0xaa0
W/linker (12534): libfbgloginit.so: unused DT entry: type 0x6fffffff arg 0x1
W/linker (12534): libsigmux.so: unused DT entry: type 0x6ffffffe arg 0x5d0
W/linker (12534): libsigmux.so: unused DT entry: type 0x6fffffff arg 0x1
W/linker (12534): libbreakpad.so: unused DT entry: type 0x6ffffffe arg 0x150c
W/linker (12534): libbreakpad.so: unused DT entry: type 0x6fffffff arg 0x2
W/linker (12534): libfb.so: unused DT entry: type 0x6ffffffe arg 0x3e54
W/linker (12534): libfb.so: unused DT entry: type 0x6fffffff arg 0x2
I/art (12534): Thread[1,tid=12534,WaitingForJniOnLoad,Thread*=0xaaca9000,peer=0x74dea880,"main"] recursive attempt to load library "/data/data/com.facebook.orca/lib-xzs/libfb.so"
W/linker (12534): libflatbuffersflatc.so: unused DT entry: type 0x6ffffffe arg 0x1780
W/linker (12534): libflatbuffersflatc.so: unused DT entry: type 0x6fffffff arg 0x1
W/linker (12534): libfbsystrace.so: unused DT entry: type 0x6ffffffe arg 0x754
W/linker (12534): libfbsystrace.so: unused DT entry: type 0x6fffffff arg 0x2
W/linker (12534): libforce_dlopen.so: unused DT entry: type 0x6ffffffe arg 0x43c
W/linker (12534): libforce_dlopen.so: unused DT entry: type 0x6fffffff arg 0x2
W/linker (12534): libthird-party_gmock_gtestAndroid.so: unused DT entry: type 0x6ffffffe arg 0x23f8
W/linker (12534): libthird-party_gmock_gtestAndroid.so: unused DT entry: type 0x6fffffff arg 0x1
W/linker (12534): libcoldstart.so: unused DT entry: type 0x6ffffffe arg 0x1304c
W/linker (12534): libcoldstart.so: unused DT entry: type 0x6fffffff arg 0x3
I/SurfaceFlinger( 320): FPS: 60
D/FingerGoodix( 5726): go into while FingerPrint,getFingerPrintService()
I/ServiceManager( 5726): Waiting for service goodix.fp...
I/SurfaceFlinger( 320): FPS: 19
V/WLAN_PSA( 380): NL MSG, len[048], NL type[0x11] WNI type[0x5050] len[028]
V/WLAN_PSA( 380): NL MSG, PID: 380
D/QcrilMsgTunnelSocket( 9282): readRilMessage: Buffer = [B@2a7ee7d8 HexData = [010000000404000011000000514f454d484f4f4bef0308000100000003]
D/QcrilMsgTunnelSocket( 9282): Rcvd UNSOL response with 28 bytes data for SUB0
D/QcrilMsgTunnelSocket( 9282): Response ID 525295 is not served in this process.
D/QcrilMsgTunnelSocket( 9282): To broadcast an Intent via the notifier to external apps
D/QcrilMsgTunnelIfaceManager( 9282): handleMessage what = 0
I/ServiceManager( 5726): Waiting for service goodix.fp...
I/SurfaceFlinger( 320): FPS: 3
I/ServiceManager( 5726): Waiting for service goodix.fp...
W/ (12598): [ColorAdjust] gammamode=2, cemode=10
W/ (12598): [ColorAdjust] temp_gammavalue=2, temp_cevalue=10
W/ (12598): [ColorAdjust] Don't setGamma!
W/ (12598): [ColorAdjust] Don't setCe!
W/ (12598): [ColorAdjust] Set temp_prefer temp_ce!
I/SurfaceFlinger( 320): FPS: 2
I/ServiceManager( 5726): Waiting for service goodix.fp...
I/ViewRootImpl(11489): CPU Rendering VSync enable = true
V/WindowManager( 2749): Adding window Window{3b7b920a u0 PopupWindow:29d9d6f8} at 3 of 11 (after Window{3e5ee1e u0 org.jtb.alogcat/org.jtb.alogcat.LogActivity})