W/Atfwd_Sendcmd( 7576): AtCmdFwd service not published, waiting... retryCnt : 3
W/ResourcesManager(11904): Asset path '/system/framework/protobuf.jar' does not exist or contains no resources.
W/ResourcesManager(11904): Asset path '/system/framework/android-support-v13.jar' does not exist or contains no resources.
W/ResourcesManager(11904): Asset path '/system/framework/microlog4android.jar' does not exist or contains no resources.
W/ResourcesManager(11904): Asset path '/system/framework/gson.jar' does not exist or contains no resources.
W/ResourcesManager(11904): Asset path '/system/framework/picasso.jar' does not exist or contains no resources.
W/ResourcesManager(11904): Asset path '/system/framework/cloud-common.jar' does not exist or contains no resources.
W/ (12031): [ColorAdjust] gammamode=2, cemode=10
W/ (12031): [ColorAdjust] temp_gammavalue=2, temp_cevalue=10
W/ (12031): [ColorAdjust] Don't setGamma!
W/ (12031): [ColorAdjust] Don't setCe!
W/ (12031): [ColorAdjust] Set temp_prefer temp_ce!
W/ResourceType(11666): For resource 0x7f06002f, entry index(47) is beyond type entryCount(5)
D/ConnectivityService( 2749): returning Blocked NetworkInfo for ifname=rmnet_data0, uid=10140
E/GooglePlayServicesUtil(11666): The Google Play services resources were not found. Check your project configuration to ensure that the resources are included.
V/CatchMeIfYouCan(11983): initializing CMIYC, flags = 0x00000000
I/SurfaceFlinger( 320): FPS: 3
W/ActivityManager( 2749): getRunningAppProcesses: caller 10131 does not hold REAL_GET_TASKS; limiting output
I/ServiceManager( 5726): Waiting for service goodix.fp...
D/ConnectivityService( 2749): listenForNetwork for NetworkRequest [ id=24, legacyType=-1, [ Capabilities: INTERNET&NOT_RESTRICTED&TRUSTED] ]
D/ConnectivityService( 2749): handleRegisterNetworkRequest checking NetworkAgentInfo [MOBILE (UMTS) - 102]
D/ConnectivityService( 2749): apparently satisfied. currentScore=50
D/ConnectivityService( 2749): returning Blocked NetworkInfo for ifname=rmnet_data0, uid=10140
D/ConnectivityManager.CallbackHandler(11666): CM callback handler got msg 524290
D/ConnectivityService( 2749): returning Blocked NetworkInfo for ifname=rmnet_data0, uid=10140
I/AppStateLoggerExceptionHandler(11983): Installed uncaught exception handler for app state logging
D/DnsProxyBlocker( 363): hasUid: restrict uid(10140)
W/FrameworkListener( 363): Handler 'getaddrinfo' error (Success)
E/DnsProxyListener( 363): block dns query from uid = 10140
D/ACRA (11983): ACRA init; reportURL: https://b-www.facebook.com/mobile/android_crash_logs/
D/ACRA (11983): ACRA is enabled for com.facebook.katana, intializing...
D/AppStateLogger(11983): Attempting to open app state logging file
D/AppStateLogger(11983): Successfully opened app state logging file: /data/data/com.facebook.katana/app_state_logs/d21f8dac-4c46-7210-2a4d-0d9f725c900c.txt
W/art (11904): Suspending all threads took: 11.574ms
V/SplashScreenApplication(11983): not using nonodex startup: in auxiliary process com.facebook.katana:notification
V/fb-UnpackingSoSource(11983): locked dso store /data/data/com.facebook.katana/lib-main
I/fb-UnpackingSoSource(11983): dso store is up-to-date: /data/data/com.facebook.katana/lib-main
V/fb-UnpackingSoSource(11983): releasing dso store lock for /data/data/com.facebook.katana/lib-main
V/fb-UnpackingSoSource(11983): locked dso store /data/data/com.facebook.katana/lib-assets
I/fb-UnpackingSoSource(11983): dso store is up-to-date: /data/data/com.facebook.katana/lib-assets
V/fb-UnpackingSoSource(11983): releasing dso store lock for /data/data/com.facebook.katana/lib-assets
V/fb-UnpackingSoSource(11983): locked dso store /data/data/com.facebook.katana/lib-xzs
I/fb-UnpackingSoSource(11983): dso store is up-to-date: /data/data/com.facebook.katana/lib-xzs
V/fb-UnpackingSoSource(11983): releasing dso store lock for /data/data/com.facebook.katana/lib-xzs
W/linker (11983): libshadowmalloc.so: unused DT entry: type 0x6ffffffe arg 0x71c
W/linker (11983): libshadowmalloc.so: unused DT entry: type 0x6fffffff arg 0x1
W/linker (11983): libsigmux.so: unused DT entry: type 0x6ffffffe arg 0x5f0
W/linker (11983): libsigmux.so: unused DT entry: type 0x6fffffff arg 0x1
W/linker (11983): libbreakpad.so: unused DT entry: type 0x6ffffffe arg 0x1514
W/linker (11983): libbreakpad.so: unused DT entry: type 0x6fffffff arg 0x2
W/linker (11983): libglog.so: unused DT entry: type 0x6ffffffe arg 0x22ec
W/linker (11983): libglog.so: unused DT entry: type 0x6fffffff arg 0x1
W/linker (11983): liblowlevel.so: unused DT entry: type 0x6ffffffe arg 0x42fc
W/linker (11983): liblowlevel.so: unused DT entry: type 0x6fffffff arg 0x2
W/linker (11983): libflatbuffersflatc.so: unused DT entry: type 0x6ffffffe arg 0x17a0
W/linker (11983): libflatbuffersflatc.so: unused DT entry: type 0x6fffffff arg 0x1
W/linker (11983): libfbsystrace.so: unused DT entry: type 0x6ffffffe arg 0x754
W/linker (11983): libfbsystrace.so: unused DT entry: type 0x6fffffff arg 0x2
W/linker (11983): libxplat_FBExit_FBExit.so: unused DT entry: type 0x6ffffffe arg 0x32c
W/linker (11983): libxplat_FBExit_FBExit.so: unused DT entry: type 0x6fffffff arg 0x1
W/linker (11983): libforce_dlopen.so: unused DT entry: type 0x6ffffffe arg 0x43c
W/linker (11983): libforce_dlopen.so: unused DT entry: type 0x6fffffff arg 0x2
W/linker (11983): libdistract.so: unused DT entry: type 0x6ffffffe arg 0x698
W/linker (11983): libdistract.so: unused DT entry: type 0x6fffffff arg 0x1
D/AppStateLogger(11983): Successfully dumped app state to log file
W/linker (11983): libnative_redex_tools_oatmeal_oatmeal-src.so: unused DT entry: type 0x6ffffffe arg 0xa74
W/linker (11983): libnative_redex_tools_oatmeal_oatmeal-src.so: unused DT entry: type 0x6fffffff arg 0x1
W/linker (11983): libthird-party_gmock_gtestAndroid.so: unused DT entry: type 0x6ffffffe arg 0x23f8
W/linker (11983): libthird-party_gmock_gtestAndroid.so: unused DT entry: type 0x6fffffff arg 0x1
W/linker (11983): libdextricks.so: unused DT entry: type 0x6ffffffe arg 0x319c
W/linker (11983): libdextricks.so: unused DT entry: type 0x6fffffff arg 0x2
W/linker (11983): libthird-party_yajl_yajlAndroid.so: unused DT entry: type 0x6ffffffe arg 0x8c0
W/linker (11983): libthird-party_yajl_yajlAndroid.so: unused DT entry: type 0x6fffffff arg 0x1
W/linker (11983): libfb_jpegturbo.so: unused DT entry: type 0x6ffffffe arg 0xd04
W/linker (11983): libfb_jpegturbo.so: unused DT entry: type 0x6fffffff arg 0x1
W/linker (11983): libcoldstart.so: unused DT entry: type 0x6ffffffe arg 0x146fc
W/linker (11983): libcoldstart.so: unused DT entry: type 0x6fffffff arg 0x3
W/Verifier(11983): Could not disable runtime verification
D/DexLibLoader(11983): IsArt = true context = null dvmVerifyClassNop = false
V/dalvik-internals(11983): Hooking function _ZN3art12FaultManager35EnsureArtActionInFrontOfSignalChainEv
V/dalvik-internals(11983): hooked _ZN3art12FaultManager35EnsureArtActionInFrontOfSignalChainEv using jump ()
V/dalvik-internals(11983): hooked signal using trap ()
V/dalvik-internals(11983): hooked sysv_signal using trap ()
V/dalvik-internals(11983): hooked bsd_signal using trap ()
E/linker (11983): "app_process32": ignoring 2-entry DT_PREINIT_ARRAY in shared library!
V/dalvik-internals(11983): hooked sigaction using trap ()
W/linker (11983): libcpp_helper.so: unused DT entry: type 0x6ffffffe arg 0x1a6c
W/linker (11983): libcpp_helper.so: unused DT entry: type 0x6fffffff arg 0x2
W/FacebookApplication(11983): error enabling jvm stream
W/FacebookApplication(11983): java.lang.RuntimeException: could not find _Z13createOStreamPNSt3__115basic_streambufIcNS_11char_traitsIcEEEE
W/FacebookApplication(11983): at com.facebook.common.dextricks.DalvikInternals.nativeSetJvmStreamEnabled(Native Method)
W/FacebookApplication(11983): at com.facebook.common.dextricks.DalvikInternals.setJvmStreamEnabled(:7295)
W/FacebookApplication(11983): at com.facebook.katana.app.FacebookApplication.b(:194)
W/FacebookApplication(11983): at com.facebook.katana.app.FacebookApplication.b(:66)
W/FacebookApplication(11983): at X.001.c(:1002)
W/FacebookApplication(11983): at X.000.d(:547)
W/FacebookApplication(11983): at X.001.attachBaseContext(:997)
W/FacebookApplication(11983): at android.app.Application.attach(Application.java)
W/FacebookApplication(11983): at android.app.Instrumentation.newApplication(Instrumentation.java)
W/FacebookApplication(11983): at android.app.Instrumentation.newApplication(Instrumentation.java)
W/FacebookApplication(11983): at android.app.LoadedApk.makeApplication(LoadedApk.java)
W/FacebookApplication(11983): at android.app.ActivityThread.handleBindApplication(ActivityThread.java)
W/FacebookApplication(11983): at android.app.ActivityThread.access$1500(ActivityThread.java)
W/FacebookApplication(11983): at android.app.ActivityThread$H.handleMessage(ActivityThread.java)
W/FacebookApplication(11983): at android.os.Handler.dispatchMessage(Handler.java)
W/FacebookApplication(11983): at android.os.Looper.loop(Looper.java)
W/FacebookApplication(11983): at android.app.ActivityThread.main(ActivityThread.java)
W/FacebookApplication(11983): at java.lang.reflect.Method.invoke(Native Method)
W/FacebookApplication(11983): at java.lang.reflect.Method.invoke(Method.java:372)
W/FacebookApplication(11983): at com.android.internal.os.ZygoteInit$MethodAndArgsCaller.run(ZygoteInit.java)
W/FacebookApplication(11983): at com.android.internal.os.ZygoteInit.main(ZygoteInit.java)
W/linker (11983): libterminate_handler_manager.so: unused DT entry: type 0x6ffffffe arg 0x770
W/linker (11983): libterminate_handler_manager.so: unused DT entry: type 0x6fffffff arg 0x1
V/appstatelogger(11983): Registered App State Logger stream with Breakpad
I/dalvik-internals(11983): installed sigmux crash handler for crash log
D/ClassFailureStapler(11983): not installing class failure stapler: ART in use
E/SQLiteLog(11904): (284) automatic index on sqlite_sq_AAF05E78(thread_key)
W/linker (11904): libwhistle.so: unused DT entry: type 0x6ffffffe arg 0x6720
W/linker (11904): libwhistle.so: unused DT entry: type 0x6fffffff arg 0x1
D/DnsProxyBlocker( 363): hasUid: restrict uid(10140)
W/FrameworkListener( 363): Handler 'getaddrinfo' error (Success)
E/DnsProxyListener( 363): block dns query from uid = 10140
W/ActivityManager( 2749): getRunningAppProcesses: caller 10140 does not hold REAL_GET_TASKS; limiting output
D/ConnectivityService( 2749): returning Blocked NetworkInfo for ifname=rmnet_data0, uid=10140
D/ConnectivityService( 2749): returning Blocked NetworkInfo for ifname=rmnet_data0, uid=10140
D/ConnectivityService( 2749): returning Blocked NetworkInfo for ifname=rmnet_data0, uid=10140
D/ConnectivityService( 2749): returning Blocked NetworkInfo for ifname=rmnet_data0, uid=10140
D/ConnectivityService( 2749): returning Blocked NetworkInfo for ifname=rmnet_data0, uid=10140
I/XiaomiFirewall( 4920): firewall pkgName:com.facebook.orca, result:0x0
W/linker (11904): libconcealcpp.so: unused DT entry: type 0x6ffffffe arg 0x1f34
W/linker (11904): libconcealcpp.so: unused DT entry: type 0x6fffffff arg 0x1
W/linker (11904): libconcealjni.so: unused DT entry: type 0x6ffffffe arg 0x1a08
W/linker (11904): libconcealjni.so: unused DT entry: type 0x6fffffff arg 0x1
W/art (11904): Attempt to remove local handle scope entry from IRT, ignoring
D/WtProcessController( 5069): onAMProcStart callback
I/ActivityManager( 2749): Start proc 12133:com.android.settings:remote/1000 for service com.android.settings/.wifi.MiuiWifiService
D/TidaProvider(12133): TidaProvider()
I/ServiceManager( 5726): Waiting for service goodix.fp...
W/ResourcesManager(12133): Asset path '/system/framework/protobuf.jar' does not exist or contains no resources.
W/ResourcesManager(12133): Asset path '/system/framework/android-support-v13.jar' does not exist or contains no resources.
W/ResourcesManager(12133): Asset path '/system/framework/zxing.jar' does not exist or contains no resources.
W/ResourcesManager(12133): Asset path '/system/framework/security-device-credential-sdk.jar' does not exist or contains no resources.
W/ResourcesManager(12133): Asset path '/system/framework/cloud-common.jar' does not exist or contains no resources.
D/miuisdk (12133): current sdk level is 11
I/ (12133): ARTPROXY OFFSET: method_entry_offset = 56
I/ (12133): ARTPROXY OFFSET: method_interpreter_entry_offset = 40
I/ (12133): ARTPROXY OFFSET: managed_stack_size = 32
I/ (12133): ARTPROXY OFFSET: thread_deliver_exception_entry_offset = 1008
I/ (12133): ARTPROXY OFFSET: thread_exception_offset = 128
I/ (12133): ARTPROXY OFFSET: method_code_size_offset = 4
D/DnsProxyBlocker( 363): hasUid: restrict uid(10140)
W/FrameworkListener( 363): Handler 'getaddrinfo' error (Success)
E/DnsProxyListener( 363): block dns query from uid = 10140
I/XiaomiFirewall( 4920): firewall pkgName:com.facebook.katana, result:0x0
V/MI_STAT (12133): mPendingJob(cnt=3) not empty, clone a job list and clear original list
V/MI_STAT (12133): execute a pending job
V/MI_STAT (12133): execute a pending job
V/MI_STAT (12133): execute a pending job
D/WtProcessController( 5069): onAMProcStart callback
I/ActivityManager( 2749): Start proc 12158:com.android.settings/1000 for service com.android.settings/.display.ScreenPaperModeUpdateService
D/WifiService( 2749): New client listening to asynchronous messages
D/TidaProvider(12158): TidaProvider()
W/ResourcesManager(12158): Asset path '/system/framework/protobuf.jar' does not exist or contains no resources.
W/ResourcesManager(12158): Asset path '/system/framework/android-support-v13.jar' does not exist or contains no resources.
W/ResourcesManager(12158): Asset path '/system/framework/zxing.jar' does not exist or contains no resources.
W/ResourcesManager(12158): Asset path '/system/framework/security-device-credential-sdk.jar' does not exist or contains no resources.
W/ResourcesManager(12158): Asset path '/system/framework/cloud-common.jar' does not exist or contains no resources.
W/ContextImpl(12133): Calling a method in the system process without a qualified user: android.app.ContextImpl.startService:-1 android.content.ContextWrapper.startService:-1 miui.core.SdkManager$1.run:-1 android.os.Handler.handleCallback:-1 android.os.Handler.dispatchMessage:-1
I/ActiveServicesInjector( 2749): Low priority start of: ServiceRecord{4174885 u0 com.miui.core/com.miui.internal.server.CoreService}
I/ConnectivityChangeJobService2(12133): onStartJob:44001
W/ContextImpl(12133): Calling a method in the system process without a qualified user: android.app.ContextImpl.sendBroadcast:-1 android.content.ContextWrapper.sendBroadcast:-1 com.android.settings.cloud.CloudJobMobileDataService.onStartJob:-1 android.app.job.JobService$JobHandler.handleMessage:-1 android.os.Handler.dispatchMessage:-1
D/CloudJobMobileDataService(12133): OnStartJob id = 44008
D/DnsProxyBlocker( 363): hasUid: restrict uid(10140)
W/FrameworkListener( 363): Handler 'getaddrinfo' error (Success)
E/DnsProxyListener( 363): block dns query from uid = 10140
D/miuisdk (12158): current sdk level is 11
I/ (12158): ARTPROXY OFFSET: method_entry_offset = 56
I/ (12158): ARTPROXY OFFSET: method_interpreter_entry_offset = 40
I/ (12158): ARTPROXY OFFSET: managed_stack_size = 32
I/ (12158): ARTPROXY OFFSET: thread_deliver_exception_entry_offset = 1008
I/ (12158): ARTPROXY OFFSET: thread_exception_offset = 128
I/ (12158): ARTPROXY OFFSET: method_code_size_offset = 4
V/SettingsCollector(12133): start service, version: 2
I/CloudSettingsProvider(12133): uriMatch : 2
W/SettingsCollector(12133): get null for module:"Settings.System", key:"enabled_accessibility_services"
I/CloudSettingsProvider(12133): uriMatch : 2
I/CloudSettingsProvider(12133): uriMatch : 2
W/SettingsCollector(12133): get null for module:"Settings.Global", key:"can_nav_bar_hide"
W/SettingsCollector(12133): get null for module:"Settings.Global", key:"show_assistant_button"
I/CloudSettingsProvider(12133): uriMatch : 2
I/CloudSettingsProvider(12133): uriMatch : 2
I/CloudSettingsProvider(12133): uriMatch : 2
D/MI_STAT_U(12133): the pkg com.android.settings is sys app true
D/MI_STAT (12133): UEP true
V/MI_STAT_UPE(12133): onEventRecorded, no MESSAGE_UPLOAD_EVENT, send a msg for UPLOAD_POLICY 1 with delay 60000ms
D/MI_STAT_EventDAO(12133): queryCustomEvent key: enabled_accessibility_services, category: 无障碍服务-13thJuly.
D/MI_STAT_U(12133): com.android.settings foreground running false
V/MI_STAT (12158): mPendingJob(cnt=3) not empty, clone a job list and clear original list
D/MI_STAT_U(12133): com.android.settings foreground running false
V/MI_STAT (12158): execute a pending job
D/MI_STAT_U(12133): com.android.settings foreground running false
D/MI_STAT_U(12133): com.android.settings foreground running false
V/MI_STAT (12158): execute a pending job
V/MI_STAT (12158): execute a pending job
D/MI_STAT (12133): LocalEventRecordingJob update event by key and category
D/MI_STAT_EventDAO(12133): queryCustomEvent key: location_providers_allowed, category: 位置服务模式
D/MI_STAT (12133): LocalEventRecordingJob update event by key and category
D/MI_STAT_EventDAO(12133): queryCustomEvent key: can_nav_bar_hide, category: 虚拟键可隐藏
D/MI_STAT (12133): LocalEventRecordingJob update event by key and category
D/MI_STAT_EventDAO(12133): queryCustomEvent key: show_assistant_button, category: 悬浮球快捷开关
I/SurfaceFlinger( 320): FPS: 4
D/MI_STAT (12133): LocalEventRecordingJob update event by key and category
W/ContextImpl(12158): Calling a method in the system process without a qualified user: android.app.ContextImpl.startService:-1 android.content.ContextWrapper.startService:-1 miui.core.SdkManager$1.run:-1 android.os.Handler.handleCallback:-1 android.os.Handler.dispatchMessage:-1
I/ActiveServicesInjector( 2749): Low priority start of: ServiceRecord{4174885 u0 com.miui.core/com.miui.internal.server.CoreService}
D/QcrilMsgTunnelSocket( 9282): readRilMessage: Buffer = [B@2a7ee7d8 HexData = [010000000404000011000000514f454d484f4f4bef0308000100000003]
D/QcrilMsgTunnelSocket( 9282): Rcvd UNSOL response with 28 bytes data for SUB0
D/QcrilMsgTunnelSocket( 9282): Response ID 525295 is not served in this process.
D/QcrilMsgTunnelSocket( 9282): To broadcast an Intent via the notifier to external apps
D/QcrilMsgTunnelIfaceManager( 9282): handleMessage what = 0
D/QcrilMsgTunnelSocket( 9282): readRilMessage: Buffer = [B@2a7ee7d8 HexData = [010000000404000011000000514f454d484f4f4bfa0308000100000000]
D/QcrilMsgTunnelSocket( 9282): Rcvd UNSOL response with 28 bytes data for SUB0
D/QcrilMsgTunnelSocket( 9282): Response ID 525306 is not served in this process.
D/QcrilMsgTunnelSocket( 9282): To broadcast an Intent via the notifier to external apps
D/QcrilMsgTunnelIfaceManager( 9282): handleMessage what = 0
D/StatusBar.NetworkController( 4773): onSignalStrengthsChanged received on slotId :0signalStrength=SignalStrength: 12 0 -120 -160 -120 -1 -1 99 2147483647 2147483647 2147483647 2147483647 2147483647 gsm|lte level=5 cdmdlevel=0 evdolevel=0
D/StatusBar.NetworkController( 4773): onServiceStateChanged received on slotId :0state=0 VoiceNetworkType=3 DataNetworkType=15
D/NetworkTypeUtils( 4773): default net type
D/ConnectivityService( 2749): rematching NetworkAgentInfo [MOBILE (UMTS) - 102]
D/ConnectivityService( 2749): Network NetworkAgentInfo [MOBILE (UMTS) - 102] was already satisfying request 1. No change.
D/ConnectivityService( 2749): notifyType AVAILABLE for NetworkAgentInfo [MOBILE (UMTS) - 102]
D/ConnectivityManager.CallbackHandler( 4773): CM callback handler got msg 524290
D/SecurityController( 4773): onAvailable 102 : [ Transports: CELLULAR Capabilities: SUPL&INTERNET&NOT_RESTRICTED&TRUSTED&NOT_VPN LinkUpBandwidth>=11264Kbps LinkDnBandwidth>=43008Kbps Specifier: <1>]
D/ConnectivityService( 2749): notifyType CAP_CHANGED for NetworkAgentInfo [MOBILE (UMTS) - 102]
D/ConnectivityManager.CallbackHandler( 6997): CM callback handler got msg 524290
D/ConnectivityManager.CallbackHandler( 4773): CM callback handler got msg 524294
D/ConnectivityService( 2749): notifyType IP_CHANGED for NetworkAgentInfo [MOBILE (HSPA+) - 102]
D/ConnectivityManager.CallbackHandler(11666): CM callback handler got msg 524290
D/ConnectivityService( 2749): returning Blocked NetworkInfo for ifname=rmnet_data0, uid=10140
D/ConnectivityManager.CallbackHandler(11666): CM callback handler got msg 524294
D/ConnectivityManager.CallbackHandler( 4773): CM callback handler got msg 524295
D/ConnectivityManager.CallbackHandler( 6997): CM callback handler got msg 524290
D/ConnectivityService( 2749): returning Blocked NetworkInfo for ifname=rmnet_data0, uid=10140
D/StatusBar.NetworkController( 4773): updateNetworkName spn=null plmn=COSMOTE slotId=0 hasService=true showSpn=false showPlmn=true
D/ConnectivityManager.CallbackHandler(11666): CM callback handler got msg 524295
D/StatusBar.NetworkController( 4773): onDataConnectionStateChanged received on slotId :0state=2 type=15
D/NetworkTypeUtils( 4773): default net type
D/ConnectivityManager.CallbackHandler( 6997): CM callback handler got msg 524290
D/ConnectivityManager.CallbackHandler( 6997): CM callback handler got msg 524294
D/ConnectivityManager.CallbackHandler( 6997): CM callback handler got msg 524294
D/ConnectivityManager.CallbackHandler( 6997): CM callback handler got msg 524294
D/ConnectivityManager.CallbackHandler( 6997): CM callback handler got msg 524295
D/ConnectivityManager.CallbackHandler( 6997): CM callback handler got msg 524295
D/PhoneApp( 5881): mReceiver: ACTION_ANY_DATA_CONNECTION_STATE_CHANGED
D/PhoneApp( 5881): - state: CONNECTED
D/PhoneApp( 5881): - reason: null
D/ConnectivityManager.CallbackHandler( 6997): CM callback handler got msg 524295
V/CloudSearchUpdater(12133): start service
D/ScreenPaperModeUpdateService(12158): onStartJob the params is 44003
V/SettingsCollector(12133): start service, version: 2
I/CloudSettingsProvider(12133): uriMatch : 2
I/CloudSettingsProvider(12133): uriMatch : 2
W/SettingsCollector(12133): get null for module:"Settings.System", key:"enabled_accessibility_services"
I/CloudSettingsProvider(12133): uriMatch : 2
I/CloudSettingsProvider(12133): uriMatch : 2
W/SettingsCollector(12133): get null for module:"Settings.Global", key:"can_nav_bar_hide"
W/SettingsCollector(12133): get null for module:"Settings.Global", key:"show_assistant_button"
I/CloudSettingsProvider(12133): uriMatch : 2
I/CloudSettingsProvider(12133): uriMatch : 2
I/CloudSettingsProvider(12133): uriMatch : 2
D/MI_STAT_EventDAO(12133): queryCustomEvent key: enabled_accessibility_services, category: 无障碍服务-13thJuly.
D/MI_STAT_U(12133): com.android.settings foreground running false
D/MI_STAT (12133): LocalEventRecordingJob update event by key and category
D/MI_STAT_EventDAO(12133): queryCustomEvent key: location_providers_allowed, category: 位置服务模式
D/MI_STAT_U(12133): com.android.settings foreground running false
D/MI_STAT_U(12133): com.android.settings foreground running false
D/MI_STAT (12133): LocalEventRecordingJob update event by key and category
D/MI_STAT_U(12133): com.android.settings foreground running false
D/MI_STAT_EventDAO(12133): queryCustomEvent key: can_nav_bar_hide, category: 虚拟键可隐藏
W/BroadcastQueueInjector( 2749): Unable to launch app com.devexpert.weather/10114 for broadcast Intent { act=com.devexpert.weather.pfx.WAKEUP flg=0x34 (has extras) }: process is not permitted to auto start
W/BroadcastQueueInjector( 2749): Unable to launch app com.devexpert.weather/10114 for broadcast Intent { act=com.devexpert.weather.pfx.WAKEUP flg=0x34 (has extras) }: process is not permitted to auto start
W/BroadcastQueueInjector( 2749): Unable to launch app com.devexpert.weather/10114 for broadcast Intent { act=com.devexpert.weather.pfx.WAKEUP flg=0x34 (has extras) }: process is not permitted to auto start
W/BroadcastQueueInjector( 2749): Unable to launch app com.devexpert.weather/10114 for broadcast Intent { act=com.devexpert.weather.pfx.WAKEUP flg=0x34 (has extras) }: process is not permitted to auto start
W/BroadcastQueueInjector( 2749): Unable to launch app com.devexpert.weather/10114 for broadcast Intent { act=com.devexpert.weather.pfx.WAKEUP flg=0x34 (has extras) }: process is not permitted to auto start
W/BroadcastQueueInjector( 2749): Unable to launch app com.devexpert.weather/10114 for broadcast Intent { act=com.devexpert.weather.pfx.WAKEUP flg=0x34 (has extras) }: process is not permitted to auto start
W/BroadcastQueueInjector( 2749): Unable to launch app com.devexpert.weather/10114 for broadcast Intent { act=com.devexpert.weather.pfx.WAKEUP flg=0x34 (has extras) }: process is not permitted to auto start
W/BroadcastQueueInjector( 2749): Unable to launch app com.devexpert.weather/10114 for broadcast Intent { act=com.devexpert.weather.pfx.WAKEUP flg=0x34 (has extras) }: process is not permitted to auto start
W/BroadcastQueueInjector( 2749): Unable to launch app com.devexpert.weather/10114 for broadcast Intent { act=com.devexpert.weather.pfx.WAKEUP flg=0x34 (has extras) }: process is not permitted to auto start
W/BroadcastQueueInjector( 2749): Unable to launch app com.devexpert.weather/10114 for broadcast Intent { act=com.devexpert.weather.pfx.WAKEUP flg=0x34 (has extras) }: process is not permitted to auto start
W/BroadcastQueueInjector( 2749): Unable to launch app com.devexpert.weather/10114 for broadcast Intent { act=com.devexpert.weather.pfx.WAKEUP flg=0x34 (has extras) }: process is not permitted to auto start
W/BroadcastQueueInjector( 2749): Unable to launch app com.devexpert.weather/10114 for broadcast Intent { act=com.devexpert.weather.pfx.WAKEUP flg=0x34 (has extras) }: process is not permitted to auto start
W/BroadcastQueueInjector( 2749): Unable to launch app com.devexpert.weather/10114 for broadcast Intent { act=com.devexpert.weather.pfx.WAKEUP flg=0x34 (has extras) }: process is not permitted to auto start
W/BroadcastQueueInjector( 2749): Unable to launch app com.devexpert.weather/10114 for broadcast Intent { act=com.devexpert.weather.pfx.WAKEUP flg=0x34 (has extras) }: process is not permitted to auto start
W/BroadcastQueueInjector( 2749): Unable to launch app com.devexpert.weather/10114 for broadcast Intent { act=com.devexpert.weather.pfx.WAKEUP flg=0x34 (has extras) }: process is not permitted to auto start
W/BroadcastQueueInjector( 2749): Unable to launch app com.devexpert.weather/10114 for broadcast Intent { act=com.devexpert.weather.pfx.WAKEUP flg=0x34 (has extras) }: process is not permitted to auto start
W/BroadcastQueueInjector( 2749): Unable to launch app com.devexpert.weather/10114 for broadcast Intent { act=com.devexpert.weather.pfx.WAKEUP flg=0x34 (has extras) }: process is not permitted to auto start
W/BroadcastQueueInjector( 2749): Unable to launch app com.devexpert.weather/10114 for broadcast Intent { act=com.devexpert.weather.pfx.WAKEUP flg=0x34 (has extras) }: process is not permitted to auto start
W/BroadcastQueueInjector( 2749): Unable to launch app com.devexpert.weather/10114 for broadcast Intent { act=com.devexpert.weather.pfx.WAKEUP flg=0x34 (has extras) }: process is not permitted to auto start
W/BroadcastQueueInjector( 2749): Unable to launch app com.devexpert.weather/10114 for broadcast Intent { act=com.devexpert.weather.pfx.WAKEUP flg=0x34 (has extras) }: process is not permitted to auto start
W/BroadcastQueueInjector( 2749): Unable to launch app com.devexpert.weather/10114 for broadcast Intent { act=com.devexpert.weather.pfx.WAKEUP flg=0x34 (has extras) }: process is not permitted to auto start
W/BroadcastQueueInjector( 2749): Unable to launch app com.devexpert.weather/10114 for broadcast Intent { act=com.devexpert.weather.pfx.WAKEUP flg=0x34 (has extras) }: process is not permitted to auto start
W/BroadcastQueueInjector( 2749): Unable to launch app com.devexpert.weather/10114 for broadcast Intent { act=com.devexpert.weather.pfx.WAKEUP flg=0x34 (has extras) }: process is not permitted to auto start
W/BroadcastQueueInjector( 2749): Unable to launch app com.devexpert.weather/10114 for broadcast Intent { act=com.devexpert.weather.pfx.WAKEUP flg=0x34 (has extras) }: process is not permitted to auto start
I/art ( 2749): Background partial concurrent mark sweep GC freed 37943(2MB) AllocSpace objects, 33(1048KB) LOS objects, 20% free, 30MB/38MB, paused 2.135ms total 210.231ms
W/BroadcastQueueInjector( 2749): Unable to launch app com.devexpert.weather/10114 for broadcast Intent { act=com.devexpert.weather.pfx.WAKEUP flg=0x34 (has extras) }: process is not permitted to auto start
D/MI_STAT (12133): LocalEventRecordingJob update event by key and category
D/MI_STAT_EventDAO(12133): queryCustomEvent key: show_assistant_button, category: 悬浮球快捷开关
D/MI_STAT (12133): LocalEventRecordingJob update event by key and category
I/ServiceManager( 5726): Waiting for service goodix.fp...
D/DnsProxyBlocker( 363): hasUid: restrict uid(10140)
W/FrameworkListener( 363): Handler 'getaddrinfo' error (Success)
E/DnsProxyListener( 363): block dns query from uid = 10140
W/fb4a.BlueServiceQueue(11666): Exception during service
W/fb4a.BlueServiceQueue(11666): com.facebook.tigon.tigonutils.TigonErrorException: TigonError(2): TigonLigerErrorDomain(2) AsyncSocketException: connect failed, type = Socket not open, errno = 111 (Connection refused)
W/fb4a.BlueServiceQueue(11666): at X.1ao.onError(:262218)
W/fb4a.BlueServiceQueue(11666): at com.facebook.tigon.tigonapi.TigonCallbacksIntegerBufferJavaHelper.onError(:276628)
W/fb4a.BlueServiceQueue(11666): at com.facebook.common.jniexecutors.NativeRunnable.run(Native Method)
W/fb4a.BlueServiceQueue(11666): at com.facebook.common.jniexecutors.PooledNativeRunnable.run(:268824)
W/fb4a.BlueServiceQueue(11666): at java.util.concurrent.Executors$RunnableAdapter.call(Executors.java:422)
W/fb4a.BlueServiceQueue(11666): at X.0Nk.run(:53035)
W/fb4a.BlueServiceQueue(11666): at X.0Jj.run(:45927)
W/fb4a.BlueServiceQueue(11666): at java.util.concurrent.ThreadPoolExecutor.runWorker(ThreadPoolExecutor.java:1112)
W/fb4a.BlueServiceQueue(11666): at java.util.concurrent.ThreadPoolExecutor$Worker.run(ThreadPoolExecutor.java:587)
W/fb4a.BlueServiceQueue(11666): at X.0Np.run(:53261)
W/fb4a.BlueServiceQueue(11666): at java.lang.Thread.run(Thread.java:818)
D/ConnectivityService( 2749): returning Blocked NetworkInfo for ifname=rmnet_data0, uid=10140
E/fb4a.2yC(11666): RegisterPushToken register_push failed CONNECTION_FAILURE: CONNECTION_FAILURE
V/WLAN_PSA( 380): NL MSG, len[048], NL type[0x11] WNI type[0x5050] len[028]
V/WLAN_PSA( 380): NL MSG, PID: 380
I/ServiceManager( 5726): Waiting for service goodix.fp...
I/SurfaceFlinger( 320): FPS: 5 E/fb4a.com.facebook.platform.webdialogs.PlatformWebDialogsManifestFetchOperation(11666): Network error when downloading manifest from url: https://m.facebook.com/js_dialog_resources/dialog_descriptions_android.json#locale=el_GR E/fb4a.com.facebook.platform.webdialogs.PlatformWebDialogsManifestFetchOperation(11666): com.facebook.tigon.tigonutils.TigonErrorException: TigonError(2): TigonLigerErrorDomain(2) AsyncSocketException: connect failed, type = Socket not open, errno = 111 (Connection refused) E/fb4a.com.facebook.platform.webdialogs.PlatformWebDialogsManifestFetchOperation(11666): at X.1ao.onError(:262218) E/fb4a.com.facebook.platform.webdialogs.PlatformWebDialogsManifestFetchOperation(11666): at com.facebook.tigon.tigonapi.TigonCallbacksIntegerBufferJavaHelper.onError(:276628) E/fb4a.com.facebook.platform.webdialogs.PlatformWebDialogsManifestFetchOperation(11666): at com.facebook.common.jniexecutors.NativeRunnable.run(Native Method) E/fb4a.com.facebook.platform.webdialogs.PlatformWebDialogsManifestFetchOperation(11666): at com.facebook.common.jniexecutors.PooledNativeRunnable.run(:268824) E/fb4a.com.facebook.platform.webdialogs.PlatformWebDialogsManifestFetchOperation(11666): at java.util.concurrent.Executors$RunnableAdapter.call(Executors.java:422) E/fb4a.com.facebook.platform.webdialogs.PlatformWebDialogsManifestFetchOperation(11666): at X.0Nk.run(:53035) E/fb4a.com.facebook.platform.webdialogs.PlatformWebDialogsManifestFetchOperation(11666): at X.0Jj.run(:45927) E/fb4a.com.facebook.platform.webdialogs.PlatformWebDialogsManifestFetchOperation(11666): at java.util.concurrent.ThreadPoolExecutor.runWorker(ThreadPoolExecutor.java:1112) E/fb4a.com.facebook.platform.webdialogs.PlatformWebDialogsManifestFetchOperation(11666): at java.util.concurrent.ThreadPoolExecutor$Worker.run(ThreadPoolExecutor.java:587) E/fb4a.com.facebook.platform.webdialogs.PlatformWebDialogsManifestFetchOperation(11666): at X.0Np.run(:53261) E/fb4a.com.facebook.platform.webdialogs.PlatformWebDialogsManifestFetchOperation(11666): at java.lang.Thread.run(Thread.java:818)
D/ConnectivityService( 2749): returning Blocked NetworkInfo for ifname=rmnet_data0, uid=10140
E/fb4a.PlatformWebDialogsManifest(11666): Error when trying to download the manifest
E/fb4a.PlatformWebDialogsManifest(11666): ServiceException errorCode=CONNECTION_FAILURE, result=OperationResult success=false, resultDataString=, resultDataBundle=Bundle[{resultType=1}], errorCode=CONNECTION_FAILURE, errorDescription=CONNECTION_FAILURE, exception=
E/fb4a.PlatformWebDialogsManifest(11666): at X.3Yl.run(:575825)
E/fb4a.PlatformWebDialogsManifest(11666): at android.os.Handler.handleCallback(Handler.java)
E/fb4a.PlatformWebDialogsManifest(11666): at android.os.Handler.dispatchMessage(Handler.java)
E/fb4a.PlatformWebDialogsManifest(11666): at android.os.Looper.loop(Looper.java)
E/fb4a.PlatformWebDialogsManifest(11666): at android.app.ActivityThread.main(ActivityThread.java)
E/fb4a.PlatformWebDialogsManifest(11666): at java.lang.reflect.Method.invoke(Native Method)
E/fb4a.PlatformWebDialogsManifest(11666): at java.lang.reflect.Method.invoke(Method.java:372)
E/fb4a.PlatformWebDialogsManifest(11666): at com.android.internal.os.ZygoteInit$MethodAndArgsCaller.run(ZygoteInit.java)
E/fb4a.PlatformWebDialogsManifest(11666): at com.android.internal.os.ZygoteInit.main(ZygoteInit.java)
W/linker (11904): libwebviewchromium.so: unused DT entry: type 0x6ffffffe arg 0x11b70
W/linker (11904): libwebviewchromium.so: unused DT entry: type 0x6fffffff arg 0x3
I/ServiceManager( 5726): Waiting for service goodix.fp...
I/WebViewFactory(11904): Loading com.google.android.webview version 59.0.3071.125 (code 307112550)
I/art (11904): Rejecting re-init on previously-failed class java.lang.Class
I/art (11904): Rejecting re-init on previously-failed class java.lang.Class
I/art (11904): Rejecting re-init on previously-failed class java.lang.Class
I/art (11904): Rejecting re-init on previously-failed class java.lang.Class
I/cr_LibraryLoader(11904): Time to load native libraries: 17 ms (timestamps 7167-7184)
I/chromium(11904): [INFO:library_loader_hooks.cc(144)] Chromium logging enabled: level = 0, default verbosity = 0
I/cr_LibraryLoader(11904): Expected native library version number "59.0.3071.125", actual native library version number "59.0.3071.125"
I/cr_BrowserStartup(11904): Initializing chromium process, singleProcess=true
I/Adreno-EGL(11904): : EGL 1.4 QUALCOMM build: Nondeterministic_AU_msm8916_64_LA.BR.1.2.4_RB1__release_AU (Ic8ede1fb34)
I/Adreno-EGL(11904): OpenGL ES Shader Compiler Version: E031.25.03.04
I/Adreno-EGL(11904): Build Date: 12/10/15 Thu I/Adreno-EGL(11904): Local Branch:
I/Adreno-EGL(11904): Remote Branch: quic/LA.BR.1.2.4_rb1.30
I/Adreno-EGL(11904): Local Patches: NONE
I/Adreno-EGL(11904): Reconstruct Branch: NOTHING
D/ConnectivityService( 2749): listenForNetwork for NetworkRequest [ id=25, legacyType=-1, [ Capabilities: INTERNET&NOT_RESTRICTED&TRUSTED] ]
D/ConnectivityService( 2749): handleRegisterNetworkRequest checking NetworkAgentInfo [MOBILE (HSPA+) - 102]
D/ConnectivityService( 2749): apparently satisfied. currentScore=50
D/ConnectivityManager.CallbackHandler(11904): CM callback handler got msg 524290
W/ResourceType(11904): For resource 0x7f06002f, entry index(47) is beyond type entryCount(1)
E/GooglePlayServicesUtil(11904): The Google Play services resources were not found. Check your project configuration to ensure that the resources are included.
W/linker (11904): libxplat_FBExit_FBExit.so: unused DT entry: type 0x6ffffffe arg 0x32c
W/linker (11904): libxplat_FBExit_FBExit.so: unused DT entry: type 0x6fffffff arg 0x1
W/linker (11904): libthird-party_yajl_yajlAndroid.so: unused DT entry: type 0x6ffffffe arg 0x8c0
W/linker (11904): libthird-party_yajl_yajlAndroid.so: unused DT entry: type 0x6fffffff arg 0x1
W/linker (11904): libxplat_mobileconfig_mobileconfig.so: unused DT entry: type 0x6ffffffe arg 0x528c
W/linker (11904): libxplat_mobileconfig_mobileconfig.so: unused DT entry: type 0x6fffffff arg 0x2
W/linker (11904): libmobileconfig-jni.so: unused DT entry: type 0x6ffffffe arg 0x2ea0
W/linker (11904): libmobileconfig-jni.so: unused DT entry: type 0x6fffffff arg 0x1
I/mobileconfig(11904): Using asset manager to read params_map.txt
I/SurfaceFlinger( 320): FPS: 4
I/mobileconfig(11904): Initialized MobileConfig - directory: /data/user/0/com.facebook.orca/files, deviceId: 02b46640-6bbc-4113-a3b3-9d305209ce86, appVersion: 131.0.0.17.89, session: 1471535338, paramHash: c589002d2ff6e76121b757bfcaaef957, urlParams: [locale=el_GR,client_country_code=GR], readOnly: false, persistConfigTable: true, serveConfigTable: true
I/mobileconfig(11904): Using asset manager to read params_map.txt
W/ (12263): [ColorAdjust] gammamode=2, cemode=10
W/ (12263): [ColorAdjust] temp_gammavalue=2, temp_cevalue=10
W/ (12263): [ColorAdjust] Don't setGamma!
W/ (12263): [ColorAdjust] Don't setCe!
W/ (12263): [ColorAdjust] Set temp_prefer temp_ce!
I/mobileconfig(11904): Initialized MobileConfig - directory: /data/user/0/com.facebook.orca/files, deviceId: 02b46640-6bbc-4113-a3b3-9d305209ce86, appVersion: 131.0.0.17.89, session: , paramHash: c589002d2ff6e76121b757bfcaaef957, urlParams: [locale=el_GR,client_country_code=GR,access_token=256002347743983|374e60f8b9bb6b8cbb30f78030438895], readOnly: false, persistConfigTable: true, serveConfigTable: true
W/msgr.ServiceInfoParser(11904): X.2KO: Service com.facebook.analytics2.logger.LollipopUploadService is missing meta key com.facebook.common.jobscheduler.compat.jobIds
D/FingerGoodix( 5726): go into while FingerPrint,getFingerPrintService()
D/QcrilMsgTunnelSocket( 9282): readRilMessage: Buffer = [B@2a7ee7d8 HexData = [010000000404000011000000514f454d484f4f4bef0308000100000003]
D/QcrilMsgTunnelSocket( 9282): Rcvd UNSOL response with 28 bytes data for SUB0
D/QcrilMsgTunnelSocket( 9282): Response ID 525295 is not served in this process.
D/QcrilMsgTunnelSocket( 9282): To broadcast an Intent via the notifier to external apps
D/QcrilMsgTunnelIfaceManager( 9282): handleMessage what = 0
W/BroadcastQueue( 2749): Permission Denial: broadcasting Intent { act=android.net.conn.CONNECTIVITY_CHANGE flg=0x4000010 (has extras) } from null (pid=-1, uid=-1) requires com.facebook.permission.prod.FB_APP_COMMUNICATION due to registered receiver BroadcastFilter{877bbd8 u0 ReceiverList{c3c0abb 11904 com.facebook.orca/10131/u0 remote:9248b4a}}
W/BroadcastQueue( 2749): Permission Denial: broadcasting Intent { act=android.net.conn.INET_CONDITION_ACTION flg=0x4000010 (has extras) } from null (pid=-1, uid=-1) requires com.facebook.permission.prod.FB_APP_COMMUNICATION due to registered receiver BroadcastFilter{877bbd8 u0 ReceiverList{c3c0abb 11904 com.facebook.orca/10131/u0 remote:9248b4a}}
D/QcrilMsgTunnelSocket( 9282): readRilMessage: Buffer = [B@2a7ee7d8 HexData = [010000000404000011000000514f454d484f4f4bfa0308000100000000]
D/QcrilMsgTunnelSocket( 9282): Rcvd UNSOL response with 28 bytes data for SUB0
D/QcrilMsgTunnelSocket( 9282): Response ID 525306 is not served in this process.
D/QcrilMsgTunnelSocket( 9282): To broadcast an Intent via the notifier to external apps
D/QcrilMsgTunnelIfaceManager( 9282): handleMessage what = 0
D/StatusBar.NetworkController( 4773): onSignalStrengthsChanged received on slotId :0signalStrength=SignalStrength: 12 0 -120 -160 -120 -1 -1 99 2147483647 2147483647 2147483647 2147483647 2147483647 gsm|lte level=5 cdmdlevel=0 evdolevel=0
D/StatusBar.NetworkController( 4773): onServiceStateChanged received on slotId :0state=0 VoiceNetworkType=3 DataNetworkType=3
D/NetworkTypeUtils( 4773): default net type
D/ConnectivityManager.CallbackHandler( 4773): CM callback handler got msg 524290
D/ConnectivityService( 2749): rematching NetworkAgentInfo [MOBILE (HSPA+) - 102]
D/SecurityController( 4773): onAvailable 102 : [ Transports: CELLULAR Capabilities: SUPL&INTERNET&NOT_RESTRICTED&TRUSTED&NOT_VPN LinkUpBandwidth>=384Kbps LinkDnBandwidth>=384Kbps Specifier: <1>]
D/ConnectivityService( 2749): Network NetworkAgentInfo [MOBILE (HSPA+) - 102] was already satisfying request 1. No change.
D/ConnectivityManager.CallbackHandler( 4773): CM callback handler got msg 524294
D/ConnectivityService( 2749): notifyType AVAILABLE for NetworkAgentInfo [MOBILE (HSPA+) - 102]
D/ConnectivityService( 2749): notifyType CAP_CHANGED for NetworkAgentInfo [MOBILE (HSPA+) - 102]
D/ConnectivityManager.CallbackHandler( 6997): CM callback handler got msg 524290
D/ConnectivityManager.CallbackHandler(11904): CM callback handler got msg 524290
D/ConnectivityManager.CallbackHandler(11666): CM callback handler got msg 524290
D/ConnectivityService( 2749): notifyType IP_CHANGED for NetworkAgentInfo [MOBILE (UMTS) - 102]
D/ConnectivityManager.CallbackHandler( 4773): CM callback handler got msg 524295
D/ConnectivityManager.CallbackHandler(11904): CM callback handler got msg 524294
D/StatusBar.NetworkController( 4773): updateNetworkName spn=null plmn=COSMOTE slotId=0 hasService=true showSpn=false showPlmn=true
D/ConnectivityService( 2749): returning Blocked NetworkInfo for ifname=rmnet_data0, uid=10140
D/ConnectivityManager.CallbackHandler( 6997): CM callback handler got msg 524290
D/ConnectivityManager.CallbackHandler(11666): CM callback handler got msg 524294
D/ConnectivityService( 2749): returning Blocked NetworkInfo for ifname=rmnet_data0, uid=10140
D/ConnectivityManager.CallbackHandler(11666): CM callback handler got msg 524295
D/ConnectivityManager.CallbackHandler(11904): CM callback handler got msg 524295
D/StatusBar.NetworkController( 4773): onDataConnectionStateChanged received on slotId :0state=2 type=3
D/NetworkTypeUtils( 4773): default net type
D/ConnectivityManager.CallbackHandler( 6997): CM callback handler got msg 524290
D/PhoneApp( 5881): mReceiver: ACTION_ANY_DATA_CONNECTION_STATE_CHANGED
D/PhoneApp( 5881): - state: CONNECTED
D/PhoneApp( 5881): - reason: null
D/ConnectivityManager.CallbackHandler( 6997): CM callback handler got msg 524294
D/ConnectivityManager.CallbackHandler( 6997): CM callback handler got msg 524294
D/ConnectivityManager.CallbackHandler( 6997): CM callback handler got msg 524294
D/ConnectivityManager.CallbackHandler( 6997): CM callback handler got msg 524295
D/ConnectivityManager.CallbackHandler( 6997): CM callback handler got msg 524295
D/ConnectivityManager.CallbackHandler( 6997): CM callback handler got msg 524295
W/BroadcastQueue( 2749): Permission Denial: broadcasting Intent { act=android.net.conn.CONNECTIVITY_CHANGE flg=0x4000010 (has extras) } from null (pid=-1, uid=-1) requires com.facebook.permission.prod.FB_APP_COMMUNICATION due to registered receiver BroadcastFilter{250b39a2 u0 ReceiverList{29df196d 11904 com.facebook.orca/10131/u0 remote:398bd84}}
I/ActiveServicesInjector( 2749): Low priority start of: ServiceRecord{13874dee u0 com.facebook.orca/com.facebook.conditionalworker.ConditionalWorkerService}
I/ServiceManager( 5726): Waiting for service goodix.fp...
V/tigonliger(11904): tigonliger/JNI_OnLoad called
V/tigonliger(11904): tigonapi/JNI_OnLoad called
I/ActiveServicesInjector( 2749): Low priority start of: ServiceRecord{1bb374d9 u0 com.google.android.gms/.gcm.PushMessagingRegistrarProxy}
I/SurfaceFlinger( 320): FPS: 3
I/ActiveServicesInjector( 2749): Low priority start of: ServiceRecord{372e92b2 u0 com.google.android.gms/.gcm.GcmService}
W/GCM ( 6809): Register request missing messenger
I/ActiveServicesInjector( 2749): Low priority start of: ServiceRecord{1b3c6cc3 u0 com.facebook.orca/com.facebook.mqttlite.MqttService}
D/QcrilMsgTunnelSocket( 9282): readRilMessage: Buffer = [B@2a7ee7d8 HexData = [010000000404000011000000514f454d484f4f4bef0308000100000003]
D/QcrilMsgTunnelSocket( 9282): Rcvd UNSOL response with 28 bytes data for SUB0
D/QcrilMsgTunnelSocket( 9282): Response ID 525295 is not served in this process.
D/QcrilMsgTunnelSocket( 9282): To broadcast an Intent via the notifier to external apps
D/QcrilMsgTunnelIfaceManager( 9282): handleMessage what = 0
I/ServiceManager( 5726): Waiting for service goodix.fp...
D/QcrilMsgTunnelSocket( 9282): readRilMessage: Buffer = [B@2a7ee7d8 HexData = [010000000404000011000000514f454d484f4f4bef0308000100000003]
D/QcrilMsgTunnelSocket( 9282): Rcvd UNSOL response with 28 bytes data for SUB0
D/QcrilMsgTunnelSocket( 9282): Response ID 525295 is not served in this process.
D/QcrilMsgTunnelSocket( 9282): To broadcast an Intent via the notifier to external apps
D/QcrilMsgTunnelIfaceManager( 9282): handleMessage what = 0
D/QcrilMsgTunnelSocket( 9282): readRilMessage: Buffer = [B@2a7ee7d8 HexData = [010000000404000011000000514f454d484f4f4bfa0308000100000000]
D/QcrilMsgTunnelSocket( 9282): Rcvd UNSOL response with 28 bytes data for SUB0
D/QcrilMsgTunnelSocket( 9282): Response ID 525306 is not served in this process.
D/QcrilMsgTunnelSocket( 9282): To broadcast an Intent via the notifier to external apps
D/QcrilMsgTunnelIfaceManager( 9282): handleMessage what = 0
D/StatusBar.NetworkController( 4773): onSignalStrengthsChanged received on slotId :0signalStrength=SignalStrength: 12 0 -120 -160 -120 -1 -1 99 2147483647 2147483647 2147483647 2147483647 2147483647 gsm|lte level=5 cdmdlevel=0 evdolevel=0
D/StatusBar.NetworkController( 4773): onServiceStateChanged received on slotId :0state=0 VoiceNetworkType=3 DataNetworkType=15
D/NetworkTypeUtils( 4773): default net type
D/ConnectivityManager.CallbackHandler( 4773): CM callback handler got msg 524290
D/ConnectivityService( 2749): rematching NetworkAgentInfo [MOBILE (UMTS) - 102]
D/ConnectivityService( 2749): Network NetworkAgentInfo [MOBILE (UMTS) - 102] was already satisfying request 1. No change.
D/ConnectivityService( 2749): notifyType AVAILABLE for NetworkAgentInfo [MOBILE (UMTS) - 102]
D/ConnectivityManager.CallbackHandler( 6997): CM callback handler got msg 524290
D/ConnectivityService( 2749): notifyType CAP_CHANGED for NetworkAgentInfo [MOBILE (UMTS) - 102]
D/ConnectivityManager.CallbackHandler(11666): CM callback handler got msg 524290
D/ConnectivityManager.CallbackHandler(11904): CM callback handler got msg 524290
D/ConnectivityManager.CallbackHandler( 6997): CM callback handler got msg 524290
D/ConnectivityService( 2749): notifyType IP_CHANGED for NetworkAgentInfo [MOBILE (HSPA+) - 102]
D/ConnectivityService( 2749): returning Blocked NetworkInfo for ifname=rmnet_data0, uid=10140
D/ConnectivityManager.CallbackHandler(11666): CM callback handler got msg 524294
D/ConnectivityManager.CallbackHandler(11904): CM callback handler got msg 524294
D/SecurityController( 4773): onAvailable 102 : [ Transports: CELLULAR Capabilities: SUPL&INTERNET&NOT_RESTRICTED&TRUSTED&NOT_VPN LinkUpBandwidth>=11264Kbps LinkDnBandwidth>=43008Kbps Specifier: <1>]
D/ConnectivityManager.CallbackHandler( 4773): CM callback handler got msg 524294
D/ConnectivityManager.CallbackHandler( 4773): CM callback handler got msg 524295
D/ConnectivityManager.CallbackHandler( 6997): CM callback handler got msg 524290
D/ConnectivityManager.CallbackHandler(11904): CM callback handler got msg 524295
D/ConnectivityService( 2749): returning Blocked NetworkInfo for ifname=rmnet_data0, uid=10140
D/ConnectivityManager.CallbackHandler( 6997): CM callback handler got msg 524294
D/ConnectivityManager.CallbackHandler(11666): CM callback handler got msg 524295
D/ConnectivityManager.CallbackHandler( 6997): CM callback handler got msg 524294
D/ConnectivityManager.CallbackHandler( 6997): CM callback handler got msg 524294
D/StatusBar.NetworkController( 4773): updateNetworkName spn=null plmn=COSMOTE slotId=0 hasService=true showSpn=false showPlmn=true
D/ConnectivityManager.CallbackHandler( 6997): CM callback handler got msg 524295
D/ConnectivityManager.CallbackHandler( 6997): CM callback handler got msg 524295
D/ConnectivityManager.CallbackHandler( 6997): CM callback handler got msg 524295
D/PhoneApp( 5881): mReceiver: ACTION_ANY_DATA_CONNECTION_STATE_CHANGED
D/PhoneApp( 5881): - state: CONNECTED
D/PhoneApp( 5881): - reason: null
D/StatusBar.NetworkController( 4773): onDataConnectionStateChanged received on slotId :0state=2 type=15
D/NetworkTypeUtils( 4773): default net type
E/SQLiteLog(11904): (284) automatic index on sqlite_sq_AB0ABE18(thread_key)
I/XiaomiFirewall( 4920): firewall pkgName:com.google.android.gms, result:0x0
W/Conscrypt( 6809): Could not set socket write timeout:
W/Conscrypt( 6809): java.lang.reflect.Method.invoke(Native Method)
W/Conscrypt( 6809): java.lang.reflect.Method.invoke(Method.java:372)
D/QcrilMsgTunnelSocket( 9282): readRilMessage: Buffer = [B@2a7ee7d8 HexData = [010000000404000011000000514f454d484f4f4bef0308000100000003]
D/QcrilMsgTunnelSocket( 9282): Rcvd UNSOL response with 28 bytes data for SUB0
D/QcrilMsgTunnelSocket( 9282): Response ID 525295 is not served in this process.
D/QcrilMsgTunnelSocket( 9282): To broadcast an Intent via the notifier to external apps
D/QcrilMsgTunnelIfaceManager( 9282): handleMessage what = 0
I/SurfaceFlinger( 320): FPS: 4
W/Conscrypt( 6809): Could not set socket write timeout:
W/Conscrypt( 6809): java.lang.reflect.Method.invoke(Native Method)
W/Conscrypt( 6809): java.lang.reflect.Method.invoke(Method.java:372)
I/ActiveServicesInjector( 2749): Low priority start of: ServiceRecord{3c2bfe05 u0 com.facebook.orca/com.facebook.push.c2dm.C2DMService}
I/XiaomiFirewall( 4920): firewall pkgName:com.facebook.orca, result:0x0
I/ActiveServicesInjector( 2749): Low priority start of: ServiceRecord{1bbc8626 u0 com.facebook.katana/com.facebook.backgroundlocation.reporting.BackgroundLocationReportingService}
