06-08 09:33:33.034 3078 3246 E ActivityThread: Failed to find provider info for com.google.android.gsf.gservices
06-08 09:33:33.055 3078 3246 E ActivityThread: Failed to find provider info for com.google.android.gsf.gservices
06-08 09:33:33.058 3078 3078 E ActivityThread: Failed to find provider info for com.google.android.gsf.gservices
06-08 09:33:33.065 3078 3078 E ActivityThread: Failed to find provider info for com.google.android.gsf.gservices
06-08 09:33:33.072 2353 2353 W Looper : Slow Looper main: doFrame is 395ms late because of 420 msg, msg 1 took 112ms (seq=287 running=75ms runnable=20ms late=1174ms h=android.view.Choreographer$FrameHandler c=android.view.Choreographer$FrameDisplayEventReceiver)
06-08 09:33:33.073 2353 2353 I KeyguardViewMediator: event.values[0]=5.00003
06-08 09:33:33.092 3078 3078 E ActivityThread: Failed to find provider info for com.google.android.gsf.gservices
06-08 09:33:33.100 3078 3078 E ActivityThread: Failed to find provider info for com.google.android.gsf.gservices
06-08 09:33:33.117 3078 3246 E ActivityThread: Failed to find provider info for com.google.android.gsf.gservices
06-08 09:33:33.118 3078 3246 I chatty : uid=10181 com.google.android.gms.persistent identical 6 lines
06-08 09:33:33.120 3078 3246 E ActivityThread: Failed to find provider info for com.google.android.gsf.gservices
06-08 09:33:33.121 3078 3078 E ActivityThread: Failed to find provider info for com.google.android.gsf.gservices
06-08 09:33:33.122 3078 3078 E ActivityThread: Failed to find provider info for com.google.android.gsf.gservices
06-08 09:33:33.149 1757 2224 I chatty : uid=1000(system) UEventObserver expire 1 line
06-08 09:33:33.153 3078 3078 E ActivityThread: Failed to find provider info for com.google.android.gsf.gservices
06-08 09:33:33.162 3078 3078 E ActivityThread: Failed to find provider info for com.google.android.gsf.gservices
06-08 09:33:33.165 3078 3246 E ActivityThread: Failed to find provider info for com.google.android.gsf.gservices
06-08 09:33:33.166 3078 3078 E ActivityThread: Failed to find provider info for com.google.android.gsf.gservices
06-08 09:33:33.194 3078 3246 E ActivityThread: Failed to find provider info for com.google.android.gsf.gservices
06-08 09:33:33.234 3078 3246 E ActivityThread: Failed to find provider info for com.google.android.gsf.gservices
06-08 09:33:33.294 3078 3078 E ActivityThread: Failed to find provider info for com.google.android.gsf.gservices
06-08 09:33:33.323 3078 3078 E ActivityThread: Failed to find provider info for com.google.android.gsf.gservices
06-08 09:33:33.324 3078 3288 E ActivityThread: Failed to find provider info for com.google.android.gsf.gservices
06-08 09:33:33.331 3078 3078 E ActivityThread: Failed to find provider info for com.google.android.gsf.gservices
06-08 09:33:33.334 3078 3078 E ActivityThread: Failed to find provider info for com.google.android.gsf.gservices
06-08 09:33:33.340 3078 3246 E ActivityThread: Failed to find provider info for com.google.android.gsf.gservices
06-08 09:33:33.345 3078 3078 E ActivityThread: Failed to find provider info for com.google.android.gsf.gservices
06-08 09:33:33.346 3078 3078 E ActivityThread: Failed to find provider info for com.google.android.gsf.gservices
06-08 09:33:33.359 3078 3246 E ActivityThread: Failed to find provider info for com.google.android.gsf.gservices
06-08 09:33:33.360 3078 3078 W Looper : Slow Looper main: Long Msg: seq=2 plan=09:33:31.236 late=2ms wall=2121ms running=388ms runnable=199ms io=1155ms h=android.app.ActivityThread$H w=110
06-08 09:33:33.361 3078 3246 E ActivityThread: Failed to find provider info for com.google.android.gsf.gservices
06-08 09:33:33.370 3078 3078 E ActivityThread: Failed to find provider info for com.google.android.gsf.gservices
06-08 09:33:33.391 3078 3078 E ActivityThread: Failed to find provider info for com.google.android.gsf.gservices
06-08 09:33:33.392 2918 3075 E ActivityThread: Failed to find provider info for com.xiaomi.providers.appindex
06-08 09:33:33.421 2918 3075 I chatty : uid=1000(system) SearchUpdater identical 11 lines
06-08 09:33:33.422 2918 3075 E ActivityThread: Failed to find provider info for com.xiaomi.providers.appindex
06-08 09:33:33.429 3078 3078 E ActivityThread: Failed to find provider info for com.google.android.gsf.gservices
06-08 09:33:33.432 3078 3078 E ActivityThread: Failed to find provider info for com.google.android.gsf.gservices
06-08 09:33:33.439 3078 3078 E ActivityThread: Failed to find provider info for com.google.android.gsf.gservices
06-08 09:33:33.443 3078 3078 E ActivityThread: Failed to find provider info for com.google.android.gsf.gservices
06-08 09:33:33.452 3078 3311 E ActivityThread: Failed to find provider info for com.google.android.gsf.gservices
06-08 09:33:33.480 2918 3075 E ActivityThread: Failed to find provider info for com.xiaomi.providers.appindex
06-08 09:33:33.503 2918 3075 E ActivityThread: Failed to find provider info for com.xiaomi.providers.appindex
06-08 09:33:33.579 2353 2353 I MiuiGxzwOverlayView: remove overlay view
06-08 09:33:33.586 2353 2643 E ActivityThread: Failed to find provider info for com.miui.powercenter.provider
06-08 09:33:33.593 2353 3156 D DisplayFeatureManager: setScreenEffect mode=17 value=0 cookie=1
06-08 09:33:33.594 2353 2353 I miui_keyguard_fingerprint: onAuthenticationError: errMsgId = 5, errString = Η λειτουργία μοναδικού χαρακτηριστικού ακυρώθηκε.
06-08 09:33:33.670 2353 2353 W Looper : Slow Looper main: doFrame is 600ms late because of 208 msg, msg 1 took 77ms (seq=707 running=20ms runnable=47ms late=395ms h=android.view.Choreographer$FrameHandler c=android.view.Choreographer$FrameDisplayEventReceiver), msg 69 took 97ms (seq=775 running=56ms runnable=19ms io=12ms late=380ms h=com.android.systemui.keyguard.KeyguardViewMediator$5 w=3), msg 159 took 120ms (seq=865 running=87ms runnable=23ms late=481ms h=android.os.Handler c=com.android.systemui.qs.QSTileHost$8), msg 161 took 98ms (seq=867 running=77ms runnable=8ms late=595ms h=android.os.Handler c=com.android.systemui.qs.QSTileHost$8)
06-08 09:33:33.712 2353 2353 I MiuiChargeManager: notifyBatteryStatusChanged: status: 2 isPlugged: 1 level: 99 wireState: 11 chargeSpeed: 2 mWiredChargeType: 3 mWirelessChargeType: 0 chargeDeviceType: 3
06-08 09:33:33.769 3304 3304 E ActivityThread: Failed to find provider info for com.google.android.gsf.gservices
06-08 09:33:33.795 3304 3304 I chatty : uid=10181(com.google.android.gms) identical 64 lines
06-08 09:33:33.797 3304 3304 E ActivityThread: Failed to find provider info for com.google.android.gsf.gservices
06-08 09:33:33.804 2560 2560 W Looper : Slow Looper main: doFrame is 874ms late because of 9 msg, msg 1 took 877ms (seq=407 running=766ms runnable=47ms io=12ms late=7ms h=android.os.Handler c=com.miui.home.launcher.-$$Lambda$Launcher$p5aBJ88tJqDStmxXPXTPFXB9MtQ)
06-08 09:33:33.804 3304 3304 E ActivityThread: Failed to find provider info for com.google.android.gsf.gservices
06-08 09:33:33.963 3304 3304 E ActivityThread: Failed to find provider info for com.google.android.gsf.gservices
06-08 09:33:33.973 3304 3392 E ActivityThread: Failed to find provider info for com.google.android.gsf.gservices
06-08 09:33:33.976 3304 3392 I chatty : uid=10181(com.google.android.gms) identical 5 lines
06-08 09:33:33.977 3304 3392 E ActivityThread: Failed to find provider info for com.google.android.gsf.gservices
06-08 09:33:33.977 3304 3304 E ActivityThread: Failed to find provider info for com.google.android.gsf.gservices
06-08 09:33:33.978 3304 3392 E ActivityThread: Failed to find provider info for com.google.android.gsf.gservices
06-08 09:33:33.978 3304 3392 E ActivityThread: Failed to find provider info for com.google.android.gsf.gservices
06-08 09:33:33.979 3304 3304 E ActivityThread: Failed to find provider info for com.google.android.gsf.gservices
06-08 09:33:33.979 3304 3392 E ActivityThread: Failed to find provider info for com.google.android.gsf.gservices
06-08 09:33:33.980 3304 3392 E ActivityThread: Failed to find provider info for com.google.android.gsf.gservices
06-08 09:33:33.980 3304 3304 E ActivityThread: Failed to find provider info for com.google.android.gsf.gservices
06-08 09:33:33.981 3304 3392 E ActivityThread: Failed to find provider info for com.google.android.gsf.gservices
06-08 09:33:33.981 3304 3304 E ActivityThread: Failed to find provider info for com.google.android.gsf.gservices
06-08 09:33:33.983 3304 3392 E ActivityThread: Failed to find provider info for com.google.android.gsf.gservices
06-08 09:33:33.985 3304 3304 E ActivityThread: Failed to find provider info for com.google.android.gsf.gservices
06-08 09:33:33.994 3304 3304 E ActivityThread: Failed to find provider info for com.google.android.gsf.gservices
06-08 09:33:33.995 3304 3392 E ActivityThread: Failed to find provider info for com.google.android.gsf.gservices
06-08 09:33:33.998 3304 3392 E ActivityThread: Failed to find provider info for com.google.android.gsf.gservices
06-08 09:33:34.009 3304 3304 E ActivityThread: Failed to find provider info for com.google.android.gsf.gservices
06-08 09:33:34.033 3304 3304 E ActivityThread: Failed to find provider info for com.google.android.gsf.gservices
06-08 09:33:34.038 3330 3330 I SystemConfig: Adding association: com.google.android.as <- com.android.providers.contacts
06-08 09:33:34.038 3330 3330 I SystemConfig: Adding association: com.google.android.as <- com.android.providers.media
06-08 09:33:34.038 3330 3330 I SystemConfig: Adding association: com.google.android.as <- com.android.providers.telephony
06-08 09:33:34.038 3330 3330 I SystemConfig: Adding association: com.google.android.as <- com.android.systemui
06-08 09:33:34.038 3330 3330 I SystemConfig: Adding association: com.google.android.as <- com.google.android.gms
06-08 09:33:34.038 3330 3330 I SystemConfig: Adding association: com.google.android.as <- com.google.android.gsf
06-08 09:33:34.047 3304 3304 E ActivityThread: Failed to find provider info for com.google.android.gsf.gservices
06-08 09:33:34.052 3304 3304 E ActivityThread: Failed to find provider info for com.google.android.gsf.gservices
06-08 09:33:34.054 3330 3330 W SystemConfig: No directory /product_services/etc/sysconfig, skipping
06-08 09:33:34.054 3330 3330 W SystemConfig: No directory /product_services/etc/permissions, skipping
06-08 09:33:34.054 3304 3304 E ActivityThread: Failed to find provider info for com.google.android.gsf.gservices
06-08 09:33:34.069 3304 3304 E ActivityThread: Failed to find provider info for com.google.android.gsf.gservices
06-08 09:33:34.070 3304 3399 E ActivityThread: Failed to find provider info for com.google.android.gsf.gservices
06-08 09:33:34.072 3304 3304 E ActivityThread: Failed to find provider info for com.google.android.gsf.gservices
06-08 09:33:34.082 3304 3304 E ActivityThread: Failed to find provider info for com.google.android.gsf.gservices
06-08 09:33:34.083 3304 3399 E ActivityThread: Failed to find provider info for com.google.android.gsf.gservices
06-08 09:33:34.084 3304 3399 E ActivityThread: Failed to find provider info for com.google.android.gsf.gservices
06-08 09:33:34.084 3304 3304 E ActivityThread: Failed to find provider info for com.google.android.gsf.gservices
06-08 09:33:34.148 3304 3304 E ActivityThread: Failed to find provider info for com.google.android.gsf.gservices
06-08 09:33:34.154 3304 3411 E ActivityThread: Failed to find provider info for com.google.android.gsf.gservices
06-08 09:33:34.157 1757 2295 I chatty : uid=1000(system) SecurityWriteHa expire 6 lines
06-08 09:33:34.845 3461 3461 E LoadedApk: Unable to instantiate appComponentFactory
06-08 09:33:34.845 3461 3461 E LoadedApk: java.lang.ClassNotFoundException: Didn't find class "com.xiaomi.misettings.lottie" on path: DexPathList[[zip file "/system/priv-app/MiSettings/MiSettings.apk"],nativeLibraryDirectories=[/system/priv-app/MiSettings/lib/arm, /system/priv-app/MiSettings/MiSettings.apk!/lib/armeabi-v7a, /system/lib, /system/product/lib, /system/lib, /system/product/lib]]
06-08 09:33:34.845 3461 3461 E LoadedApk: at dalvik.system.BaseDexClassLoader.findClass(BaseDexClassLoader.java:230)
06-08 09:33:34.845 3461 3461 E LoadedApk: at java.lang.ClassLoader.loadClass(ClassLoader.java:379)
06-08 09:33:34.845 3461 3461 E LoadedApk: at java.lang.ClassLoader.loadClass(ClassLoader.java:312)
06-08 09:33:34.845 3461 3461 E LoadedApk: at android.app.LoadedApk.createAppFactory(Unknown Source:8)
06-08 09:33:34.845 3461 3461 E LoadedApk: at android.app.LoadedApk.createOrUpdateClassLoaderLocked(Unknown Source:425)
06-08 09:33:34.845 3461 3461 E LoadedApk: at android.app.LoadedApk.getClassLoader(Unknown Source:6)
06-08 09:33:34.845 3461 3461 E LoadedApk: at android.app.LoadedApk.getResources(Unknown Source:29)
06-08 09:33:34.845 3461 3461 E LoadedApk: at android.app.ContextImpl.createAppContext(Unknown Source:17)
06-08 09:33:34.845 3461 3461 E LoadedApk: at android.app.ContextImpl.createAppContext(Unknown Source:1)
06-08 09:33:34.845 3461 3461 E LoadedApk: at android.app.ActivityThread.handleBindApplication(Unknown Source:790)
06-08 09:33:34.845 3461 3461 E LoadedApk: at android.app.ActivityThread.access$1400(Unknown Source:0)
06-08 09:33:34.845 3461 3461 E LoadedApk: at android.app.ActivityThread$H.handleMessage(Unknown Source:710)
06-08 09:33:34.845 3461 3461 E LoadedApk: at android.os.Handler.dispatchMessage(Unknown Source:19)
06-08 09:33:34.845 3461 3461 E LoadedApk: at android.os.Looper.loop(Unknown Source:242)
06-08 09:33:34.845 3461 3461 E LoadedApk: at android.app.ActivityThread.main(Unknown Source:98)
06-08 09:33:34.845 3461 3461 E LoadedApk: at java.lang.reflect.Method.invoke(Native Method)
06-08 09:33:34.845 3461 3461 E LoadedApk: at com.android.internal.os.RuntimeInit$MethodAndArgsCaller.run(Unknown Source:11)
06-08 09:33:34.845 3461 3461 E LoadedApk: at com.android.internal.os.ZygoteInit.main(Unknown Source:275)
06-08 09:33:35.025 3304 3411 E ActivityThread: Failed to find provider info for com.google.android.gsf.gservices
06-08 09:33:35.033 3304 3487 E ActivityThread: Failed to find provider info for com.google.android.gsf.gservices
06-08 09:33:35.036 3304 3487 E ActivityThread: Failed to find provider info for com.google.android.gsf.gservices
06-08 09:33:35.245 3304 3487 E ActivityThread: Failed to find provider info for com.google.android.gsf.gservices
06-08 09:33:35.295 3304 3487 I chatty : uid=10181(com.google.android.gms) identical 20 lines
06-08 09:33:35.295 3304 3487 E ActivityThread: Failed to find provider info for com.google.android.gsf.gservices
06-08 09:33:35.299 1757 2377 I chatty : uid=1000(system) Binder:1757_5 expire 17 lines
06-08 09:33:35.305 3304 3487 E ActivityThread: Failed to find provider info for com.google.android.gsf.gservices
06-08 09:33:35.323 3304 3487 E ActivityThread: Failed to find provider info for com.google.android.gsf.gservices
06-08 09:33:35.378 3304 3487 I SystemConfig: Adding association: com.google.android.as <- com.android.providers.contacts
06-08 09:33:35.378 3304 3487 I SystemConfig: Adding association: com.google.android.as <- com.android.providers.media
06-08 09:33:35.378 3304 3487 I SystemConfig: Adding association: com.google.android.as <- com.android.providers.telephony
06-08 09:33:35.378 3304 3487 I SystemConfig: Adding association: com.google.android.as <- com.android.systemui
06-08 09:33:35.378 3304 3487 I SystemConfig: Adding association: com.google.android.as <- com.google.android.gms
06-08 09:33:35.378 3304 3487 I SystemConfig: Adding association: com.google.android.as <- com.google.android.gsf
06-08 09:33:35.393 3304 3487 W SystemConfig: No directory /product_services/etc/sysconfig, skipping
06-08 09:33:35.393 3304 3487 W SystemConfig: No directory /product_services/etc/permissions, skipping
06-08 09:33:35.421 1757 2223 I chatty : uid=1000(system) Binder:1757_3 expire 6 lines
06-08 09:33:35.621 3304 3487 E ActivityThread: Failed to find provider info for com.google.android.gsf.gservices
06-08 09:33:35.660 3304 3487 E ActivityThread: Failed to find provider info for com.google.android.gsf.gservices
06-08 09:33:35.749 3304 3487 E ActivityThread: Failed to find provider info for com.google.android.gsf.gservices
06-08 09:33:35.802 3304 3487 E ActivityThread: Failed to find provider info for com.google.android.gsf.gservices
06-08 09:33:35.808 3304 3304 E ActivityThread: Failed to find provider info for com.google.android.gsf.gservices
06-08 09:33:35.810 3304 3532 E ActivityThread: Failed to find provider info for com.google.android.gsf.gservices
06-08 09:33:35.815 3078 3101 E ActivityThread: Failed to find provider info for com.google.android.gsf.gservices
06-08 09:33:35.840 3078 3101 I chatty : uid=10181(com.google.android.gms) Binder:3078_3 identical 2 lines
06-08 09:33:35.840 3078 3101 E ActivityThread: Failed to find provider info for com.google.android.gsf.gservices
06-08 09:33:35.848 3304 3532 E ActivityThread: Failed to find provider info for com.google.android.gsf.gservices
06-08 09:33:35.864 1757 1809 I chatty : uid=1000(system) Binder:1757_2 expire 10 lines
06-08 09:33:35.866 3078 3078 E ActivityThread: Failed to find provider info for com.google.android.gsf.gservices
06-08 09:33:35.915 3078 3078 E ActivityThread: Failed to find provider info for com.google.android.gsf.gservices
06-08 09:33:35.916 3078 3537 E ActivityThread: Failed to find provider info for com.google.android.gsf.gservices
06-08 09:33:35.918 3078 3078 E ActivityThread: Failed to find provider info for com.google.android.gsf.gservices
06-08 09:33:36.143 3078 3078 E ActivityThread: Failed to find provider info for com.google.android.gsf.gservices
06-08 09:33:36.144 2353 2767 D NetworkController.MobileSignalController(1): onServiceStateChanged slotId=0 subId=1 voiceState=1 dataState=1 FiveGConnected= false dataType= 0
06-08 09:33:36.154 3078 3078 E ActivityThread: Failed to find provider info for com.google.android.gsf.gservices
06-08 09:33:36.190 3078 3078 E ActivityThread: Failed to find provider info for com.google.android.gsf.gservices
06-08 09:33:36.195 2353 2767 D NetworkController.MobileSignalController(1): onServiceStateChanged slotId=0 subId=1 voiceState=1 dataState=1 FiveGConnected= false dataType= 0
06-08 09:33:36.207 3078 3546 E ActivityThread: Failed to find provider info for com.google.android.gsf.gservices
06-08 09:33:36.209 3078 3545 E ActivityThread: Failed to find provider info for com.google.android.gsf.gservices
06-08 09:33:36.210 3078 3545 I chatty : uid=10181 com.google.android.gms.persistent identical 1 line
06-08 09:33:36.210 3078 3545 E ActivityThread: Failed to find provider info for com.google.android.gsf.gservices
06-08 09:33:36.217 3078 3546 E ActivityThread: Failed to find provider info for com.google.android.gsf.gservices
06-08 09:33:36.218 3078 3546 E ActivityThread: Failed to find provider info for com.google.android.gsf.gservices
06-08 09:33:36.225 2546 2546 I TelecomFramework: : onSubscriptionsChanged - update accounts
06-08 09:33:36.225 2546 2546 I TelecomFramework: PstnIncomingCallNotifier: Unregistering: slot 0, Handler (com.qualcomm.qti.internal.telephony.QtiGsmCdmaPhone) {938666c}
06-08 09:33:36.229 3078 3546 E ActivityThread: Failed to find provider info for com.google.android.gsf.gservices
06-08 09:33:36.230 3078 3078 E ActivityThread: Failed to find provider info for com.google.android.gsf.gservices
06-08 09:33:36.231 3078 3546 E ActivityThread: Failed to find provider info for com.google.android.gsf.gservices
06-08 09:33:36.232 3078 3546 I chatty : uid=10181 com.google.android.gms.persistent identical 1 line
06-08 09:33:36.234 3078 3546 E ActivityThread: Failed to find provider info for com.google.android.gsf.gservices
06-08 09:33:36.236 3078 3545 E ActivityThread: Failed to find provider info for com.google.android.gsf.gservices
06-08 09:33:36.236 3078 3078 E ActivityThread: Failed to find provider info for com.google.android.gsf.gservices
06-08 09:33:36.237 3078 3537 E ActivityThread: Failed to find provider info for com.google.android.gsf.gservices
06-08 09:33:36.237 2546 2546 I TelecomFramework: TelecomAccountRegistry: Unregistering phone account ComponentInfo{com.android.phone/com.android.services.telephony.TelephonyConnectionService}, ***, UserHandle{0}.
06-08 09:33:36.237 3078 3545 E ActivityThread: Failed to find provider info for com.google.android.gsf.gservices
06-08 09:33:36.238 3078 3537 E ActivityThread: Failed to find provider info for com.google.android.gsf.gservices
06-08 09:33:36.240 2546 2546 I TelecomFramework: TelecomAccountRegistry: setupAccounts: Found 2 phones. Attempting to register.
06-08 09:33:36.241 2546 2546 I TelecomFramework: TelecomAccountRegistry: setupAccounts: Phone with subscription id: 1 slotId: 0 provisionStatus: 1
06-08 09:33:36.241 3078 3078 E ActivityThread: Failed to find provider info for com.google.android.gsf.gservices
06-08 09:33:36.252 3078 3078 E ActivityThread: Failed to find provider info for com.google.android.gsf.gservices
06-08 09:33:36.255 3078 3078 E ActivityThread: Failed to find provider info for com.google.android.gsf.gservices
06-08 09:33:36.258 2546 2546 I TelecomFramework: AccountEntry: Registered phoneAccount: [[ ] PhoneAccount: ComponentInfo{com.android.phone/com.android.services.telephony.TelephonyConnectionService}, ***, UserHandle{0} Capabilities: CallProvider MultiUser PlaceEmerg SimSub Audio Routes: BESW Schemes: tel voicemail Extras: Bundle[{android.telecom.extra.SUPPORTS_VIDEO_CALLING_FALLBACK=true, android.telecom.extra.SORT_ORDER=0}] GroupId: ***] with handle: ComponentInfo{com.android.phone/com.android.services.telephony.TelephonyConnectionService}, ***, UserHandle{0}
06-08 09:33:36.258 2546 2546 I TelecomFramework: PstnIncomingCallNotifier: Registering: slot 0, Handler (com.qualcomm.qti.internal.telephony.QtiGsmCdmaPhone) {938666c}
06-08 09:33:36.261 2546 2546 I TelecomFramework: TelecomAccountRegistry: setupAccounts: Phone with subscription id: -1 slotId: 1 provisionStatus: -2
06-08 09:33:36.271 3078 3537 E ActivityThread: Failed to find provider info for com.google.android.gsf.gservices
06-08 09:33:36.276 3078 3537 I chatty : uid=10181(com.google.android.gms) GoogleApiHandle identical 3 lines
06-08 09:33:36.277 3078 3537 E ActivityThread: Failed to find provider info for com.google.android.gsf.gservices
06-08 09:33:36.287 3078 3537 E ActivityThread: Failed to find provider info for com.google.android.gsf.gservices
06-08 09:33:36.291 3078 3537 E ActivityThread: Failed to find provider info for com.google.android.gsf.gservices
06-08 09:33:36.295 2546 2546 I TelecomFramework: TelecomAccountRegistry: Phone Id: 1 Service State: 1
06-08 09:33:36.295 2546 2546 I TelecomFramework: PstnIncomingCallNotifier: Unregistering: slot 0, Handler (com.qualcomm.qti.internal.telephony.QtiGsmCdmaPhone) {938666c}
06-08 09:33:36.298 3078 3537 E ActivityThread: Failed to find provider info for com.google.android.gsf.gservices
06-08 09:33:36.299 3078 3537 E ActivityThread: Failed to find provider info for com.google.android.gsf.gservices
06-08 09:33:36.299 2546 2546 I TelecomFramework: TelecomAccountRegistry: Unregistering phone account ComponentInfo{com.android.phone/com.android.services.telephony.TelephonyConnectionService}, ***, UserHandle{0}.
06-08 09:33:36.300 2546 2546 I TelecomFramework: TelecomAccountRegistry: setupAccounts: Found 2 phones. Attempting to register.
06-08 09:33:36.301 2546 2546 I TelecomFramework: TelecomAccountRegistry: setupAccounts: Phone with subscription id: 1 slotId: 0 provisionStatus: 1
06-08 09:33:36.310 2546 2546 I TelecomFramework: AccountEntry: Registered phoneAccount: [[ ] PhoneAccount: ComponentInfo{com.android.phone/com.android.services.telephony.TelephonyConnectionService}, ***, UserHandle{0} Capabilities: CallProvider MultiUser PlaceEmerg SimSub Audio Routes: BESW Schemes: tel voicemail Extras: Bundle[{android.telecom.extra.SUPPORTS_VIDEO_CALLING_FALLBACK=true, android.telecom.extra.SORT_ORDER=0}] GroupId: ***] with handle: ComponentInfo{com.android.phone/com.android.services.telephony.TelephonyConnectionService}, ***, UserHandle{0}
06-08 09:33:36.310 2546 2546 I TelecomFramework: PstnIncomingCallNotifier: Registering: slot 0, Handler (com.qualcomm.qti.internal.telephony.QtiGsmCdmaPhone) {938666c}
06-08 09:33:36.315 2546 2546 I TelecomFramework: TelecomAccountRegistry: setupAccounts: Phone with subscription id: -1 slotId: 1 provisionStatus: -2
06-08 09:33:36.320 3078 3537 E ActivityThread: Failed to find provider info for com.google.android.gsf.gservices
06-08 09:33:36.326 2546 2546 I TelecomFramework: PstnPhoneCapabilitiesNotifier: handleVideoCapabilitesChanged. Video capability - false
06-08 09:33:36.328 2546 2546 I TelecomFramework: PstnPhoneCapabilitiesNotifier: handleVideoCapabilitesChanged. Video capability - false
06-08 09:33:36.393 3304 3534 E ActivityThread: Failed to find provider info for com.google.android.gsf.gservices
06-08 09:33:36.395 3304 3534 E ActivityThread: Failed to find provider info for com.google.android.gsf.gservices
06-08 09:33:37.399 2353 2353 E miui_face: start face unlock fail because password status not enable
06-08 09:33:37.567 2353 3156 D DisplayFeatureManager: setScreenEffect mode=17 value=1 cookie=1
06-08 09:33:37.571 2353 3156 D DisplayFeatureManager: setScreenEffect mode=17 value=1 cookie=1
06-08 09:33:37.645 2353 2353 I MiuiGxzwOverlayView: add overlay view: mLayoutParams.alpha = 0.46551472
06-08 09:33:37.730 2918 3075 E ActivityThread: Failed to find provider info for com.xiaomi.providers.appindex
06-08 09:33:37.739 2918 3075 E ActivityThread: Failed to find provider info for com.xiaomi.providers.appindex
06-08 09:33:37.750 2918 3075 E ActivityThread: Failed to find provider info for com.xiaomi.providers.appindex
06-08 09:33:37.789 2546 2546 D MccTable: updateMccMncConfiguration mccmnc='20201
06-08 09:33:37.789 2546 2546 D MccTable: updateMccMncConfiguration: mcc=202, mnc=1
06-08 09:33:37.789 2546 2546 D MccTable: updateMccMncConfiguration updateConfig config={0.0 202mcc1mnc ?localeList ?layoutDir ?swdp ?wdp ?hdp ?density ?lsize ?long ?ldr ?wideColorGamut ?orien ?uimode ?night ?touch ?keyb/?/? ?nav/? winConfig={ mBounds=Rect(0, 0 - 0, 0) mAppBounds=null mWindowingMode=undefined mDisplayWindowingMode=undefined mActivityType=undefined mAlwaysOnTop=undefined mRotation=undefined} themeChanged=0 themeChangedFlags=0 extraData = Bundle[{}]}
06-08 09:33:37.921 2353 2643 E ActivityThread: Failed to find provider info for com.miui.powercenter.provider
06-08 09:33:38.067 2546 2546 D MccTable: updateMccMncConfiguration mccmnc='20201
06-08 09:33:38.067 2546 2546 D MccTable: updateMccMncConfiguration: mcc=202, mnc=1
06-08 09:33:38.067 2546 2546 D MccTable: updateMccMncConfiguration updateConfig config={0.0 202mcc1mnc ?localeList ?layoutDir ?swdp ?wdp ?hdp ?density ?lsize ?long ?ldr ?wideColorGamut ?orien ?uimode ?night ?touch ?keyb/?/? ?nav/? winConfig={ mBounds=Rect(0, 0 - 0, 0) mAppBounds=null mWindowingMode=undefined mDisplayWindowingMode=undefined mActivityType=undefined mAlwaysOnTop=undefined mRotation=undefined} themeChanged=0 themeChangedFlags=0 extraData = Bundle[{}]}
06-08 09:33:38.189 2546 2546 I TelecomFramework: : onSubscriptionsChanged - update accounts
06-08 09:33:38.189 2546 2546 I TelecomFramework: PstnIncomingCallNotifier: Unregistering: slot 0, Handler (com.qualcomm.qti.internal.telephony.QtiGsmCdmaPhone) {938666c}
06-08 09:33:38.191 2546 2546 I TelecomFramework: TelecomAccountRegistry: Unregistering phone account ComponentInfo{com.android.phone/com.android.services.telephony.TelephonyConnectionService}, ***, UserHandle{0}.
06-08 09:33:38.192 2546 2546 I TelecomFramework: TelecomAccountRegistry: setupAccounts: Found 2 phones. Attempting to register.
06-08 09:33:38.193 2546 2546 I TelecomFramework: TelecomAccountRegistry: setupAccounts: Phone with subscription id: 1 slotId: 0 provisionStatus: 1
06-08 09:33:38.208 2546 2546 I TelecomFramework: AccountEntry: Registered phoneAccount: [[ ] PhoneAccount: ComponentInfo{com.android.phone/com.android.services.telephony.TelephonyConnectionService}, ***, UserHandle{0} Capabilities: CallProvider MultiUser PlaceEmerg SimSub Audio Routes: BESW Schemes: tel voicemail Extras: Bundle[{android.telecom.extra.SUPPORTS_VIDEO_CALLING_FALLBACK=true, android.telecom.extra.SORT_ORDER=0}] GroupId: ***] with handle: ComponentInfo{com.android.phone/com.android.services.telephony.TelephonyConnectionService}, ***, UserHandle{0}
06-08 09:33:38.208 2546 2546 I TelecomFramework: PstnIncomingCallNotifier: Registering: slot 0, Handler (com.qualcomm.qti.internal.telephony.QtiGsmCdmaPhone) {938666c}
06-08 09:33:38.215 2546 2546 I TelecomFramework: TelecomAccountRegistry: setupAccounts: Phone with subscription id: -1 slotId: 1 provisionStatus: -2
06-08 09:33:38.263 2546 2546 I TelecomFramework: : onSubscriptionsChanged - update accounts
06-08 09:33:38.263 2546 2546 I TelecomFramework: PstnIncomingCallNotifier: Unregistering: slot 0, Handler (com.qualcomm.qti.internal.telephony.QtiGsmCdmaPhone) {938666c}
06-08 09:33:38.265 2546 2546 I TelecomFramework: TelecomAccountRegistry: Unregistering phone account ComponentInfo{com.android.phone/com.android.services.telephony.TelephonyConnectionService}, ***, UserHandle{0}.
06-08 09:33:38.269 2546 2546 I TelecomFramework: TelecomAccountRegistry: setupAccounts: Found 2 phones. Attempting to register.
06-08 09:33:38.270 2546 2546 I TelecomFramework: TelecomAccountRegistry: setupAccounts: Phone with subscription id: 1 slotId: 0 provisionStatus: 1
06-08 09:33:38.293 2546 2546 I TelecomFramework: AccountEntry: Registered phoneAccount: [[ ] PhoneAccount: ComponentInfo{com.android.phone/com.android.services.telephony.TelephonyConnectionService}, ***, UserHandle{0} Capabilities: CallProvider MultiUser PlaceEmerg SimSub Audio Routes: BESW Schemes: tel voicemail Extras: Bundle[{android.telecom.extra.SUPPORTS_VIDEO_CALLING_FALLBACK=true, android.telecom.extra.SORT_ORDER=0}] GroupId: ***] with handle: ComponentInfo{com.android.phone/com.android.services.telephony.TelephonyConnectionService}, ***, UserHandle{0}
06-08 09:33:38.294 2546 2546 I TelecomFramework: PstnIncomingCallNotifier: Registering: slot 0, Handler (com.qualcomm.qti.internal.telephony.QtiGsmCdmaPhone) {938666c}
06-08 09:33:38.300 2546 2546 I TelecomFramework: TelecomAccountRegistry: setupAccounts: Phone with subscription id: -1 slotId: 1 provisionStatus: -2
06-08 09:33:38.342 2546 2546 I TelecomFramework: : onSubscriptionsChanged - update accounts
06-08 09:33:38.342 2546 2546 I TelecomFramework: PstnIncomingCallNotifier: Unregistering: slot 0, Handler (com.qualcomm.qti.internal.telephony.QtiGsmCdmaPhone) {938666c}
06-08 09:33:38.349 2546 2546 I TelecomFramework: TelecomAccountRegistry: Unregistering phone account ComponentInfo{com.android.phone/com.android.services.telephony.TelephonyConnectionService}, ***, UserHandle{0}.
06-08 09:33:38.354 2546 2546 I TelecomFramework: TelecomAccountRegistry: setupAccounts: Found 2 phones. Attempting to register.
06-08 09:33:38.355 2546 2546 I TelecomFramework: TelecomAccountRegistry: setupAccounts: Phone with subscription id: 1 slotId: 0 provisionStatus: 1
06-08 09:33:38.377 2546 2546 I TelecomFramework: AccountEntry: Registered phoneAccount: [[ ] PhoneAccount: ComponentInfo{com.android.phone/com.android.services.telephony.TelephonyConnectionService}, ***, UserHandle{0} Capabilities: CallProvider MultiUser PlaceEmerg SimSub Audio Routes: BESW Schemes: tel voicemail Extras: Bundle[{android.telecom.extra.SUPPORTS_VIDEO_CALLING_FALLBACK=true, android.telecom.extra.SORT_ORDER=0}] GroupId: ***] with handle: ComponentInfo{com.android.phone/com.android.services.telephony.TelephonyConnectionService}, ***, UserHandle{0}
06-08 09:33:38.377 2546 2546 I TelecomFramework: PstnIncomingCallNotifier: Registering: slot 0, Handler (com.qualcomm.qti.internal.telephony.QtiGsmCdmaPhone) {938666c}
06-08 09:33:38.381 2546 2546 I TelecomFramework: TelecomAccountRegistry: setupAccounts: Phone with subscription id: -1 slotId: 1 provisionStatus: -2
06-08 09:33:38.421 2918 3075 E ActivityThread: Failed to find provider info for com.xiaomi.providers.appindex
06-08 09:33:38.423 2546 2546 I TelecomFramework: : onSubscriptionsChanged - update accounts
06-08 09:33:38.423 2546 2546 I TelecomFramework: PstnIncomingCallNotifier: Unregistering: slot 0, Handler (com.qualcomm.qti.internal.telephony.QtiGsmCdmaPhone) {938666c}
06-08 09:33:38.425 2918 3075 E ActivityThread: Failed to find provider info for com.xiaomi.providers.appindex
06-08 09:33:38.426 2546 2546 I TelecomFramework: TelecomAccountRegistry: Unregistering phone account ComponentInfo{com.android.phone/com.android.services.telephony.TelephonyConnectionService}, ***, UserHandle{0}.
06-08 09:33:38.427 2918 3075 E ActivityThread: Failed to find provider info for com.xiaomi.providers.appindex
06-08 09:33:38.430 2546 2546 I TelecomFramework: TelecomAccountRegistry: setupAccounts: Found 2 phones. Attempting to register.
06-08 09:33:38.430 2546 2546 I TelecomFramework: TelecomAccountRegistry: setupAccounts: Phone with subscription id: 1 slotId: 0 provisionStatus: 1
06-08 09:33:38.440 2918 3075 E ActivityThread: Failed to find provider info for com.xiaomi.providers.appindex
06-08 09:33:38.447 2918 3075 E ActivityThread: Failed to find provider info for com.xiaomi.providers.appindex
06-08 09:33:38.448 2918 3075 E ActivityThread: Failed to find provider info for com.xiaomi.providers.appindex
06-08 09:33:38.452 2546 2546 I TelecomFramework: AccountEntry: Registered phoneAccount: [[ ] PhoneAccount: ComponentInfo{com.android.phone/com.android.services.telephony.TelephonyConnectionService}, ***, UserHandle{0} Capabilities: CallProvider MultiUser PlaceEmerg SimSub Audio Routes: BESW Schemes: tel voicemail Extras: Bundle[{android.telecom.extra.SUPPORTS_VIDEO_CALLING_FALLBACK=true, android.telecom.extra.SORT_ORDER=0}] GroupId: ***] with handle: ComponentInfo{com.android.phone/com.android.services.telephony.TelephonyConnectionService}, ***, UserHandle{0}
06-08 09:33:38.452 2546 2546 I TelecomFramework: PstnIncomingCallNotifier: Registering: slot 0, Handler (com.qualcomm.qti.internal.telephony.QtiGsmCdmaPhone) {938666c}
06-08 09:33:38.457 2546 2546 I TelecomFramework: TelecomAccountRegistry: setupAccounts: Phone with subscription id: -1 slotId: 1 provisionStatus: -2
06-08 09:33:38.494 2546 2546 I TelecomFramework: PstnPhoneCapabilitiesNotifier: handleVideoCapabilitesChanged. Video capability - false
06-08 09:33:38.497 2546 2546 I TelecomFramework: PstnPhoneCapabilitiesNotifier: handleVideoCapabilitesChanged. Video capability - false
06-08 09:33:38.500 1112 1112 W wificond: Scan is not started. Ignore abort request
06-08 09:33:38.520 1757 2299 I chatty : uid=1000(system) miui.bg expire 2 lines
06-08 09:33:38.529 2546 2546 I TelecomFramework: PstnPhoneCapabilitiesNotifier: handleVideoCapabilitesChanged. Video capability - false
06-08 09:33:38.603 2546 2546 I TelecomFramework: : Carrier-config changed, checking for phone account updates.
06-08 09:33:38.621 2546 2546 I TelecomFramework: AccountEntry: reRegisterPstnPhoneAccount: subId: 1 - no change
06-08 09:33:44.235 1757 2036 I chatty : uid=1000(system) PowerManagerSer expire 4 lines
06-08 09:33:45.708 2353 2643 E ActivityThread: Failed to find provider info for com.miui.powercenter.provider
06-08 09:33:46.364 2353 2767 D NetworkController.MobileSignalController(1): onServiceStateChanged slotId=0 subId=1 voiceState=1 dataState=1 FiveGConnected= false dataType= 0
06-08 09:33:46.440 2353 2767 D NetworkController.MobileSignalController(1): onServiceStateChanged slotId=0 subId=1 voiceState=0 dataState=1 FiveGConnected= false dataType= 0
06-08 09:33:46.468 2546 2546 I TelecomFramework: PstnIncomingCallNotifier: Unregistering: slot 0, Handler (com.qualcomm.qti.internal.telephony.QtiGsmCdmaPhone) {938666c}
06-08 09:33:46.473 2546 2546 I TelecomFramework: TelecomAccountRegistry: Unregistering phone account ComponentInfo{com.android.phone/com.android.services.telephony.TelephonyConnectionService}, ***, UserHandle{0}.
06-08 09:33:46.474 1757 2377 I chatty : uid=1000(system) Binder:1757_5 expire 2 lines
06-08 09:33:46.476 2546 2546 I TelecomFramework: TelecomAccountRegistry: setupAccounts: Found 2 phones. Attempting to register.
06-08 09:33:46.477 2546 2546 I TelecomFramework: TelecomAccountRegistry: setupAccounts: Phone with subscription id: 1 slotId: 0 provisionStatus: 1
06-08 09:33:46.495 2546 2546 I TelecomFramework: AccountEntry: Registered phoneAccount: [[ ] PhoneAccount: ComponentInfo{com.android.phone/com.android.services.telephony.TelephonyConnectionService}, ***, UserHandle{0} Capabilities: CallProvider MultiUser PlaceEmerg SimSub Audio Routes: BESW Schemes: tel voicemail Extras: Bundle[{android.telecom.extra.SUPPORTS_VIDEO_CALLING_FALLBACK=true, android.telecom.extra.SORT_ORDER=0}] GroupId: ***] with handle: ComponentInfo{com.android.phone/com.android.services.telephony.TelephonyConnectionService}, ***, UserHandle{0}
06-08 09:33:46.495 2546 2546 I TelecomFramework: PstnIncomingCallNotifier: Registering: slot 0, Handler (com.qualcomm.qti.internal.telephony.QtiGsmCdmaPhone) {938666c}
06-08 09:33:46.500 2546 2546 I TelecomFramework: TelecomAccountRegistry: setupAccounts: Phone with subscription id: -1 slotId: 1 provisionStatus: -2
06-08 09:33:46.521 1757 1809 I chatty : uid=1000(system) Binder:1757_2 expire 8 lines
06-08 09:33:46.526 1757 1757 I chatty : uid=1000 system_server expire 13 lines
06-08 09:33:46.557 2546 2546 I TelecomFramework: : onSubscriptionsChanged - update accounts
06-08 09:33:46.557 2546 2546 I TelecomFramework: PstnIncomingCallNotifier: Unregistering: slot 0, Handler (com.qualcomm.qti.internal.telephony.QtiGsmCdmaPhone) {938666c}
06-08 09:33:46.562 2546 2546 I TelecomFramework: TelecomAccountRegistry: Unregistering phone account ComponentInfo{com.android.phone/com.android.services.telephony.TelephonyConnectionService}, ***, UserHandle{0}.
06-08 09:33:46.566 2546 2546 I TelecomFramework: TelecomAccountRegistry: setupAccounts: Found 2 phones. Attempting to register.
06-08 09:33:46.566 2546 2546 I TelecomFramework: TelecomAccountRegistry: setupAccounts: Phone with subscription id: 1 slotId: 0 provisionStatus: 1
06-08 09:33:46.589 2546 2546 I TelecomFramework: AccountEntry: Registered phoneAccount: [[ ] PhoneAccount: ComponentInfo{com.android.phone/com.android.services.telephony.TelephonyConnectionService}, ***, UserHandle{0} Capabilities: CallProvider MultiUser PlaceEmerg SimSub Audio Routes: BESW Schemes: tel voicemail Extras: Bundle[{android.telecom.extra.SUPPORTS_VIDEO_CALLING_FALLBACK=true, android.telecom.extra.SORT_ORDER=0}] GroupId: ***] with handle: ComponentInfo{com.android.phone/com.android.services.telephony.TelephonyConnectionService}, ***, UserHandle{0}
06-08 09:33:46.589 2546 2546 I TelecomFramework: PstnIncomingCallNotifier: Registering: slot 0, Handler (com.qualcomm.qti.internal.telephony.QtiGsmCdmaPhone) {938666c}
06-08 09:33:46.597 2546 2546 I TelecomFramework: TelecomAccountRegistry: setupAccounts: Phone with subscription id: -1 slotId: 1 provisionStatus: -2
06-08 09:33:46.621 2546 2546 I TelecomFramework: PstnPhoneCapabilitiesNotifier: handleVideoCapabilitesChanged. Video capability - false
06-08 09:33:46.635 2546 2546 I TelecomFramework: PstnPhoneCapabilitiesNotifier: handleVideoCapabilitesChanged. Video capability - false
06-08 09:33:46.657 1757 2223 I chatty : uid=1000(system) Binder:1757_3 expire 11 lines
06-08 09:33:50.865 1757 1956 I chatty : uid=1000(system) ActivityManager expire 18 lines
06-08 09:33:52.127 2353 2767 D NetworkController.MobileSignalController(1): onServiceStateChanged slotId=0 subId=1 voiceState=0 dataState=0 FiveGConnected= false dataType= 2
06-08 09:33:52.201 1757 2036 I chatty : uid=1000(system) PowerManagerSer expire 4 lines
06-08 09:33:53.103 1757 2272 I chatty : uid=1000(system) ConnectivitySer expire 16 lines
06-08 09:33:53.156 602 1387 E NetlinkEvent: NetlinkEvent::FindParam(): Parameter 'INTERFACE' not found
06-08 09:33:53.156 602 1387 E NetlinkEvent: NetlinkEvent::FindParam(): Parameter 'STATE' not found
06-08 09:33:53.156 602 1387 E NetlinkEvent: NetlinkEvent::FindParam(): Parameter 'TIME_NS' not found
06-08 09:33:53.156 602 1387 E NetlinkEvent: NetlinkEvent::FindParam(): Parameter 'UID' not found
06-08 09:33:53.188 3078 3540 E ActivityThread: Failed to find provider info for com.google.android.gsf.gservices
06-08 09:33:53.220 1757 3562 I chatty : uid=1000(system) Binder:1757_B expire 7 lines
06-08 09:33:53.220 1757 2377 I chatty : uid=1000(system) Binder:1757_5 expire 5 lines
06-08 09:33:54.158 2353 2643 E ActivityThread: Failed to find provider info for com.miui.powercenter.provider
06-08 09:33:54.340 3078 3687 E ActivityThread: Failed to find provider info for com.google.android.gsf.gservices
06-08 09:33:54.398 3078 3687 I chatty : uid=10181 com.google.android.gms.persistent identical 8 lines
06-08 09:33:54.400 3078 3687 E ActivityThread: Failed to find provider info for com.google.android.gsf.gservices
06-08 09:33:56.328 1757 3048 I chatty : uid=1000 system_server expire 1 line
06-08 09:33:57.356 3078 3687 E ActivityThread: Failed to find provider info for com.google.android.gsf.gservices
06-08 09:33:57.384 3078 3687 E ActivityThread: Failed to find provider info for com.google.android.gsf.gservices
06-08 09:33:57.425 2353 2643 E ActivityThread: Failed to find provider info for com.miui.powercenter.provider
06-08 09:33:58.243 3078 3713 E ActivityThread: Failed to find provider info for com.google.android.gsf.gservices
06-08 09:33:58.542 2353 2643 E ActivityThread: Failed to find provider info for com.miui.powercenter.provider
06-08 09:33:59.193 2353 2643 E ActivityThread: Failed to find provider info for com.miui.powercenter.provider
06-08 09:33:59.454 3078 3712 E ActivityThread: Failed to find provider info for com.google.android.gsf.gservices
06-08 09:33:59.469 3078 3712 I chatty : uid=10181 com.google.android.gms.persistent identical 8 lines
06-08 09:33:59.481 3078 3712 E ActivityThread: Failed to find provider info for com.google.android.gsf.gservices
06-08 09:33:59.917 2353 2643 E ActivityThread: Failed to find provider info for com.miui.powercenter.provider
06-08 09:34:00.513 2353 2643 E ActivityThread: Failed to find provider info for com.miui.powercenter.provider
06-08 09:34:01.259 2353 2353 I MiuiGxzwTouchHelper: onTouch: originalAction = ACTION_DOWN, action = ACTION_DOWN, x = 151,000000, y = 163,000000, pressure = 2048,000000, area = 0,000000
06-08 09:34:01.276 2353 2353 I MiuiGxzwTouchHelper: onTouch: originalAction = ACTION_MOVE, action = ACTION_MOVE, x = 151,000000, y = 163,000000, pressure = 2048,000000, area = 9,000000
06-08 09:34:01.283 2353 2353 I MiuiGxzwHightlightContainer: show highlight view
06-08 09:34:01.548 2353 2353 I miui_keyguard_fingerprint: onAuthenticationSucceeded: authUserId = 0
06-08 09:34:02.100 1757 1757 I chatty : uid=1000 system_server expire 19 lines
06-08 09:34:02.100 2353 2353 W BpBinder: Slow Binder: BpBinder transact took 547ms, interface=android.hardware.fingerprint.IFingerprintService, code=1 oneway=false
06-08 09:34:02.102 2353 2353 I MiuiGxzwTouchHelper: onTouch: originalAction = ACTION_UP, action = ACTION_UP, x = 144,000000, y = 147,000000, pressure = 2048,000000, area = 12,000000
06-08 09:34:02.105 1757 1924 I chatty : uid=1000(system) android.display expire 5 lines
06-08 09:34:02.111 2353 2353 I MiuiGxzwHightlightContainer: dismiss highlight view
06-08 09:34:02.117 2353 2353 W Looper : Slow Looper main: doFrame is 557ms late because of 2 msg, msg 1 took 553ms (seq=3311 running=3ms runnable=2ms h=android.hardware.fingerprint.FingerprintManager$MyHandler w=102)
06-08 09:34:02.372 2353 2353 I NotificationPanelView: updateGxzwState: mQsExpanded = false, mKeyguardOccluded = false, moveHelperCanShow = true, bouncer = true, mLockScreenMagazinePreViewVisible = false, isShowFodInBouncer = false, mStatusBarState = 1, disableFingerprintIcon = false, disableLockScreenFod = false
06-08 09:34:02.877 2353 2643 E ActivityThread: Failed to find provider info for com.miui.powercenter.provider
06-08 09:34:04.444 2353 2353 I miui_keyguard_password: pattern unlock duration 85
06-08 09:34:04.534 520 540 D vold : fscrypt_unlock_user_key 0 serial=0 token_present=0
06-08 09:34:04.535 520 540 D vold : Skipping non-key .
06-08 09:34:04.536 520 540 D vold : Skipping non-key ..
06-08 09:34:04.536 520 540 D vold : Trying user CE key /data/misc/vold/user_keys/ce/0/current
06-08 09:34:04.540 520 540 D vold : Successfully retrieved key
06-08 09:34:04.548 520 540 I vold : List of Keymaster HALs found:
06-08 09:34:04.549 520 540 I vold : Keymaster HAL #1: Keymaster HAL: 4 from QTI SecurityLevel: TRUSTED_ENVIRONMENT HAL: android.hardware.keymaster@4.0::IKeymasterDevice/default
06-08 09:34:04.549 520 540 I vold : Using Keymaster HAL: 4 from QTI for encryption. Security level: TRUSTED_ENVIRONMENT, HAL: android.hardware.keymaster@4.0::IKeymasterDevice/default
06-08 09:34:04.554 520 540 D vold : Added key 752085475 (ext4:06e21843ea9b6000) to keyring 268215463 in process 520
06-08 09:34:04.554 520 540 D vold : Added key 654872376 (f2fs:06e21843ea9b6000) to keyring 268215463 in process 520
06-08 09:34:04.554 520 540 D vold : Added key 355719630 (fscrypt:06e21843ea9b6000) to keyring 268215463 in process 520
06-08 09:34:04.554 520 540 D vold : Installed ce key for user 0
06-08 09:34:04.556 520 540 D vold : fscrypt_prepare_user_storage for volume null, user 0, serial 0, flags 2
06-08 09:34:04.557 520 540 D vold : Preparing: /data/system_ce/0
06-08 09:34:04.557 520 540 D vold : Preparing: /data/misc_ce/0
06-08 09:34:04.557 520 540 D vold : Preparing: /data/vendor_ce/0
06-08 09:34:04.558 520 540 D vold : Preparing: /data/media/0
06-08 09:34:04.558 520 540 D vold : Preparing: /data/data
06-08 09:34:04.558 520 540 I vold : Found policy 06e21843ea9b6000 at /data/system_ce/0 which matches expected value
06-08 09:34:04.558 520 540 I vold : Found policy 06e21843ea9b6000 at /data/misc_ce/0 which matches expected value
06-08 09:34:04.558 520 540 I vold : Policy for /data/vendor_ce/0 set to 06e21843ea9b6000 modes 127/4
06-08 09:34:04.559 520 540 E vold : Failed to get encryption policy for /data/media/0: No data available
06-08 09:34:04.579 1757 2017 I chatty : uid=1000(system) UserController expire 10 lines
06-08 09:34:04.705 2353 2353 I MiuiGxzwOverlayView: remove overlay view
06-08 09:34:04.709 2353 3156 D DisplayFeatureManager: setScreenEffect mode=17 value=0 cookie=1
06-08 09:34:04.718 1757 2287 I chatty : uid=1000(system) Binder:1757_4 expire 7 lines
06-08 09:34:04.739 2353 3726 I KeyguardViewMediator: call fw keyguardGoingAway: flags = 2
06-08 09:34:04.744 1757 2860 I chatty : uid=1000(system) Binder:1757_9 expire 2 lines
06-08 09:34:04.747 1757 1925 I chatty : uid=1000(system) android.anim expire 5 lines
06-08 09:34:04.752 2353 2353 I miui_keyguard_fingerprint: onAuthenticationError: errMsgId = 5, errString = Η λειτουργία μοναδικού χαρακτηριστικού ακυρώθηκε.
06-08 09:34:04.891 1757 1809 I chatty : uid=1000(system) Binder:1757_2 expire 1 line
06-08 09:34:05.005 1757 1923 I chatty : uid=1000(system) android.io expire 5 lines
06-08 09:34:05.006 520 540 D vold : Linking /storage/emulated/0 to /mnt/user/0/primary
06-08 09:34:05.020 2353 2353 I KeyguardViewMediator: handleStartKeyguardExitAnimation startTime=51985 fadeoutDuration=0
06-08 09:34:05.040 2353 2353 V KeyguardDisplayManager: hide
06-08 09:34:05.042 1757 2306 I chatty : uid=1000(system) backup expire 85 lines
06-08 09:34:05.080 1757 2223 I chatty : uid=1000(system) Binder:1757_3 expire 2 lines
06-08 09:34:05.090 2353 2643 W BpBinder: Slow Binder: BpBinder transact took 727ms, interface=com.android.internal.widget.ILockSettings, code=10 oneway=false
06-08 09:34:05.097 1757 1957 I chatty : uid=1000(system) ActivityManager expire 27 lines
06-08 09:34:05.263 1757 2254 I chatty : uid=1000(system) StorageManagerS expire 2 lines
06-08 09:34:05.264 1757 1803 I chatty : uid=1000(system) Binder:1757_1 expire 5 lines
06-08 09:34:05.269 1757 3741 I chatty : uid=1000(system) backup-0 expire 81 lines
06-08 09:34:05.388 2560 2560 W BpBinder: Slow Binder: BpBinder transact took 217ms, interface=com.android.internal.appwidget.IAppWidgetService, code=1 oneway=false
06-08 09:34:05.443 1757 1957 I chatty : uid=1000(system) ActivityManager expire 155 lines
06-08 09:34:05.453 2560 2560 W Looper : Slow Looper main: doFrame is 347ms late because of 6 msg, msg 1 took 79ms (seq=549 running=7ms runnable=1ms late=32ms h=android.view.ViewRootImpl$ViewRootHandler w=6), msg 3 took 218ms (seq=551 running=1ms late=87ms h=android.os.AsyncTask$InternalHandler w=1), msg 4 took 61ms (seq=552 running=1ms late=305ms h=android.os.AsyncTask$InternalHandler w=1)
06-08 09:34:05.473 1757 2306 I chatty : uid=1000(system) backup expire 3 lines
06-08 09:34:05.489 1757 1757 I chatty : uid=1000 system_server expire 9 lines
06-08 09:34:05.527 2560 2712 E ActivityThread: Failed to find provider info for com.android.thememanager.set_lockwallpaper
06-08 09:34:05.599 3769 3769 E ActivityThread: Failed to find provider info for com.xiaomi.aiasst.service
06-08 09:34:05.747 3118 3892 D ActivityThread: Loading provider com.miui.contacts: com.miui.providers.contacts.T9Provider
06-08 09:34:05.750 3769 3769 E ActivityThread: Failed to find provider info for com.miui.systemAdSolution.mse.catch
06-08 09:34:05.959 3769 3769 E ContentCatcherManager: failed to get ContentCatcherService.
06-08 09:34:06.260 4030 4030 D miui.face.FaceService: MiuiBioApp onCreate, isSupport:true
06-08 09:34:06.363 4030 4147 D miui.face.transplant: initAll
06-08 09:34:06.440 2560 2560 I Timeline: Timeline: Activity_launch_request time:53411
06-08 09:34:06.444 1757 2732 I chatty : uid=1000(system) Binder:1757_7 expire 2 lines
06-08 09:34:06.470 2560 2560 W ActivityThread: SCHED: com.miui.home/.launcher.Launcher [78, r=259ms, a=69ms, w=1705ms]
06-08 09:34:06.472 1757 1809 I chatty : uid=1000(system) Binder:1757_2 expire 2 lines
