06-08 09:39:38.607 1757 1922 I chatty : uid=1000(system) android.ui expire 7 lines
06-08 09:39:38.654 2353 2353 I MiuiGxzwOverlayView: upldate overlay view alpha: 0.0
06-08 09:39:38.829 1757 2303 I chatty : uid=1000(system) ScreenEffectThr expire 2 lines
06-08 09:39:38.830 1757 1757 I chatty : uid=1000 system_server expire 6 lines
06-08 09:39:38.856 2353 3105 W KeyguardViewMediator: doKeyguard: showing the lock screen
06-08 09:39:38.873 520 11385 D vold : The trim thread is not running
06-08 09:39:38.874 520 11385 D vold : idle maintenance stopped
06-08 09:39:38.905 1757 2617 I chatty : uid=1000(system) Binder:1757_6 expire 5 lines
06-08 09:39:38.977 2353 2353 V KeyguardDisplayManager: show
06-08 09:39:39.320 1757 1955 I chatty : uid=1000(system) android.bg expire 3 lines
06-08 09:39:39.374 1112 1112 I wificond: Pno scan started for all supported frequencies
06-08 09:39:39.742 1757 5166 I chatty : uid=1000(system) Binder:1757_12 expire 1 line
06-08 09:39:39.761 3777 5973 W MiuiPerfServiceClient: interceptAndQueuing:2353|com.android.systemui|478|158|unknown|null|StatusBar|386748373861|Slow issue draw commands|11
06-08 09:39:40.090 1757 2301 I chatty : uid=1000(system) ProcessManager expire 2 lines
06-08 09:39:40.377 9930 11279 I Ad : isPersonalizedAdEnabled getAdSettings: 2
06-08 09:39:40.385 602 9526 W SocketClient: write error (Broken pipe)
06-08 09:39:40.387 1757 1924 I chatty : uid=1000(system) android.display expire 5 lines
06-08 09:39:40.391 9930 11279 I Ad : isPersonalizedAdEnabled getAdSettings: 2
06-08 09:39:40.463 2353 2353 I MiuiGxzwViewIcon: setGxzwIconTransparent
06-08 09:39:40.468 1757 1925 I chatty : uid=1000(system) android.anim expire 9 lines
06-08 09:39:40.477 2353 2353 I MiuiGxzwViewIcon: turnOffScreen
06-08 09:39:40.742 2353 3049 W BpBinder: Slow Binder: BpBinder transact took 237ms, interface=android.view.IWindowSession, code=4 oneway=false
06-08 09:39:40.766 4364 4364 W Activity: Slow Operation: Activity com.google.android.googlequicksearchbox/com.google.android.apps.gsa.staticplugins.opa.samson.activity.OpaAmbActivity onCreate took 828ms
06-08 09:39:40.837 1757 2223 I chatty : uid=1000(system) Binder:1757_3 expire 10 lines
06-08 09:39:40.844 4364 4364 W Looper : Slow Looper main: Activity com.google.android.googlequicksearchbox/com.google.android.apps.gsa.staticplugins.opa.samson.activity.OpaAmbActivity is 960ms late (wall=0ms running=0ms ClientTransaction{ callbacks=[android.app.servertransaction.TopResumedActivityChangeItem] }) because of 5 msg, msg 1 took 112ms (seq=617 running=25ms runnable=6ms io=29ms late=14ms h=com.android.internal.os.HandlerCaller$MyHandler w=106), msg 4 took 940ms (seq=620 running=523ms runnable=30ms io=94ms late=19ms h=android.app.ActivityThread$H w=159)
06-08 09:39:40.845 4364 4364 W Looper : Slow Looper main: Activity com.google.android.googlequicksearchbox/com.google.android.apps.gsa.staticplugins.opa.samson.activity.OpaAmbActivity is 958ms late (wall=1ms running=0ms ClientTransaction{ callbacks=[android.app.servertransaction.TopResumedActivityChangeItem] }) because of 6 msg, msg 1 took 112ms (seq=617 running=25ms runnable=6ms io=29ms late=14ms h=com.android.internal.os.HandlerCaller$MyHandler w=106), msg 4 took 940ms (seq=620 running=523ms runnable=30ms io=94ms late=19ms h=android.app.ActivityThread$H w=159)
06-08 09:39:40.845 4364 4364 W ActivityThread: SCHED: com.google.android.googlequicksearchbox/com.google.android.apps.gsa.staticplugins.opa.samson.activity.OpaAmbActivity [69, r=16ms, a=7ms, w=45ms]
06-08 09:39:40.852 4364 4364 W Looper : Slow Looper main: Activity com.google.android.googlequicksearchbox/com.google.android.apps.gsa.staticplugins.opa.samson.activity.OpaAmbActivity is 959ms late (wall=7ms running=2ms ClientTransaction{ lifecycleRequest=android.app.servertransaction.PauseActivityItem }) because of 7 msg, msg 1 took 112ms (seq=617 running=25ms runnable=6ms io=29ms late=14ms h=com.android.internal.os.HandlerCaller$MyHandler w=106), msg 4 took 940ms (seq=620 running=523ms runnable=30ms io=94ms late=19ms h=android.app.ActivityThread$H w=159)
06-08 09:39:40.870 4364 4364 W Looper : Slow Looper main: Activity com.google.android.googlequicksearchbox/com.google.android.apps.gsa.staticplugins.opa.samson.activity.OpaAmbActivity is 464ms late (wall=17ms running=7ms ClientTransaction{ lifecycleRequest=android.app.servertransaction.StopActivityItem }) because of 27 msg, msg 1 took 940ms (seq=620 running=523ms runnable=30ms io=94ms late=19ms h=android.app.ActivityThread$H w=159)
06-08 09:39:40.882 2353 2371 I KeyguardViewMediator: setOccluded true
06-08 09:39:40.962 2353 2370 W KeyguardViewMediator: notifyScreenOn
06-08 09:39:40.962 2353 2353 W KeyguardViewMediator: handleNotifyScreenTurningOn
06-08 09:39:40.962 2353 2353 W KeyguardViewMediator: notifyDrawn
06-08 09:39:40.978 1757 2036 I chatty : uid=1000(system) PowerManagerSer expire 9 lines
06-08 09:39:40.984 1757 2328 I chatty : uid=1000(system) PhotonicModulat expire 2 lines
06-08 09:39:40.984 1757 1924 I chatty : uid=1000(system) android.display expire 7 lines
06-08 09:39:40.991 1757 1757 I chatty : uid=1000 system_server expire 10 lines
06-08 09:39:40.993 520 11435 D vold : The trim thread is not running
06-08 09:39:40.994 520 11435 D vold : idle maintenance stopped
06-08 09:39:40.995 1757 1925 I chatty : uid=1000(system) android.anim expire 11 lines
06-08 09:39:40.999 2353 2353 E miui_face: start face unlock fail, mKeyguardOccluded=true;canFaceUnlockWhenOccluded=false
06-08 09:39:41.000 2353 2353 I MiuiGxzwOverlayView: upldate overlay view alpha: 0.657
06-08 09:39:41.000 2353 2353 I MiuiGxzwViewIcon: setGxzwIconOpaque
06-08 09:39:41.000 2353 2353 I NotificationPanelView: updateGxzwState: mQsExpanded = false, mKeyguardOccluded = true, moveHelperCanShow = true, bouncer = false, mLockScreenMagazinePreViewVisible = false, isShowFodInBouncer = true, mStatusBarState = 0, disableFingerprintIcon = false, disableLockScreenFod = false
06-08 09:39:41.009 1112 1112 I wificond: Pno scan stopped
06-08 09:39:41.018 1757 2732 I chatty : uid=1000(system) Binder:1757_7 expire 10 lines
06-08 09:39:41.020 1757 9228 I chatty : uid=1000(system) Binder:1757_1D expire 9 lines
06-08 09:39:41.020 1757 1922 I chatty : uid=1000(system) android.ui expire 5 lines
06-08 09:39:41.042 1757 5166 I chatty : uid=1000(system) Binder:1757_12 expire 3 lines
06-08 09:39:41.050 1757 2617 I chatty : uid=1000(system) Binder:1757_6 expire 10 lines
06-08 09:39:41.071 1757 1809 I chatty : uid=1000(system) Binder:1757_2 expire 12 lines
06-08 09:39:41.093 1757 9231 I chatty : uid=1000(system) Binder:1757_20 expire 10 lines
06-08 09:39:41.171 2353 2353 I MiuiGxzwOverlayView: remove overlay view
06-08 09:39:41.174 2353 3156 D DisplayFeatureManager: setScreenEffect mode=17 value=0 cookie=1
06-08 09:39:41.188 1757 2303 I chatty : uid=1000(system) ScreenEffectThr expire 2 lines
06-08 09:39:41.201 1757 1921 I chatty : uid=1000(system) android.fg expire 3 lines
06-08 09:39:41.204 3203 3203 V DreamService[DozeService]: wakeUp(): fromSystem=true, mWaking=false, mFinished=false
06-08 09:39:41.204 3203 3203 V DreamService[DozeService]: finish(): mFinished=false
06-08 09:39:41.204 1757 2287 I chatty : uid=1000(system) Binder:1757_4 expire 7 lines
06-08 09:39:41.209 2353 2353 I miui_keyguard_fingerprint: onAuthenticationError: errMsgId = 5, errString = Η λειτουργία μοναδικού χαρακτηριστικού ακυρώθηκε.
06-08 09:39:41.214 3203 3203 V DreamService[DozeService]: detach(): Calling onDreamingStopped()
06-08 09:39:41.214 3203 3203 V DreamService[DozeService]: onDreamingStopped()
06-08 09:39:41.237 1757 1957 I chatty : uid=1000(system) ActivityManager expire 12 lines
06-08 09:39:41.243 3203 3203 V DreamService[DozeService]: finish(): mFinished=true
06-08 09:39:41.243 3203 3203 V DreamService[DozeService]: onDestroy()
06-08 09:39:41.351 1757 1955 I chatty : uid=1000(system) android.bg expire 3 lines
06-08 09:39:41.488 1757 1971 I chatty : uid=1000(system) batterystats-wo expire 5 lines
06-08 09:39:41.593 3746 11486 W BpBinder: Slow Binder: BpBinder transact took 248ms, interface=android.media.IAudioRecord, code=1 oneway=false
06-08 09:39:41.594 1757 9222 I chatty : uid=1000(system) Binder:1757_1C expire 2 lines
06-08 09:39:42.061 2353 2353 I KeyguardViewMediator: event.values[0]=5.00003
06-08 09:39:44.273 1757 1956 I chatty : uid=1000(system) ActivityManager expire 12 lines
06-08 09:39:44.502 1757 2301 I chatty : uid=1000(system) ProcessManager expire 1 line
06-08 09:39:55.982 2353 2353 W KeyguardViewMediator: fw call doKeyguardTimeout
06-08 09:39:55.983 2353 2353 W KeyguardViewMediator: doKeyguard: not showing because it is already showing
06-08 09:39:56.026 3777 5973 W MiuiPerfServiceClient: interceptAndQueuing:2353|com.android.systemui|558|95|unknown|null|StatusBar|388988581255|Slow main thread|21
06-08 09:39:56.682 4364 4702 W BpBinder: Slow Binder: BpBinder transact took 5023ms, interface=com.google.android.auth.IAuthManagerService, code=6 oneway=false
06-08 09:40:01.126 4364 4364 I Timeline: Timeline: Activity_launch_request time:408521
06-08 09:40:01.139 4364 4364 W ActivityThread: SCHED: com.google.android.googlequicksearchbox/com.google.android.apps.gsa.staticplugins.opa.samson.activity.OpaAmbActivity [77, r=201ms, a=60ms, w=20020ms]
06-08 09:40:01.293 1757 1925 I chatty : uid=1000(system) android.anim expire 7 lines
06-08 09:40:01.296 4364 4364 W ActivityThread: SCHED: com.google.android.googlequicksearchbox/com.google.android.apps.gsa.staticplugins.opa.experience.OpaBActivity [66, r=12ms, a=6ms, w=34ms]
06-08 09:40:09.801 5199 5330 D PowerKeeper.AppStandby: enable standby chain
06-08 09:40:16.142 2353 2353 W KeyguardViewMediator: fw call doKeyguardTimeout
06-08 09:40:16.142 2353 2353 W KeyguardViewMediator: doKeyguard: not showing because it is already showing
06-08 09:40:31.634 1757 2732 I chatty : uid=1000(system) Binder:1757_7 expire 7 lines
06-08 09:41:10.486 602 9654 W SocketClient: write error (Broken pipe)
06-08 09:41:18.927 602 10664 W SocketClient: write error (Broken pipe)
06-08 09:41:19.465 602 10666 W SocketClient: write error (Broken pipe)
06-08 09:41:27.106 11565 11565 I SystemConfig: Adding association: com.google.android.as <- com.android.providers.contacts
06-08 09:41:27.106 11565 11565 I SystemConfig: Adding association: com.google.android.as <- com.android.providers.media
06-08 09:41:27.106 11565 11565 I SystemConfig: Adding association: com.google.android.as <- com.android.providers.telephony
06-08 09:41:27.106 11565 11565 I SystemConfig: Adding association: com.google.android.as <- com.android.systemui
06-08 09:41:27.106 11565 11565 I SystemConfig: Adding association: com.google.android.as <- com.google.android.gms
06-08 09:41:27.106 11565 11565 I SystemConfig: Adding association: com.google.android.as <- com.google.android.gsf
06-08 09:41:27.112 11565 11565 W SystemConfig: No directory /product_services/etc/sysconfig, skipping
06-08 09:41:27.112 11565 11565 W SystemConfig: No directory /product_services/etc/permissions, skipping
06-08 09:41:30.605 602 9595 W SocketClient: write error (Broken pipe)
06-08 09:41:50.556 602 10499 W SocketClient: write error (Broken pipe)
06-08 09:41:52.967 602 10663 W SocketClient: write error (Broken pipe)
06-08 09:41:52.970 602 10514 W SocketClient: write error (Broken pipe)
06-08 09:41:52.975 602 10679 W SocketClient: write error (Broken pipe)
06-08 09:42:03.957 602 10911 W SocketClient: write error (Broken pipe)
06-08 09:42:04.507 602 10690 W SocketClient: write error (Broken pipe)
06-08 09:42:06.483 1757 2272 I chatty : uid=1000(system) ConnectivitySer expire 10 lines
06-08 09:42:10.457 1757 9231 I chatty : uid=1000(system) Binder:1757_20 expire 9 lines
06-08 09:42:12.985 602 10910 W SocketClient: write error (Broken pipe)
06-08 09:42:20.074 9930 11626 I Ad : isPersonalizedAdEnabled getAdSettings: 2
06-08 09:42:21.383 3304 6310 W BpBinder: Slow Binder: BpBinder transact took 195193ms, interface=com.google.android.gms.droidguard.internal.IDroidGuardHandle, code=5 oneway=false
06-08 09:42:23.994 602 10680 W SocketClient: write error (Broken pipe)
06-08 09:42:44.526 602 10916 W SocketClient: write error (Broken pipe)
06-08 09:43:16.721 1757 4962 I chatty : uid=1000(system) first_use_threa expire 2 lines
06-08 09:43:32.447 11565 11707 W BpBinder: Slow Binder: BpBinder transact took 321ms, interface=android.content.IContentProvider, code=1 oneway=false
06-08 09:44:31.256 1757 1757 I chatty : uid=1000 system_server expire 10 lines
06-08 09:45:07.026 1757 2617 I chatty : uid=1000(system) Binder:1757_6 expire 5 lines
06-08 09:45:48.706 1757 4531 I chatty : uid=1000(system) Binder:1757_11 expire 3 lines
06-08 09:45:55.113 2353 2767 D NetworkController.MobileSignalController(1): onServiceStateChanged slotId=0 subId=1 voiceState=0 dataState=0 FiveGConnected= false dataType= 2
06-08 09:45:56.518 2353 2767 D NetworkController.MobileSignalController(1): onServiceStateChanged slotId=0 subId=1 voiceState=0 dataState=0 FiveGConnected= false dataType= 2
06-08 09:45:56.602 2353 2767 D NetworkController.MobileSignalController(1): onServiceStateChanged slotId=0 subId=1 voiceState=0 dataState=0 FiveGConnected= false dataType= 3
06-08 09:45:57.626 2353 2767 D NetworkController.MobileSignalController(1): onServiceStateChanged slotId=0 subId=1 voiceState=0 dataState=0 FiveGConnected= false dataType= 15
06-08 09:46:02.046 3078 5407 W BpBinder: Slow Binder: BpBinder transact took 456090ms, interface=com.google.android.gms.droidguard.internal.IDroidGuardHandle, code=5 oneway=false
06-08 09:46:02.327 3304 6310 W BpBinder: Slow Binder: BpBinder transact took 2592ms, interface=com.google.android.gms.droidguard.internal.IDroidGuardHandle, code=5 oneway=false
06-08 09:46:02.902 3078 5407 W BpBinder: Slow Binder: BpBinder transact took 810ms, interface=com.google.android.gms.droidguard.internal.IDroidGuardHandle, code=5 oneway=false
06-08 09:46:08.702 1757 1809 I chatty : uid=1000(system) Binder:1757_2 expire 9 lines
06-08 09:46:09.514 11996 12068 E ActivityThread: Failed to find provider info for com.facebook.katana.provider.AttributionIdProvider
06-08 09:46:14.566 11996 12139 E ActivityThread: Failed to find provider info for com.facebook.katana.provider.AttributionIdProvider
06-08 09:46:17.064 1757 1956 I chatty : uid=1000(system) ActivityManager expire 2 lines
06-08 09:46:27.139 1757 3743 I chatty : uid=1000(system) Binder:1757_C expire 1 line
06-08 09:46:38.300 2353 2767 D NetworkController.MobileSignalController(1): onServiceStateChanged slotId=0 subId=1 voiceState=0 dataState=0 FiveGConnected= false dataType= 15
06-08 09:46:38.406 2353 2767 D NetworkController.MobileSignalController(1): onServiceStateChanged slotId=0 subId=1 voiceState=0 dataState=0 FiveGConnected= false dataType= 13
06-08 09:46:38.431 1757 2272 I chatty : uid=1000(system) ConnectivitySer expire 11 lines
06-08 09:46:40.141 2353 2767 D NetworkController.MobileSignalController(1): onServiceStateChanged slotId=0 subId=1 voiceState=0 dataState=0 FiveGConnected= false dataType= 13
06-08 09:46:43.893 12288 12288 W Looper : Slow Looper main: Long Msg: seq=2 plan=09:46:42.079 late=1ms wall=1812ms running=1204ms runnable=141ms io=105ms h=android.app.ActivityThread$H w=110
06-08 09:46:44.041 1757 1957 I chatty : uid=1000(system) ActivityManager expire 4 lines
06-08 09:46:45.736 2353 2767 D NetworkController.MobileSignalController(1): onServiceStateChanged slotId=0 subId=1 voiceState=0 dataState=0 FiveGConnected= false dataType= 13
06-08 09:46:47.610 2353 2767 D NetworkController.MobileSignalController(1): onServiceStateChanged slotId=0 subId=1 voiceState=0 dataState=0 FiveGConnected= false dataType= 13
06-08 09:46:47.679 2353 2767 D NetworkController.MobileSignalController(1): onServiceStateChanged slotId=0 subId=1 voiceState=0 dataState=0 FiveGConnected= false dataType= 3
06-08 09:46:49.764 2353 2767 D NetworkController.MobileSignalController(1): onServiceStateChanged slotId=0 subId=1 voiceState=0 dataState=0 FiveGConnected= false dataType= 15
06-08 09:46:57.214 1757 1803 I chatty : uid=1000(system) Binder:1757_1 expire 1 line
06-08 09:47:17.253 1757 4296 I chatty : uid=1000(system) Binder:1757_10 expire 4 lines
06-08 09:47:17.964 2353 2767 D NetworkController.MobileSignalController(1): onServiceStateChanged slotId=0 subId=1 voiceState=0 dataState=0 FiveGConnected= false dataType= 15
06-08 09:47:17.997 2353 2767 D NetworkController.MobileSignalController(1): onServiceStateChanged slotId=0 subId=1 voiceState=0 dataState=0 FiveGConnected= false dataType= 15
06-08 09:47:18.093 2353 2767 D NetworkController.MobileSignalController(1): onServiceStateChanged slotId=0 subId=1 voiceState=0 dataState=0 FiveGConnected= false dataType= 13
06-08 09:47:18.196 2353 2767 D NetworkController.MobileSignalController(1): onServiceStateChanged slotId=0 subId=1 voiceState=0 dataState=0 FiveGConnected= false dataType= 13
06-08 09:47:18.206 1757 2272 I chatty : uid=1000(system) ConnectivitySer expire 11 lines
06-08 09:47:19.888 2353 2767 D NetworkController.MobileSignalController(1): onServiceStateChanged slotId=0 subId=1 voiceState=0 dataState=0 FiveGConnected= false dataType= 13
06-08 09:47:19.970 2353 2767 D NetworkController.MobileSignalController(1): onServiceStateChanged slotId=0 subId=1 voiceState=0 dataState=0 FiveGConnected= false dataType= 3
06-08 09:47:26.217 2353 2767 D NetworkController.MobileSignalController(1): onServiceStateChanged slotId=0 subId=1 voiceState=0 dataState=0 FiveGConnected= false dataType= 3
06-08 09:47:26.260 2353 2767 D NetworkController.MobileSignalController(1): onServiceStateChanged slotId=0 subId=1 voiceState=0 dataState=0 FiveGConnected= false dataType= 3
06-08 09:47:27.710 2353 2767 D NetworkController.MobileSignalController(1): onServiceStateChanged slotId=0 subId=1 voiceState=0 dataState=0 FiveGConnected= false dataType= 15
06-08 09:47:28.720 1757 8942 I chatty : uid=1000(system) Binder:1757_15 expire 2 lines
06-08 09:47:35.014 2353 2767 D NetworkController.MobileSignalController(1): onServiceStateChanged slotId=0 subId=1 voiceState=0 dataState=0 FiveGConnected= false dataType= 3
06-08 09:47:37.446 2353 2767 D NetworkController.MobileSignalController(1): onServiceStateChanged slotId=0 subId=1 voiceState=0 dataState=0 FiveGConnected= false dataType= 3
06-08 09:47:37.528 2353 2767 D NetworkController.MobileSignalController(1): onServiceStateChanged slotId=0 subId=1 voiceState=0 dataState=0 FiveGConnected= false dataType= 3
06-08 09:47:42.472 2353 2767 D NetworkController.MobileSignalController(1): onServiceStateChanged slotId=0 subId=1 voiceState=0 dataState=0 FiveGConnected= false dataType= 3
06-08 09:47:42.494 2353 2767 D NetworkController.MobileSignalController(1): onServiceStateChanged slotId=0 subId=1 voiceState=0 dataState=0 FiveGConnected= false dataType= 3
06-08 09:47:42.576 2353 2767 D NetworkController.MobileSignalController(1): onServiceStateChanged slotId=0 subId=1 voiceState=0 dataState=0 FiveGConnected= false dataType= 13
06-08 09:47:43.661 2353 2767 D NetworkController.MobileSignalController(1): onServiceStateChanged slotId=0 subId=1 voiceState=0 dataState=0 FiveGConnected= false dataType= 13
06-08 09:47:45.073 4364 4364 W ActivityThread: SCHED: com.google.android.googlequicksearchbox/com.google.android.apps.gsa.staticplugins.opa.experience.OpaBActivity [61, r=2518ms, a=1593ms, w=463717ms]
06-08 09:47:45.146 1757 3836 I chatty : uid=1000(system) Binder:1757_E expire 1 line
06-08 09:47:45.884 2353 2767 D NetworkController.MobileSignalController(1): onServiceStateChanged slotId=0 subId=1 voiceState=0 dataState=0 FiveGConnected= false dataType= 13
06-08 09:47:45.931 2353 2767 D NetworkController.MobileSignalController(1): onServiceStateChanged slotId=0 subId=1 voiceState=0 dataState=0 FiveGConnected= false dataType= 13
06-08 09:47:46.294 1757 9229 I chatty : uid=1000(system) Binder:1757_1E expire 1 line
06-08 09:47:46.375 2353 3156 D DisplayFeatureManager: setScreenEffect mode=17 value=1 cookie=1
06-08 09:47:46.378 2353 3156 D DisplayFeatureManager: setScreenEffect mode=17 value=1 cookie=1
06-08 09:47:46.404 2353 2353 I MiuiGxzwOverlayView: add overlay view: mLayoutParams.alpha = 0.4575559
06-08 09:47:47.719 2353 2767 D NetworkController.MobileSignalController(1): onServiceStateChanged slotId=0 subId=1 voiceState=0 dataState=0 FiveGConnected= false dataType= 13
06-08 09:47:47.780 2353 2767 D NetworkController.MobileSignalController(1): onServiceStateChanged slotId=0 subId=1 voiceState=0 dataState=0 FiveGConnected= false dataType= 3
06-08 09:47:48.313 2353 2353 I MiuiGxzwTouchHelper: onTouch: originalAction = ACTION_DOWN, action = ACTION_DOWN, x = 135,000000, y = 181,000000, pressure = 2048,000000, area = 0,000000
06-08 09:47:48.332 1757 1757 I chatty : uid=1000 system_server expire 8 lines
06-08 09:47:48.336 2353 2353 I MiuiGxzwTouchHelper: onTouch: originalAction = ACTION_MOVE, action = ACTION_MOVE, x = 135,000000, y = 181,000000, pressure = 2048,000000, area = 9,000000
06-08 09:47:48.340 2353 2353 I MiuiGxzwHightlightContainer: show highlight view
06-08 09:47:48.602 2353 2353 I miui_keyguard_fingerprint: onAuthenticationSucceeded: authUserId = 0
06-08 09:47:48.707 1757 9221 I chatty : uid=1000(system) Binder:1757_1B expire 10 lines
06-08 09:47:48.852 2353 2353 I KeyguardViewMediator: handleStartKeyguardExitAnimation startTime=876247 fadeoutDuration=300
06-08 09:47:48.855 1757 1924 I chatty : uid=1000(system) android.display expire 12 lines
06-08 09:47:48.865 1757 2223 I chatty : uid=1000(system) Binder:1757_3 expire 10 lines
06-08 09:47:48.882 4364 4364 W ActivityThread: SCHED: com.google.android.googlequicksearchbox/com.google.android.apps.gsa.staticplugins.opa.samson.activity.OpaAmbActivity [75, r=76ms, a=25ms, w=3768ms]
06-08 09:47:48.893 2353 9083 I KeyguardViewMediator: setOccluded false
06-08 09:47:48.895 1757 2293 I chatty : uid=1000(system) miui.fg expire 1 line
06-08 09:47:48.901 1757 9228 I chatty : uid=1000(system) Binder:1757_1D expire 2 lines
06-08 09:47:48.906 1757 1925 I chatty : uid=1000(system) android.anim expire 10 lines
06-08 09:47:48.913 1757 1956 I chatty : uid=1000(system) ActivityManager expire 10 lines
06-08 09:47:48.920 2353 2353 V KeyguardDisplayManager: hide
06-08 09:47:48.922 1757 4296 I chatty : uid=1000(system) Binder:1757_10 expire 1 line
06-08 09:47:48.925 2353 2353 I miui_keyguard_fingerprint: fingerprint unlock time: wait fw call startKeyguardExitAnimation = 0 ms total = 321 ms
06-08 09:47:48.926 2353 2353 I MiuiGxzwHightlightContainer: dismiss highlight view
06-08 09:47:48.931 2353 2353 I MiuiGxzwOverlayView: remove overlay view
06-08 09:47:48.936 2353 3156 D DisplayFeatureManager: setScreenEffect mode=17 value=0 cookie=1
06-08 09:47:48.960 4030 4030 D miui.face.FaceService: lock screen passed
06-08 09:47:48.961 4030 4121 D miui.face.FaceService: FaceAuthenHelper mReleaseIfAuthenticated Runnable run ... ...
06-08 09:47:48.961 4030 4121 D miui.face.FaceService: release memory... ...
06-08 09:47:48.966 5199 5330 D PowerKeeper.AppStandby: disable standby chain
06-08 09:47:48.975 1757 9229 I chatty : uid=1000(system) Binder:1757_1E expire 4 lines
06-08 09:47:48.990 2353 2353 E miui_face: start face unlock fail, mKeyguardShowing=false;isDeviceInteractive=true
06-08 09:47:49.021 1757 8942 I chatty : uid=1000(system) Binder:1757_15 expire 1 line
06-08 09:47:49.030 2353 2353 I MiuiGxzwTouchHelper: onTouch: originalAction = ACTION_UP, action = ACTION_UP, x = 133,000000, y = 181,000000, pressure = 2048,000000, area = 12,000000
06-08 09:47:49.039 1757 9231 I chatty : uid=1000(system) Binder:1757_20 expire 1 line
06-08 09:47:49.119 2560 2712 E ActivityThread: Failed to find provider info for com.android.thememanager.theme_lock_live_wallpaper
06-08 09:47:49.190 1757 1803 I chatty : uid=1000(system) Binder:1757_1 expire 10 lines
06-08 09:47:49.444 3777 5973 W MiuiPerfServiceClient: interceptAndQueuing:2353|com.android.systemui|463|78|unknown|null|StatusBar|876720814090|Slow main thread|14
06-08 09:47:50.010 2353 2767 D NetworkController.MobileSignalController(1): onServiceStateChanged slotId=0 subId=1 voiceState=0 dataState=0 FiveGConnected= false dataType= 15
06-08 09:47:50.043 1757 2272 I chatty : uid=1000(system) ConnectivitySer expire 7 lines
06-08 09:47:54.305 2560 2560 I Timeline: Timeline: Activity_launch_request time:881700
06-08 09:47:54.308 1757 3838 I chatty : uid=1000(system) Binder:1757_F expire 1 line
06-08 09:47:54.334 2560 2560 W ActivityThread: SCHED: com.miui.home/.launcher.Launcher [76, r=241ms, a=76ms, w=5398ms]
06-08 09:47:54.337 1757 1809 I chatty : uid=1000(system) Binder:1757_2 expire 4 lines
06-08 09:47:54.457 1757 1957 I chatty : uid=1000(system) ActivityManager expire 6 lines
06-08 09:47:54.871 1757 3836 I chatty : uid=1000(system) Binder:1757_E expire 11 lines
06-08 09:47:59.069 2918 2918 I Timeline: Timeline: Activity_launch_request time:886464
06-08 09:47:59.090 2918 2918 W ActivityThread: SCHED: com.android.settings/.MainSettings [66, r=416ms, a=206ms, w=4685ms]
06-08 09:47:59.115 2918 8674 E ActivityThread: Failed to find provider info for com.qti.smq.Feedback.provider
06-08 09:47:59.275 1757 1925 I chatty : uid=1000(system) android.anim expire 11 lines
06-08 09:48:07.673 1757 2732 I chatty : uid=1000(system) Binder:1757_7 expire 10 lines
06-08 09:48:07.769 2918 2918 W ActivityThread: SCHED: com.android.settings/.SubSettings [68, r=1070ms, a=501ms, w=8599ms]
06-08 09:48:08.488 2918 2918 W ActivityThread: SCHED: com.android.settings/.MainSettings [53, r=57ms, a=49ms, w=695ms]
06-08 09:48:08.536 1757 9190 I chatty : uid=1000(system) Binder:1757_17 expire 6 lines
06-08 09:48:09.073 1757 2617 I chatty : uid=1000(system) Binder:1757_6 expire 9 lines
06-08 09:48:18.884 3777 5973 W MiuiPerfServiceClient: interceptAndQueuing:2560|com.miui.home|1226|90|unknown|null|com.miui.home/com.miui.home.launcher.Launcher|905218640642|Slow handle traversal|59
06-08 09:48:18.923 2560 2560 I Timeline: Timeline: Activity_launch_request time:906318
06-08 09:48:18.963 2560 2560 W ActivityThread: SCHED: com.miui.home/.launcher.Launcher [76, r=823ms, a=249ms, w=10442ms]
06-08 09:48:18.978 1757 1925 I chatty : uid=1000(system) android.anim expire 11 lines
06-08 09:48:18.981 1757 1924 I chatty : uid=1000(system) android.display expire 12 lines
06-08 09:48:19.059 8689 8689 E ActivityThread: Failed to find provider info for com.miui.miwallpaper.wallpaper
06-08 09:48:19.080 8689 8689 I chatty : uid=9801(theme) com.android.thememanager identical 3 lines
06-08 09:48:19.085 8689 8689 E ActivityThread: Failed to find provider info for com.miui.miwallpaper.wallpaper
06-08 09:48:19.154 8689 13041 E ActivityThread: Failed to find provider info for content://com.miui.miwallpaper.wallpaper
06-08 09:48:20.459 3078 5407 W BpBinder: Slow Binder: BpBinder transact took 2034ms, interface=com.google.android.gms.droidguard.internal.IDroidGuardHandle, code=5 oneway=false
06-08 09:48:32.614 8689 8689 I Timeline: Timeline: Activity_launch_request time:920009
06-08 09:48:32.636 8689 8689 W ActivityThread: SCHED: com.android.thememanager/.settings.WallpaperSettingsActivity [72, r=354ms, a=133ms, w=13605ms]
06-08 09:48:32.638 1757 2223 I chatty : uid=1000(system) Binder:1757_3 expire 15 lines
06-08 09:48:33.264 1757 3836 I chatty : uid=1000(system) Binder:1757_E expire 9 lines
06-08 09:48:33.267 1757 1803 I chatty : uid=1000(system) Binder:1757_1 expire 11 lines
06-08 09:48:33.629 2353 2767 D NetworkController.MobileSignalController(1): onServiceStateChanged slotId=0 subId=1 voiceState=0 dataState=0 FiveGConnected= false dataType= 15
06-08 09:48:33.684 2353 2767 D NetworkController.MobileSignalController(1): onServiceStateChanged slotId=0 subId=1 voiceState=0 dataState=0 FiveGConnected= false dataType= 3
06-08 09:48:35.927 8689 8689 W ActivityThread: SCHED: com.android.thememanager/.activity.ThirdPartyPickersActivity [68, r=141ms, a=66ms, w=3240ms]
06-08 09:48:36.567 1757 1956 I chatty : uid=1000(system) ActivityManager expire 5 lines
06-08 09:48:53.184 10279 10279 W ActivityThread: SCHED: com.miui.gallery/.picker.PickGalleryActivity [84, r=1027ms, a=182ms, w=17157ms]
06-08 09:48:53.270 1757 2223 I chatty : uid=1000(system) Binder:1757_3 expire 9 lines
06-08 09:48:53.288 1757 1925 I chatty : uid=1000(system) android.anim expire 11 lines
06-08 09:49:02.970 2353 2767 D NetworkController.MobileSignalController(1): onServiceStateChanged slotId=0 subId=1 voiceState=0 dataState=0 FiveGConnected= false dataType= 15
06-08 09:49:12.578 2353 2767 D NetworkController.MobileSignalController(1): onServiceStateChanged slotId=0 subId=1 voiceState=0 dataState=0 FiveGConnected= false dataType= 15
06-08 09:49:12.627 2353 2767 D NetworkController.MobileSignalController(1): onServiceStateChanged slotId=0 subId=1 voiceState=0 dataState=0 FiveGConnected= false dataType= 15
06-08 09:49:15.227 10279 10279 W ActivityThread: SCHED: com.miui.gallery/.picker.PickAlbumDetailActivity [74, r=2983ms, a=1022ms, w=21969ms]
06-08 09:49:15.305 10279 10279 W ActivityThread: SCHED: com.miui.gallery/.picker.PickGalleryActivity [77, r=17ms, a=5ms, w=59ms]
06-08 09:49:15.319 8689 8689 I Timeline: Timeline: Activity_launch_request time:962714
06-08 09:49:15.336 8689 8689 W ActivityThread: SCHED: com.android.thememanager/.settings.WallpaperSettingsActivity [100, r=2ms, a=0ms, w=6ms]
06-08 09:49:15.359 8689 13041 E ActivityThread: Failed to find provider info for content://com.miui.miwallpaper.wallpaper
06-08 09:49:15.373 1757 2732 I chatty : uid=1000(system) Binder:1757_7 expire 5 lines
06-08 09:49:16.067 8689 13042 W BpBinder: Slow Binder: BpBinder transact took 438ms, interface=android.content.IContentProvider, code=21 oneway=false
06-08 09:49:16.336 8689 13041 W BpBinder: Slow Binder: BpBinder transact took 296ms, interface=android.content.IContentProvider, code=21 oneway=false
06-08 09:49:16.399 8689 13042 W BpBinder: Slow Binder: BpBinder transact took 326ms, interface=android.content.IContentProvider, code=21 oneway=false
06-08 09:49:16.627 8689 13041 W BpBinder: Slow Binder: BpBinder transact took 284ms, interface=android.content.IContentProvider, code=21 oneway=false
06-08 09:49:18.803 8689 8689 W ActivityThread: SCHED: com.android.thememanager/.activity.WallpaperDetailActivity [61, r=59ms, a=37ms, w=3189ms]
06-08 09:49:18.830 8689 13042 E ActivityThread: Failed to find provider info for content://com.miui.miwallpaper.wallpaper
06-08 09:49:18.833 1757 9221 I chatty : uid=1000(system) Binder:1757_1B expire 12 lines
06-08 09:49:18.843 1757 1925 I chatty : uid=1000(system) android.anim expire 6 lines
06-08 09:49:20.101 1757 1971 I chatty : uid=1000(system) batterystats-wo expire 4 lines
06-08 09:49:22.578 8689 8689 I Timeline: Timeline: Activity_launch_request time:969973
06-08 09:49:22.592 8689 8689 W ActivityThread: SCHED: com.android.thememanager/.settings.WallpaperSettingsActivity [75, r=99ms, a=32ms, w=3769ms]
06-08 09:49:23.863 2353 2767 D NetworkController.MobileSignalController(1): onServiceStateChanged slotId=0 subId=1 voiceState=0 dataState=0 FiveGConnected= false dataType= 8
06-08 09:49:26.038 8689 8689 W ActivityThread: SCHED: com.android.thememanager/.activity.ThirdPartyPickersActivity [77, r=143ms, a=42ms, w=3406ms]
06-08 09:49:26.050 1757 1924 I chatty : uid=1000(system) android.display expire 13 lines
06-08 09:49:26.145 1757 2732 I chatty : uid=1000(system) Binder:1757_7 expire 10 lines
06-08 09:49:26.163 1757 1925 I chatty : uid=1000(system) android.anim expire 12 lines
06-08 09:49:26.312 2353 2767 D NetworkController.MobileSignalController(1): onServiceStateChanged slotId=0 subId=1 voiceState=0 dataState=0 FiveGConnected= false dataType= 15
06-08 09:49:26.342 1757 2272 I chatty : uid=1000(system) ConnectivitySer expire 10 lines
06-08 09:49:26.521 1757 1956 I chatty : uid=1000(system) ActivityManager expire 10 lines
06-08 09:49:26.702 1757 2617 I chatty : uid=1000(system) Binder:1757_6 expire 9 lines
06-08 09:49:33.162 2353 2767 D NetworkController.MobileSignalController(1): onServiceStateChanged slotId=0 subId=1 voiceState=0 dataState=0 FiveGConnected= false dataType= 15
06-08 09:49:33.178 2353 2767 D NetworkController.MobileSignalController(1): onServiceStateChanged slotId=0 subId=1 voiceState=0 dataState=0 FiveGConnected= false dataType= 15
06-08 09:49:33.247 2353 2767 D NetworkController.MobileSignalController(1): onServiceStateChanged slotId=0 subId=1 voiceState=0 dataState=0 FiveGConnected= false dataType= 13
06-08 09:49:33.555 2353 2767 D NetworkController.MobileSignalController(1): onServiceStateChanged slotId=0 subId=1 voiceState=0 dataState=0 FiveGConnected= false dataType= 13
06-08 09:49:34.047 1757 9190 I chatty : uid=1000(system) Binder:1757_17 expire 12 lines
06-08 09:49:34.063 10279 10279 W ActivityThread: SCHED: com.miui.gallery/.picker.PickGalleryActivity [87, r=788ms, a=117ms, w=7975ms]
06-08 09:49:34.065 1757 9221 I chatty : uid=1000(system) Binder:1757_1B expire 10 lines
06-08 09:49:35.986 2353 2767 D NetworkController.MobileSignalController(1): onServiceStateChanged slotId=0 subId=1 voiceState=0 dataState=0 FiveGConnected= false dataType= 13
06-08 09:49:36.057 2353 2767 D NetworkController.MobileSignalController(1): onServiceStateChanged slotId=0 subId=1 voiceState=0 dataState=0 FiveGConnected= false dataType= 3
06-08 09:49:37.631 2353 2767 D NetworkController.MobileSignalController(1): onServiceStateChanged slotId=0 subId=1 voiceState=0 dataState=0 FiveGConnected= false dataType= 15
06-08 09:49:39.058 3777 5973 W MiuiPerfServiceClient: interceptAndQueuing:10279|com.miui.gallery|259|112|unknown|null|com.miui.gallery/com.miui.gallery.picker.PickAlbumDetailActivity|985875266132|Slow handle animation|5
06-08 09:49:42.904 1757 2223 I chatty : uid=1000(system) Binder:1757_3 expire 12 lines
06-08 09:49:43.835 1757 1971 I chatty : uid=1000(system) batterystats-wo expire 11 lines
06-08 09:49:47.755 2353 2767 D NetworkController.MobileSignalController(1): onServiceStateChanged slotId=0 subId=1 voiceState=0 dataState=0 FiveGConnected= false dataType= 15
06-08 09:49:47.800 2353 2767 D NetworkController.MobileSignalController(1): onServiceStateChanged slotId=0 subId=1 voiceState=0 dataState=0 FiveGConnected= false dataType= 3
06-08 09:49:48.433 2353 2767 D NetworkController.MobileSignalController(1): onServiceStateChanged slotId=0 subId=1 voiceState=0 dataState=0 FiveGConnected= false dataType= 15
06-08 09:49:48.454 1757 2272 I chatty : uid=1000(system) ConnectivitySer expire 11 lines
06-08 09:49:52.381 10279 10279 W ActivityThread: SCHED: com.miui.gallery/.picker.PickAlbumDetailActivity [82, r=3646ms, a=799ms, w=18271ms]
06-08 09:49:52.492 10279 10279 W ActivityThread: SCHED: com.miui.gallery/.picker.PickGalleryActivity [79, r=38ms, a=10ms, w=83ms]
06-08 09:49:52.497 1757 3836 I chatty : uid=1000(system) Binder:1757_E expire 10 lines
06-08 09:49:52.507 8689 8689 I Timeline: Timeline: Activity_launch_request time:999902
06-08 09:49:52.532 8689 8689 W ActivityThread: SCHED: com.android.thememanager/.settings.WallpaperSettingsActivity [66, r=2ms, a=1ms, w=3ms]
06-08 09:49:52.545 1757 8942 I chatty : uid=1000(system) Binder:1757_15 expire 5 lines
06-08 09:49:52.547 8689 13042 E ActivityThread: Failed to find provider info for content://com.miui.miwallpaper.wallpaper
06-08 09:49:53.062 8689 13042 W BpBinder: Slow Binder: BpBinder transact took 418ms, interface=android.content.IContentProvider, code=21 oneway=false
06-08 09:49:53.180 1757 1925 I chatty : uid=1000(system) android.anim expire 12 lines
06-08 09:49:53.338 8689 13041 W BpBinder: Slow Binder: BpBinder transact took 300ms, interface=android.content.IContentProvider, code=21 oneway=false
06-08 09:49:53.398 8689 13042 W BpBinder: Slow Binder: BpBinder transact took 330ms, interface=android.content.IContentProvider, code=21 oneway=false
06-08 09:49:53.439 2353 2767 D NetworkController.MobileSignalController(1): onServiceStateChanged slotId=0 subId=1 voiceState=0 dataState=0 FiveGConnected= false dataType= 15
06-08 09:49:53.456 2353 2767 D NetworkController.MobileSignalController(1): onServiceStateChanged slotId=0 subId=1 voiceState=0 dataState=0 FiveGConnected= false dataType= 15
06-08 09:49:53.520 2353 2767 D NetworkController.MobileSignalController(1): onServiceStateChanged slotId=0 subId=1 voiceState=0 dataState=0 FiveGConnected= false dataType= 13
06-08 09:49:53.660 2353 2767 D NetworkController.MobileSignalController(1): onServiceStateChanged slotId=0 subId=1 voiceState=0 dataState=0 FiveGConnected= false dataType= 13
06-08 09:49:53.694 8689 13041 W BpBinder: Slow Binder: BpBinder transact took 349ms, interface=android.content.IContentProvider, code=21 oneway=false
06-08 09:49:54.294 1757 1957 I chatty : uid=1000(system) ActivityManager expire 2 lines
06-08 09:49:54.482 13497 13497 I SystemConfig: Adding association: com.google.android.as <- com.android.providers.contacts
06-08 09:49:54.482 13497 13497 I SystemConfig: Adding association: com.google.android.as <- com.android.providers.media
06-08 09:49:54.482 13497 13497 I SystemConfig: Adding association: com.google.android.as <- com.android.providers.telephony
06-08 09:49:54.482 13497 13497 I SystemConfig: Adding association: com.google.android.as <- com.android.systemui
06-08 09:49:54.482 13497 13497 I SystemConfig: Adding association: com.google.android.as <- com.google.android.gms
06-08 09:49:54.482 13497 13497 I SystemConfig: Adding association: com.google.android.as <- com.google.android.gsf
06-08 09:49:54.490 13497 13497 W SystemConfig: No directory /product_services/etc/sysconfig, skipping
06-08 09:49:54.490 13497 13497 W SystemConfig: No directory /product_services/etc/permissions, skipping
06-08 09:49:54.523 8689 8689 W BpBinder: Slow Binder: BpBinder transact took 271ms, interface=android.app.IActivityManager, code=20 oneway=false
06-08 09:49:54.587 8689 8689 W Looper : Slow Looper main: doFrame is 312ms late because of 2 msg, msg 1 took 323ms (seq=1296 running=22ms runnable=6ms io=21ms h=android.view.ViewRootImpl$ViewRootHandler c=android.view.View$PerformClick)
06-08 09:49:58.072 3777 5973 W MiuiPerfServiceClient: interceptAndQueuing:8689|com.android.thememanager|375|353|unknown|null|com.android.thememanager/com.android.thememanager.activity.WallpaperDetailActivity|1002005763001|Slow main thread|2
06-08 09:49:59.719 1757 2019 I chatty : uid=1000(system) FileObserver expire 1 line
06-08 09:49:59.817 1757 1757 I chatty : uid=1000 system_server expire 10 lines
06-08 09:49:59.824 2560 2712 E ActivityThread: Failed to find provider info for com.android.thememanager.set_lockwallpaper
06-08 09:49:59.841 8689 8689 W ActivityThread: SCHED: com.android.thememanager/.activity.WallpaperDetailActivity [66, r=168ms, a=84ms, w=7203ms]
06-08 09:49:59.842 1757 2732 I chatty : uid=1000(system) Binder:1757_7 expire 7 lines
06-08 09:49:59.907 8689 13041 E ActivityThread: Failed to find provider info for content://com.miui.miwallpaper.wallpaper
06-08 09:50:00.460 1757 9222 I chatty : uid=1000(system) Binder:1757_1C expire 2 lines
06-08 09:50:04.192 1757 2247 I chatty : uid=1000(system) InputDispatcher expire 3 lines
06-08 09:50:04.215 8689 8689 W ActivityThread: SCHED: com.android.thememanager/.settings.WallpaperSettingsActivity [52, r=51ms, a=46ms, w=4318ms]
06-08 09:50:04.226 1757 2223 I chatty : uid=1000(system) Binder:1757_3 expire 1 line
06-08 09:50:05.574 2560 2560 W ActivityThread: SCHED: com.miui.home/.launcher.Launcher [69, r=120ms, a=52ms, w=1343ms]
06-08 09:50:10.067 2353 2767 D NetworkController.MobileSignalController(1): onServiceStateChanged slotId=0 subId=1 voiceState=0 dataState=0 FiveGConnected= false dataType= 13
06-08 09:50:10.154 2353 2767 D NetworkController.MobileSignalController(1): onServiceStateChanged slotId=0 subId=1 voiceState=0 dataState=0 FiveGConnected= false dataType= 3
06-08 09:50:11.609 1757 2224 I chatty : uid=1000(system) UEventObserver expire 2 lines
06-08 09:50:11.617 2353 2353 I MiuiChargeManager: notifyBatteryStatusChanged: status: 3 isPlugged: 0 level: 100 wireState: -1 chargeSpeed: 0 mWiredChargeType: 3 mWirelessChargeType: 0 chargeDeviceType: -1
06-08 09:50:11.624 1757 2321 I chatty : uid=1000(system) HwBinder:1757_4 expire 1 line
06-08 09:50:11.624 1757 1921 I chatty : uid=1000(system) android.fg expire 2 lines
06-08 09:50:11.656 5199 5199 D PowerChecker_Service: battery status = 3 plug = 0 level = 100
06-08 09:50:15.415 2353 2767 D NetworkController.MobileSignalController(1): onServiceStateChanged slotId=0 subId=1 voiceState=0 dataState=0 FiveGConnected= false dataType= 3
06-08 09:50:15.529 2353 2767 D NetworkController.MobileSignalController(1): onServiceStateChanged slotId=0 subId=1 voiceState=0 dataState=0 FiveGConnected= false dataType= 13
06-08 09:50:15.548 1757 9231 I chatty : uid=1000(system) Binder:1757_20 expire 4 lines
06-08 09:50:17.819 2353 2767 D NetworkController.MobileSignalController(1): onServiceStateChanged slotId=0 subId=1 voiceState=0 dataState=0 FiveGConnected= false dataType= 13
06-08 09:50:22.123 1757 2036 I chatty : uid=1000(system) PowerManagerSer expire 24 lines
06-08 09:50:26.677 4030 4147 D miui.face.FaceService: preInitAuth, com.android.systemui ok
06-08 09:50:26.677 4030 4147 D miui.face.FaceService: onPreInit curMonitor:com.miui.face.util.ClientMonitor@9ae598 hasInit: true
06-08 09:50:26.689 1757 1924 I chatty : uid=1000(system) android.display expire 11 lines
06-08 09:50:26.699 2353 3156 D DisplayFeatureManager: setScreenEffect mode=17 value=1 cookie=1
06-08 09:50:26.817 2353 2353 I MiuiGxzwOverlayView: add overlay view: mLayoutParams.alpha = 0.657
06-08 09:50:26.995 2353 3156 D DisplayFeatureManager: setScreenEffect mode=17 value=1 cookie=1
06-08 09:50:27.067 2560 2560 W ActivityThread: SCHED: com.miui.home/.launcher.Launcher [67, r=210ms, a=100ms, w=21475ms]
06-08 09:50:27.087 1757 9190 I chatty : uid=1000(system) Binder:1757_17 expire 3 lines
06-08 09:50:27.092 1757 2328 I chatty : uid=1000(system) PhotonicModulat expire 7 lines
06-08 09:50:27.293 3203 3203 V DreamService[DozeService]: onCreate()
06-08 09:50:27.318 3203 3203 V DreamService[DozeService]: onBind() intent = Intent { act=android.service.dreams.DreamService flg=0x800000 cmp=com.miui.aod/.doze.DozeService }
06-08 09:50:27.322 3203 3203 V DreamService[DozeService]: Calling onDreamingStarted()
06-08 09:50:27.322 3203 3203 V DreamService[DozeService]: onDreamingStarted()
06-08 09:50:27.708 2353 2369 W KeyguardViewMediator: notifyScreenOn
06-08 09:50:27.708 2353 2353 W KeyguardViewMediator: handleNotifyScreenTurningOn
06-08 09:50:27.709 2353 2353 W KeyguardViewMediator: notifyDrawn
06-08 09:50:27.710 1757 1922 I chatty : uid=1000(system) android.ui expire 5 lines
06-08 09:50:27.743 2353 2353 I MiuiGxzwOverlayView: upldate overlay view alpha: 0.0
06-08 09:50:27.931 1757 2303 I chatty : uid=1000(system) ScreenEffectThr expire 2 lines
06-08 09:50:27.932 1757 1757 I chatty : uid=1000 system_server expire 2 lines
06-08 09:50:27.956 2353 6140 W KeyguardViewMediator: doKeyguard: showing the lock screen
06-08 09:50:27.982 1112 1112 I wificond: Pno scan started for all supported frequencies
06-08 09:50:28.078 1757 1955 I chatty : uid=1000(system) android.bg expire 1 line
06-08 09:50:28.131 2353 2353 V KeyguardDisplayManager: show
06-08 09:50:28.221 1757 9221 I chatty : uid=1000(system) Binder:1757_1B expire 1 line
06-08 09:50:28.679 1757 2301 I chatty : uid=1000(system) ProcessManager expire 1 line
06-08 09:50:28.736 826 911 W EventThreadInspector: slow VSync-sf on display(19261101167563905), count=12, avg=31 ms, max=32 ms.
06-08 09:50:28.769 826 910 W EventThreadInspector: slow VSync-app on display(19261101167563905), count=4, avg=30 ms, max=31 ms.
06-08 09:50:29.694 2353 2353 I MiuiGxzwViewIcon: setGxzwIconTransparent
06-08 09:50:29.721 2353 2353 I MiuiGxzwViewIcon: turnOffScreen
06-08 09:50:29.923 1757 1971 I chatty : uid=1000(system) batterystats-wo expire 7 lines
06-08 09:50:29.966 1757 1925 I chatty : uid=1000(system) android.anim expire 1 line
06-08 09:51:25.063 2353 2767 D NetworkController.MobileSignalController(1): onServiceStateChanged slotId=0 subId=1 voiceState=0 dataState=0 FiveGConnected= false dataType= 2
06-08 09:51:25.077 1757 2272 I chatty : uid=1000(system) ConnectivitySer expire 14 lines
06-08 09:51:51.645 2353 2767 D NetworkController.MobileSignalController(1): onServiceStateChanged slotId=0 subId=1 voiceState=0 dataState=0 FiveGConnected= false dataType= 3
06-08 09:51:55.557 2353 2767 D NetworkController.MobileSignalController(1): onServiceStateChanged slotId=0 subId=1 voiceState=0 dataState=0 FiveGConnected= false dataType= 13
06-08 09:53:13.750 5199 5330 D PowerKeeper.AppStandby: enable standby chain
06-08 09:54:26.111 1112 1112 W wificond: Scan aborted
06-08 09:54:36.479 1112 1112 W wificond: Scan aborted
06-08 09:54:58.759 1112 1112 W wificond: Scan aborted
06-08 09:55:08.219 1112 1112 W wificond: Scan aborted
06-08 09:55:10.441 1112 1112 I wificond: Pno scan result ready event
06-08 09:55:10.532 1112 1112 W wificond: Scan is not started. Ignore abort request
06-08 09:55:10.649 1757 9222 I chatty : uid=1000(system) Binder:1757_1C expire 4 lines
06-08 09:55:10.671 1757 3836 I chatty : uid=1000(system) Binder:1757_E expire 3 lines
06-08 09:55:10.710 1757 9221 I chatty : uid=1000(system) Binder:1757_1B expire 1 line
06-08 09:55:10.723 1112 1112 I wificond: Pno scan stopped
06-08 09:55:10.727 1757 2266 I chatty : uid=1000(system) ClientModeImpl expire 6 lines
06-08 09:55:10.740 1757 2272 I chatty : uid=1000(system) ConnectivitySer expire 33 lines
06-08 09:55:10.778 1757 1956 I chatty : uid=1000(system) ActivityManager expire 12 lines
06-08 09:55:12.086 602 1387 E NetlinkEvent: NetlinkEvent::FindParam(): Parameter 'INTERFACE' not found
06-08 09:55:12.086 602 1387 E NetlinkEvent: NetlinkEvent::FindParam(): Parameter 'STATE' not found
06-08 09:55:12.086 602 1387 E NetlinkEvent: NetlinkEvent::FindParam(): Parameter 'TIME_NS' not found
06-08 09:55:12.086 602 1387 E NetlinkEvent: NetlinkEvent::FindParam(): Parameter 'UID' not found
06-08 09:55:12.126 1757 2287 I chatty : uid=1000(system) Binder:1757_4 expire 8 lines
06-08 09:55:12.141 1757 1971 I chatty : uid=1000(system) batterystats-wo expire 8 lines
06-08 09:55:12.164 1757 2617 I chatty : uid=1000(system) Binder:1757_6 expire 6 lines
06-08 09:55:12.168 1757 2223 I chatty : uid=1000(system) Binder:1757_3 expire 1 line
06-08 09:55:12.211 4107 4107 E ActivityThread: Failed to find provider info for com.miui.whetstone
06-08 09:55:17.046 1757 8942 I chatty : uid=1000(system) Binder:1757_15 expire 5 lines
06-08 09:55:17.742 2353 2767 D NetworkController.MobileSignalController(1): onServiceStateChanged slotId=0 subId=1 voiceState=0 dataState=0 FiveGConnected= false dataType= 13
06-08 09:55:28.274 2353 2767 D NetworkController.MobileSignalController(1): onServiceStateChanged slotId=0 subId=1 voiceState=0 dataState=0 FiveGConnected= false dataType= 13
06-08 09:58:12.886 2353 2353 I MiuiGxzwViewIcon: detect device put up
06-08 09:58:12.886 2353 2353 I MiuiGxzwViewIcon: setGxzwIconOpaque
06-08 09:58:12.897 2353 2353 I MiuiGxzwViewIcon: turnOnScreen
06-08 09:58:12.910 1757 2036 I chatty : uid=1000(system) PowerManagerSer expire 25 lines
06-08 09:58:12.911 2353 13564 W KeyguardViewMediator: notifyScreenOn
06-08 09:58:12.912 2353 2353 W KeyguardViewMediator: handleNotifyScreenTurningOn
06-08 09:58:12.912 2353 2353 W KeyguardViewMediator: notifyDrawn
06-08 09:58:12.913 1757 1922 I chatty : uid=1000(system) android.ui expire 11 lines
06-08 09:58:12.929 1757 2328 I chatty : uid=1000(system) PhotonicModulat expire 13 lines
06-08 09:58:12.930 1757 1924 I chatty : uid=1000(system) android.display expire 16 lines
06-08 09:58:13.130 1757 2303 I chatty : uid=1000(system) ScreenEffectThr expire 4 lines
06-08 09:58:13.177 826 910 W EventThreadInspector: slow VSync-app on display(19261101167563905), count=9, avg=31 ms, max=31 ms.
06-08 09:58:14.456 2353 2353 I MiuiGxzwViewIcon: detect device put up
06-08 09:58:17.464 2353 2353 I MiuiGxzwViewIcon: setGxzwIconTransparent
06-08 09:58:17.472 2353 2353 I MiuiGxzwViewIcon: turnOffScreen
06-08 09:58:17.765 2353 2353 W BpBinder: Slow Binder: BpBinder transact took 213ms, interface=android.ui.ISurfaceComposer, code=8 oneway=false
06-08 09:58:17.765 1757 1925 I chatty : uid=1000(system) android.anim expire 11 lines
06-08 09:58:17.788 3304 3304 W BpBinder: Slow Binder: BpBinder transact took 250ms, interface=android.app.IActivityManager, code=29 oneway=false
06-08 09:58:18.678 1757 1757 I chatty : uid=1000 system_server expire 23 lines
06-08 09:58:18.703 2353 2353 I MiuiGxzwTouchHelper: onTouch: originalAction = ACTION_DOWN, action = ACTION_DOWN, x = 187,000000, y = 58,000000, pressure = 2048,000000, area = 12,000000
06-08 09:58:18.705 2353 2353 I MiuiGxzwViewIcon: turnOnScreen
06-08 09:58:18.705 2353 2353 I MiuiGxzwViewIcon: setGxzwIconOpaque
06-08 09:58:18.709 2353 2353 I MiuiGxzwHightlightContainer: show highlight view
06-08 09:58:18.709 2353 2353 I MiuiGxzwOverlayView: upldate overlay view alpha: 0.657
06-08 09:58:18.711 2353 2353 I MiuiGxzwTouchHelper: onTouch: originalAction = ACTION_UP, action = ACTION_UP, x = 185,000000, y = 53,000000, pressure = 2048,000000, area = 9,000000
06-08 09:58:18.714 2353 3105 W KeyguardViewMediator: notifyScreenOn
06-08 09:58:18.715 2353 2353 I MiuiGxzwOverlayView: upldate overlay view alpha: 0.0
06-08 09:58:18.715 2353 2353 I MiuiGxzwHightlightContainer: dismiss highlight view
06-08 09:58:18.731 2353 2353 W KeyguardViewMediator: handleNotifyScreenTurningOn
06-08 09:58:18.731 2353 2353 W KeyguardViewMediator: notifyDrawn
06-08 09:58:19.774 2353 2353 I MiuiGxzwTouchHelper: onTouch: originalAction = ACTION_DOWN, action = ACTION_DOWN, x = 176,000000, y = 185,000000, pressure = 2048,000000, area = 9,000000
06-08 09:58:19.787 2353 2353 I MiuiGxzwHightlightContainer: show highlight view
06-08 09:58:19.794 2353 2353 I MiuiGxzwOverlayView: upldate overlay view alpha: 0.657
06-08 09:58:19.922 826 826 W SurfaceFlingerInspector: Slow frame composition: xiaomi f4 41 doComposition took 79 ms
