06-08 11:50:50.353 1757 4296 I chatty : uid=1000(system) Binder:1757_10 expire 1 line
06-08 11:50:50.362 1757 2223 I chatty : uid=1000(system) Binder:1757_3 expire 5 lines
06-08 11:50:50.367 1757 1924 I chatty : uid=1000(system) android.display expire 11 lines
06-08 11:50:50.405 1757 9228 I chatty : uid=1000(system) Binder:1757_1D expire 2 lines
06-08 11:50:50.421 1757 3838 I chatty : uid=1000(system) Binder:1757_F expire 5 lines
06-08 11:51:01.072 1757 2328 I chatty : uid=1000(system) PhotonicModulat expire 10 lines
06-08 11:51:01.099 1757 1971 I chatty : uid=1000(system) batterystats-wo expire 20 lines
06-08 11:51:01.240 826 911 W EventThreadInspector: slow VSync-sf on display(19261101167563905), count=59, avg=37 ms, max=202 ms.
06-08 11:51:51.204 1757 1957 I chatty : uid=1000(system) ActivityManager expire 4 lines
06-08 11:51:51.276 1757 1803 I chatty : uid=1000(system) Binder:1757_1 expire 10 lines
06-08 11:51:51.364 21618 21618 I SystemConfig: Adding association: com.google.android.as <- com.android.providers.contacts
06-08 11:51:51.364 21618 21618 I SystemConfig: Adding association: com.google.android.as <- com.android.providers.media
06-08 11:51:51.364 21618 21618 I SystemConfig: Adding association: com.google.android.as <- com.android.providers.telephony
06-08 11:51:51.364 21618 21618 I SystemConfig: Adding association: com.google.android.as <- com.android.systemui
06-08 11:51:51.364 21618 21618 I SystemConfig: Adding association: com.google.android.as <- com.google.android.gms
06-08 11:51:51.364 21618 21618 I SystemConfig: Adding association: com.google.android.as <- com.google.android.gsf
06-08 11:51:51.371 21618 21618 W SystemConfig: No directory /product_services/etc/sysconfig, skipping
06-08 11:51:51.371 21618 21618 W SystemConfig: No directory /product_services/etc/permissions, skipping
06-08 11:51:51.561 31447 21617 W BpBinder: Slow Binder: BpBinder transact took 371ms, interface=android.content.IContentProvider, code=1 oneway=false
06-08 11:51:51.607 1757 3836 I chatty : uid=1000(system) Binder:1757_E expire 6 lines
06-08 11:51:51.613 1757 1956 I chatty : uid=1000(system) ActivityManager expire 2 lines
06-08 11:51:53.635 826 911 W EventThreadInspector: slow VSync-sf on display(19261101167563905), count=1, avg=124 ms, max=124 ms.
06-08 11:52:00.248 826 911 W EventThreadInspector: slow VSync-sf on display(19261101167563905), count=3, avg=30 ms, max=42 ms.
06-08 11:52:01.105 826 910 W EventThreadInspector: slow VSync-app on display(19261101167563905), count=58, avg=28 ms, max=42 ms.
06-08 11:52:01.583 2353 2767 D NetworkController.MobileSignalController(1): onServiceStateChanged slotId=0 subId=1 voiceState=0 dataState=0 FiveGConnected= false dataType= 3
06-08 11:52:01.613 1757 2272 I chatty : uid=1000(system) ConnectivitySer expire 8 lines
06-08 11:52:08.422 1757 1971 I chatty : uid=1000(system) batterystats-wo expire 11 lines
06-08 11:52:08.939 2353 2767 D NetworkController.MobileSignalController(1): onServiceStateChanged slotId=0 subId=1 voiceState=0 dataState=0 FiveGConnected= false dataType= 13
06-08 11:52:53.027 3078 30905 W BpBinder: Slow Binder: BpBinder transact took 223ms, interface=android.app.IActivityManager, code=204 oneway=false
06-08 11:53:01.085 1757 2328 I chatty : uid=1000(system) PhotonicModulat expire 11 lines
06-08 11:53:01.088 1757 1924 I chatty : uid=1000(system) android.display expire 11 lines
06-08 11:53:01.098 826 911 W EventThreadInspector: slow VSync-sf on display(19261101167563905), count=4, avg=25 ms, max=36 ms.
06-08 11:53:22.650 1757 1757 I chatty : uid=1000 system_server expire 11 lines
06-08 11:54:01.253 826 911 W EventThreadInspector: slow VSync-sf on display(19261101167563905), count=7, avg=23 ms, max=42 ms.
06-08 11:54:02.009 826 910 W EventThreadInspector: slow VSync-app on display(19261101167563905), count=52, avg=28 ms, max=37 ms.
06-08 11:54:51.057 826 826 W SurfaceFlingerInspector: Slow frame composition: xiaomi f4 41 prepareFrame took 210 ms
06-08 11:54:55.027 1071 1071 W BpBinder: Slow Binder: BpBinder transact took 201ms, interface=, code=2 oneway=false
06-08 11:54:55.028 1757 2957 I chatty : uid=1000(system) Binder:1757_A expire 10 lines
06-08 11:54:55.392 1757 2287 I chatty : uid=1000(system) Binder:1757_4 expire 4 lines
06-08 11:55:38.519 2353 2767 D NetworkController.MobileSignalController(1): onServiceStateChanged slotId=0 subId=1 voiceState=0 dataState=0 FiveGConnected= false dataType= 3
06-08 11:55:38.700 826 911 W EventThreadInspector: slow VSync-sf on display(19261101167563905), count=6, avg=53 ms, max=211 ms.
06-08 11:55:57.154 1757 8942 I chatty : uid=1000(system) Binder:1757_15 expire 8 lines
06-08 11:56:01.238 826 911 W EventThreadInspector: slow VSync-sf on display(19261101167563905), count=1, avg=31 ms, max=31 ms.
06-08 11:56:02.061 826 910 W EventThreadInspector: slow VSync-app on display(19261101167563905), count=59, avg=28 ms, max=32 ms.
06-08 11:56:41.074 2353 2767 D NetworkController.MobileSignalController(1): onServiceStateChanged slotId=0 subId=1 voiceState=0 dataState=0 FiveGConnected= false dataType= 13
06-08 11:56:41.224 1757 2328 I chatty : uid=1000(system) PhotonicModulat expire 13 lines
06-08 11:56:41.225 1757 1924 I chatty : uid=1000(system) android.display expire 13 lines
06-08 11:56:51.281 1757 1971 I chatty : uid=1000(system) batterystats-wo expire 10 lines
06-08 11:57:59.014 3078 30905 W BpBinder: Slow Binder: BpBinder transact took 211ms, interface=android.app.IActivityManager, code=204 oneway=false
06-08 11:58:00.207 826 911 W EventThreadInspector: slow VSync-sf on display(19261101167563905), count=13, avg=37 ms, max=203 ms.
06-08 11:58:00.470 826 910 W EventThreadInspector: slow VSync-app on display(19261101167563905), count=39, avg=28 ms, max=45 ms.
06-08 11:58:01.227 826 910 W EventThreadInspector: slow VSync-app on display(19261101167563905), count=18, avg=29 ms, max=30 ms.
06-08 11:59:01.023 1071 1071 W BpBinder: Slow Binder: BpBinder transact took 215ms, interface=, code=2 oneway=false
06-08 11:59:01.028 3078 30905 W BpBinder: Slow Binder: BpBinder transact took 230ms, interface=android.app.IActivityManager, code=204 oneway=false
06-08 11:59:50.645 3078 30905 W BpBinder: Slow Binder: BpBinder transact took 208ms, interface=android.app.IActivityTaskManager, code=167 oneway=false
06-08 11:59:58.955 3078 30905 W BpBinder: Slow Binder: BpBinder transact took 218ms, interface=android.app.IActivityTaskManager, code=167 oneway=false
06-08 12:00:00.217 826 911 W EventThreadInspector: slow VSync-sf on display(19261101167563905), count=7, avg=22 ms, max=38 ms.
06-08 12:00:00.777 826 910 W EventThreadInspector: slow VSync-app on display(19261101167563905), count=36, avg=28 ms, max=32 ms.
06-08 12:00:05.014 826 826 W SurfaceFlingerInspector: Slow frame composition: xiaomi f4 41 prepareFrame took 219 ms
06-08 12:00:09.104 1112 1112 W wificond: Scan aborted
06-08 12:00:30.015 1112 1112 W wificond: Scan aborted
06-08 12:00:30.026 4340 5183 W BpBinder: Slow Binder: BpBinder transact took 226ms, interface=android.app.IActivityManager, code=10 oneway=false
06-08 12:00:52.026 1112 1112 W wificond: Scan aborted
06-08 12:00:58.028 3078 30905 W BpBinder: Slow Binder: BpBinder transact took 218ms, interface=android.app.IActivityTaskManager, code=167 oneway=false
06-08 12:00:58.318 1112 1112 W wificond: Scan aborted
06-08 12:01:00.209 826 911 W EventThreadInspector: slow VSync-sf on display(19261101167563905), count=5, avg=28 ms, max=46 ms.
06-08 12:01:04.067 1757 2328 I chatty : uid=1000(system) PhotonicModulat expire 10 lines
06-08 12:01:04.067 1757 1924 I chatty : uid=1000(system) android.display expire 10 lines
06-08 12:01:04.329 1112 1112 W wificond: Scan aborted
06-08 12:01:05.046 826 911 W EventThreadInspector: slow VSync-sf on display(19261101167563905), count=6, avg=30 ms, max=68 ms.
06-08 12:01:05.441 826 910 W EventThreadInspector: slow VSync-app on display(19261101167563905), count=59, avg=27 ms, max=46 ms.
06-08 12:01:05.606 826 911 W EventThreadInspector: slow VSync-sf on display(19261101167563905), count=1, avg=31 ms, max=31 ms.
06-08 12:01:26.027 1112 1112 W wificond: Scan aborted
06-08 12:02:01.023 3078 30905 W BpBinder: Slow Binder: BpBinder transact took 210ms, interface=android.app.IActivityManager, code=204 oneway=false
06-08 12:02:01.062 1757 2328 I chatty : uid=1000(system) PhotonicModulat expire 14 lines
06-08 12:02:01.062 1757 1924 I chatty : uid=1000(system) android.display expire 10 lines
06-08 12:02:01.258 826 911 W EventThreadInspector: slow VSync-sf on display(19261101167563905), count=1, avg=30 ms, max=30 ms.
06-08 12:02:02.673 826 910 W EventThreadInspector: slow VSync-app on display(19261101167563905), count=60, avg=28 ms, max=32 ms.
06-08 12:02:57.507 3078 30905 W BpBinder: Slow Binder: BpBinder transact took 211ms, interface=android.app.IActivityTaskManager, code=167 oneway=false
06-08 12:03:01.020 1071 1071 W BpBinder: Slow Binder: BpBinder transact took 211ms, interface=, code=2 oneway=false
06-08 12:03:01.025 3078 30905 W BpBinder: Slow Binder: BpBinder transact took 223ms, interface=android.app.IActivityTaskManager, code=167 oneway=false
06-08 12:03:01.028 1757 1803 I chatty : uid=1000(system) Binder:1757_1 expire 3 lines
06-08 12:03:07.033 3078 30905 W BpBinder: Slow Binder: BpBinder transact took 220ms, interface=android.app.IActivityManager, code=204 oneway=false
06-08 12:03:23.701 2353 2353 I MiuiGxzwViewIcon: detect device put up
06-08 12:03:23.701 2353 2353 I MiuiGxzwViewIcon: setGxzwIconOpaque
06-08 12:03:24.747 1757 8943 I chatty : uid=1000(system) Binder:1757_16 expire 2 lines
06-08 12:03:26.042 1757 2036 I chatty : uid=1000(system) PowerManagerSer expire 3 lines
06-08 12:03:26.373 826 911 W EventThreadInspector: slow VSync-sf on display(19261101167563905), count=8, avg=50 ms, max=220 ms.
06-08 12:03:26.389 1757 2328 I chatty : uid=1000(system) PhotonicModulat expire 13 lines
06-08 12:03:26.747 2353 2353 I MiuiGxzwViewIcon: setGxzwIconTransparent
06-08 12:03:26.754 2353 2353 I MiuiGxzwViewIcon: turnOffScreen
06-08 12:03:29.464 1757 2248 I chatty : uid=1000(system) InputReader expire 2 lines
06-08 12:03:29.476 2353 2353 I MiuiGxzwViewIcon: onKeycodeGoto
06-08 12:03:29.476 2353 2353 I MiuiGxzwViewIcon: setGxzwIconOpaque
06-08 12:03:30.178 2353 2353 I MiuiGxzwTouchHelper: onTouch: originalAction = ACTION_DOWN, action = ACTION_DOWN, x = 145,000000, y = 150,000000, pressure = 2048,000000, area = 12,000000
06-08 12:03:30.185 1757 1924 I chatty : uid=1000(system) android.display expire 1 line
06-08 12:03:30.191 2353 2353 I MiuiGxzwHightlightContainer: show highlight view
06-08 12:03:30.195 2353 2353 I MiuiGxzwOverlayView: upldate overlay view alpha: 0.657
06-08 12:03:30.282 826 910 W EventThreadInspector: slow VSync-app on display(19261101167563905), count=30, avg=29 ms, max=49 ms.
06-08 12:03:30.316 826 826 W SurfaceFlingerInspector: Slow frame composition: xiaomi f4 41 doComposition took 63 ms
06-08 12:03:30.415 826 911 W EventThreadInspector: slow VSync-sf on display(19261101167563905), count=10, avg=42 ms, max=205 ms.
06-08 12:03:30.579 2353 2353 I miui_keyguard_fingerprint: onAuthenticationSucceeded: authUserId = 0
06-08 12:03:30.583 1757 1757 I chatty : uid=1000 system_server expire 8 lines
06-08 12:03:30.622 1757 2036 I chatty : uid=1000(system) PowerManagerSer expire 17 lines
06-08 12:03:30.636 520 21941 D vold : The trim thread is not running
06-08 12:03:30.637 520 21941 D vold : idle maintenance stopped
06-08 12:03:30.639 1757 2328 I chatty : uid=1000(system) PhotonicModulat expire 1 line
06-08 12:03:30.640 1757 1924 I chatty : uid=1000(system) android.display expire 12 lines
06-08 12:03:30.648 1112 1112 I wificond: Pno scan stopped
06-08 12:03:30.650 1757 1921 I chatty : uid=1000(system) android.fg expire 3 lines
06-08 12:03:30.711 2353 2353 I MiuiGxzwTouchHelper: onTouch: originalAction = ACTION_UP, action = ACTION_UP, x = 133,000000, y = 161,000000, pressure = 2048,000000, area = 16,000000
06-08 12:03:30.716 2353 2353 I MiuiGxzwOverlayView: upldate overlay view alpha: 0.0
06-08 12:03:30.725 1757 2287 I chatty : uid=1000(system) Binder:1757_4 expire 10 lines
06-08 12:03:30.727 3203 3203 V DreamService[DozeService]: wakeUp(): fromSystem=true, mWaking=false, mFinished=false
06-08 12:03:30.727 3203 3203 V DreamService[DozeService]: finish(): mFinished=false
06-08 12:03:30.728 1757 9222 I chatty : uid=1000(system) Binder:1757_1C expire 2 lines
06-08 12:03:30.728 2353 2353 I MiuiGxzwHightlightContainer: dismiss highlight view
06-08 12:03:30.737 3203 3203 V DreamService[DozeService]: detach(): Calling onDreamingStopped()
06-08 12:03:30.737 3203 3203 V DreamService[DozeService]: onDreamingStopped()
06-08 12:03:30.747 2353 2353 E miui_face: start face unlock fail because device has unlocked
06-08 12:03:30.751 2353 2353 I MiuiGxzwOverlayView: upldate overlay view alpha: 0.657
06-08 12:03:30.760 1757 2240 I chatty : uid=1000(system) AlarmManager expire 1 line
06-08 12:03:30.762 3203 3203 V DreamService[DozeService]: finish(): mFinished=true
06-08 12:03:30.763 3203 3203 V DreamService[DozeService]: onDestroy()
06-08 12:03:30.790 2353 2353 I MiuiGxzwOverlayView: remove overlay view
06-08 12:03:30.798 2353 3726 I KeyguardViewMediator: call fw keyguardGoingAway: flags = 8
06-08 12:03:30.800 1757 1925 I chatty : uid=1000(system) android.anim expire 11 lines
06-08 12:03:30.806 1757 2377 I chatty : uid=1000(system) Binder:1757_5 expire 12 lines
06-08 12:03:30.809 1757 8942 I chatty : uid=1000(system) Binder:1757_15 expire 1 line
06-08 12:03:30.816 2353 3156 D DisplayFeatureManager: setScreenEffect mode=17 value=0 cookie=1
06-08 12:03:30.818 1757 2223 I chatty : uid=1000(system) Binder:1757_3 expire 9 lines
06-08 12:03:30.833 2353 2767 D NetworkController.MobileSignalController(1): onServiceStateChanged slotId=0 subId=1 voiceState=0 dataState=0 FiveGConnected= false dataType= 13
06-08 12:03:30.921 2353 2353 I KeyguardViewMediator: handleStartKeyguardExitAnimation startTime=4233538 fadeoutDuration=300
06-08 12:03:30.924 1757 1957 I chatty : uid=1000(system) ActivityManager expire 20 lines
06-08 12:03:30.939 2353 2353 V KeyguardDisplayManager: hide
06-08 12:03:30.940 2353 2353 I miui_keyguard_fingerprint: fingerprint unlock time: wait fw call startKeyguardExitAnimation = 74 ms total = 312 ms
06-08 12:03:30.958 1757 1803 I chatty : uid=1000(system) Binder:1757_1 expire 10 lines
06-08 12:03:31.032 2353 2767 D NetworkController.MobileSignalController(1): onServiceStateChanged slotId=0 subId=1 voiceState=0 dataState=0 FiveGConnected= false dataType= 13
06-08 12:03:31.055 1757 2957 I chatty : uid=1000(system) Binder:1757_A expire 2 lines
06-08 12:03:31.066 1757 1956 I chatty : uid=1000(system) ActivityManager expire 10 lines
06-08 12:03:31.066 4030 4030 D miui.face.FaceService: lock screen passed
06-08 12:03:31.067 5199 5330 D PowerKeeper.AppStandby: disable standby chain
06-08 12:03:31.068 4030 4121 D miui.face.FaceService: FaceAuthenHelper mReleaseIfAuthenticated Runnable run ... ...
06-08 12:03:31.068 4030 4121 D miui.face.FaceService: release memory... ...
06-08 12:03:31.104 2560 2712 E ActivityThread: Failed to find provider info for com.android.thememanager.set_lockwallpaper
06-08 12:03:31.192 1757 1955 I chatty : uid=1000(system) android.bg expire 8 lines
06-08 12:03:31.240 21953 21953 I SystemConfig: Adding association: com.google.android.as <- com.android.providers.contacts
06-08 12:03:31.240 21953 21953 I SystemConfig: Adding association: com.google.android.as <- com.android.providers.media
06-08 12:03:31.240 21953 21953 I SystemConfig: Adding association: com.google.android.as <- com.android.providers.telephony
06-08 12:03:31.240 21953 21953 I SystemConfig: Adding association: com.google.android.as <- com.android.systemui
06-08 12:03:31.240 21953 21953 I SystemConfig: Adding association: com.google.android.as <- com.google.android.gms
06-08 12:03:31.240 21953 21953 I SystemConfig: Adding association: com.google.android.as <- com.google.android.gsf
06-08 12:03:31.248 21953 21953 W SystemConfig: No directory /product_services/etc/sysconfig, skipping
06-08 12:03:31.248 21953 21953 W SystemConfig: No directory /product_services/etc/permissions, skipping
06-08 12:03:32.219 2353 2767 D NetworkController.MobileSignalController(1): onServiceStateChanged slotId=0 subId=1 voiceState=0 dataState=0 FiveGConnected= false dataType= 13
06-08 12:03:32.281 2353 2767 D NetworkController.MobileSignalController(1): onServiceStateChanged slotId=0 subId=1 voiceState=0 dataState=0 FiveGConnected= false dataType= 13
06-08 12:03:32.294 1757 2272 I chatty : uid=1000(system) ConnectivitySer expire 10 lines
06-08 12:03:32.423 2560 2560 I Timeline: Timeline: Activity_launch_request time:4235112
06-08 12:03:32.473 2560 2560 W ActivityThread: SCHED: com.miui.home/.launcher.Launcher [80, r=178ms, a=43ms, w=1646ms]
06-08 12:03:32.552 1757 2301 I chatty : uid=1000(system) ProcessManager expire 4 lines
06-08 12:03:32.902 22035 22035 D DisplayFeatureManager: initProxyLoced CONFIG_SERVICENAME_RESOURCEID = 0 hidlServiceName = vendor.xiaomi.hardware.displayfeature@1.0::IDisplayFeature
06-08 12:03:33.073 2353 3045 D FlashlightController: TorchCallback: onTorchModeUnavailable
06-08 12:03:33.124 22035 22035 W Activity: Slow Operation: Activity com.android.camera/.Camera onStart took 210ms
06-08 12:03:33.168 22035 22035 W Looper : Slow Looper main: Activity com.android.camera/.Camera is 624ms late (wall=0ms running=0ms ClientTransaction{ callbacks=[android.app.servertransaction.TopResumedActivityChangeItem] }) because of 3 msg, msg 2 took 286ms (seq=2 running=147ms runnable=28ms io=73ms late=2ms h=android.app.ActivityThread$H w=110), msg 3 took 336ms (seq=3 running=206ms runnable=31ms io=40ms late=287ms h=android.app.ActivityThread$H w=159)
06-08 12:03:33.304 22110 22110 I SystemConfig: Adding association: com.google.android.as <- com.android.providers.contacts
06-08 12:03:33.304 22110 22110 I SystemConfig: Adding association: com.google.android.as <- com.android.providers.media
06-08 12:03:33.304 22110 22110 I SystemConfig: Adding association: com.google.android.as <- com.android.providers.telephony
06-08 12:03:33.304 22110 22110 I SystemConfig: Adding association: com.google.android.as <- com.android.systemui
06-08 12:03:33.304 22110 22110 I SystemConfig: Adding association: com.google.android.as <- com.google.android.gms
06-08 12:03:33.304 22110 22110 I SystemConfig: Adding association: com.google.android.as <- com.google.android.gsf
06-08 12:03:33.310 22110 22110 W SystemConfig: No directory /product_services/etc/sysconfig, skipping
06-08 12:03:33.310 22110 22110 W SystemConfig: No directory /product_services/etc/permissions, skipping
06-08 12:03:33.395 1757 3838 I chatty : uid=1000(system) Binder:1757_F expire 5 lines
06-08 12:03:35.057 1757 3836 I chatty : uid=1000(system) Binder:1757_E expire 1 line
06-08 12:03:41.733 1757 3562 I chatty : uid=1000(system) Binder:1757_B expire 10 lines
06-08 12:03:44.556 1757 9191 I chatty : uid=1000(system) Binder:1757_18 expire 6 lines
06-08 12:03:44.591 1757 9221 I chatty : uid=1000(system) Binder:1757_1B expire 10 lines
06-08 12:03:45.411 1757 8943 I chatty : uid=1000(system) Binder:1757_16 expire 2 lines
06-08 12:03:46.641 826 826 W SurfaceFlingerInspector: Slow frame composition: xiaomi f4 41 prepareFrame took 54 ms
06-08 12:03:47.751 1757 9230 I chatty : uid=1000(system) Binder:1757_1F expire 6 lines
06-08 12:03:48.333 28319 28340 E ActivityThread: Failed to find provider info for com.miui.gallery.scanner
06-08 12:03:48.401 1757 1956 I chatty : uid=1000(system) ActivityManager expire 16 lines
06-08 12:03:49.642 28319 28718 E ActivityThread: Failed to find provider info for com.miui.gallery.scanner
06-08 12:03:50.363 22994 22994 W Looper : Slow Looper main: Long Msg: seq=4 plan=12:03:48.718 late=467ms wall=1175ms running=705ms runnable=353ms io=18ms reclaim=75ms h=android.app.ActivityThread$H w=114
06-08 12:03:50.686 23085 23085 W Looper : Slow Looper main: Long Msg: seq=2 plan=12:03:49.597 late=37ms wall=1051ms running=266ms runnable=434ms io=234ms reclaim=14ms h=android.app.ActivityThread$H w=110
06-08 12:03:50.722 1757 2860 I chatty : uid=1000(system) Binder:1757_9 expire 5 lines
06-08 12:03:50.793 1757 2733 I chatty : uid=1000(system) Binder:1757_8 expire 3 lines
06-08 12:03:51.849 28319 16917 E ActivityThread: Failed to find provider info for com.miui.gallery.scanner
06-08 12:03:54.748 28319 28356 E ActivityThread: Failed to find provider info for com.miui.gallery.scanner
06-08 12:03:56.418 22035 22035 I Timeline: Timeline: Activity_launch_request time:4259106
06-08 12:03:56.476 22035 22035 W ActivityThread: SCHED: com.android.camera/.Camera [57, r=1657ms, a=1219ms, w=23352ms]
06-08 12:03:56.489 22035 22035 D DisplayFeatureManager: setScreenEffect mode=14 value=0
06-08 12:03:56.547 2353 15269 I KeyguardViewMediator: setOccluded true
06-08 12:03:56.753 2353 5026 I KeyguardViewMediator: setOccluded false
06-08 12:03:56.759 2353 2353 E miui_face: start face unlock fail, mKeyguardShowing=false;isDeviceInteractive=true
06-08 12:03:56.906 22110 22110 W Looper : Slow Looper main: Activity com.miui.gallery/.activity.ExternalPhotoPageActivity is 360ms late (wall=0ms running=0ms ClientTransaction{ callbacks=[android.app.servertransaction.TopResumedActivityChangeItem] }) because of 1 msg, msg 1 took 360ms (seq=65 running=137ms runnable=37ms io=92ms h=android.app.ActivityThread$H w=159)
06-08 12:03:58.169 22035 22202 W BpBinder: Slow Binder: BpBinder transact took 279ms, interface=android.media.IAudioRecord, code=2 oneway=false
06-08 12:03:58.482 1757 8939 I chatty : uid=1000(system) Binder:1757_14 expire 4 lines
06-08 12:03:58.493 1757 1924 I chatty : uid=1000(system) android.display expire 5 lines
06-08 12:03:59.033 2353 3045 D FlashlightController: TorchCallback: onTorchModeChanged: enabled: false
06-08 12:03:59.052 22035 22061 W BpBinder: Slow Binder: BpBinder transact took 552ms, interface=android.hardware.camera2.ICameraDeviceUser, code=1 oneway=false
06-08 12:03:59.515 1757 1957 I chatty : uid=1000(system) ActivityManager expire 4 lines
06-08 12:04:00.660 23537 23537 W Looper : Slow Looper main: Long Msg: seq=2 plan=12:03:59.543 late=1ms wall=1115ms running=230ms runnable=13ms io=793ms h=android.app.ActivityThread$H w=110
06-08 12:04:01.234 1757 1956 I chatty : uid=1000(system) ActivityManager expire 2 lines
06-08 12:04:01.326 23537 23567 W BpBinder: Slow Binder: BpBinder transact took 254ms, interface=com.google.android.gms.common.internal.IGmsServiceBroker, code=46 oneway=false
06-08 12:04:01.345 22035 22035 W BpBinder: Slow Binder: BpBinder transact took 274ms, interface=com.google.android.apps.gsa.publicsearch.IPublicSearchService, code=1 oneway=false
06-08 12:04:02.770 2353 2353 I MiuiChargeManager: notifyBatteryStatusChanged: status: 3 isPlugged: 0 level: 92 wireState: -1 chargeSpeed: 0 mWiredChargeType: 0 mWirelessChargeType: 0 chargeDeviceType: -1
06-08 12:04:02.774 5199 5199 D PowerChecker_Service: battery status = 3 plug = 0 level = 92
06-08 12:04:02.805 1757 1971 I chatty : uid=1000(system) batterystats-wo expire 8 lines
06-08 12:04:07.585 22110 22110 W ActivityThread: SCHED: com.miui.gallery/.activity.ExternalPhotoPageActivity [70, r=818ms, a=336ms, w=10722ms]
06-08 12:04:07.589 1757 9221 I chatty : uid=1000(system) Binder:1757_1B expire 5 lines
06-08 12:04:07.594 1757 9231 I chatty : uid=1000(system) Binder:1757_20 expire 2 lines
06-08 12:04:07.653 2353 3045 D FlashlightController: TorchCallback: onTorchModeUnavailable
06-08 12:04:07.834 1757 1925 I chatty : uid=1000(system) android.anim expire 3 lines
06-08 12:04:08.104 22035 22060 W BpBinder: Slow Binder: BpBinder transact took 293ms, interface=android.hardware.camera2.ICameraDeviceUser, code=6 oneway=false
06-08 12:04:08.201 22035 22083 W BpBinder: Slow Binder: BpBinder transact took 441ms, interface=android.content.IContentProvider, code=23 oneway=false
06-08 12:04:13.423 2353 2767 D NetworkController.MobileSignalController(1): onServiceStateChanged slotId=0 subId=1 voiceState=0 dataState=0 FiveGConnected= false dataType= 13
06-08 12:04:14.234 1757 2036 I chatty : uid=1000(system) PowerManagerSer expire 13 lines
06-08 12:04:22.535 2353 2767 D NetworkController.MobileSignalController(1): onServiceStateChanged slotId=0 subId=1 voiceState=0 dataState=0 FiveGConnected= false dataType= 13
06-08 12:04:22.585 2353 2767 D NetworkController.MobileSignalController(1): onServiceStateChanged slotId=0 subId=1 voiceState=0 dataState=0 FiveGConnected= false dataType= 13
06-08 12:04:24.478 2353 3045 D FlashlightController: TorchCallback: onTorchModeChanged: enabled: false
06-08 12:04:32.380 2353 2767 D NetworkController.MobileSignalController(1): onServiceStateChanged slotId=0 subId=1 voiceState=0 dataState=0 FiveGConnected= false dataType= 13
06-08 12:04:39.609 2353 2767 D NetworkController.MobileSignalController(1): onServiceStateChanged slotId=0 subId=1 voiceState=0 dataState=0 FiveGConnected= false dataType= 13
06-08 12:04:55.521 2353 2767 D NetworkController.MobileSignalController(1): onServiceStateChanged slotId=0 subId=1 voiceState=0 dataState=0 FiveGConnected= false dataType= 13
06-08 12:05:02.686 1757 2036 I chatty : uid=1000(system) PowerManagerSer expire 11 lines
06-08 12:05:02.689 1757 1757 I chatty : uid=1000 system_server expire 13 lines
06-08 12:05:09.118 1757 9230 I chatty : uid=1000(system) Binder:1757_1F expire 3 lines
06-08 12:05:16.586 1757 2287 I chatty : uid=1000(system) Binder:1757_4 expire 1 line
06-08 12:05:17.602 1757 3838 I chatty : uid=1000(system) Binder:1757_F expire 1 line
06-08 12:05:18.810 1757 2272 I chatty : uid=1000(system) ConnectivitySer expire 5 lines
06-08 12:05:18.859 2353 2767 D NetworkController.MobileSignalController(1): onServiceStateChanged slotId=0 subId=1 voiceState=0 dataState=0 FiveGConnected= false dataType= 13
06-08 12:05:18.939 1757 1971 I chatty : uid=1000(system) batterystats-wo expire 19 lines
06-08 12:05:24.221 4030 4147 D miui.face.FaceService: preInitAuth, com.android.systemui ok
06-08 12:05:24.221 4030 4147 D miui.face.FaceService: onPreInit curMonitor:com.miui.face.util.ClientMonitor@ad82496 hasInit: true
06-08 12:05:24.303 1757 1924 I chatty : uid=1000(system) android.display expire 19 lines
06-08 12:05:24.349 2353 3156 D DisplayFeatureManager: setScreenEffect mode=17 value=1 cookie=1
06-08 12:05:24.457 2353 2353 I MiuiGxzwOverlayView: add overlay view: mLayoutParams.alpha = 0.657
06-08 12:05:24.531 1757 2036 I chatty : uid=1000(system) PowerManagerSer expire 16 lines
06-08 12:05:24.576 22035 22035 W ActivityThread: SCHED: com.android.camera/.Camera [56, r=2670ms, a=2058ms, w=76969ms]
06-08 12:05:24.578 22035 22035 D DisplayFeatureManager: setScreenEffect mode=14 value=0
06-08 12:05:24.595 1757 2328 I chatty : uid=1000(system) PhotonicModulat expire 12 lines
06-08 12:05:24.632 2353 3156 D DisplayFeatureManager: setScreenEffect mode=17 value=1 cookie=1
06-08 12:05:24.756 1757 1925 I chatty : uid=1000(system) android.anim expire 1 line
06-08 12:05:24.802 1757 1921 I chatty : uid=1000(system) android.fg expire 1 line
06-08 12:05:24.878 3203 3203 V DreamService[DozeService]: onCreate()
06-08 12:05:24.929 3203 3203 V DreamService[DozeService]: onBind() intent = Intent { act=android.service.dreams.DreamService flg=0x800000 cmp=com.miui.aod/.doze.DozeService }
06-08 12:05:24.938 3203 3203 V DreamService[DozeService]: Calling onDreamingStarted()
06-08 12:05:24.938 3203 3203 V DreamService[DozeService]: onDreamingStarted()
06-08 12:05:25.106 22035 23700 W BpBinder: Slow Binder: BpBinder transact took 227ms, interface=android.media.IAudioRecord, code=2 oneway=false
06-08 12:05:25.394 2353 3685 W KeyguardViewMediator: notifyScreenOn
06-08 12:05:25.395 2353 2353 W KeyguardViewMediator: handleNotifyScreenTurningOn
06-08 12:05:25.395 2353 2353 W KeyguardViewMediator: notifyDrawn
06-08 12:05:25.396 1757 1809 I chatty : uid=1000(system) Binder:1757_2 expire 5 lines
06-08 12:05:25.396 1757 1922 I chatty : uid=1000(system) android.ui expire 5 lines
06-08 12:05:25.424 2353 2353 I MiuiGxzwOverlayView: upldate overlay view alpha: 0.0
06-08 12:05:25.486 1757 1955 I chatty : uid=1000(system) android.bg expire 2 lines
06-08 12:05:25.606 1757 2303 I chatty : uid=1000(system) ScreenEffectThr expire 2 lines
06-08 12:05:25.607 1757 1757 I chatty : uid=1000 system_server expire 11 lines
06-08 12:05:25.613 2353 5026 W KeyguardViewMediator: doKeyguard: showing the lock screen
06-08 12:05:25.635 1112 1112 I wificond: Pno scan started for frequencies: 2412, 2417, 2422, 2427, 2432, 2437, 2447, 2452, 2457, 2462, 5180, 5200, 5220, 5240, 5745, 5765, 5785, 5805,
06-08 12:05:25.689 1757 9221 I chatty : uid=1000(system) Binder:1757_1B expire 1 line
06-08 12:05:25.764 22035 22061 W BpBinder: Slow Binder: BpBinder transact took 453ms, interface=android.hardware.camera2.ICameraDeviceUser, code=1 oneway=false
06-08 12:05:25.831 2353 2353 V KeyguardDisplayManager: show
06-08 12:05:25.878 1757 2223 I chatty : uid=1000(system) Binder:1757_3 expire 11 lines
06-08 12:05:25.883 1757 2860 I chatty : uid=1000(system) Binder:1757_9 expire 3 lines
06-08 12:05:26.087 1757 2301 I chatty : uid=1000(system) ProcessManager expire 2 lines
06-08 12:05:26.349 826 911 W EventThreadInspector: slow VSync-sf on display(19261101167563905), count=1, avg=47 ms, max=47 ms.
06-08 12:05:26.680 826 911 W EventThreadInspector: slow VSync-sf on display(19261101167563905), count=1, avg=32 ms, max=32 ms.
06-08 12:05:27.323 2353 2353 I MiuiGxzwViewIcon: setGxzwIconTransparent
06-08 12:05:27.331 2353 2353 I MiuiGxzwViewIcon: turnOffScreen
06-08 12:05:27.438 826 910 W EventThreadInspector: slow VSync-app on display(19261101167563905), count=18, avg=22 ms, max=32 ms.
06-08 12:05:28.064 826 911 W EventThreadInspector: slow VSync-sf on display(19261101167563905), count=1, avg=30 ms, max=30 ms.
06-08 12:05:28.592 826 910 W EventThreadInspector: slow VSync-app on display(19261101167563905), count=26, avg=24 ms, max=31 ms.
06-08 12:05:28.790 826 911 W EventThreadInspector: slow VSync-sf on display(19261101167563905), count=2, avg=30 ms, max=30 ms.
06-08 12:05:29.409 1757 1803 I chatty : uid=1000(system) Binder:1757_1 expire 6 lines
06-08 12:05:50.815 1757 1957 I chatty : uid=1000(system) ActivityManager expire 10 lines
06-08 12:05:52.505 28626 28684 W BpBinder: Slow Binder: BpBinder transact took 406ms, interface=android.app.IActivityManager, code=20 oneway=false
06-08 12:05:52.642 28626 28626 W Looper : Slow Looper main: Long Msg: seq=2 plan=12:05:51.439 late=4ms wall=1188ms running=200ms runnable=48ms io=172ms h=android.app.ActivityThread$H w=110
06-08 12:05:52.899 28578 28578 W Looper : Slow Looper main: Long Msg: seq=2 plan=12:05:50.874 late=2ms wall=2023ms running=1260ms runnable=190ms io=261ms h=android.app.ActivityThread$H w=110
06-08 12:06:01.070 1757 2328 I chatty : uid=1000(system) PhotonicModulat expire 10 lines
06-08 12:06:01.073 1757 1924 I chatty : uid=1000(system) android.display expire 10 lines
06-08 12:06:01.098 1757 2617 I chatty : uid=1000(system) Binder:1757_6 expire 4 lines
06-08 12:06:01.289 826 911 W EventThreadInspector: slow VSync-sf on display(19261101167563905), count=2, avg=36 ms, max=41 ms.
06-08 12:06:01.916 826 910 W EventThreadInspector: slow VSync-app on display(19261101167563905), count=24, avg=29 ms, max=38 ms.
06-08 12:06:02.320 1757 2733 I chatty : uid=1000(system) Binder:1757_8 expire 2 lines
06-08 12:06:05.373 826 826 W SurfaceFlingerInspector: Slow frame composition: xiaomi f4 41 prepareFrame took 222 ms
06-08 12:06:06.265 28578 28850 W BpBinder: Slow Binder: BpBinder transact took 215ms, interface=android.app.IActivityManager, code=27 oneway=false
06-08 12:06:49.356 1757 8939 I chatty : uid=1000(system) Binder:1757_14 expire 4 lines
06-08 12:06:49.370 1757 3836 I chatty : uid=1000(system) Binder:1757_E expire 5 lines
06-08 12:07:01.636 826 910 W EventThreadInspector: slow VSync-app on display(19261101167563905), count=39, avg=28 ms, max=31 ms.
06-08 12:07:02.031 826 910 W EventThreadInspector: slow VSync-app on display(19261101167563905), count=5, avg=30 ms, max=31 ms.
06-08 12:07:02.713 1757 1957 I chatty : uid=1000(system) ActivityManager expire 2 lines
06-08 12:08:01.075 5199 5330 D PowerKeeper.AppStandby: enable standby chain
06-08 12:08:39.634 1757 1971 I chatty : uid=1000(system) batterystats-wo expire 10 lines
06-08 12:08:49.720 3078 28545 W BpBinder: Slow Binder: BpBinder transact took 213ms, interface=android.app.IActivityTaskManager, code=167 oneway=false
06-08 12:08:49.722 1071 1071 W BpBinder: Slow Binder: BpBinder transact took 203ms, interface=, code=2 oneway=false
06-08 12:08:57.023 3078 28545 W BpBinder: Slow Binder: BpBinder transact took 207ms, interface=android.app.IActivityManager, code=204 oneway=false
06-08 12:09:01.268 826 911 W EventThreadInspector: slow VSync-sf on display(19261101167563905), count=8, avg=50 ms, max=196 ms.
06-08 12:09:02.323 826 910 W EventThreadInspector: slow VSync-app on display(19261101167563905), count=57, avg=27 ms, max=42 ms.
06-08 12:09:35.891 826 826 W SurfaceFlingerInspector: Slow frame composition: xiaomi f4 41 prepareFrame took 211 ms
06-08 12:09:59.111 1757 9190 I chatty : uid=1000(system) Binder:1757_17 expire 2 lines
06-08 12:10:49.213 3078 28545 W BpBinder: Slow Binder: BpBinder transact took 212ms, interface=android.app.IActivityTaskManager, code=167 oneway=false
06-08 12:11:00.018 3078 28545 W BpBinder: Slow Binder: BpBinder transact took 204ms, interface=android.app.IActivityTaskManager, code=167 oneway=false
06-08 12:11:00.048 1757 2328 I chatty : uid=1000(system) PhotonicModulat expire 10 lines
06-08 12:11:00.048 1757 1924 I chatty : uid=1000(system) android.display expire 10 lines
06-08 12:11:00.099 826 911 W EventThreadInspector: slow VSync-sf on display(19261101167563905), count=4, avg=64 ms, max=205 ms.
06-08 12:11:00.759 826 910 W EventThreadInspector: slow VSync-app on display(19261101167563905), count=33, avg=27 ms, max=35 ms.
06-08 12:12:01.223 1757 2223 I chatty : uid=1000(system) Binder:1757_3 expire 6 lines
06-08 12:12:39.896 2353 2353 I MiuiGxzwViewIcon: detect device put up
06-08 12:12:39.896 2353 2353 I MiuiGxzwViewIcon: setGxzwIconOpaque
06-08 12:12:42.917 2353 2353 I MiuiGxzwViewIcon: setGxzwIconTransparent
06-08 12:12:42.935 2353 2353 I MiuiGxzwViewIcon: turnOffScreen
06-08 12:12:43.302 826 911 W EventThreadInspector: slow VSync-sf on display(19261101167563905), count=13, avg=31 ms, max=194 ms.
06-08 12:13:00.074 826 910 W EventThreadInspector: slow VSync-app on display(19261101167563905), count=47, avg=28 ms, max=32 ms.
06-08 12:13:00.206 826 911 W EventThreadInspector: slow VSync-sf on display(19261101167563905), count=1, avg=34 ms, max=34 ms.
06-08 12:13:00.667 826 910 W EventThreadInspector: slow VSync-app on display(19261101167563905), count=14, avg=30 ms, max=31 ms.
06-08 12:13:01.228 826 910 W EventThreadInspector: slow VSync-app on display(19261101167563905), count=12, avg=29 ms, max=30 ms.
06-08 12:13:01.590 826 910 W EventThreadInspector: slow VSync-app on display(19261101167563905), count=6, avg=30 ms, max=31 ms.
06-08 12:13:36.609 2353 2353 I MiuiGxzwViewIcon: detect device put up
06-08 12:13:36.609 2353 2353 I MiuiGxzwViewIcon: setGxzwIconOpaque
06-08 12:13:36.613 1757 2328 I chatty : uid=1000(system) PhotonicModulat expire 10 lines
06-08 12:13:36.614 1757 1924 I chatty : uid=1000(system) android.display expire 9 lines
06-08 12:13:36.672 826 910 W EventThreadInspector: slow VSync-app on display(19261101167563905), count=1, avg=30 ms, max=30 ms.
06-08 12:13:37.003 826 911 W EventThreadInspector: slow VSync-sf on display(19261101167563905), count=3, avg=22 ms, max=34 ms.
06-08 12:13:39.298 2353 2353 I MiuiGxzwViewIcon: detect device put up
06-08 12:13:42.305 2353 2353 I MiuiGxzwViewIcon: setGxzwIconTransparent
06-08 12:13:42.316 2353 2353 I MiuiGxzwViewIcon: turnOffScreen
06-08 12:13:48.715 1757 1971 I chatty : uid=1000(system) batterystats-wo expire 10 lines
06-08 12:13:53.154 2353 2353 I MiuiGxzwViewIcon: detect device put up
06-08 12:13:53.154 2353 2353 I MiuiGxzwViewIcon: setGxzwIconOpaque
06-08 12:13:56.193 2353 2353 I MiuiGxzwViewIcon: setGxzwIconTransparent
06-08 12:13:56.204 2353 2353 I MiuiGxzwViewIcon: turnOffScreen
06-08 12:13:56.273 826 911 W EventThreadInspector: slow VSync-sf on display(19261101167563905), count=7, avg=28 ms, max=44 ms.
06-08 12:14:01.010 826 826 W SurfaceFlingerInspector: Slow frame composition: xiaomi f4 41 doComposition took 201 ms
06-08 12:14:01.247 826 911 W EventThreadInspector: slow VSync-sf on display(19261101167563905), count=4, avg=64 ms, max=205 ms.
06-08 12:14:01.313 826 910 W EventThreadInspector: slow VSync-app on display(19261101167563905), count=37, avg=27 ms, max=32 ms.
06-08 12:14:02.104 826 910 W EventThreadInspector: slow VSync-app on display(19261101167563905), count=19, avg=29 ms, max=31 ms.
06-08 12:14:02.694 1757 1924 I chatty : uid=1000(system) android.display expire 13 lines
06-08 12:14:07.429 826 826 W SurfaceFlingerInspector: Slow frame composition: xiaomi f4 41 prepareFrame took 209 ms
06-08 12:14:40.248 1757 1757 I chatty : uid=1000 system_server expire 12 lines
06-08 12:14:57.583 2353 2353 I MiuiGxzwViewIcon: detect device put up
06-08 12:14:57.583 2353 2353 I MiuiGxzwViewIcon: setGxzwIconOpaque
06-08 12:14:57.604 1757 2328 I chatty : uid=1000(system) PhotonicModulat expire 12 lines
06-08 12:15:00.035 826 911 W EventThreadInspector: slow VSync-sf on display(19261101167563905), count=3, avg=84 ms, max=205 ms.
06-08 12:15:00.200 826 911 W EventThreadInspector: slow VSync-sf on display(19261101167563905), count=1, avg=31 ms, max=31 ms.
06-08 12:15:00.562 826 910 W EventThreadInspector: slow VSync-app on display(19261101167563905), count=37, avg=27 ms, max=36 ms.
06-08 12:15:00.615 2353 2353 I MiuiGxzwViewIcon: setGxzwIconTransparent
06-08 12:15:00.625 2353 2353 I MiuiGxzwViewIcon: turnOffScreen
06-08 12:15:01.089 826 910 W EventThreadInspector: slow VSync-app on display(19261101167563905), count=9, avg=28 ms, max=30 ms.
06-08 12:15:25.185 826 826 W SurfaceFlingerInspector: Slow frame composition: xiaomi f4 41 prepareFrame took 223 ms
06-08 12:15:25.854 1757 1956 I chatty : uid=1000(system) ActivityManager expire 10 lines
06-08 12:15:25.922 1757 2272 I chatty : uid=1000(system) ConnectivitySer expire 10 lines
06-08 12:15:25.979 1757 2733 I chatty : uid=1000(system) Binder:1757_8 expire 5 lines
06-08 12:15:26.152 1757 8939 I chatty : uid=1000(system) Binder:1757_14 expire 9 lines
06-08 12:15:26.958 1757 1957 I chatty : uid=1000(system) ActivityManager expire 4 lines
06-08 12:15:26.979 1757 1809 I chatty : uid=1000(system) Binder:1757_2 expire 3 lines
06-08 12:15:34.418 1757 1803 I chatty : uid=1000(system) Binder:1757_1 expire 10 lines
06-08 12:16:00.238 826 911 W EventThreadInspector: slow VSync-sf on display(19261101167563905), count=8, avg=26 ms, max=39 ms.
06-08 12:16:00.502 826 910 W EventThreadInspector: slow VSync-app on display(19261101167563905), count=31, avg=28 ms, max=40 ms.
06-08 12:16:01.621 826 910 W EventThreadInspector: slow VSync-app on display(19261101167563905), count=29, avg=29 ms, max=31 ms.
06-08 12:16:01.789 826 826 W SurfaceFlingerInspector: Slow frame composition: xiaomi f4 41 prepareFrame took 67 ms
06-08 12:16:03.761 826 911 W EventThreadInspector: slow VSync-sf on display(19261101167563905), count=5, avg=30 ms, max=65 ms.
06-08 12:16:08.185 826 826 W SurfaceFlingerInspector: Slow frame composition: xiaomi f4 41 prepareFrame took 202 ms
06-08 12:16:27.208 3078 3078 W BpBinder: Slow Binder: BpBinder transact took 232ms, interface=android.app.IActivityManager, code=29 oneway=false
06-08 12:16:37.358 2353 2353 I MiuiGxzwViewIcon: detect device put up
06-08 12:16:37.358 2353 2353 I MiuiGxzwViewIcon: setGxzwIconOpaque
06-08 12:16:37.375 1757 2328 I chatty : uid=1000(system) PhotonicModulat expire 4 lines
06-08 12:16:37.375 1757 1924 I chatty : uid=1000(system) android.display expire 15 lines
06-08 12:16:38.818 1757 1955 I chatty : uid=1000(system) android.bg expire 10 lines
06-08 12:16:39.072 1757 2248 I chatty : uid=1000(system) InputReader expire 2 lines
06-08 12:16:39.108 2353 2353 I MiuiGxzwViewIcon: onKeycodeGoto
06-08 12:16:42.113 2353 2353 I MiuiGxzwViewIcon: setGxzwIconTransparent
06-08 12:16:42.121 2353 2353 I MiuiGxzwViewIcon: turnOffScreen
06-08 12:16:42.312 2353 2353 I MiuiGxzwTouchHelper: onTouch: originalAction = ACTION_DOWN, action = ACTION_DOWN, x = 148,000000, y = 224,000000, pressure = 2048,000000, area = 12,000000
06-08 12:16:42.317 2353 2353 I MiuiGxzwViewIcon: setGxzwIconOpaque
06-08 12:16:42.325 2353 2353 I MiuiGxzwHightlightContainer: show highlight view
06-08 12:16:42.325 2353 2353 I MiuiGxzwOverlayView: upldate overlay view alpha: 0.657
06-08 12:16:42.382 1757 9190 I chatty : uid=1000(system) Binder:1757_17 expire 3 lines
06-08 12:16:42.412 826 910 W EventThreadInspector: slow VSync-app on display(19261101167563905), count=22, avg=26 ms, max=43 ms.
06-08 12:16:42.478 826 826 W SurfaceFlingerInspector: Slow frame composition: xiaomi f4 41 doComposition took 64 ms
06-08 12:16:42.676 826 911 W EventThreadInspector: slow VSync-sf on display(19261101167563905), count=12, avg=26 ms, max=47 ms.
06-08 12:16:42.738 2353 2353 I miui_keyguard_fingerprint: onAuthenticationSucceeded: authUserId = 0
06-08 12:16:42.740 1757 1757 I chatty : uid=1000 system_server expire 10 lines
06-08 12:16:42.774 1757 2036 I chatty : uid=1000(system) PowerManagerSer expire 18 lines
06-08 12:16:42.791 520 29315 D vold : The trim thread is not running
06-08 12:16:42.793 520 29315 D vold : idle maintenance stopped
06-08 12:16:42.796 1112 1112 I wificond: Pno scan stopped
06-08 12:16:42.803 2353 2353 I MiuiGxzwTouchHelper: onTouch: originalAction = ACTION_UP, action = ACTION_UP, x = 140,000000, y = 219,000000, pressure = 2048,000000, area = 12,000000
06-08 12:16:42.803 2353 2353 I MiuiGxzwOverlayView: upldate overlay view alpha: 0.0
06-08 12:16:42.808 2353 2353 I MiuiGxzwHightlightContainer: dismiss highlight view
06-08 12:16:42.843 1757 1921 I chatty : uid=1000(system) android.fg expire 3 lines
06-08 12:16:42.858 3203 3203 V DreamService[DozeService]: wakeUp(): fromSystem=true, mWaking=false, mFinished=false
06-08 12:16:42.858 3203 3203 V DreamService[DozeService]: finish(): mFinished=false
06-08 12:16:42.859 1757 2617 I chatty : uid=1000(system) Binder:1757_6 expire 1 line
06-08 12:16:42.869 3203 3203 V DreamService[DozeService]: detach(): Calling onDreamingStopped()
06-08 12:16:42.869 3203 3203 V DreamService[DozeService]: onDreamingStopped()
06-08 12:16:42.895 3203 3203 V DreamService[DozeService]: finish(): mFinished=true
06-08 12:16:42.895 3203 3203 V DreamService[DozeService]: onDestroy()
06-08 12:16:42.918 2353 2353 E miui_face: start face unlock fail because device has unlocked
06-08 12:16:42.919 2353 2353 I MiuiGxzwOverlayView: upldate overlay view alpha: 0.657
06-08 12:16:42.937 1757 3836 I chatty : uid=1000(system) Binder:1757_E expire 3 lines
06-08 12:16:42.951 2353 3726 I KeyguardViewMediator: call fw keyguardGoingAway: flags = 8
06-08 12:16:42.954 2353 2353 I MiuiGxzwOverlayView: remove overlay view
06-08 12:16:42.954 1757 9231 I chatty : uid=1000(system) Binder:1757_20 expire 8 lines
06-08 12:16:42.959 2353 3156 D DisplayFeatureManager: setScreenEffect mode=17 value=0 cookie=1
06-08 12:16:43.013 2353 3045 D FlashlightController: TorchCallback: onTorchModeUnavailable
06-08 12:16:43.030 1757 2860 I chatty : uid=1000(system) Binder:1757_9 expire 8 lines
06-08 12:16:43.062 2353 2767 D NetworkController.MobileSignalController(1): onServiceStateChanged slotId=0 subId=1 voiceState=0 dataState=0 FiveGConnected= false dataType= 13
06-08 12:16:43.098 2353 2353 I KeyguardViewMediator: handleStartKeyguardExitAnimation startTime=4457537 fadeoutDuration=300
06-08 12:16:43.101 1757 1925 I chatty : uid=1000(system) android.anim expire 9 lines
06-08 12:16:43.136 2353 2353 V KeyguardDisplayManager: hide
06-08 12:16:43.137 2353 2353 I miui_keyguard_fingerprint: fingerprint unlock time: wait fw call startKeyguardExitAnimation = 162 ms total = 352 ms
06-08 12:16:43.292 3746 3746 W BpBinder: Slow Binder: BpBinder transact took 386ms, interface=android.media.IAudioFlinger, code=2 oneway=false
06-08 12:16:43.300 4030 4030 D miui.face.FaceService: lock screen passed
06-08 12:16:43.302 5199 5330 D PowerKeeper.AppStandby: disable standby chain
06-08 12:16:43.302 4030 4121 D miui.face.FaceService: FaceAuthenHelper mReleaseIfAuthenticated Runnable run ... ...
06-08 12:16:43.302 4030 4121 D miui.face.FaceService: release memory... ...
06-08 12:16:43.311 2560 2698 E ActivityThread: Failed to find provider info for com.android.thememanager.set_lockwallpaper
06-08 12:16:43.435 22035 22060 W BpBinder: Slow Binder: BpBinder transact took 321ms, interface=android.hardware.camera2.ICameraDeviceUser, code=6 oneway=false
06-08 12:16:43.632 1757 9230 I chatty : uid=1000(system) Binder:1757_1F expire 6 lines
06-08 12:16:43.670 3746 4100 W BpBinder: Slow Binder: BpBinder transact took 375ms, interface=android.media.IAudioRecord, code=1 oneway=false
06-08 12:16:44.436 1757 2301 I chatty : uid=1000(system) ProcessManager expire 9 lines
06-08 12:16:45.461 2353 3045 D FlashlightController: TorchCallback: onTorchModeChanged: enabled: false
06-08 12:16:45.477 22035 22061 W BpBinder: Slow Binder: BpBinder transact took 251ms, interface=android.hardware.camera2.ICameraDeviceUser, code=1 oneway=false
06-08 12:16:45.485 2353 3045 D FlashlightController: TorchCallback: onTorchModeUnavailable
06-08 12:16:45.757 22035 22060 W BpBinder: Slow Binder: BpBinder transact took 228ms, interface=android.hardware.camera2.ICameraDeviceUser, code=6 oneway=false
06-08 12:16:45.939 2353 3045 D FlashlightController: TorchCallback: onTorchModeChanged: enabled: false
06-08 12:16:45.948 2353 3045 D FlashlightController: TorchCallback: onTorchModeUnavailable
06-08 12:16:47.679 2353 3045 D FlashlightController: TorchCallback: onTorchModeChanged: enabled: false
06-08 12:16:47.690 2353 3045 D FlashlightController: TorchCallback: onTorchModeUnavailable
06-08 12:16:49.201 2353 2767 D NetworkController.MobileSignalController(1): onServiceStateChanged slotId=0 subId=1 voiceState=0 dataState=0 FiveGConnected= false dataType= 13
06-08 12:16:49.235 1757 2272 I chatty : uid=1000(system) ConnectivitySer expire 7 lines
06-08 12:17:07.552 2353 2767 D NetworkController.MobileSignalController(1): onServiceStateChanged slotId=0 subId=1 voiceState=0 dataState=0 FiveGConnected= false dataType= 13
06-08 12:17:07.722 2353 2767 D NetworkController.MobileSignalController(1): onServiceStateChanged slotId=0 subId=1 voiceState=0 dataState=0 FiveGConnected= false dataType= 13
06-08 12:17:10.895 2353 2767 D NetworkController.MobileSignalController(1): onServiceStateChanged slotId=0 subId=1 voiceState=0 dataState=0 FiveGConnected= false dataType= 13
06-08 12:17:11.237 2353 2767 D NetworkController.MobileSignalController(1): onServiceStateChanged slotId=0 subId=1 voiceState=0 dataState=0 FiveGConnected= false dataType= 13
06-08 12:17:19.046 22035 22035 I Timeline: Timeline: Activity_launch_request time:4493486
06-08 12:17:19.070 22035 22035 W ActivityThread: SCHED: com.android.camera/.Camera [68, r=3753ms, a=1752ms, w=36100ms]
06-08 12:17:19.072 22035 22035 D DisplayFeatureManager: setScreenEffect mode=14 value=0
06-08 12:17:19.087 2353 2369 I KeyguardViewMediator: setOccluded true
06-08 12:17:19.097 1757 4296 I chatty : uid=1000(system) Binder:1757_10 expire 2 lines
06-08 12:17:19.115 1757 2036 I chatty : uid=1000(system) PowerManagerSer expire 4 lines
06-08 12:17:19.170 2353 11746 I KeyguardViewMediator: setOccluded false
06-08 12:17:19.176 2353 2353 E miui_face: start face unlock fail, mKeyguardShowing=false;isDeviceInteractive=true
06-08 12:17:19.347 1757 1956 I chatty : uid=1000(system) ActivityManager expire 10 lines
06-08 12:17:19.949 2353 3045 D FlashlightController: TorchCallback: onTorchModeChanged: enabled: false
06-08 12:17:19.958 22035 22061 W BpBinder: Slow Binder: BpBinder transact took 228ms, interface=android.hardware.camera2.ICameraDeviceUser, code=1 oneway=false
06-08 12:17:21.207 2353 2767 D NetworkController.MobileSignalController(1): onServiceStateChanged slotId=0 subId=1 voiceState=0 dataState=0 FiveGConnected= false dataType= 13
06-08 12:17:21.867 1757 1922 I chatty : uid=1000(system) android.ui expire 6 lines
06-08 12:17:22.721 1757 2957 I chatty : uid=1000(system) Binder:1757_A expire 2 lines
06-08 12:17:27.823 5199 5199 D PowerChecker_Service: battery status = 3 plug = 0 level = 91
06-08 12:17:27.823 2353 2353 I MiuiChargeManager: notifyBatteryStatusChanged: status: 3 isPlugged: 0 level: 91 wireState: -1 chargeSpeed: 0 mWiredChargeType: 0 mWirelessChargeType: 0 chargeDeviceType: -1
06-08 12:17:27.883 3777 3805 W MiuiPerfServiceClient: interceptAndQueuing:2353|com.android.systemui|630|429|unknown|null|StatusBar|4497234839791|Slow main thread|3
06-08 12:17:27.884 1757 1971 I chatty : uid=1000(system) batterystats-wo expire 4 lines
06-08 12:17:27.967 1757 9221 I chatty : uid=1000(system) Binder:1757_1B expire 2 lines
06-08 12:17:30.458 1757 1924 I chatty : uid=1000(system) android.display expire 7 lines
06-08 12:17:30.542 1757 2287 I chatty : uid=1000(system) Binder:1757_4 expire 2 lines
06-08 12:17:30.564 1757 2732 I chatty : uid=1000(system) Binder:1757_7 expire 2 lines
06-08 12:17:32.514 1757 9229 I chatty : uid=1000(system) Binder:1757_1E expire 11 lines
06-08 12:17:32.573 22110 22110 W ActivityThread: SCHED: com.miui.gallery/.activity.ExternalPhotoPageActivity [74, r=281ms, a=97ms, w=13346ms]
06-08 12:17:32.579 1757 3562 I chatty : uid=1000(system) Binder:1757_B expire 2 lines
06-08 12:17:32.590 1757 1803 I chatty : uid=1000(system) Binder:1757_1 expire 3 lines
06-08 12:17:32.594 1757 1924 I chatty : uid=1000(system) android.display expire 11 lines
06-08 12:17:32.635 2353 3045 D FlashlightController: TorchCallback: onTorchModeUnavailable
06-08 12:17:32.755 1757 1925 I chatty : uid=1000(system) android.anim expire 4 lines
