06-08 11:13:32.373 29023 29422 I Ad : isPersonalizedAdEnabled getAdSettings: 2
06-08 11:13:32.509 1757 1955 I chatty : uid=1000(system) android.bg expire 8 lines
06-08 11:13:32.734 9671 26836 W BpBinder: Slow Binder: BpBinder transact took 238ms, interface=android.media.IAudioRecord, code=2 oneway=false
06-08 11:13:32.828 29372 29372 I SystemConfig: Adding association: com.google.android.as <- com.android.providers.contacts
06-08 11:13:32.828 29372 29372 I SystemConfig: Adding association: com.google.android.as <- com.android.providers.media
06-08 11:13:32.828 29372 29372 I SystemConfig: Adding association: com.google.android.as <- com.android.providers.telephony
06-08 11:13:32.828 29372 29372 I SystemConfig: Adding association: com.google.android.as <- com.android.systemui
06-08 11:13:32.828 29372 29372 I SystemConfig: Adding association: com.google.android.as <- com.google.android.gms
06-08 11:13:32.828 29372 29372 I SystemConfig: Adding association: com.google.android.as <- com.google.android.gsf
06-08 11:13:32.908 29372 29372 W SystemConfig: No directory /product_services/etc/sysconfig, skipping
06-08 11:13:32.908 29372 29372 W SystemConfig: No directory /product_services/etc/permissions, skipping
06-08 11:13:33.001 29023 29292 W BpBinder: Slow Binder: BpBinder transact took 1129ms, interface=android.app.IActivityManager, code=20 oneway=false
06-08 11:13:33.055 29023 29291 W BpBinder: Slow Binder: BpBinder transact took 786ms, interface=android.app.IActivityManager, code=20 oneway=false
06-08 11:13:33.110 1757 2301 I chatty : uid=1000(system) ProcessManager expire 11 lines
06-08 11:13:33.172 1757 2223 I chatty : uid=1000(system) Binder:1757_3 expire 3 lines
06-08 11:13:33.204 1757 1971 I chatty : uid=1000(system) batterystats-wo expire 11 lines
06-08 11:13:33.539 29023 29292 W BpBinder: Slow Binder: BpBinder transact took 538ms, interface=android.content.IContentProvider, code=1 oneway=false
06-08 11:13:33.607 1757 8942 I chatty : uid=1000(system) Binder:1757_15 expire 4 lines
06-08 11:13:33.608 1757 2272 I chatty : uid=1000(system) ConnectivitySer expire 7 lines
06-08 11:13:33.611 1757 9231 I chatty : uid=1000(system) Binder:1757_20 expire 1 line
06-08 11:13:33.612 1757 2377 I chatty : uid=1000(system) Binder:1757_5 expire 10 lines
06-08 11:13:33.647 1757 2617 I chatty : uid=1000(system) Binder:1757_6 expire 1 line
06-08 11:13:33.778 29023 29023 I Ad : isPersonalizedAdEnabled getAdSettings: 2
06-08 11:13:33.814 29023 29575 I Ad : isPersonalizedAdEnabled getAdSettings: 2
06-08 11:13:34.138 1757 4296 I chatty : uid=1000(system) Binder:1757_10 expire 8 lines
06-08 11:13:34.166 1757 7934 I chatty : uid=1000(system) Binder:1757_13 expire 1 line
06-08 11:13:34.173 3777 5973 W MiuiPerfServiceClient: interceptAndQueuing:2353|com.android.systemui|253|142|unknown|null|StatusBar|3081774061893|Slow handle traversal|2
06-08 11:13:34.312 29023 29419 I Ad : isPersonalizedAdEnabled getAdSettings: 2
06-08 11:13:34.487 2353 3045 D FlashlightController: TorchCallback: onTorchModeChanged: enabled: false
06-08 11:13:34.501 9671 9727 W BpBinder: Slow Binder: BpBinder transact took 607ms, interface=android.hardware.camera2.ICameraDeviceUser, code=1 oneway=false
06-08 11:13:35.501 29023 29413 I Ad : isPersonalizedAdEnabled getAdSettings: 2
06-08 11:13:41.675 26763 26763 W ActivityThread: SCHED: com.miui.gallery/.activity.ExternalPhotoPageActivity [67, r=365ms, a=172ms, w=10180ms]
06-08 11:13:41.698 1757 8939 I chatty : uid=1000(system) Binder:1757_14 expire 11 lines
06-08 11:13:41.767 2353 3045 D FlashlightController: TorchCallback: onTorchModeUnavailable
06-08 11:13:42.193 9671 26760 W BpBinder: Slow Binder: BpBinder transact took 320ms, interface=android.content.IContentProvider, code=23 oneway=false
06-08 11:13:42.219 9671 9726 W BpBinder: Slow Binder: BpBinder transact took 315ms, interface=android.hardware.camera2.ICameraDeviceUser, code=6 oneway=false
06-08 11:13:42.873 1757 1957 I chatty : uid=1000(system) ActivityManager expire 13 lines
06-08 11:13:46.398 1757 1956 I chatty : uid=1000(system) ActivityManager expire 10 lines
06-08 11:13:54.765 1757 9190 I chatty : uid=1000(system) Binder:1757_17 expire 9 lines
06-08 11:13:56.121 9671 9671 I Timeline: Timeline: Activity_launch_request time:3104910
06-08 11:13:56.187 9671 9671 W ActivityThread: SCHED: com.android.camera/.Camera [55, r=748ms, a=594ms, w=14461ms]
06-08 11:13:56.202 9671 9671 D DisplayFeatureManager: setScreenEffect mode=14 value=0
06-08 11:13:56.238 28319 28718 E ActivityThread: Failed to find provider info for com.miui.gallery.scanner
06-08 11:13:56.252 2353 3046 I KeyguardViewMediator: setOccluded true
06-08 11:13:56.379 2353 9083 I KeyguardViewMediator: setOccluded false
06-08 11:13:56.383 2353 2353 E miui_face: start face unlock fail, mKeyguardShowing=false;isDeviceInteractive=true
06-08 11:13:56.391 1757 1809 I chatty : uid=1000(system) Binder:1757_2 expire 8 lines
06-08 11:13:57.555 1757 9221 I chatty : uid=1000(system) Binder:1757_1B expire 6 lines
06-08 11:13:57.585 9671 29691 W BpBinder: Slow Binder: BpBinder transact took 334ms, interface=android.media.IAudioRecord, code=2 oneway=false
06-08 11:13:57.774 1757 1956 I chatty : uid=1000(system) ActivityManager expire 11 lines
06-08 11:13:58.313 2353 3045 D FlashlightController: TorchCallback: onTorchModeChanged: enabled: false
06-08 11:13:58.329 9671 9727 W BpBinder: Slow Binder: BpBinder transact took 513ms, interface=android.hardware.camera2.ICameraDeviceUser, code=1 oneway=false
06-08 11:14:08.384 26763 26763 W ActivityThread: SCHED: com.miui.gallery/.activity.ExternalPhotoPageActivity [71, r=395ms, a=154ms, w=11894ms]
06-08 11:14:08.392 1757 2293 I chatty : uid=1000(system) miui.fg expire 1 line
06-08 11:14:08.440 2353 3045 D FlashlightController: TorchCallback: onTorchModeUnavailable
06-08 11:14:08.586 1757 1925 I chatty : uid=1000(system) android.anim expire 3 lines
06-08 11:14:08.896 9671 26760 W BpBinder: Slow Binder: BpBinder transact took 357ms, interface=android.content.IContentProvider, code=23 oneway=false
06-08 11:14:09.425 1757 2301 I chatty : uid=1000(system) ProcessManager expire 1 line
06-08 11:14:13.734 1757 8939 I chatty : uid=1000(system) Binder:1757_14 expire 6 lines
06-08 11:14:14.176 30839 30839 W Looper : Slow Looper main: Long Msg: seq=2 plan=11:14:12.901 late=8ms wall=1265ms running=737ms runnable=145ms io=151ms reclaim=15ms h=android.app.ActivityThread$H w=110
06-08 11:14:14.360 1757 2275 I chatty : uid=1000(system) NsdService expire 3 lines
06-08 11:14:16.277 28319 29592 E ActivityThread: Failed to find provider info for com.miui.gallery.scanner
06-08 11:14:17.348 1757 8943 I chatty : uid=1000(system) Binder:1757_16 expire 2 lines
06-08 11:14:19.323 2353 2767 D NetworkController.MobileSignalController(1): onServiceStateChanged slotId=0 subId=1 voiceState=0 dataState=0 FiveGConnected= false dataType= 13
06-08 11:14:19.380 1757 1957 I chatty : uid=1000(system) ActivityManager expire 12 lines
06-08 11:14:19.420 2353 2767 D NetworkController.MobileSignalController(1): onServiceStateChanged slotId=0 subId=1 voiceState=0 dataState=0 FiveGConnected= false dataType= 13
06-08 11:14:22.426 3304 3304 E ActivityThread: Service com.google.android.gms.chimera.GmsBoundBrokerService has leaked IntentReceiver com.google.android.gms.security.odad.WifiStateChangedReceiver@5e259dd that was originally registered here. Are you missing a call to unregisterReceiver()?
06-08 11:14:22.426 3304 3304 E ActivityThread: android.app.IntentReceiverLeaked: Service com.google.android.gms.chimera.GmsBoundBrokerService has leaked IntentReceiver com.google.android.gms.security.odad.WifiStateChangedReceiver@5e259dd that was originally registered here. Are you missing a call to unregisterReceiver()?
06-08 11:14:22.426 3304 3304 E ActivityThread: at android.app.LoadedApk$ReceiverDispatcher.(Unknown Source:34)
06-08 11:14:22.426 3304 3304 E ActivityThread: at android.app.LoadedApk.getReceiverDispatcher(Unknown Source:38)
06-08 11:14:22.426 3304 3304 E ActivityThread: at android.app.ContextImpl.registerReceiverInternal(Unknown Source:37)
06-08 11:14:22.426 3304 3304 E ActivityThread: at android.app.ContextImpl.registerReceiver(Unknown Source:14)
06-08 11:14:22.426 3304 3304 E ActivityThread: at android.content.ContextWrapper.registerReceiver(Unknown Source:2)
06-08 11:14:22.426 3304 3304 E ActivityThread: at android.content.ContextWrapper.registerReceiver(Unknown Source:2)
06-08 11:14:22.426 3304 3304 E ActivityThread: at android.content.ContextWrapper.registerReceiver(Unknown Source:2)
06-08 11:14:22.426 3304 3304 E ActivityThread: at android.content.ContextWrapper.registerReceiver(Unknown Source:2)
06-08 11:14:22.426 3304 3304 E ActivityThread: at android.content.ContextWrapper.registerReceiver(Unknown Source:2)
06-08 11:14:22.426 3304 3304 E ActivityThread: at android.content.ContextWrapper.registerReceiver(Unknown Source:2)
06-08 11:14:22.426 3304 3304 E ActivityThread: at android.content.ContextWrapper.registerReceiver(Unknown Source:2)
06-08 11:14:22.426 3304 3304 E ActivityThread: at android.content.ContextWrapper.registerReceiver(Unknown Source:2)
06-08 11:14:22.426 3304 3304 E ActivityThread: at aqpf.a(:com.google.android.gms@202115037@20.21.15 (120400-313409149):3)
06-08 11:14:22.426 3304 3304 E ActivityThread: at aqpx.a(:com.google.android.gms@202115037@20.21.15 (120400-313409149):13)
06-08 11:14:22.426 3304 3304 E ActivityThread: at zvz.run(:com.google.android.gms@202115037@20.21.15 (120400-313409149):10)
06-08 11:14:22.426 3304 3304 E ActivityThread: at bmrx.run(:com.google.android.gms@202115037@20.21.15 (120400-313409149):2)
06-08 11:14:22.426 3304 3304 E ActivityThread: at sjk.b(:com.google.android.gms@202115037@20.21.15 (120400-313409149):12)
06-08 11:14:22.426 3304 3304 E ActivityThread: at sjk.run(:com.google.android.gms@202115037@20.21.15 (120400-313409149):7)
06-08 11:14:22.426 3304 3304 E ActivityThread: at java.util.concurrent.ThreadPoolExecutor.runWorker(ThreadPoolExecutor.java:1167)
06-08 11:14:22.426 3304 3304 E ActivityThread: at java.util.concurrent.ThreadPoolExecutor$Worker.run(ThreadPoolExecutor.java:641)
06-08 11:14:22.426 3304 3304 E ActivityThread: at spg.run(:com.google.android.gms@202115037@20.21.15 (120400-313409149):0)
06-08 11:14:22.426 3304 3304 E ActivityThread: at java.lang.Thread.run(Thread.java:919)
06-08 11:14:23.993 3304 10920 W BpBinder: Slow Binder: BpBinder transact took 222ms, interface=android.app.IActivityManager, code=20 oneway=false
06-08 11:14:23.993 31447 31509 W BpBinder: Slow Binder: BpBinder transact took 256ms, interface=android.app.IActivityManager, code=20 oneway=false
06-08 11:14:24.023 31447 31511 W BpBinder: Slow Binder: BpBinder transact took 356ms, interface=com.google.android.gms.common.internal.IGmsServiceBroker, code=46 oneway=false
06-08 11:14:25.804 1757 1971 I chatty : uid=1000(system) batterystats-wo expire 2 lines
06-08 11:14:29.218 2353 2767 D NetworkController.MobileSignalController(1): onServiceStateChanged slotId=0 subId=1 voiceState=0 dataState=0 FiveGConnected= false dataType= 13
06-08 11:14:30.283 2353 2353 I MiuiChargeManager: notifyBatteryStatusChanged: status: 3 isPlugged: 0 level: 96 wireState: -1 chargeSpeed: 0 mWiredChargeType: 0 mWirelessChargeType: 0 chargeDeviceType: -1
06-08 11:14:30.285 5199 5199 D PowerChecker_Service: battery status = 3 plug = 0 level = 96
06-08 11:14:36.215 2353 2767 D NetworkController.MobileSignalController(1): onServiceStateChanged slotId=0 subId=1 voiceState=0 dataState=0 FiveGConnected= false dataType= 13
06-08 11:14:36.322 2353 2767 I chatty : uid=1000(system) SysUiNetBg identical 2 lines
06-08 11:14:36.434 2353 2767 D NetworkController.MobileSignalController(1): onServiceStateChanged slotId=0 subId=1 voiceState=0 dataState=0 FiveGConnected= false dataType= 13
06-08 11:14:36.803 2353 2767 D NetworkController.MobileSignalController(1): onServiceStateChanged slotId=0 subId=1 voiceState=0 dataState=0 FiveGConnected= false dataType= 13
06-08 11:14:37.525 1757 2377 I chatty : uid=1000(system) Binder:1757_5 expire 2 lines
06-08 11:14:46.102 2353 3045 D FlashlightController: TorchCallback: onTorchModeChanged: enabled: false
06-08 11:14:51.604 1757 2036 I chatty : uid=1000(system) PowerManagerSer expire 4 lines
06-08 11:14:59.629 2353 3045 D FlashlightController: TorchCallback: onTorchModeUnavailable
06-08 11:15:00.183 28319 28725 E ActivityThread: Failed to find provider info for com.miui.gallery.scanner
06-08 11:15:00.213 1757 1956 I chatty : uid=1000(system) ActivityManager expire 6 lines
06-08 11:15:06.607 2353 2767 D NetworkController.MobileSignalController(1): onServiceStateChanged slotId=0 subId=1 voiceState=0 dataState=0 FiveGConnected= false dataType= 13
06-08 11:15:06.673 2353 2767 D NetworkController.MobileSignalController(1): onServiceStateChanged slotId=0 subId=1 voiceState=0 dataState=0 FiveGConnected= false dataType= 13
06-08 11:15:11.364 826 826 W SurfaceFlingerInspector: Slow frame composition: xiaomi f4 41 prepareFrame took 157 ms
06-08 11:15:13.088 28319 29592 E ActivityThread: Failed to find provider info for com.miui.gallery.scanner
06-08 11:15:14.911 1757 2860 I chatty : uid=1000(system) Binder:1757_9 expire 3 lines
06-08 11:15:15.569 2353 2767 D NetworkController.MobileSignalController(1): onServiceStateChanged slotId=0 subId=1 voiceState=0 dataState=0 FiveGConnected= false dataType= 13
06-08 11:15:29.564 3078 25533 W BpBinder: Slow Binder: BpBinder transact took 231ms, interface=android.app.IActivityManager, code=20 oneway=false
06-08 11:15:29.666 1757 1957 I chatty : uid=1000(system) ActivityManager expire 12 lines
06-08 11:15:31.041 4460 4570 W BpBinder: Slow Binder: BpBinder transact took 384ms, interface=android.content.IContentProvider, code=1 oneway=false
06-08 11:15:31.829 1757 2860 I chatty : uid=1000(system) Binder:1757_9 expire 2 lines
06-08 11:15:32.258 4539 4684 W BpBinder: Slow Binder: BpBinder transact took 348ms, interface=android.app.IActivityManager, code=20 oneway=false
06-08 11:15:32.360 4539 4539 W Looper : Slow Looper main: Long Msg: seq=2 plan=11:15:31.033 late=18ms wall=1297ms running=256ms runnable=81ms io=175ms h=android.app.ActivityThread$H w=110
06-08 11:15:33.818 4460 4460 W Looper : Slow Looper main: Long Msg: seq=2 plan=11:15:29.959 late=1ms wall=3857ms running=1915ms runnable=523ms io=525ms h=android.app.ActivityThread$H w=110
06-08 11:15:34.871 1757 9190 I chatty : uid=1000(system) Binder:1757_17 expire 3 lines
06-08 11:15:34.981 1757 1809 I chatty : uid=1000(system) Binder:1757_2 expire 6 lines
06-08 11:15:34.982 1757 8939 I chatty : uid=1000(system) Binder:1757_14 expire 6 lines
06-08 11:15:34.984 1757 2272 I chatty : uid=1000(system) ConnectivitySer expire 10 lines
06-08 11:15:34.996 602 1392 E FrameworkListener: read() failed (Connection reset by peer)
06-08 11:15:37.945 1757 2036 I chatty : uid=1000(system) PowerManagerSer expire 21 lines
06-08 11:15:43.003 2353 3045 D FlashlightController: TorchCallback: onTorchModeChanged: enabled: false
06-08 11:15:46.462 1757 1971 I chatty : uid=1000(system) batterystats-wo expire 10 lines
06-08 11:15:46.511 2353 2767 D NetworkController.MobileSignalController(1): onServiceStateChanged slotId=0 subId=1 voiceState=0 dataState=0 FiveGConnected= false dataType= 13
06-08 11:15:46.565 1757 1957 I chatty : uid=1000(system) ActivityManager expire 10 lines
06-08 11:15:57.331 2353 2767 D NetworkController.MobileSignalController(1): onServiceStateChanged slotId=0 subId=1 voiceState=0 dataState=0 FiveGConnected= false dataType= 13
06-08 11:15:57.401 2353 2767 D NetworkController.MobileSignalController(1): onServiceStateChanged slotId=0 subId=1 voiceState=0 dataState=0 FiveGConnected= false dataType= 13
06-08 11:15:58.858 2353 2767 D NetworkController.MobileSignalController(1): onServiceStateChanged slotId=0 subId=1 voiceState=0 dataState=0 FiveGConnected= false dataType= 13
06-08 11:15:59.266 1757 9230 I chatty : uid=1000(system) Binder:1757_1F expire 4 lines
06-08 11:16:13.232 1757 9221 I chatty : uid=1000(system) Binder:1757_1B expire 4 lines
06-08 11:16:13.368 1757 9212 I chatty : uid=1000(system) Binder:1757_1A expire 8 lines
06-08 11:16:13.368 1757 9228 I chatty : uid=1000(system) Binder:1757_1D expire 1 line
06-08 11:16:13.371 1757 2377 I chatty : uid=1000(system) Binder:1757_5 expire 3 lines
06-08 11:16:14.282 1757 2617 I chatty : uid=1000(system) Binder:1757_6 expire 11 lines
06-08 11:16:24.550 1757 1956 I chatty : uid=1000(system) ActivityManager expire 10 lines
06-08 11:16:24.769 1757 2733 I chatty : uid=1000(system) Binder:1757_8 expire 12 lines
06-08 11:16:25.163 1757 3743 I chatty : uid=1000(system) Binder:1757_C expire 2 lines
06-08 11:16:25.227 1757 3838 I chatty : uid=1000(system) Binder:1757_F expire 3 lines
06-08 11:16:26.289 2353 3045 D FlashlightController: TorchCallback: onTorchModeUnavailable
06-08 11:16:26.856 28319 28725 E ActivityThread: Failed to find provider info for com.miui.gallery.scanner
06-08 11:16:39.455 1757 1757 I chatty : uid=1000 system_server expire 10 lines
06-08 11:16:43.404 2353 2353 I MiuiChargeManager: notifyBatteryStatusChanged: status: 3 isPlugged: 0 level: 95 wireState: -1 chargeSpeed: 0 mWiredChargeType: 0 mWirelessChargeType: 0 chargeDeviceType: -1
06-08 11:16:43.414 5199 5199 D PowerChecker_Service: battery status = 3 plug = 0 level = 95
06-08 11:16:54.372 1757 7934 I chatty : uid=1000(system) Binder:1757_13 expire 9 lines
06-08 11:16:55.658 10196 10246 W BpBinder: Slow Binder: BpBinder transact took 268ms, interface=android.app.IActivityManager, code=20 oneway=false
06-08 11:16:56.008 1757 1957 I chatty : uid=1000(system) ActivityManager expire 11 lines
06-08 11:16:56.375 10196 10240 W BpBinder: Slow Binder: BpBinder transact took 433ms, interface=android.app.IActivityManager, code=20 oneway=false
06-08 11:16:56.472 10196 10196 W Looper : Slow Looper main: Long Msg: seq=2 plan=11:16:55.229 late=3ms wall=1239ms running=90ms runnable=34ms h=android.app.ActivityThread$H w=110
06-08 11:16:56.782 2353 3045 D FlashlightController: TorchCallback: onTorchModeChanged: enabled: false
06-08 11:16:57.370 1757 2036 I chatty : uid=1000(system) PowerManagerSer expire 10 lines
06-08 11:17:03.516 2353 2767 D NetworkController.MobileSignalController(1): onServiceStateChanged slotId=0 subId=1 voiceState=0 dataState=0 FiveGConnected= false dataType= 13
06-08 11:17:03.649 2353 2767 D NetworkController.MobileSignalController(1): onServiceStateChanged slotId=0 subId=1 voiceState=0 dataState=0 FiveGConnected= false dataType= 13
06-08 11:17:04.940 2353 2767 D NetworkController.MobileSignalController(1): onServiceStateChanged slotId=0 subId=1 voiceState=0 dataState=0 FiveGConnected= false dataType= 13
06-08 11:17:06.884 2353 2767 D NetworkController.MobileSignalController(1): onServiceStateChanged slotId=0 subId=1 voiceState=0 dataState=0 FiveGConnected= false dataType= 13
06-08 11:17:07.009 2353 2767 D NetworkController.MobileSignalController(1): onServiceStateChanged slotId=0 subId=1 voiceState=0 dataState=0 FiveGConnected= false dataType= 3
06-08 11:17:08.825 2353 2767 D NetworkController.MobileSignalController(1): onServiceStateChanged slotId=0 subId=1 voiceState=0 dataState=0 FiveGConnected= false dataType= 3
06-08 11:17:09.641 1757 2272 I chatty : uid=1000(system) ConnectivitySer expire 10 lines
06-08 11:17:10.140 2353 2767 D NetworkController.MobileSignalController(1): onServiceStateChanged slotId=0 subId=1 voiceState=0 dataState=0 FiveGConnected= false dataType= 3
06-08 11:17:10.263 2353 2767 D NetworkController.MobileSignalController(1): onServiceStateChanged slotId=0 subId=1 voiceState=0 dataState=0 FiveGConnected= false dataType= 3
06-08 11:17:11.899 2353 2767 D NetworkController.MobileSignalController(1): onServiceStateChanged slotId=0 subId=1 voiceState=0 dataState=0 FiveGConnected= false dataType= 15
06-08 11:17:16.791 2353 2767 D NetworkController.MobileSignalController(1): onServiceStateChanged slotId=0 subId=1 voiceState=0 dataState=0 FiveGConnected= false dataType= 3
06-08 11:17:19.624 2353 2767 D NetworkController.MobileSignalController(1): onServiceStateChanged slotId=0 subId=1 voiceState=0 dataState=0 FiveGConnected= false dataType= 3
06-08 11:17:20.376 1757 9191 I chatty : uid=1000(system) Binder:1757_18 expire 10 lines
06-08 11:17:20.393 1757 8943 I chatty : uid=1000(system) Binder:1757_16 expire 3 lines
06-08 11:17:21.728 9671 9671 W Looper : Slow Looper main: doFrame is 319ms late because of 1 msg, msg 1 took 315ms (seq=16717 running=170ms runnable=8ms io=39ms h=com.android.camera.ui.CameraSnapView$1 w=1)
06-08 11:17:22.759 1757 1957 I chatty : uid=1000(system) ActivityManager expire 10 lines
06-08 11:17:23.269 3304 18308 W BpBinder: Slow Binder: BpBinder transact took 592ms, interface=android.app.IActivityManager, code=20 oneway=false
06-08 11:17:23.705 2353 3045 D FlashlightController: TorchCallback: onTorchModeUnavailable
06-08 11:17:24.391 28319 28725 E ActivityThread: Failed to find provider info for com.miui.gallery.scanner
06-08 11:17:25.099 2353 2767 D NetworkController.MobileSignalController(1): onServiceStateChanged slotId=0 subId=1 voiceState=0 dataState=0 FiveGConnected= false dataType= 3
06-08 11:17:25.254 2353 2767 D NetworkController.MobileSignalController(1): onServiceStateChanged slotId=0 subId=1 voiceState=0 dataState=0 FiveGConnected= false dataType= 13
06-08 11:17:26.076 2353 2767 D NetworkController.MobileSignalController(1): onServiceStateChanged slotId=0 subId=1 voiceState=0 dataState=0 FiveGConnected= false dataType= 13
06-08 11:17:28.111 2353 2767 D NetworkController.MobileSignalController(1): onServiceStateChanged slotId=0 subId=1 voiceState=0 dataState=0 FiveGConnected= false dataType= 13
06-08 11:17:30.289 2353 2767 D NetworkController.MobileSignalController(1): onServiceStateChanged slotId=0 subId=1 voiceState=0 dataState=0 FiveGConnected= false dataType= 13
06-08 11:17:42.488 1757 9229 I chatty : uid=1000(system) Binder:1757_1E expire 2 lines
06-08 11:17:42.874 13118 13154 W BpBinder: Slow Binder: BpBinder transact took 292ms, interface=android.app.IActivityManager, code=20 oneway=false
06-08 11:17:45.549 1757 1757 I chatty : uid=1000 system_server expire 8 lines
06-08 11:17:51.319 2353 2767 D NetworkController.MobileSignalController(1): onServiceStateChanged slotId=0 subId=1 voiceState=0 dataState=0 FiveGConnected= false dataType= 13
06-08 11:17:51.465 2353 2767 D NetworkController.MobileSignalController(1): onServiceStateChanged slotId=0 subId=1 voiceState=0 dataState=0 FiveGConnected= false dataType= 3
06-08 11:17:51.495 1757 2272 I chatty : uid=1000(system) ConnectivitySer expire 10 lines
06-08 11:17:53.701 2353 2767 D NetworkController.MobileSignalController(1): onServiceStateChanged slotId=0 subId=1 voiceState=0 dataState=0 FiveGConnected= false dataType= 15
06-08 11:17:53.944 4030 4121 D miui.face.transplant: face release complete
06-08 11:17:54.243 2353 3045 D FlashlightController: TorchCallback: onTorchModeChanged: enabled: false
06-08 11:17:54.411 1757 2223 I chatty : uid=1000(system) Binder:1757_3 expire 1 line
06-08 11:18:00.804 2353 2767 D NetworkController.MobileSignalController(1): onServiceStateChanged slotId=0 subId=1 voiceState=0 dataState=0 FiveGConnected= false dataType= 8
06-08 11:18:01.393 1757 1956 I chatty : uid=1000(system) ActivityManager expire 8 lines
06-08 11:18:02.585 2353 2767 D NetworkController.MobileSignalController(1): onServiceStateChanged slotId=0 subId=1 voiceState=0 dataState=0 FiveGConnected= false dataType= 15
06-08 11:18:03.167 2353 3045 D FlashlightController: TorchCallback: onTorchModeUnavailable
06-08 11:18:03.916 28319 28355 E ActivityThread: Failed to find provider info for com.miui.gallery.scanner
06-08 11:18:04.975 1757 2617 I chatty : uid=1000(system) Binder:1757_6 expire 1 line
06-08 11:18:09.493 1757 2036 I chatty : uid=1000(system) PowerManagerSer expire 1 line
06-08 11:18:09.509 2353 2767 D NetworkController.MobileSignalController(1): onServiceStateChanged slotId=0 subId=1 voiceState=0 dataState=0 FiveGConnected= false dataType= 15
06-08 11:18:09.553 2353 2767 D NetworkController.MobileSignalController(1): onServiceStateChanged slotId=0 subId=1 voiceState=0 dataState=0 FiveGConnected= false dataType= 15
06-08 11:18:09.833 2353 2767 D NetworkController.MobileSignalController(1): onServiceStateChanged slotId=0 subId=1 voiceState=0 dataState=0 FiveGConnected= false dataType= 13
06-08 11:18:11.529 28319 29592 E ActivityThread: Failed to find provider info for com.miui.gallery.scanner
06-08 11:18:11.862 2353 2767 D NetworkController.MobileSignalController(1): onServiceStateChanged slotId=0 subId=1 voiceState=0 dataState=0 FiveGConnected= false dataType= 13
06-08 11:18:11.986 2353 2767 D NetworkController.MobileSignalController(1): onServiceStateChanged slotId=0 subId=1 voiceState=0 dataState=0 FiveGConnected= false dataType= 13
06-08 11:18:12.448 2353 2767 D NetworkController.MobileSignalController(1): onServiceStateChanged slotId=0 subId=1 voiceState=0 dataState=0 FiveGConnected= false dataType= 13
06-08 11:18:13.921 2353 2767 D NetworkController.MobileSignalController(1): onServiceStateChanged slotId=0 subId=1 voiceState=0 dataState=0 FiveGConnected= false dataType= 3
06-08 11:18:13.944 1757 2272 I chatty : uid=1000(system) ConnectivitySer expire 3 lines
06-08 11:18:16.813 2353 2767 D NetworkController.MobileSignalController(1): onServiceStateChanged slotId=0 subId=1 voiceState=0 dataState=0 FiveGConnected= false dataType= 3
06-08 11:18:23.323 15762 15799 W BpBinder: Slow Binder: BpBinder transact took 324ms, interface=android.app.IActivityManager, code=20 oneway=false
06-08 11:18:23.379 1757 1957 I chatty : uid=1000(system) ActivityManager expire 4 lines
06-08 11:18:23.406 1757 3836 I chatty : uid=1000(system) Binder:1757_E expire 1 line
06-08 11:18:23.410 2546 2546 I Telephony: TelephonyConnectionService: onCreateIncomingConnection, request: ConnectionRequest xxxxxxxxxxxxxx Bundle[android.telecom.extra.INCOMING_CALL_ADDRESS=***, android.telecom.extra.CALL_CREATED_TIME_MILLIS=6311229, android.telecom.extra.CALL_TELECOM_ROUTING_START_TIME_MILLIS=6311363, ]: (SBC.oSC)->CS.crCo->H.CS.crCo->H.CS.crCo.pICR@E-BoY
06-08 11:18:23.410 2546 2546 I Telephony: TelephonyConnectionService: getPhoneForAccount chosenPhone : 0: (SBC.oSC)->CS.crCo->H.CS.crCo->H.CS.crCo.pICR@E-BoY
06-08 11:18:23.445 2546 2546 I Telephony: GsmConnection: isAddParticipantCapable: isCapable = false: (SBC.oSC)->CS.crCo->H.CS.crCo->H.CS.crCo.pICR@E-BoY
06-08 11:18:23.527 2546 2546 I chatty : uid=1001(radio) com.android.phone identical 4 lines
06-08 11:18:23.536 2546 2546 I Telephony: GsmConnection: isAddParticipantCapable: isCapable = false: (SBC.oSC)->CS.crCo->H.CS.crCo->H.CS.crCo.pICR@E-BoY
06-08 11:18:23.765 1757 1921 I chatty : uid=1000(system) android.fg expire 2 lines
06-08 11:18:23.925 4340 5410 W BpBinder: Slow Binder: BpBinder transact took 244ms, interface=android.app.IActivityManager, code=20 oneway=false
06-08 11:18:24.359 28319 28571 E ActivityThread: Failed to find provider info for com.miui.whetstone
06-08 11:18:24.616 4340 5410 W BpBinder: Slow Binder: BpBinder transact took 690ms, interface=android.content.IContentProvider, code=1 oneway=false
06-08 11:18:24.618 1757 2290 I chatty : uid=1000(system) AsyncQueryWorke expire 1 line
06-08 11:18:24.619 1757 15922 I chatty : uid=1000 system_server expire 1 line
06-08 11:18:24.619 1757 2733 I chatty : uid=1000(system) Binder:1757_8 expire 13 lines
06-08 11:18:24.743 2546 2546 I Telephony: TelephonyConnectionService: notifyCreateConnectionComplete TC@4_1: (...->CSW.hCCC)->CS.crCoC->H.CS.crCoC@E-E-E-BoY
06-08 11:18:24.744 2546 2546 I Telephony: TelephonyConnectionService: updatePhoneAccount setPhoneAccountHandle, slot = 0 , account = ComponentInfo{com.android.phone/com.android.services.telephony.TelephonyConnectionService}, ***, UserHandle{0}: (...->CSW.hCCC)->CS.crCoC->H.CS.crCoC@E-E-E-BoY
06-08 11:18:24.744 1757 1757 I chatty : uid=1000 system_server expire 31 lines
06-08 11:18:24.746 1757 25332 I chatty : uid=1000 system_server expire 2 lines
06-08 11:18:24.770 1757 25304 I chatty : uid=1000(system) ContactsAsyncWo expire 1 line
06-08 11:18:24.887 1757 1956 I chatty : uid=1000(system) ActivityManager expire 10 lines
06-08 11:18:24.910 1757 2871 I chatty : uid=1000(system) uteStateMachine expire 21 lines
06-08 11:18:24.911 1757 2875 I chatty : uid=1000(system) CallAudioModeSt expire 15 lines
06-08 11:18:24.940 1757 1957 I chatty : uid=1000(system) ActivityManager expire 29 lines
06-08 11:18:25.114 15885 15940 W BpBinder: Slow Binder: BpBinder transact took 541ms, interface=android.app.IActivityManager, code=20 oneway=false
06-08 11:18:25.413 1757 16107 I chatty : uid=1000 system_server expire 9 lines
06-08 11:18:25.462 16045 16045 I InCall_sys: InCallPresenteronCallListChange oldState= NO_CALLS newState=NO_CALLS switching to NO_CALLS
06-08 11:18:25.494 1757 9191 I chatty : uid=1000(system) Binder:1757_18 expire 3 lines
06-08 11:18:25.720 1757 1921 I chatty : uid=1000(system) android.fg expire 2 lines
06-08 11:18:25.814 15885 15940 W BpBinder: Slow Binder: BpBinder transact took 700ms, interface=android.content.IContentProvider, code=1 oneway=false
06-08 11:18:26.084 16025 16025 I SystemConfig: Adding association: com.google.android.as <- com.android.providers.contacts
06-08 11:18:26.084 16025 16025 I SystemConfig: Adding association: com.google.android.as <- com.android.providers.media
06-08 11:18:26.084 16025 16025 I SystemConfig: Adding association: com.google.android.as <- com.android.providers.telephony
06-08 11:18:26.084 16025 16025 I SystemConfig: Adding association: com.google.android.as <- com.android.systemui
06-08 11:18:26.084 16025 16025 I SystemConfig: Adding association: com.google.android.as <- com.google.android.gms
06-08 11:18:26.084 16025 16025 I SystemConfig: Adding association: com.google.android.as <- com.google.android.gsf
06-08 11:18:26.180 16025 16025 W SystemConfig: No directory /product_services/etc/sysconfig, skipping
06-08 11:18:26.180 16025 16025 W SystemConfig: No directory /product_services/etc/permissions, skipping
06-08 11:18:26.289 15885 15940 W BpBinder: Slow Binder: BpBinder transact took 470ms, interface=android.app.IActivityManager, code=20 oneway=false
06-08 11:18:26.347 16025 16025 W Looper : Slow Looper main: Long Msg: seq=2 plan=11:18:25.053 late=4ms wall=1289ms running=443ms runnable=278ms io=370ms h=android.app.ActivityThread$H w=110
06-08 11:18:26.564 2353 2767 D NetworkController.MobileSignalController(1): onServiceStateChanged slotId=0 subId=1 voiceState=0 dataState=0 FiveGConnected= false dataType= 3
06-08 11:18:26.642 2353 2353 W Looper : Slow Looper main: doFrame is 321ms late because of 8 msg, msg 1 took 311ms (seq=68327 running=154ms runnable=72ms io=9ms late=177ms h=android.view.Choreographer$FrameHandler c=android.view.Choreographer$FrameDisplayEventReceiver)
06-08 11:18:26.706 2353 2767 D NetworkController.MobileSignalController(1): onServiceStateChanged slotId=0 subId=1 voiceState=0 dataState=0 FiveGConnected= false dataType= 3
06-08 11:18:26.895 1757 9230 I chatty : uid=1000(system) Binder:1757_1F expire 6 lines
06-08 11:18:27.452 1757 3838 I chatty : uid=1000(system) Binder:1757_F expire 1 line
06-08 11:18:27.879 3777 5973 W MiuiPerfServiceClient: interceptAndQueuing:2353|com.android.systemui|858|481|unknown|null|StatusBar|3375699799854|Slow handle traversal|9
06-08 11:18:28.045 16189 16189 W Looper : Slow Looper main: Long Msg: seq=2 plan=11:18:26.535 late=1ms wall=1509ms running=337ms runnable=273ms io=279ms h=android.app.ActivityThread$H w=110
06-08 11:18:30.086 1757 2876 I chatty : uid=1000(system) ConnectionSvrFo expire 16 lines
06-08 11:18:30.090 1757 3743 I chatty : uid=1000(system) Binder:1757_C expire 5 lines
06-08 11:18:30.119 16045 16045 I InCall_sys: Call - update Call_0 call, old state is INCOMING, new call detail is INCOMING
06-08 11:18:30.119 16045 16045 I InCall_sys: InCallPresenteronCallListChange oldState= INCOMING newState=INCOMING switching to INCOMING
06-08 11:18:30.132 9671 9671 W ActivityThread: SCHED: com.android.camera/.Camera [59, r=15123ms, a=10472ms, w=261718ms]
06-08 11:18:30.156 9671 9671 D DisplayFeatureManager: setScreenEffect mode=14 value=0
06-08 11:18:30.232 9671 9671 W Activity: Slow Operation: Activity com.android.camera/.Camera onPause took 96ms
06-08 11:18:30.298 1757 1924 I chatty : uid=1000(system) android.display expire 6 lines
06-08 11:18:30.335 16045 16045 I InCall_sys: InCallActivityInCallActivity onCreate()... this = com.android.incallui.InCallActivity@9a1130e
06-08 11:18:30.365 1757 7934 I chatty : uid=1000(system) Binder:1757_13 expire 2 lines
06-08 11:18:30.450 16045 16045 I InCall_sys: InCallActivityInCallActivity onStart()...
06-08 11:18:30.474 1757 1925 I chatty : uid=1000(system) android.anim expire 2 lines
06-08 11:18:30.555 16321 16321 W Looper : Slow Looper main: Long Msg: seq=4 plan=11:18:28.211 late=534ms wall=1802ms running=1155ms runnable=214ms io=203ms h=android.app.ActivityThread$H w=113
06-08 11:18:30.620 1757 9221 I chatty : uid=1000(system) Binder:1757_1B expire 1 line
06-08 11:18:30.775 1757 2957 I chatty : uid=1000(system) Binder:1757_A expire 4 lines
06-08 11:18:30.778 1757 1809 I chatty : uid=1000(system) Binder:1757_2 expire 1 line
06-08 11:18:30.779 1757 2272 I chatty : uid=1000(system) ConnectivitySer expire 7 lines
06-08 11:18:30.785 2523 2635 W BpBinder: Slow Binder: BpBinder transact took 442ms, interface=android.media.IAudioFlinger, code=20 oneway=false
06-08 11:18:30.804 1757 9212 I chatty : uid=1000(system) Binder:1757_1A expire 3 lines
06-08 11:18:30.858 2546 2546 I Telephony: GsmConnection: isAddParticipantCapable: isCapable = false
06-08 11:18:30.858 2546 2546 I Telephony: GsmConnection: isAddParticipantCapable: isCapable = false
06-08 11:18:30.863 1757 8943 I chatty : uid=1000(system) Binder:1757_16 expire 20 lines
06-08 11:18:30.949 3777 5973 W MiuiPerfServiceClient: interceptAndQueuing:2353|com.android.systemui|184|101|unknown|null|StatusBar|3379295295634|Slow handle traversal|5
06-08 11:18:31.101 16506 16506 I SystemConfig: Adding association: com.google.android.as <- com.android.providers.contacts
06-08 11:18:31.101 16506 16506 I SystemConfig: Adding association: com.google.android.as <- com.android.providers.media
06-08 11:18:31.101 16506 16506 I SystemConfig: Adding association: com.google.android.as <- com.android.providers.telephony
06-08 11:18:31.102 16506 16506 I SystemConfig: Adding association: com.google.android.as <- com.android.systemui
06-08 11:18:31.102 16506 16506 I SystemConfig: Adding association: com.google.android.as <- com.google.android.gms
06-08 11:18:31.102 16506 16506 I SystemConfig: Adding association: com.google.android.as <- com.google.android.gsf
06-08 11:18:31.116 16506 16506 W SystemConfig: No directory /product_services/etc/sysconfig, skipping
06-08 11:18:31.116 16506 16506 W SystemConfig: No directory /product_services/etc/permissions, skipping
06-08 11:18:31.247 16045 16045 W BpBinder: Slow Binder: BpBinder transact took 795ms, interface=android.app.IActivityManager, code=20 oneway=false
06-08 11:18:31.253 16045 16045 W Activity: Slow Operation: Activity com.android.incallui/.InCallActivity onStart took 803ms
06-08 11:18:31.254 16045 16045 I InCall_sys: InCallActivityInCallActivity onResume()...
06-08 11:18:31.338 2353 11746 I KeyguardViewMediator: setOccluded true
06-08 11:18:31.340 16045 16045 W Looper : Slow Looper main: Long Msg: seq=25 plan=11:18:30.243 late=2ms wall=1094ms running=102ms runnable=48ms io=15ms h=android.app.ActivityThread$H w=159
06-08 11:18:31.340 16045 16045 W Looper : Slow Looper main: Activity com.android.incallui/.InCallActivity is 1096ms late (wall=0ms running=0ms ClientTransaction{ callbacks=[android.app.servertransaction.TopResumedActivityChangeItem] }) because of 1 msg, msg 1 took 1094ms (seq=25 running=102ms runnable=48ms io=15ms late=2ms h=android.app.ActivityThread$H w=159)
06-08 11:18:31.341 16045 16045 I InCall_sys: InCallPresenteronCallListChange oldState= INCOMING newState=INCOMING switching to INCOMING
06-08 11:18:31.475 1757 8942 I chatty : uid=1000(system) Binder:1757_15 expire 1 line
06-08 11:18:31.490 16045 16045 I InCall_sys: Call - update Call_0 call, old state is INCOMING, new call detail is ACTIVE
06-08 11:18:31.492 16045 16045 I InCall_sys: InCallPresenteronCallListChange oldState= INCOMING newState=INCALL switching to INCALL
06-08 11:18:31.632 16045 16045 I InCall_sys: Call - update Call_0 call, old state is ACTIVE, new call detail is ACTIVE
06-08 11:18:31.640 16045 16045 I chatty : uid=10077(com.android.incallui) identical 4 lines
06-08 11:18:31.641 16045 16045 I InCall_sys: Call - update Call_0 call, old state is ACTIVE, new call detail is ACTIVE
06-08 11:18:31.913 1757 1955 I chatty : uid=1000(system) android.bg expire 2 lines
06-08 11:18:32.017 1757 2036 I chatty : uid=1000(system) PowerManagerSer expire 8 lines
06-08 11:18:32.188 9671 9671 W Activity: Slow Operation: Activity com.android.camera/.Camera onStop took 142ms
06-08 11:18:32.296 1757 2328 I chatty : uid=1000(system) PhotonicModulat expire 1 line
06-08 11:18:32.411 16549 16549 W Looper : Slow Looper main: Long Msg: seq=2 plan=11:18:31.064 late=1ms wall=1345ms running=294ms runnable=218ms h=android.app.ActivityThread$H w=110
06-08 11:18:32.455 1757 2860 I chatty : uid=1000(system) Binder:1757_9 expire 1 line
06-08 11:18:32.840 1757 2377 I chatty : uid=1000(system) Binder:1757_5 expire 3 lines
06-08 11:18:32.879 1757 9228 I chatty : uid=1000(system) Binder:1757_1D expire 2 lines
06-08 11:18:33.166 1757 2301 I chatty : uid=1000(system) ProcessManager expire 1 line
06-08 11:18:33.625 2353 3045 D FlashlightController: TorchCallback: onTorchModeChanged: enabled: false
06-08 11:18:33.638 9671 9727 W BpBinder: Slow Binder: BpBinder transact took 708ms, interface=android.hardware.camera2.ICameraDeviceUser, code=1 oneway=false
06-08 11:18:34.013 1757 9222 I chatty : uid=1000(system) Binder:1757_1C expire 4 lines
06-08 11:18:37.324 1757 1971 I chatty : uid=1000(system) batterystats-wo expire 6 lines
06-08 11:18:46.285 2353 2353 I MiuiChargeManager: notifyBatteryStatusChanged: status: 3 isPlugged: 0 level: 94 wireState: -1 chargeSpeed: 0 mWiredChargeType: 0 mWirelessChargeType: 0 chargeDeviceType: -1
06-08 11:18:46.289 5199 5199 D PowerChecker_Service: battery status = 3 plug = 0 level = 94
06-08 11:18:50.246 1757 3836 I chatty : uid=1000(system) Binder:1757_E expire 2 lines
06-08 11:19:17.595 1757 9231 I chatty : uid=1000(system) Binder:1757_20 expire 5 lines
06-08 11:19:23.013 1757 2287 I chatty : uid=1000(system) Binder:1757_4 expire 4 lines
06-08 11:19:34.960 1757 8939 I chatty : uid=1000(system) Binder:1757_14 expire 4 lines
06-08 11:19:57.137 2353 2767 D NetworkController.MobileSignalController(1): onServiceStateChanged slotId=0 subId=1 voiceState=0 dataState=1 FiveGConnected= false dataType= 0
06-08 11:19:57.207 16045 16045 I InCall_sys: Call - update Call_0 call, old state is ACTIVE, new call detail is ACTIVE
06-08 11:19:57.221 28319 28319 E ActivityThread: Failed to find provider info for com.miui.whetstone
06-08 11:20:39.221 1757 1957 I chatty : uid=1000(system) ActivityManager expire 4 lines
06-08 11:20:39.692 17056 17056 I SystemConfig: Adding association: com.google.android.as <- com.android.providers.contacts
06-08 11:20:39.692 17056 17056 I SystemConfig: Adding association: com.google.android.as <- com.android.providers.media
06-08 11:20:39.692 17056 17056 I SystemConfig: Adding association: com.google.android.as <- com.android.providers.telephony
06-08 11:20:39.692 17056 17056 I SystemConfig: Adding association: com.google.android.as <- com.android.systemui
06-08 11:20:39.692 17056 17056 I SystemConfig: Adding association: com.google.android.as <- com.google.android.gms
06-08 11:20:39.692 17056 17056 I SystemConfig: Adding association: com.google.android.as <- com.google.android.gsf
06-08 11:20:39.703 17056 17056 W SystemConfig: No directory /product_services/etc/sysconfig, skipping
06-08 11:20:39.703 17056 17056 W SystemConfig: No directory /product_services/etc/permissions, skipping
06-08 11:20:39.962 1757 1757 I chatty : uid=1000 system_server expire 15 lines
06-08 11:20:40.247 17095 17095 I SystemConfig: Adding association: com.google.android.as <- com.android.providers.contacts
06-08 11:20:40.247 17095 17095 I SystemConfig: Adding association: com.google.android.as <- com.android.providers.media
06-08 11:20:40.247 17095 17095 I SystemConfig: Adding association: com.google.android.as <- com.android.providers.telephony
06-08 11:20:40.247 17095 17095 I SystemConfig: Adding association: com.google.android.as <- com.android.systemui
06-08 11:20:40.247 17095 17095 I SystemConfig: Adding association: com.google.android.as <- com.google.android.gms
06-08 11:20:40.247 17095 17095 I SystemConfig: Adding association: com.google.android.as <- com.google.android.gsf
06-08 11:20:40.265 17095 17095 W SystemConfig: No directory /product_services/etc/sysconfig, skipping
06-08 11:20:40.265 17095 17095 W SystemConfig: No directory /product_services/etc/permissions, skipping
06-08 11:20:40.545 1757 3838 I chatty : uid=1000(system) Binder:1757_F expire 11 lines
06-08 11:20:42.354 1757 1956 I chatty : uid=1000(system) ActivityManager expire 10 lines
06-08 11:20:46.461 1757 9231 I chatty : uid=1000(system) Binder:1757_20 expire 9 lines
06-08 11:20:48.223 1757 9230 I chatty : uid=1000(system) Binder:1757_1F expire 3 lines
06-08 11:21:08.231 1757 3836 I chatty : uid=1000(system) Binder:1757_E expire 1 line
06-08 11:21:16.308 1757 2036 I chatty : uid=1000(system) PowerManagerSer expire 16 lines
06-08 11:21:16.363 1757 2328 I chatty : uid=1000(system) PhotonicModulat expire 1 line
06-08 11:21:16.364 1757 1924 I chatty : uid=1000(system) android.display expire 11 lines
06-08 11:21:16.457 2353 2767 D NetworkController.MobileSignalController(1): onServiceStateChanged slotId=0 subId=1 voiceState=0 dataState=1 FiveGConnected= false dataType= 0
06-08 11:21:16.562 1757 2303 I chatty : uid=1000(system) ScreenEffectThr expire 2 lines
06-08 11:21:17.277 16045 16045 I InCall_sys: InCallPresenteronCallListChange oldState= INCALL newState=INCALL switching to INCALL
06-08 11:21:19.029 2546 2546 I Telephony: : onDisconnect: callId=TC@4_1, cause=LOCAL
06-08 11:21:19.034 1757 2272 I chatty : uid=1000(system) ConnectivitySer expire 10 lines
06-08 11:21:19.039 2546 2546 I Telephony: GsmConnection: isAddParticipantCapable: isCapable = false
06-08 11:21:19.039 2546 2546 I Telephony: GsmConnection: isAddParticipantCapable: isCapable = false
06-08 11:21:19.040 16045 16045 I InCall_sys: Call - update Call_0 call, old state is DISCONNECTING, new call detail is DISCONNECTING
06-08 11:21:19.041 16045 16045 I InCall_sys: InCallPresenteronCallListChange oldState= INCALL newState=INCALL switching to INCALL
06-08 11:21:19.044 16045 16045 I InCall_sys: Call - update Call_0 call, old state is DISCONNECTING, new call detail is DISCONNECTING
06-08 11:21:19.063 16045 16045 I InCall_sys: Call - update Call_0 call, old state is DISCONNECTING, new call detail is DISCONNECTING
06-08 11:21:19.063 16045 16045 I InCall_sys: Call - update Call_0 call, old state is DISCONNECTING, new call detail is DISCONNECTING
06-08 11:21:19.075 1757 3838 I chatty : uid=1000(system) Binder:1757_F expire 14 lines
06-08 11:21:19.097 1757 2871 I chatty : uid=1000(system) uteStateMachine expire 15 lines
06-08 11:21:19.099 1757 2875 I chatty : uid=1000(system) CallAudioModeSt expire 6 lines
06-08 11:21:19.102 2353 2767 D NetworkController.MobileSignalController(1): onServiceStateChanged slotId=0 subId=1 voiceState=0 dataState=0 FiveGConnected= false dataType= 1
06-08 11:21:19.103 1757 2287 I chatty : uid=1000(system) Binder:1757_4 expire 3 lines
06-08 11:21:19.105 1757 2867 I chatty : uid=1000(system) BluetoothRouteM expire 1 line
06-08 11:21:19.153 1757 1957 I chatty : uid=1000(system) ActivityManager expire 12 lines
06-08 11:21:19.162 1757 17207 I chatty : uid=1000 system_server expire 1 line
06-08 11:21:19.204 1757 1955 I chatty : uid=1000(system) android.bg expire 7 lines
06-08 11:21:19.390 1757 25332 I chatty : uid=1000 system_server expire 2 lines
06-08 11:21:19.439 1757 2868 I chatty : uid=1000(system) AudioPortEventH expire 1 line
06-08 11:21:19.440 16045 16045 W BpBinder: Slow Binder: BpBinder transact took 256ms, interface=android.media.IAudioRecord, code=2 oneway=false
06-08 11:21:19.454 16045 16045 I InCall_sys: Call - update Call_0 call, old state is DISCONNECTING, new call detail is DISCONNECTED
06-08 11:21:19.457 16045 16045 I InCall_sys: InCallPresenteronCallListChange oldState= INCALL newState=INCALL switching to INCALL
06-08 11:21:19.468 16045 16045 I InCall_sys: Call - update Call_0 call, old state is DISCONNECTED, new call detail is DISCONNECTED
06-08 11:21:19.469 16045 16045 I InCall_sys: InCallPresenteronCallListChange oldState= INCALL newState=INCALL switching to INCALL
06-08 11:21:19.471 16045 16045 I InCall_sys: Call - update Call_0 call, old state is DISCONNECTED, new call detail is DISCONNECTED
06-08 11:21:19.625 17239 17239 I SystemConfig: Adding association: com.google.android.as <- com.android.providers.contacts
06-08 11:21:19.625 17239 17239 I SystemConfig: Adding association: com.google.android.as <- com.android.providers.media
06-08 11:21:19.625 17239 17239 I SystemConfig: Adding association: com.google.android.as <- com.android.providers.telephony
06-08 11:21:19.625 17239 17239 I SystemConfig: Adding association: com.google.android.as <- com.android.systemui
06-08 11:21:19.625 17239 17239 I SystemConfig: Adding association: com.google.android.as <- com.google.android.gms
06-08 11:21:19.625 17239 17239 I SystemConfig: Adding association: com.google.android.as <- com.google.android.gsf
06-08 11:21:19.634 17239 17239 W SystemConfig: No directory /product_services/etc/sysconfig, skipping
06-08 11:21:19.634 17239 17239 W SystemConfig: No directory /product_services/etc/permissions, skipping
06-08 11:21:19.656 16045 16045 I InCall_sys: InCallPresenteronCallListChange oldState= INCALL newState=NO_CALLS switching to NO_CALLS
06-08 11:21:19.670 17270 17270 I SystemConfig: Adding association: com.google.android.as <- com.android.providers.contacts
06-08 11:21:19.670 17270 17270 I SystemConfig: Adding association: com.google.android.as <- com.android.providers.media
06-08 11:21:19.670 17270 17270 I SystemConfig: Adding association: com.google.android.as <- com.android.providers.telephony
06-08 11:21:19.670 17270 17270 I SystemConfig: Adding association: com.google.android.as <- com.android.systemui
06-08 11:21:19.670 17270 17270 I SystemConfig: Adding association: com.google.android.as <- com.google.android.gms
06-08 11:21:19.670 17270 17270 I SystemConfig: Adding association: com.google.android.as <- com.google.android.gsf
06-08 11:21:19.679 17270 17270 W SystemConfig: No directory /product_services/etc/sysconfig, skipping
06-08 11:21:19.679 17270 17270 W SystemConfig: No directory /product_services/etc/permissions, skipping
06-08 11:21:19.683 16045 16045 I InCall_sys: InCallPresenteronCallListChange oldState= NO_CALLS newState=NO_CALLS switching to NO_CALLS
06-08 11:21:19.686 16045 16045 I chatty : uid=10077(com.android.incallui) identical 2 lines
06-08 11:21:19.686 16045 16045 I InCall_sys: InCallPresenteronCallListChange oldState= NO_CALLS newState=NO_CALLS switching to NO_CALLS
06-08 11:21:19.696 16045 16112 W BpBinder: Slow Binder: BpBinder transact took 234ms, interface=android.app.IActivityManager, code=20 oneway=false
06-08 11:21:19.756 16045 16045 I InCall_sys: InCallActivityCircle anim run to end. InCallState: NO_CALLS
06-08 11:21:19.757 1757 3743 I chatty : uid=1000(system) Binder:1757_C expire 11 lines
06-08 11:21:19.761 16045 16045 W ActivityThread: SCHED: com.android.incallui/.InCallActivity [75, r=977ms, a=317ms, w=168508ms]
06-08 11:21:19.761 16045 16045 I InCall_sys: InCallActivityInCallActivity onPause()...
06-08 11:21:19.797 2353 3105 I KeyguardViewMediator: setOccluded false
06-08 11:21:19.799 2353 2353 E miui_face: start face unlock fail, mKeyguardShowing=false;isDeviceInteractive=true
06-08 11:21:19.802 1757 8943 I chatty : uid=1000(system) Binder:1757_16 expire 2 lines
06-08 11:21:19.804 1757 1925 I chatty : uid=1000(system) android.anim expire 18 lines
06-08 11:21:19.816 16045 16045 I InCall_sys: InCallPresenteronCallListChange oldState= NO_CALLS newState=NO_CALLS switching to NO_CALLS
06-08 11:21:19.819 1757 2301 I chatty : uid=1000(system) ProcessManager expire 9 lines
06-08 11:21:19.824 1757 7934 I chatty : uid=1000(system) Binder:1757_13 expire 3 lines
06-08 11:21:19.870 2353 3045 D FlashlightController: TorchCallback: onTorchModeUnavailable
06-08 11:21:20.010 17333 17333 I SystemConfig: Adding association: com.google.android.as <- com.android.providers.contacts
06-08 11:21:20.010 17333 17333 I SystemConfig: Adding association: com.google.android.as <- com.android.providers.media
06-08 11:21:20.010 17333 17333 I SystemConfig: Adding association: com.google.android.as <- com.android.providers.telephony
06-08 11:21:20.010 17333 17333 I SystemConfig: Adding association: com.google.android.as <- com.android.systemui
06-08 11:21:20.010 17333 17333 I SystemConfig: Adding association: com.google.android.as <- com.google.android.gms
06-08 11:21:20.010 17333 17333 I SystemConfig: Adding association: com.google.android.as <- com.google.android.gsf
06-08 11:21:20.023 17333 17333 W SystemConfig: No directory /product_services/etc/sysconfig, skipping
06-08 11:21:20.024 17333 17333 W SystemConfig: No directory /product_services/etc/permissions, skipping
06-08 11:21:20.217 1757 1803 I chatty : uid=1000(system) Binder:1757_1 expire 5 lines
06-08 11:21:20.269 9671 9726 W BpBinder: Slow Binder: BpBinder transact took 222ms, interface=android.hardware.camera2.ICameraDeviceUser, code=6 oneway=false
06-08 11:21:20.319 16045 16045 I InCall_sys: InCallActivityInCallActivity onStop()...
