06-08 09:58:20.070 826 911 W EventThreadInspector: slow VSync-sf on display(19261101167563905), count=1, avg=31 ms, max=31 ms.
06-08 09:58:20.178 2353 2353 I miui_keyguard_fingerprint: onAuthenticationSucceeded: authUserId = 0
06-08 09:58:20.180 1757 9231 I chatty : uid=1000(system) Binder:1757_20 expire 11 lines
06-08 09:58:20.200 520 13982 D vold : The trim thread is not running
06-08 09:58:20.200 520 13982 D vold : idle maintenance stopped
06-08 09:58:20.254 1757 1921 I chatty : uid=1000(system) android.fg expire 3 lines
06-08 09:58:20.265 1757 2732 I chatty : uid=1000(system) Binder:1757_7 expire 12 lines
06-08 09:58:20.267 3203 3203 V DreamService[DozeService]: wakeUp(): fromSystem=true, mWaking=false, mFinished=false
06-08 09:58:20.267 3203 3203 V DreamService[DozeService]: finish(): mFinished=false
06-08 09:58:20.267 1757 9228 I chatty : uid=1000(system) Binder:1757_1D expire 1 line
06-08 09:58:20.295 3203 3203 V DreamService[DozeService]: detach(): Calling onDreamingStopped()
06-08 09:58:20.295 3203 3203 V DreamService[DozeService]: onDreamingStopped()
06-08 09:58:20.304 1757 1809 I chatty : uid=1000(system) Binder:1757_2 expire 5 lines
06-08 09:58:20.315 2353 2353 E miui_face: start face unlock fail because device has unlocked
06-08 09:58:20.327 3203 3203 V DreamService[DozeService]: finish(): mFinished=true
06-08 09:58:20.327 3203 3203 V DreamService[DozeService]: onDestroy()
06-08 09:58:20.344 2353 3726 I KeyguardViewMediator: call fw keyguardGoingAway: flags = 8
06-08 09:58:20.350 2353 2353 I MiuiGxzwHightlightContainer: dismiss highlight view
06-08 09:58:20.352 2353 2353 I MiuiGxzwOverlayView: remove overlay view
06-08 09:58:20.369 2353 2353 I MiuiGxzwTouchHelper: onTouch: originalAction = ACTION_MOVE, action = ACTION_MOVE, x = 158,000000, y = 183,000000, pressure = 2048,000000, area = 12,000000
06-08 09:58:20.387 2353 3156 D DisplayFeatureManager: setScreenEffect mode=17 value=0 cookie=1
06-08 09:58:20.420 2353 2767 D NetworkController.MobileSignalController(1): onServiceStateChanged slotId=0 subId=1 voiceState=0 dataState=0 FiveGConnected= false dataType= 13
06-08 09:58:20.438 2353 2353 I MiuiGxzwTouchHelper: onTouch: originalAction = ACTION_UP, action = ACTION_UP, x = 158,000000, y = 183,000000, pressure = 2048,000000, area = 12,000000
06-08 09:58:20.442 2353 2353 I KeyguardViewMediator: handleStartKeyguardExitAnimation startTime=1098986 fadeoutDuration=300
06-08 09:58:20.457 2353 2353 V KeyguardDisplayManager: hide
06-08 09:58:20.457 2353 2353 I miui_keyguard_fingerprint: fingerprint unlock time: wait fw call startKeyguardExitAnimation = 65 ms total = 224 ms
06-08 09:58:20.465 1757 2272 I chatty : uid=1000(system) ConnectivitySer expire 8 lines
06-08 09:58:20.507 2353 2767 D NetworkController.MobileSignalController(1): onServiceStateChanged slotId=0 subId=1 voiceState=0 dataState=0 FiveGConnected= false dataType= 13
06-08 09:58:20.600 3746 3746 W BpBinder: Slow Binder: BpBinder transact took 289ms, interface=android.media.IAudioFlinger, code=2 oneway=false
06-08 09:58:20.620 4030 4030 D miui.face.FaceService: lock screen passed
06-08 09:58:20.620 4030 4121 D miui.face.FaceService: FaceAuthenHelper mReleaseIfAuthenticated Runnable run ... ...
06-08 09:58:20.620 4030 4121 D miui.face.FaceService: release memory... ...
06-08 09:58:20.621 5199 5330 D PowerKeeper.AppStandby: disable standby chain
06-08 09:58:20.653 1757 1955 I chatty : uid=1000(system) android.bg expire 1 line
06-08 09:58:20.668 2560 2712 E ActivityThread: Failed to find provider info for com.android.thememanager.set_lockwallpaper
06-08 09:58:20.872 1757 4531 I chatty : uid=1000(system) Binder:1757_11 expire 3 lines
06-08 09:58:20.916 3746 14008 W BpBinder: Slow Binder: BpBinder transact took 312ms, interface=android.media.IAudioRecord, code=1 oneway=false
06-08 09:58:20.920 1757 2868 I chatty : uid=1000(system) AudioPortEventH expire 1 line
06-08 09:58:23.600 1757 9190 I chatty : uid=1000(system) Binder:1757_17 expire 5 lines
06-08 09:58:23.601 5199 5199 D PowerChecker_CloudJob: circle job is scheduled
06-08 09:58:23.619 3769 14030 E ActivityThread: Failed to find provider info for com.xiaomi.o2o.ExternalProvider
06-08 09:58:23.620 3769 14030 E ActivityThread: Failed to find provider info for com.xiaomi.market.o2o.CouponExternalProvider
06-08 09:58:23.644 3769 14030 E ActivityThread: Failed to find provider info for com.xiaomi.aiasst.service
06-08 09:58:23.658 3769 14030 E ActivityThread: Failed to find provider info for com.miui.systemAdSolution.mse.catch
06-08 09:58:26.740 2560 2560 I Timeline: Timeline: Activity_launch_request time:1105329
06-08 09:58:26.767 2560 2560 W ActivityThread: SCHED: com.miui.home/.launcher.Launcher [78, r=475ms, a=133ms, w=6394ms]
06-08 09:58:26.776 1757 1924 I chatty : uid=1000(system) android.display expire 8 lines
06-08 09:58:26.873 8689 8689 E ActivityThread: Failed to find provider info for com.miui.miwallpaper.wallpaper
06-08 09:58:26.885 8689 8689 I chatty : uid=9801(theme) com.android.thememanager identical 3 lines
06-08 09:58:26.887 8689 8689 E ActivityThread: Failed to find provider info for com.miui.miwallpaper.wallpaper
06-08 09:58:26.901 8689 14054 E ActivityThread: Failed to find provider info for content://com.miui.miwallpaper.wallpaper
06-08 09:58:31.419 1757 1956 I chatty : uid=1000(system) ActivityManager expire 1 line
06-08 09:58:33.469 8689 8689 I Timeline: Timeline: Activity_launch_request time:1112058
06-08 09:58:33.492 8689 8689 W ActivityThread: SCHED: com.android.thememanager/.settings.WallpaperSettingsActivity [78, r=94ms, a=26ms, w=6653ms]
06-08 09:58:35.632 8689 8689 W ActivityThread: SCHED: com.android.thememanager/.activity.ThirdPartyPickersActivity [69, r=142ms, a=62ms, w=2085ms]
06-08 09:58:35.674 1757 1957 I chatty : uid=1000(system) ActivityManager expire 4 lines
06-08 09:58:35.708 1757 1925 I chatty : uid=1000(system) android.anim expire 12 lines
06-08 09:58:36.013 14078 14078 W Looper : Slow Looper main: Activity com.google.android.documentsui/com.android.documentsui.picker.PickActivity is 309ms late (wall=0ms running=0ms ClientTransaction{ callbacks=[android.app.servertransaction.TopResumedActivityChangeItem] }) because of 3 msg, msg 2 took 157ms (seq=2 running=59ms runnable=10ms io=66ms late=25ms h=android.app.ActivityThread$H w=110), msg 3 took 130ms (seq=3 running=93ms runnable=10ms io=16ms late=180ms h=android.app.ActivityThread$H w=159)
06-08 09:58:36.375 1757 4531 I chatty : uid=1000(system) Binder:1757_11 expire 1 line
06-08 09:58:36.376 14104 14126 W BpBinder: Slow Binder: BpBinder transact took 426ms, interface=android.app.usage.IStorageStatsManager, code=4 oneway=false
06-08 09:58:36.377 14078 14102 W BpBinder: Slow Binder: BpBinder transact took 430ms, interface=android.content.IContentProvider, code=1 oneway=false
06-08 09:58:36.434 14078 14134 W BpBinder: Slow Binder: BpBinder transact took 419ms, interface=android.content.IContentProvider, code=1 oneway=false
06-08 09:58:36.448 1757 1957 I chatty : uid=1000(system) ActivityManager expire 6 lines
06-08 09:58:37.548 14078 14163 W BpBinder: Slow Binder: BpBinder transact took 319ms, interface=android.content.IContentProvider, code=23 oneway=false
06-08 09:58:37.817 1757 1757 I chatty : uid=1000 system_server expire 10 lines
06-08 09:58:37.871 14078 14163 W BpBinder: Slow Binder: BpBinder transact took 319ms, interface=android.content.IContentProvider, code=23 oneway=false
06-08 09:58:38.139 14078 14163 W BpBinder: Slow Binder: BpBinder transact took 263ms, interface=android.content.IContentProvider, code=23 oneway=false
06-08 09:58:38.486 1757 2266 I chatty : uid=1000(system) ClientModeImpl expire 11 lines
06-08 09:58:38.496 14078 14163 W BpBinder: Slow Binder: BpBinder transact took 354ms, interface=android.content.IContentProvider, code=23 oneway=false
06-08 09:58:38.886 14078 14163 W BpBinder: Slow Binder: BpBinder transact took 386ms, interface=android.content.IContentProvider, code=23 oneway=false
06-08 09:58:38.913 1757 2732 I chatty : uid=1000(system) Binder:1757_7 expire 12 lines
06-08 09:58:38.914 3777 5973 W MiuiPerfServiceClient: interceptAndQueuing:14078|com.google.android.documentsui|170|170|unknown|null|com.google.android.documentsui/com.android.documentsui.picker.PickActivity|1115648312957|Slow handle animation|1
06-08 09:58:38.930 11996 12053 W FileUtils: Slow Operation: fsync took 102ms
06-08 09:58:39.237 14078 14163 W BpBinder: Slow Binder: BpBinder transact took 347ms, interface=android.content.IContentProvider, code=23 oneway=false
06-08 09:58:39.466 14078 14163 W BpBinder: Slow Binder: BpBinder transact took 225ms, interface=android.content.IContentProvider, code=23 oneway=false
06-08 09:58:39.698 14078 14163 W BpBinder: Slow Binder: BpBinder transact took 227ms, interface=android.content.IContentProvider, code=23 oneway=false
06-08 09:58:39.936 14078 14163 W BpBinder: Slow Binder: BpBinder transact took 234ms, interface=android.content.IContentProvider, code=23 oneway=false
06-08 09:58:40.354 14078 14163 W BpBinder: Slow Binder: BpBinder transact took 413ms, interface=android.content.IContentProvider, code=23 oneway=false
06-08 09:58:40.691 14078 14163 W BpBinder: Slow Binder: BpBinder transact took 333ms, interface=android.content.IContentProvider, code=23 oneway=false
06-08 09:58:41.028 14078 14163 W BpBinder: Slow Binder: BpBinder transact took 333ms, interface=android.content.IContentProvider, code=23 oneway=false
06-08 09:58:41.362 14078 14163 W BpBinder: Slow Binder: BpBinder transact took 282ms, interface=android.content.IContentProvider, code=23 oneway=false
06-08 09:58:41.732 14078 14163 W BpBinder: Slow Binder: BpBinder transact took 366ms, interface=android.content.IContentProvider, code=23 oneway=false
06-08 09:58:42.127 14078 14163 W BpBinder: Slow Binder: BpBinder transact took 392ms, interface=android.content.IContentProvider, code=23 oneway=false
06-08 09:58:42.519 14078 14163 W BpBinder: Slow Binder: BpBinder transact took 388ms, interface=android.content.IContentProvider, code=23 oneway=false
06-08 09:58:42.923 14078 14163 W BpBinder: Slow Binder: BpBinder transact took 401ms, interface=android.content.IContentProvider, code=23 oneway=false
06-08 09:58:43.265 14078 14163 W BpBinder: Slow Binder: BpBinder transact took 338ms, interface=android.content.IContentProvider, code=23 oneway=false
06-08 09:58:45.886 14078 14078 I Timeline: Timeline: Activity_launch_request time:1124475
06-08 09:58:45.890 1757 2617 I chatty : uid=1000(system) Binder:1757_6 expire 10 lines
06-08 09:58:45.942 1757 9222 I chatty : uid=1000(system) Binder:1757_1C expire 10 lines
06-08 09:58:45.943 14078 14078 W ActivityThread: SCHED: com.google.android.documentsui/com.android.documentsui.picker.PickActivity [78, r=572ms, a=160ms, w=9944ms]
06-08 09:58:45.951 1757 1924 I chatty : uid=1000(system) android.display expire 13 lines
06-08 09:58:46.134 14173 14173 I SystemConfig: Adding association: com.google.android.as <- com.android.providers.contacts
06-08 09:58:46.134 14173 14173 I SystemConfig: Adding association: com.google.android.as <- com.android.providers.media
06-08 09:58:46.134 14173 14173 I SystemConfig: Adding association: com.google.android.as <- com.android.providers.telephony
06-08 09:58:46.134 14173 14173 I SystemConfig: Adding association: com.google.android.as <- com.android.systemui
06-08 09:58:46.134 14173 14173 I SystemConfig: Adding association: com.google.android.as <- com.google.android.gms
06-08 09:58:46.134 14173 14173 I SystemConfig: Adding association: com.google.android.as <- com.google.android.gsf
06-08 09:58:46.141 14173 14173 W SystemConfig: No directory /product_services/etc/sysconfig, skipping
06-08 09:58:46.141 14173 14173 W SystemConfig: No directory /product_services/etc/permissions, skipping
06-08 09:58:46.332 14173 14173 W Looper : Slow Looper main: Activity com.android.fileexplorer/.activity.FileActivity is 323ms late (wall=0ms running=0ms ClientTransaction{ callbacks=[android.app.servertransaction.TopResumedActivityChangeItem] }) because of 3 msg, msg 2 took 156ms (seq=2 running=92ms runnable=10ms io=40ms late=3ms h=android.app.ActivityThread$H w=110), msg 3 took 166ms (seq=3 running=106ms runnable=19ms io=18ms late=158ms h=android.app.ActivityThread$H w=159)
06-08 09:58:46.356 1757 9231 I chatty : uid=1000(system) Binder:1757_20 expire 6 lines
06-08 09:58:50.628 1757 1956 I chatty : uid=1000(system) ActivityManager expire 4 lines
06-08 09:58:58.408 1757 9190 I chatty : uid=1000(system) Binder:1757_17 expire 7 lines
06-08 09:59:00.961 1757 2287 I chatty : uid=1000(system) Binder:1757_4 expire 10 lines
06-08 09:59:02.560 14173 14173 W ActivityThread: SCHED: com.android.fileexplorer/.activity.FileActivity [73, r=1503ms, a=555ms, w=16243ms]
06-08 09:59:02.638 8689 8689 I Timeline: Timeline: Activity_launch_request time:1141227
06-08 09:59:02.664 8689 8689 W ActivityThread: SCHED: com.android.thememanager/.settings.WallpaperSettingsActivity [100, r=2ms, a=0ms, w=2ms]
06-08 09:59:02.674 8689 14054 E ActivityThread: Failed to find provider info for content://com.miui.miwallpaper.wallpaper
06-08 09:59:02.805 1757 1809 I chatty : uid=1000(system) Binder:1757_2 expire 1 line
06-08 09:59:03.122 8689 14054 W BpBinder: Slow Binder: BpBinder transact took 378ms, interface=android.content.IContentProvider, code=21 oneway=false
06-08 09:59:03.290 1757 1925 I chatty : uid=1000(system) android.anim expire 11 lines
06-08 09:59:03.393 1757 2617 I chatty : uid=1000(system) Binder:1757_6 expire 10 lines
06-08 09:59:03.450 8689 14055 W BpBinder: Slow Binder: BpBinder transact took 287ms, interface=android.content.IContentProvider, code=21 oneway=false
06-08 09:59:03.455 8689 14054 W BpBinder: Slow Binder: BpBinder transact took 326ms, interface=android.content.IContentProvider, code=21 oneway=false
06-08 09:59:03.796 8689 14055 W BpBinder: Slow Binder: BpBinder transact took 337ms, interface=android.content.IContentProvider, code=21 oneway=false
06-08 09:59:09.079 1757 2019 I chatty : uid=1000(system) FileObserver expire 1 line
06-08 09:59:09.208 8689 8689 W ActivityThread: SCHED: com.android.thememanager/.activity.WallpaperDetailActivity [65, r=191ms, a=102ms, w=6467ms]
06-08 09:59:09.242 8689 14055 E ActivityThread: Failed to find provider info for content://com.miui.miwallpaper.wallpaper
06-08 09:59:09.242 1757 9222 I chatty : uid=1000(system) Binder:1757_1C expire 12 lines
06-08 09:59:11.927 1757 2266 I chatty : uid=1000(system) ClientModeImpl expire 12 lines
06-08 09:59:15.237 8689 8689 W ActivityThread: SCHED: com.android.thememanager/.settings.WallpaperSettingsActivity [60, r=51ms, a=34ms, w=6005ms]
06-08 09:59:24.944 2560 2560 I Timeline: Timeline: Activity_launch_request time:1163532
06-08 09:59:24.969 2560 2560 W ActivityThread: SCHED: com.miui.home/.launcher.Launcher [65, r=529ms, a=277ms, w=9716ms]
06-08 09:59:24.974 1757 2293 I chatty : uid=1000(system) miui.fg expire 1 line
06-08 09:59:24.979 1757 1924 I chatty : uid=1000(system) android.display expire 13 lines
06-08 09:59:25.000 1757 1925 I chatty : uid=1000(system) android.anim expire 12 lines
06-08 09:59:25.127 2353 3156 D DisplayFeatureManager: setScreenEffect mode=17 value=1 cookie=1
06-08 09:59:25.134 6955 14271 D FaceManagerImpl_client: authenticate mServiceReceiver:android.hardware.miuiface.MiuiFaceManagerImpl$2@f4a4206
06-08 09:59:25.136 2353 3156 D DisplayFeatureManager: setScreenEffect mode=17 value=1 cookie=1
06-08 09:59:25.137 4030 4147 D miui.face.FaceService: authenticate, packName: com.miui.securitycenter receiver:android.os.BinderProxy@f7841f1 timeout:5000
06-08 09:59:25.143 4030 4121 D miui.face.transplant: FaceUnlockManager setRunOutTime timeout:5000
06-08 09:59:25.143 4030 4121 D miui.face.FaceService: authen mFaceUnlockView:android.view.TextureView{bb1b1d6 V.ED..... ........ 0,0-0,0} texture:android.graphics.SurfaceTexture@5c1c57
06-08 09:59:25.156 4030 4121 D miui.face.transplant: sdk version=sensetime_3.3.22.729-pro-d8376db
06-08 09:59:25.156 4030 4121 D miui.face.FaceService: miui.face.timeline, onFaceStart, ServicePrepareTime:20
06-08 09:59:25.159 2353 2353 I MiuiGxzwOverlayView: add overlay view: mLayoutParams.alpha = 0.1406515
06-08 09:59:25.176 1757 2732 I chatty : uid=1000(system) Binder:1757_7 expire 8 lines
06-08 09:59:25.434 4030 4121 W BpBinder: Slow Binder: BpBinder transact took 246ms, interface=android.hardware.ICameraService, code=4 oneway=false
06-08 09:59:25.441 4030 4121 D miui.face.transplant: miui.face.timeline, open camera succeed time=285
06-08 09:59:26.250 4030 4147 D miui.face.FaceService: miui.face.timeline, onAuthenticate All Time:1114 , id:123456
06-08 09:59:26.252 4030 4147 D miui.face.FaceService: Done with client: com.miui.securitycenter
06-08 09:59:26.255 6955 6955 I Timeline: Timeline: Activity_launch_request time:1164844
06-08 09:59:26.266 2353 2353 I MiuiGxzwOverlayView: remove overlay view
06-08 09:59:26.268 4030 4121 D miui.face.FaceService: FaceAuthenHelper mReleaseIfAuthenticated Runnable run ... ...
06-08 09:59:26.268 4030 4121 D miui.face.FaceService: release memory... ...
06-08 09:59:26.272 2353 3156 D DisplayFeatureManager: setScreenEffect mode=17 value=0 cookie=1
06-08 09:59:26.285 1757 1757 I chatty : uid=1000 system_server expire 9 lines
06-08 09:59:26.294 6955 6955 W ActivityThread: SCHED: com.miui.securitycenter/com.miui.applicationlock.ConfirmAccessControl [73, r=31ms, a=11ms, w=1171ms]
06-08 09:59:26.304 1757 9191 I chatty : uid=1000(system) Binder:1757_18 expire 5 lines
06-08 09:59:26.438 4030 4121 D miui.face.transplant: Camera2Util, close camera
06-08 09:59:34.511 9737 9737 I Timeline: Timeline: Activity_launch_request time:1173099
06-08 09:59:34.538 9737 9737 W ActivityThread: SCHED: com.android.email/.activity.Welcome [90, r=381ms, a=38ms, w=8148ms]
06-08 09:59:44.997 1757 2036 I chatty : uid=1000(system) PowerManagerSer expire 13 lines
06-08 09:59:46.433 9737 9737 W Looper : Slow Looper main: doFrame is 508ms late because of 3 msg, msg 1 took 519ms (seq=345 running=248ms runnable=24ms io=183ms late=2ms h=android.view.Choreographer$FrameHandler c=android.view.Choreographer$FrameDisplayEventReceiver)
06-08 09:59:46.999 3777 5973 W MiuiPerfServiceClient: interceptAndQueuing:9737|com.android.email|522|522|unknown|null|com.android.email/com.kingsoft.email2.ui.MailActivityEmail|1185014301837|Slow handle traversal|1
06-08 09:59:47.000 3777 5973 W MiuiPerfServiceClient: interceptAndQueuing:9737|com.android.email|380|283|unknown|null|com.android.email/com.kingsoft.email2.ui.MailActivityEmail|1185431860535|Slow handle traversal|3
06-08 09:59:48.429 1757 2266 I chatty : uid=1000(system) ClientModeImpl expire 28 lines
06-08 10:00:03.381 1757 9228 I chatty : uid=1000(system) Binder:1757_1D expire 2 lines
06-08 10:00:07.018 1757 9222 I chatty : uid=1000(system) Binder:1757_1C expire 1 line
06-08 10:00:09.598 1757 1971 I chatty : uid=1000(system) batterystats-wo expire 10 lines
06-08 10:00:14.622 1757 1955 I chatty : uid=1000(system) android.bg expire 2 lines
06-08 10:00:22.093 1757 2287 I chatty : uid=1000(system) Binder:1757_4 expire 1 line
06-08 10:00:47.683 1757 2617 I chatty : uid=1000(system) Binder:1757_6 expire 9 lines
06-08 10:01:13.200 1757 1757 I chatty : uid=1000 system_server expire 12 lines
06-08 10:01:13.809 1757 2266 I chatty : uid=1000(system) ClientModeImpl expire 25 lines
06-08 10:01:14.996 1757 2036 I chatty : uid=1000(system) PowerManagerSer expire 14 lines
06-08 10:01:30.243 1757 1971 I chatty : uid=1000(system) batterystats-wo expire 4 lines
06-08 10:01:42.177 1757 9228 I chatty : uid=1000(system) Binder:1757_1D expire 4 lines
06-08 10:01:57.198 1757 2732 I chatty : uid=1000(system) Binder:1757_7 expire 10 lines
06-08 10:02:22.232 1757 9231 I chatty : uid=1000(system) Binder:1757_20 expire 10 lines
06-08 10:02:29.333 9737 9737 W ActivityThread: SCHED: com.android.email/com.kingsoft.email2.ui.MailActivityEmail [75, r=4125ms, a=1318ms, w=174780ms]
06-08 10:02:29.345 1757 9229 I chatty : uid=1000(system) Binder:1757_1E expire 4 lines
06-08 10:02:29.405 1757 1925 I chatty : uid=1000(system) android.anim expire 19 lines
06-08 10:02:30.142 1757 2266 I chatty : uid=1000(system) ClientModeImpl expire 15 lines
06-08 10:02:30.236 1757 2287 I chatty : uid=1000(system) Binder:1757_4 expire 10 lines
06-08 10:02:30.287 9737 9737 W ActivityThread: SCHED: com.android.email/.activity.Welcome [78, r=66ms, a=18ms, w=935ms]
06-08 10:02:30.311 1757 1924 I chatty : uid=1000(system) android.display expire 18 lines
06-08 10:02:30.925 1757 8939 I chatty : uid=1000(system) Binder:1757_14 expire 7 lines
06-08 10:02:34.917 2560 2560 I Timeline: Timeline: Activity_launch_request time:1353506
06-08 10:02:34.943 2560 2560 W ActivityThread: SCHED: com.miui.home/.launcher.Launcher [70, r=216ms, a=92ms, w=4615ms]
06-08 10:02:35.013 6955 14271 D FaceManagerImpl_client: authenticate mServiceReceiver:android.hardware.miuiface.MiuiFaceManagerImpl$2@f4a4206
06-08 10:02:35.014 1757 1757 I chatty : uid=1000 system_server expire 9 lines
06-08 10:02:35.014 4030 4147 D miui.face.FaceService: authenticate, packName: com.miui.securitycenter receiver:android.os.BinderProxy@f7841f1 timeout:5000
06-08 10:02:35.015 2353 3156 D DisplayFeatureManager: setScreenEffect mode=17 value=1 cookie=1
06-08 10:02:35.015 4030 4121 D miui.face.transplant: FaceUnlockManager setRunOutTime timeout:5000
06-08 10:02:35.015 4030 4121 D miui.face.FaceService: authen mFaceUnlockView:android.view.TextureView{91c3e29 V.ED..... ........ 0,0-0,0} texture:android.graphics.SurfaceTexture@8ad25ae
06-08 10:02:35.016 4030 4121 D miui.face.transplant: sdk version=sensetime_3.3.22.729-pro-d8376db
06-08 10:02:35.017 4030 4121 D miui.face.FaceService: miui.face.timeline, onFaceStart, ServicePrepareTime:3
06-08 10:02:35.019 2353 3156 D DisplayFeatureManager: setScreenEffect mode=17 value=1 cookie=1
06-08 10:02:35.039 4030 4121 D miui.face.transplant: miui.face.timeline, open camera succeed time=23
06-08 10:02:35.065 2353 2353 I MiuiGxzwOverlayView: add overlay view: mLayoutParams.alpha = 0.1406515
06-08 10:02:35.359 4030 4147 D miui.face.FaceService: miui.face.timeline, onAuthenticate All Time:346 , id:123456
06-08 10:02:35.359 4030 4121 D miui.face.FaceService: FaceAuthenHelper mReleaseIfAuthenticated Runnable run ... ...
06-08 10:02:35.359 4030 4121 D miui.face.FaceService: release memory... ...
06-08 10:02:35.360 4030 4147 D miui.face.FaceService: Done with client: com.miui.securitycenter
06-08 10:02:35.363 6955 6955 I Timeline: Timeline: Activity_launch_request time:1353951
06-08 10:02:35.363 1757 9191 I chatty : uid=1000(system) Binder:1757_18 expire 8 lines
06-08 10:02:35.377 2353 2353 I MiuiGxzwOverlayView: remove overlay view
06-08 10:02:35.381 2353 3156 D DisplayFeatureManager: setScreenEffect mode=17 value=0 cookie=1
06-08 10:02:35.412 6955 6955 W ActivityThread: SCHED: com.miui.securitycenter/com.miui.applicationlock.ConfirmAccessControl [66, r=18ms, a=9ms, w=402ms]
06-08 10:02:35.513 11996 11996 I Timeline: Timeline: Activity_launch_request time:1354101
06-08 10:02:35.578 4030 4121 D miui.face.transplant: Camera2Util, close camera
06-08 10:02:35.791 11996 15252 E ActivityThread: Failed to find provider info for com.facebook.katana.provider.AttributionIdProvider
06-08 10:02:35.827 11996 15252 E ActivityThread: Failed to find provider info for com.facebook.katana.provider.AttributionIdProvider
06-08 10:02:36.008 1757 2272 I chatty : uid=1000(system) ConnectivitySer expire 1 line
06-08 10:02:36.236 3777 5973 W MiuiPerfServiceClient: interceptAndQueuing:2353|com.android.systemui|718|76|unknown|null|StatusBar|1354675335210|Slow handle traversal|37
06-08 10:02:36.591 11996 11996 W Looper : Slow Looper main: doFrame is 409ms late because of 2 msg, msg 1 took 420ms (seq=253 running=315ms runnable=25ms io=37ms late=4ms h=android.view.Choreographer$FrameHandler c=android.view.Choreographer$FrameDisplayEventReceiver)
06-08 10:02:36.595 1757 4962 I chatty : uid=1000(system) first_use_threa expire 1 line
06-08 10:02:36.701 1757 1957 I chatty : uid=1000(system) ActivityManager expire 6 lines
06-08 10:02:38.330 11996 11996 I Timeline: Timeline: Activity_launch_request time:1356919
06-08 10:02:38.352 11996 11996 W ActivityThread: SCHED: com.viber.voip/.HomeActivity [89, r=646ms, a=75ms, w=2596ms]
06-08 10:02:38.892 11996 11996 W Looper : Slow Looper main: doFrame is 303ms late because of 20 msg, msg 1 took 309ms (seq=386 running=186ms runnable=24ms io=28ms late=36ms h=android.view.Choreographer$FrameHandler c=android.view.Choreographer$FrameDisplayEventReceiver)
06-08 10:02:39.979 1757 1956 I chatty : uid=1000(system) ActivityManager expire 5 lines
06-08 10:02:48.734 1757 2036 I chatty : uid=1000(system) PowerManagerSer expire 4 lines
06-08 10:02:56.076 4107 13828 E ActivityThread: Failed to find provider info for com.miui.whetstone --------- beginning of crash
06-08 10:03:13.117 15698 15698 F DEBUG : *** *** *** *** *** *** *** *** *** *** *** *** *** *** *** ***
06-08 10:03:13.118 15698 15698 F DEBUG : Build fingerprint: 'Xiaomi/tucana_eea/tucana:9/PKQ1.190302.001/V11.0.11.0.PFDEUXM:user/release-keys'
06-08 10:03:13.118 15698 15698 F DEBUG : Revision: '0'
06-08 10:03:13.118 15698 15698 F DEBUG : ABI: 'arm64'
06-08 10:03:13.118 15698 15698 F DEBUG : Timestamp: 2020-06-08 10:03:13+0300
06-08 10:03:13.118 15698 15698 F DEBUG : pid: 11996, tid: 12028, name: TM:longTaskHand >>> com.viber.voip <<<
06-08 10:03:13.118 15698 15698 F DEBUG : uid: 10209
06-08 10:03:13.118 15698 15698 F DEBUG : signal 35 (), code -1 (SI_QUEUE), fault addr --------
06-08 10:03:13.118 15698 15698 F DEBUG : Abort message: 'failed to exchange ownership of file descriptor: fd 255 is owned by ParcelFileDescriptor 0x9a7a3ff, was expected to be unowned'
06-08 10:03:13.118 15698 15698 F DEBUG : x0 0000000000000000 x1 0000000000002efc x2 0000000000000023 x3 00000075721d2730
06-08 10:03:13.118 15698 15698 F DEBUG : x4 786520736177202c x5 786520736177202c x6 786520736177202c x7 7420646574636570
06-08 10:03:13.118 15698 15698 F DEBUG : x8 00000000000000f0 x9 1c958c13ce7d2a6a x10 0000000000000000 x11 0000007663f731ef
06-08 10:03:13.118 15698 15698 F DEBUG : x12 6562206f74206465 x13 64656e776f6e7520 x14 00000075721d22f7 x15 0000000000000000
06-08 10:03:13.118 15698 15698 F DEBUG : x16 00000076640488c0 x17 0000007664024a40 x18 0000007571eba000 x19 0000000000002edc
06-08 10:03:13.118 15698 15698 F DEBUG : x20 0000000000002efc x21 00000075721d5020 x22 000000766750e8f4 x23 0000000000000001
06-08 10:03:13.118 15698 15698 F DEBUG : x24 00000075721d2520 x25 00000075721d24a0 x26 00000075721d2460 x27 0000000000000002
06-08 10:03:13.118 15698 15698 F DEBUG : x28 0000000000000000 x29 00000075721d2810
06-08 10:03:13.118 15698 15698 F DEBUG : sp 00000075721d23e0 lr 0000007663fd96d8 pc 0000007663fd96f8
06-08 10:03:13.514 15698 15698 F DEBUG :
06-08 10:03:13.514 15698 15698 F DEBUG : backtrace:
06-08 10:03:13.515 15698 15698 F DEBUG : #00 pc 00000000000866f8 /apex/com.android.runtime/lib64/bionic/libc.so (fdsan_error(char const*, ...)+388) (BuildId: 6cb8b15ee5fadbb2232c4316a92a0abb)
06-08 10:03:13.515 15698 15698 F DEBUG : #01 pc 00000000000dee44 /apex/com.android.runtime/lib64/bionic/libc.so (fdopen+308) (BuildId: 6cb8b15ee5fadbb2232c4316a92a0abb)
06-08 10:03:13.515 15698 15698 F DEBUG : #02 pc 0000000000ae2d70 /data/app/com.viber.voip-ikrCKC-uxSXpa-w-gU62Ww==/lib/arm64/libVoipEngineNative.so (BuildId: 872f929f8f05889819568c03314349f82eb3b8de)
06-08 10:03:13.515 15698 15698 F DEBUG : #03 pc 00000000002f8bcc /data/app/com.viber.voip-ikrCKC-uxSXpa-w-gU62Ww==/lib/arm64/libVoipEngineNative.so (BuildId: 872f929f8f05889819568c03314349f82eb3b8de)
06-08 10:03:13.515 15698 15698 F DEBUG : #04 pc 00000000000c5d84 /data/app/com.viber.voip-ikrCKC-uxSXpa-w-gU62Ww==/lib/arm64/libVoipEngineNative.so (BuildId: 872f929f8f05889819568c03314349f82eb3b8de)
06-08 10:03:13.515 15698 15698 F DEBUG : #05 pc 0000000000175b04 /data/app/com.viber.voip-ikrCKC-uxSXpa-w-gU62Ww==/oat/arm64/base.odex (art_jni_trampoline+132)
06-08 10:03:13.515 15698 15698 F DEBUG : #06 pc 0000000000137334 /apex/com.android.runtime/lib64/libart.so (art_quick_invoke_stub+548) (BuildId: 86cd0863f3a6a180aba4d72bfab7847a)
06-08 10:03:13.515 15698 15698 F DEBUG : #07 pc 0000000000145fec /apex/com.android.runtime/lib64/libart.so (art::ArtMethod::Invoke(art::Thread*, unsigned int*, unsigned int, art::JValue*, char const*)+244) (BuildId: 86cd0863f3a6a180aba4d72bfab7847a)
06-08 10:03:13.515 15698 15698 F DEBUG : #08 pc 00000000002e37d0 /apex/com.android.runtime/lib64/libart.so (art::interpreter::ArtInterpreterToCompiledCodeBridge(art::Thread*, art::ArtMethod*, art::ShadowFrame*, unsigned short, art::JValue*)+384) (BuildId: 86cd0863f3a6a180aba4d72bfab7847a)
06-08 10:03:13.515 15698 15698 F DEBUG : #09 pc 00000000002dea30 /apex/com.android.runtime/lib64/libart.so (bool art::interpreter::DoCall(art::ArtMethod*, art::Thread*, art::ShadowFrame&, art::Instruction const*, unsigned short, art::JValue*)+892) (BuildId: 86cd0863f3a6a180aba4d72bfab7847a)
06-08 10:03:13.515 15698 15698 F DEBUG : #10 pc 00000000005a6fa0 /apex/com.android.runtime/lib64/libart.so (MterpInvokeVirtualQuick+616) (BuildId: 86cd0863f3a6a180aba4d72bfab7847a)
06-08 10:03:13.515 15698 15698 F DEBUG : #11 pc 0000000000135594 /apex/com.android.runtime/lib64/libart.so (mterp_op_invoke_virtual_quick+20) (BuildId: 86cd0863f3a6a180aba4d72bfab7847a)
06-08 10:03:13.515 15698 15698 F DEBUG : #12 pc 000000000139fd88 /data/app/com.viber.voip-ikrCKC-uxSXpa-w-gU62Ww==/oat/arm64/base.vdex (com.viber.jni.NativeEngineBridge.handleGetMD5CryptedFileDescriptor+10)
06-08 10:03:13.515 15698 15698 F DEBUG : #13 pc 00000000005a2914 /apex/com.android.runtime/lib64/libart.so (MterpInvokeInterface+1788) (BuildId: 86cd0863f3a6a180aba4d72bfab7847a)
06-08 10:03:13.515 15698 15698 F DEBUG : #14 pc 0000000000131a14 /apex/com.android.runtime/lib64/libart.so (mterp_op_invoke_interface+20) (BuildId: 86cd0863f3a6a180aba4d72bfab7847a)
06-08 10:03:13.515 15698 15698 F DEBUG : #15 pc 00000000013cff16 /data/app/com.viber.voip-ikrCKC-uxSXpa-w-gU62Ww==/oat/arm64/base.vdex (com.viber.jni.secure.SecureMessagesWrapper.handleGetMD5CryptedFileDescriptor+4)
06-08 10:03:13.515 15698 15698 F DEBUG : #16 pc 00000000005a2914 /apex/com.android.runtime/lib64/libart.so (MterpInvokeInterface+1788) (BuildId: 86cd0863f3a6a180aba4d72bfab7847a)
06-08 10:03:13.515 15698 15698 F DEBUG : #17 pc 0000000000131a14 /apex/com.android.runtime/lib64/libart.so (mterp_op_invoke_interface+20) (BuildId: 86cd0863f3a6a180aba4d72bfab7847a)
06-08 10:03:13.515 15698 15698 F DEBUG : #18 pc 00000000019a8a18 /data/app/com.viber.voip-ikrCKC-uxSXpa-w-gU62Ww==/oat/arm64/base.vdex (com.viber.voip.util.Hd.a+60)
06-08 10:03:13.515 15698 15698 F DEBUG : #19 pc 00000000002b4ae4 /apex/com.android.runtime/lib64/libart.so (_ZN3art11interpreterL7ExecuteEPNS_6ThreadERKNS_20CodeItemDataAccessorERNS_11ShadowFrameENS_6JValueEbb.llvm.17460956533834400288+240) (BuildId: 86cd0863f3a6a180aba4d72bfab7847a)
06-08 10:03:13.515 15698 15698 F DEBUG : #20 pc 000000000059239c /apex/com.android.runtime/lib64/libart.so (artQuickToInterpreterBridge+1032) (BuildId: 86cd0863f3a6a180aba4d72bfab7847a)
06-08 10:03:13.515 15698 15698 F DEBUG : #21 pc 0000000000140468 /apex/com.android.runtime/lib64/libart.so (art_quick_to_interpreter_bridge+88) (BuildId: 86cd0863f3a6a180aba4d72bfab7847a)
06-08 10:03:13.515 15698 15698 F DEBUG : #22 pc 00000000001375b8 /apex/com.android.runtime/lib64/libart.so (art_quick_invoke_static_stub+568) (BuildId: 86cd0863f3a6a180aba4d72bfab7847a)
06-08 10:03:13.515 15698 15698 F DEBUG : #23 pc 000000000014600c /apex/com.android.runtime/lib64/libart.so (art::ArtMethod::Invoke(art::Thread*, unsigned int*, unsigned int, art::JValue*, char const*)+276) (BuildId: 86cd0863f3a6a180aba4d72bfab7847a)
06-08 10:03:13.515 15698 15698 F DEBUG : #24 pc 00000000002e37d0 /apex/com.android.runtime/lib64/libart.so (art::interpreter::ArtInterpreterToCompiledCodeBridge(art::Thread*, art::ArtMethod*, art::ShadowFrame*, unsigned short, art::JValue*)+384) (BuildId: 86cd0863f3a6a180aba4d72bfab7847a)
06-08 10:03:13.515 15698 15698 F DEBUG : #25 pc 00000000002dea30 /apex/com.android.runtime/lib64/libart.so (bool art::interpreter::DoCall(art::ArtMethod*, art::Thread*, art::ShadowFrame&, art::Instruction const*, unsigned short, art::JValue*)+892) (BuildId: 86cd0863f3a6a180aba4d72bfab7847a)
06-08 10:03:13.515 15698 15698 F DEBUG : #26 pc 00000000005a3908 /apex/com.android.runtime/lib64/libart.so (MterpInvokeStatic+372) (BuildId: 86cd0863f3a6a180aba4d72bfab7847a)
06-08 10:03:13.515 15698 15698 F DEBUG : #27 pc 0000000000131994 /apex/com.android.runtime/lib64/libart.so (mterp_op_invoke_static+20) (BuildId: 86cd0863f3a6a180aba4d72bfab7847a)
06-08 10:03:13.515 15698 15698 F DEBUG : #28 pc 00000000019be29e /data/app/com.viber.voip-ikrCKC-uxSXpa-w-gU62Ww==/oat/arm64/base.vdex (com.viber.voip.util.upload.o.a+30)
06-08 10:03:13.515 15698 15698 F DEBUG : #29 pc 00000000005a7244 /apex/com.android.runtime/lib64/libart.so (MterpInvokeVirtualQuick+1292) (BuildId: 86cd0863f3a6a180aba4d72bfab7847a)
06-08 10:03:13.515 15698 15698 F DEBUG : #30 pc 0000000000135594 /apex/com.android.runtime/lib64/libart.so (mterp_op_invoke_virtual_quick+20) (BuildId: 86cd0863f3a6a180aba4d72bfab7847a)
06-08 10:03:13.515 15698 15698 F DEBUG : #31 pc 00000000019bec4e /data/app/com.viber.voip-ikrCKC-uxSXpa-w-gU62Ww==/oat/arm64/base.vdex (com.viber.voip.util.upload.q$g.a+8)
06-08 10:03:13.515 15698 15698 F DEBUG : #32 pc 00000000005a3400 /apex/com.android.runtime/lib64/libart.so (MterpInvokeDirect+1100) (BuildId: 86cd0863f3a6a180aba4d72bfab7847a)
06-08 10:03:13.515 15698 15698 F DEBUG : #33 pc 0000000000131914 /apex/com.android.runtime/lib64/libart.so (mterp_op_invoke_direct+20) (BuildId: 86cd0863f3a6a180aba4d72bfab7847a)
06-08 10:03:13.515 15698 15698 F DEBUG : #34 pc 00000000019beae4 /data/app/com.viber.voip-ikrCKC-uxSXpa-w-gU62Ww==/oat/arm64/base.vdex (com.viber.voip.util.upload.q$g.b+4)
06-08 10:03:13.515 15698 15698 F DEBUG : #35 pc 00000000005a7244 /apex/com.android.runtime/lib64/libart.so (MterpInvokeVirtualQuick+1292) (BuildId: 86cd0863f3a6a180aba4d72bfab7847a)
06-08 10:03:13.515 15698 15698 F DEBUG : #36 pc 0000000000135594 /apex/com.android.runtime/lib64/libart.so (mterp_op_invoke_virtual_quick+20) (BuildId: 86cd0863f3a6a180aba4d72bfab7847a)
06-08 10:03:13.515 15698 15698 F DEBUG : #37 pc 00000000019be67a /data/app/com.viber.voip-ikrCKC-uxSXpa-w-gU62Ww==/oat/arm64/base.vdex (com.viber.voip.util.upload.q$b.a+22)
06-08 10:03:13.515 15698 15698 F DEBUG : #38 pc 00000000005a7244 /apex/com.android.runtime/lib64/libart.so (MterpInvokeVirtualQuick+1292) (BuildId: 86cd0863f3a6a180aba4d72bfab7847a)
06-08 10:03:13.515 15698 15698 F DEBUG : #39 pc 0000000000135594 /apex/com.android.runtime/lib64/libart.so (mterp_op_invoke_virtual_quick+20) (BuildId: 86cd0863f3a6a180aba4d72bfab7847a)
06-08 10:03:13.515 15698 15698 F DEBUG : #40 pc 00000000019bfe86 /data/app/com.viber.voip-ikrCKC-uxSXpa-w-gU62Ww==/oat/arm64/base.vdex (com.viber.voip.util.upload.w.a+62)
06-08 10:03:13.515 15698 15698 F DEBUG : #41 pc 00000000005a7244 /apex/com.android.runtime/lib64/libart.so (MterpInvokeVirtualQuick+1292) (BuildId: 86cd0863f3a6a180aba4d72bfab7847a)
06-08 10:03:13.515 15698 15698 F DEBUG : #42 pc 0000000000135594 /apex/com.android.runtime/lib64/libart.so (mterp_op_invoke_virtual_quick+20) (BuildId: 86cd0863f3a6a180aba4d72bfab7847a)
06-08 10:03:13.515 15698 15698 F DEBUG : #43 pc 00000000019c106e /data/app/com.viber.voip-ikrCKC-uxSXpa-w-gU62Ww==/oat/arm64/base.vdex (com.viber.voip.util.upload.I.d+8)
06-08 10:03:13.515 15698 15698 F DEBUG : #44 pc 00000000005a7244 /apex/com.android.runtime/lib64/libart.so (MterpInvokeVirtualQuick+1292) (BuildId: 86cd0863f3a6a180aba4d72bfab7847a)
06-08 10:03:13.515 15698 15698 F DEBUG : #45 pc 0000000000135594 /apex/com.android.runtime/lib64/libart.so (mterp_op_invoke_virtual_quick+20) (BuildId: 86cd0863f3a6a180aba4d72bfab7847a)
06-08 10:03:13.515 15698 15698 F DEBUG : #46 pc 000000000195930a /data/app/com.viber.voip-ikrCKC-uxSXpa-w-gU62Ww==/oat/arm64/base.vdex (com.viber.voip.storage.provider.aa.a+302)
06-08 10:03:13.515 15698 15698 F DEBUG : #47 pc 00000000005a7244 /apex/com.android.runtime/lib64/libart.so (MterpInvokeVirtualQuick+1292) (BuildId: 86cd0863f3a6a180aba4d72bfab7847a)
06-08 10:03:13.515 15698 15698 F DEBUG : #48 pc 0000000000135594 /apex/com.android.runtime/lib64/libart.so (mterp_op_invoke_virtual_quick+20) (BuildId: 86cd0863f3a6a180aba4d72bfab7847a)
06-08 10:03:13.515 15698 15698 F DEBUG : #49 pc 00000000019590a8 /data/app/com.viber.voip-ikrCKC-uxSXpa-w-gU62Ww==/oat/arm64/base.vdex (com.viber.voip.storage.provider.aa$b.run+60)
06-08 10:03:13.515 15698 15698 F DEBUG : #50 pc 00000000002b4ae4 /apex/com.android.runtime/lib64/libart.so (_ZN3art11interpreterL7ExecuteEPNS_6ThreadERKNS_20CodeItemDataAccessorERNS_11ShadowFrameENS_6JValueEbb.llvm.17460956533834400288+240) (BuildId: 86cd0863f3a6a180aba4d72bfab7847a)
06-08 10:03:13.515 15698 15698 F DEBUG : #51 pc 000000000059239c /apex/com.android.runtime/lib64/libart.so (artQuickToInterpreterBridge+1032) (BuildId: 86cd0863f3a6a180aba4d72bfab7847a)
06-08 10:03:13.515 15698 15698 F DEBUG : #52 pc 0000000000140468 /apex/com.android.runtime/lib64/libart.so (art_quick_to_interpreter_bridge+88) (BuildId: 86cd0863f3a6a180aba4d72bfab7847a)
06-08 10:03:13.515 15698 15698 F DEBUG : #53 pc 000000000146dc5c /data/dalvik-cache/arm64/system@framework@boot-framework.oat
06-08 10:03:14.124 1757 2019 I chatty : uid=1000(system) FileObserver expire 2 lines
06-08 10:03:14.574 10279 15678 W BpBinder: Slow Binder: BpBinder transact took 14566ms, interface=com.xiaomi.xmsf.push.service.IHttpService, code=2 oneway=false
06-08 10:03:14.802 3777 5973 W MiuiPerfServiceClient: interceptAndQueuing:11996|com.viber.voip|167|80|unknown|null|com.viber.voip/com.viber.voip.messages.ui.ConversationActivity|1391455007956|Slow issue draw commands|6
06-08 10:03:14.803 3777 5973 W MiuiPerfServiceClient: interceptAndQueuing:11996|com.viber.voip|204|204|unknown|null|com.viber.voip/com.viber.voip.messages.ui.ConversationActivity|1391689219363|Slow handle traversal|1
06-08 10:03:15.742 1757 2266 I chatty : uid=1000(system) ClientModeImpl expire 6 lines
06-08 10:03:15.940 10279 15678 W BpBinder: Slow Binder: BpBinder transact took 1302ms, interface=com.xiaomi.xmsf.push.service.IHttpService, code=2 oneway=false
06-08 10:03:18.127 1757 1955 I chatty : uid=1000(system) android.bg expire 55 lines
06-08 10:03:21.678 1757 2301 I chatty : uid=1000(system) ProcessManager expire 9 lines
06-08 10:03:32.187 1757 9229 I chatty : uid=1000(system) Binder:1757_1E expire 12 lines
06-08 10:03:32.200 1757 1955 I chatty : uid=1000(system) android.bg expire 27 lines
06-08 10:03:34.009 1757 2266 I chatty : uid=1000(system) ClientModeImpl expire 10 lines
06-08 10:03:47.225 1757 9228 I chatty : uid=1000(system) Binder:1757_1D expire 3 lines
06-08 10:03:49.037 1757 2036 I chatty : uid=1000(system) PowerManagerSer expire 4 lines
06-08 10:03:49.058 1757 1757 I chatty : uid=1000 system_server expire 10 lines
06-08 10:03:56.037 1757 4296 I chatty : uid=1000(system) Binder:1757_10 expire 2 lines
06-08 10:03:56.300 1757 9230 I chatty : uid=1000(system) Binder:1757_1F expire 10 lines
06-08 10:04:00.738 1757 2247 I chatty : uid=1000(system) InputDispatcher expire 4 lines
06-08 10:04:00.768 11996 11996 W ActivityThread: SCHED: com.viber.voip/.messages.ui.ConversationActivity [80, r=3581ms, a=860ms, w=82259ms]
06-08 10:04:00.771 1757 1924 I chatty : uid=1000(system) android.display expire 11 lines
06-08 10:04:00.785 1757 2223 I chatty : uid=1000(system) Binder:1757_3 expire 3 lines
06-08 10:04:00.786 1757 1925 I chatty : uid=1000(system) android.anim expire 14 lines
06-08 10:04:00.795 1757 8939 I chatty : uid=1000(system) Binder:1757_14 expire 7 lines
06-08 10:04:02.225 1757 9191 I chatty : uid=1000(system) Binder:1757_18 expire 6 lines
06-08 10:04:03.699 2560 2560 I Timeline: Timeline: Activity_launch_request time:1442287
06-08 10:04:03.734 2560 2560 W ActivityThread: SCHED: com.miui.home/.launcher.Launcher [68, r=213ms, a=98ms, w=2946ms]
06-08 10:04:03.796 4364 4364 I Timeline: Timeline: Activity_launch_request time:1442385
06-08 10:04:03.827 1757 9229 I chatty : uid=1000(system) Binder:1757_1E expire 7 lines
06-08 10:04:04.280 1757 1955 I chatty : uid=1000(system) android.bg expire 2 lines
06-08 10:04:04.465 1757 2266 I chatty : uid=1000(system) ClientModeImpl expire 21 lines
06-08 10:04:08.306 1757 1956 I chatty : uid=1000(system) ActivityManager expire 6 lines
06-08 10:04:19.345 1757 9222 I chatty : uid=1000(system) Binder:1757_1C expire 3 lines
06-08 10:04:32.269 1757 2957 I chatty : uid=1000(system) Binder:1757_A expire 6 lines
06-08 10:05:05.107 1757 2272 I chatty : uid=1000(system) ConnectivitySer expire 19 lines
06-08 10:05:05.788 2353 2767 D NetworkController.MobileSignalController(1): onServiceStateChanged slotId=0 subId=1 voiceState=0 dataState=0 FiveGConnected= false dataType= 13
06-08 10:05:08.423 1757 2266 I chatty : uid=1000(system) ClientModeImpl expire 14 lines
06-08 10:05:11.708 1757 1971 I chatty : uid=1000(system) batterystats-wo expire 6 lines
06-08 10:05:23.863 2353 2767 D NetworkController.MobileSignalController(1): onServiceStateChanged slotId=0 subId=1 voiceState=0 dataState=0 FiveGConnected= false dataType= 13
06-08 10:05:23.896 1757 2272 I chatty : uid=1000(system) ConnectivitySer expire 16 lines
06-08 10:05:49.575 1757 9230 I chatty : uid=1000(system) Binder:1757_1F expire 3 lines
06-08 10:05:49.679 2353 2767 D NetworkController.MobileSignalController(1): onServiceStateChanged slotId=0 subId=1 voiceState=0 dataState=0 FiveGConnected= false dataType= 13
06-08 10:05:49.697 1757 2272 I chatty : uid=1000(system) ConnectivitySer expire 13 lines
06-08 10:05:51.080 1757 2266 I chatty : uid=1000(system) ClientModeImpl expire 10 lines
06-08 10:05:52.404 1757 8943 I chatty : uid=1000(system) Binder:1757_16 expire 3 lines
06-08 10:05:59.875 2353 2767 D NetworkController.MobileSignalController(1): onServiceStateChanged slotId=0 subId=1 voiceState=0 dataState=0 FiveGConnected= false dataType= 13
06-08 10:06:02.249 2353 2767 D NetworkController.MobileSignalController(1): onServiceStateChanged slotId=0 subId=1 voiceState=0 dataState=0 FiveGConnected= false dataType= 13
06-08 10:06:11.792 2353 2767 D NetworkController.MobileSignalController(1): onServiceStateChanged slotId=0 subId=1 voiceState=0 dataState=0 FiveGConnected= false dataType= 13
06-08 10:06:18.873 4364 4364 W ActivityThread: SCHED: com.google.android.googlequicksearchbox/com.google.android.apps.gsa.searchnow.SearchNowActivity [78, r=4519ms, a=1261ms, w=134950ms]
06-08 10:06:18.892 1757 1924 I chatty : uid=1000(system) android.display expire 8 lines
06-08 10:06:21.627 1757 2266 I chatty : uid=1000(system) ClientModeImpl expire 3 lines
06-08 10:06:29.660 2560 2560 W ActivityThread: SCHED: com.miui.home/.launcher.Launcher [63, r=199ms, a=113ms, w=10762ms]
06-08 10:06:29.688 1757 1809 I chatty : uid=1000(system) Binder:1757_2 expire 7 lines
06-08 10:06:29.694 1757 9230 I chatty : uid=1000(system) Binder:1757_1F expire 8 lines
06-08 10:06:29.698 1757 1925 I chatty : uid=1000(system) android.anim expire 12 lines
06-08 10:06:29.759 1757 8939 I chatty : uid=1000(system) Binder:1757_14 expire 4 lines
06-08 10:06:30.035 1757 1955 I chatty : uid=1000(system) android.bg expire 36 lines
06-08 10:06:30.762 1757 2266 I chatty : uid=1000(system) ClientModeImpl expire 12 lines
06-08 10:06:33.260 1757 1957 I chatty : uid=1000(system) ActivityManager expire 2 lines
06-08 10:06:33.645 4364 16275 W BpBinder: Slow Binder: BpBinder transact took 214ms, interface=com.google.android.gms.appdatasearch.internal.ILightweightAppDataSearch, code=1 oneway=false
06-08 10:06:33.902 3777 3805 W MiuiPerfServiceClient: interceptAndQueuing:4364|com.google.android.googlequicksearchbox|246|147|unknown|null|com.google.android.googlequicksearchbox/com.google.android.apps.gsa.searchnow.SearchNowActivity|1592020239182|Slow main thread|2
06-08 10:06:34.299 1757 1956 I chatty : uid=1000(system) ActivityManager expire 1 line
06-08 10:06:37.479 1757 8943 I chatty : uid=1000(system) Binder:1757_16 expire 7 lines
06-08 10:06:40.045 1757 2036 I chatty : uid=1000(system) PowerManagerSer expire 11 lines
06-08 10:06:40.062 1757 1757 I chatty : uid=1000 system_server expire 12 lines
06-08 10:06:41.632 4364 4364 W ActivityThread: SCHED: com.google.android.googlequicksearchbox/com.google.android.apps.gsa.searchnow.SearchNowActivity [79, r=865ms, a=229ms, w=11888ms]
06-08 10:06:41.644 1757 9222 I chatty : uid=1000(system) Binder:1757_1C expire 5 lines
06-08 10:06:41.650 1757 2957 I chatty : uid=1000(system) Binder:1757_A expire 8 lines
06-08 10:06:41.660 1757 1924 I chatty : uid=1000(system) android.display expire 20 lines
06-08 10:06:42.267 1757 3836 I chatty : uid=1000(system) Binder:1757_E expire 2 lines
06-08 10:06:43.810 2560 2560 I Timeline: Timeline: Activity_launch_request time:1602399
06-08 10:06:43.851 2560 2560 W ActivityThread: SCHED: com.miui.home/.launcher.Launcher [77, r=102ms, a=30ms, w=2187ms]
06-08 10:06:43.865 1757 9191 I chatty : uid=1000(system) Binder:1757_18 expire 9 lines
06-08 10:06:44.137 1757 9190 I chatty : uid=1000(system) Binder:1757_17 expire 2 lines
06-08 10:06:46.110 1757 9212 I chatty : uid=1000(system) Binder:1757_1A expire 8 lines
06-08 10:06:46.196 10800 10800 W ActivityThread: SCHED: com.google.android.contacts/com.android.contacts.activities.PeopleActivity [83, r=224ms, a=43ms, w=2116ms]
06-08 10:06:46.208 1757 9228 I chatty : uid=1000(system) Binder:1757_1D expire 4 lines
06-08 10:06:46.210 1757 1925 I chatty : uid=1000(system) android.anim expire 7 lines
06-08 10:06:46.224 1757 4296 I chatty : uid=1000(system) Binder:1757_10 expire 8 lines
06-08 10:06:47.459 2560 2560 I Timeline: Timeline: Activity_launch_request time:1606048
06-08 10:06:47.519 2560 2560 W ActivityThread: SCHED: com.miui.home/.launcher.Launcher [61, r=71ms, a=44ms, w=1286ms]
06-08 10:06:47.966 12330 12330 W Looper : Slow Looper main: Activity com.android.vending/.AssetBrowserActivity is 411ms late (wall=1ms running=0ms ClientTransaction{ callbacks=[android.app.servertransaction.TopResumedActivityChangeItem] }) because of 1 msg, msg 1 took 411ms (seq=1208 running=116ms runnable=23ms io=219ms late=1ms h=android.app.ActivityThread$H w=159)
06-08 10:06:52.313 2353 2767 D NetworkController.MobileSignalController(1): onServiceStateChanged slotId=0 subId=1 voiceState=0 dataState=0 FiveGConnected= false dataType= 13
06-08 10:06:58.094 1757 2301 I chatty : uid=1000(system) ProcessManager expire 5 lines
06-08 10:07:07.256 2353 2767 D NetworkController.MobileSignalController(1): onServiceStateChanged slotId=0 subId=1 voiceState=0 dataState=0 FiveGConnected= false dataType= 13
06-08 10:07:07.262 1757 2266 I chatty : uid=1000(system) ClientModeImpl expire 10 lines
06-08 10:07:09.785 1757 4962 I chatty : uid=1000(system) first_use_threa expire 1 line
06-08 10:07:17.538 1757 2223 I chatty : uid=1000(system) Binder:1757_3 expire 5 lines
06-08 10:07:29.705 3777 3805 W MiuiPerfServiceClient: interceptAndQueuing:12330|com.android.vending|487|141|unknown|null|com.android.vending/com.android.vending.AssetBrowserActivity|1645976207547|Slow handle traversal|4
06-08 10:07:30.897 4107 4107 E ActivityThread: Failed to find provider info for com.miui.whetstone
06-08 10:07:31.279 12330 12451 W BpBinder: Slow Binder: BpBinder transact took 763ms, interface=android.content.pm.IPackageInstaller, code=1 oneway=false
06-08 10:07:35.665 4030 4121 D miui.face.transplant: face release complete
06-08 10:07:37.808 1757 2266 I chatty : uid=1000(system) ClientModeImpl expire 3 lines
06-08 10:07:44.594 4030 4147 D miui.face.FaceService: preInitAuth, com.android.systemui ok
06-08 10:07:44.595 4030 4121 D miui.face.transplant: initAll
06-08 10:07:44.637 1757 2036 I chatty : uid=1000(system) PowerManagerSer expire 18 lines
06-08 10:07:44.671 1757 1924 I chatty : uid=1000(system) android.display expire 9 lines
06-08 10:07:44.683 2353 3156 D DisplayFeatureManager: setScreenEffect mode=17 value=1 cookie=1
06-08 10:07:44.778 2353 2353 I MiuiGxzwOverlayView: add overlay view: mLayoutParams.alpha = 0.657
06-08 10:07:44.993 2353 3156 D DisplayFeatureManager: setScreenEffect mode=17 value=1 cookie=1
06-08 10:07:45.004 4030 4121 D miui.face.transplant: init all time=409intHandlerResult=true
06-08 10:07:45.005 4030 4147 D miui.face.FaceService: onPreInit curMonitor:com.miui.face.util.ClientMonitor@df3816b hasInit: true
06-08 10:07:45.010 1757 1971 I chatty : uid=1000(system) batterystats-wo expire 1 line
06-08 10:07:45.016 12330 12330 W ActivityThread: SCHED: com.android.vending/.AssetBrowserActivity [80, r=3666ms, a=891ms, w=57075ms]
06-08 10:07:45.040 1757 2328 I chatty : uid=1000(system) PhotonicModulat expire 4 lines
06-08 10:07:45.261 1757 1921 I chatty : uid=1000(system) android.fg expire 1 line
06-08 10:07:45.313 3203 3203 V DreamService[DozeService]: onCreate()
06-08 10:07:45.341 3203 3203 V DreamService[DozeService]: onBind() intent = Intent { act=android.service.dreams.DreamService flg=0x800000 cmp=com.miui.aod/.doze.DozeService }
06-08 10:07:45.352 3203 3203 V DreamService[DozeService]: Calling onDreamingStarted()
06-08 10:07:45.352 3203 3203 V DreamService[DozeService]: onDreamingStarted()
06-08 10:07:45.357 1757 2733 I chatty : uid=1000(system) Binder:1757_8 expire 1 line
06-08 10:07:45.357 1757 2272 I chatty : uid=1000(system) ConnectivitySer expire 1 line
06-08 10:07:45.358 1757 7934 I chatty : uid=1000(system) Binder:1757_13 expire 2 lines
06-08 10:07:45.409 1757 3743 I chatty : uid=1000(system) Binder:1757_C expire 2 lines
06-08 10:07:45.728 2353 3105 W KeyguardViewMediator: notifyScreenOn
06-08 10:07:45.730 2353 2353 W KeyguardViewMediator: handleNotifyScreenTurningOn
06-08 10:07:45.730 2353 2353 W KeyguardViewMediator: notifyDrawn
06-08 10:07:45.731 1757 1922 I chatty : uid=1000(system) android.ui expire 5 lines
