06-08 11:25:22.402 2353 2767 D NetworkController.MobileSignalController(1): onServiceStateChanged slotId=0 subId=1 voiceState=0 dataState=0 FiveGConnected= false dataType= 13
06-08 11:25:31.979 18760 18760 W Looper : Slow Looper main: doFrame is 301ms late because of 5 msg, msg 1 took 312ms (seq=3151 running=245ms runnable=12ms io=33ms late=1ms h=android.view.Choreographer$FrameHandler c=android.view.Choreographer$FrameDisplayEventReceiver)
06-08 11:25:32.608 3777 5973 W MiuiPerfServiceClient: interceptAndQueuing:18760|com.yahoo.mobile.client.android.mail|231|209|unknown|null|com.yahoo.mobile.client.android.mail/com.yahoo.mobile.client.android.mail.activity.MainActivity|3753449878460|Slow main thread|2
06-08 11:25:32.609 3777 5973 W MiuiPerfServiceClient: interceptAndQueuing:18760|com.yahoo.mobile.client.android.mail|424|313|unknown|null|com.yahoo.mobile.client.android.mail/com.yahoo.mobile.client.android.mail.activity.MainActivity|3753906194918|Slow handle traversal|6
06-08 11:25:41.496 1757 9199 I chatty : uid=1000(system) Binder:1757_19 expire 4 lines
06-08 11:26:23.179 3777 5973 W MiuiPerfServiceClient: interceptAndQueuing:18760|com.yahoo.mobile.client.android.mail|344|181|unknown|null|com.yahoo.mobile.client.android.mail/com.yahoo.mobile.client.android.mail.activity.MainActivity|3802810068025|Slow handle traversal|7
06-08 11:26:23.179 3777 5973 W MiuiPerfServiceClient: interceptAndQueuing:18760|com.yahoo.mobile.client.android.mail|374|107|unknown|null|com.yahoo.mobile.client.android.mail/com.yahoo.mobile.client.android.mail.activity.MainActivity|3803566142399|Slow main thread|8
06-08 11:26:34.033 18760 18760 I Timeline: Timeline: Activity_launch_request time:3815855
06-08 11:26:34.034 1757 2377 I chatty : uid=1000(system) Binder:1757_5 expire 3 lines
06-08 11:26:34.054 18760 18760 W ActivityThread: SCHED: com.yahoo.mobile.client.android.mail/.activity.MainActivity [64, r=9288ms, a=5102ms, w=78088ms]
06-08 11:26:34.071 1757 2287 I chatty : uid=1000(system) Binder:1757_4 expire 6 lines
06-08 11:26:34.298 1757 1925 I chatty : uid=1000(system) android.anim expire 12 lines
06-08 11:26:34.619 18760 19562 W BpBinder: Slow Binder: BpBinder transact took 278ms, interface=com.android.vending.billing.IInAppBillingService, code=9 oneway=false
06-08 11:26:38.660 1757 2733 I chatty : uid=1000(system) Binder:1757_8 expire 8 lines
06-08 11:26:38.857 18760 18760 W ActivityThread: SCHED: com.yahoo.mobile.client.android.mail/com.yahoo.mail.ui.activities.ComposeActivity [62, r=342ms, a=209ms, w=4681ms]
06-08 11:26:38.876 1757 7934 I chatty : uid=1000(system) Binder:1757_13 expire 4 lines
06-08 11:26:38.974 1757 5166 I chatty : uid=1000(system) Binder:1757_12 expire 11 lines
06-08 11:26:39.065 1757 9229 I chatty : uid=1000(system) Binder:1757_1E expire 6 lines
06-08 11:26:56.212 18760 18760 W ActivityThread: SCHED: com.yahoo.mobile.client.android.mail/.activity.MainActivity [70, r=2021ms, a=846ms, w=17323ms]
06-08 11:26:56.221 1757 3838 I chatty : uid=1000(system) Binder:1757_F expire 2 lines
06-08 11:26:56.228 1757 1924 I chatty : uid=1000(system) android.display expire 17 lines
06-08 11:26:57.884 2560 2560 I Timeline: Timeline: Activity_launch_request time:3839706
06-08 11:26:57.923 2560 2560 W ActivityThread: SCHED: com.miui.home/.launcher.Launcher [70, r=114ms, a=48ms, w=1669ms]
06-08 11:26:57.925 1757 4296 I chatty : uid=1000(system) Binder:1757_10 expire 9 lines
06-08 11:26:57.949 31447 31447 I Timeline: Timeline: Activity_launch_request time:3839772
06-08 11:26:57.985 1757 1925 I chatty : uid=1000(system) android.anim expire 12 lines
06-08 11:26:58.847 1757 2272 I chatty : uid=1000(system) ConnectivitySer expire 2 lines
06-08 11:27:01.081 3777 5973 W MiuiPerfServiceClient: interceptAndQueuing:31447|com.google.android.googlequicksearchbox|562|405|unknown|null|com.google.android.googlequicksearchbox/com.google.android.apps.gsa.searchnow.SearchNowActivity|3840718115198|Slow main thread|4
06-08 11:27:02.490 1757 1956 I chatty : uid=1000(system) ActivityManager expire 2 lines
06-08 11:27:06.207 28319 17044 E ActivityThread: Failed to find provider info for com.miui.whetstone
06-08 11:27:07.831 1757 1922 I chatty : uid=1000(system) android.ui expire 6 lines
06-08 11:27:07.942 31447 31447 W ActivityThread: SCHED: com.google.android.googlequicksearchbox/com.google.android.apps.gsa.searchnow.SearchNowActivity [87, r=685ms, a=99ms, w=9871ms]
06-08 11:27:08.005 1757 3836 I chatty : uid=1000(system) Binder:1757_E expire 4 lines
06-08 11:27:08.323 1757 9222 I chatty : uid=1000(system) Binder:1757_1C expire 9 lines
06-08 11:27:10.512 3777 5973 W MiuiPerfServiceClient: interceptAndQueuing:2353|com.android.systemui|417|235|unknown|null|StatusBar|3850196194361|Slow main thread|4
06-08 11:27:14.811 1757 2036 I chatty : uid=1000(system) PowerManagerSer expire 8 lines
06-08 11:27:14.828 1757 1757 I chatty : uid=1000 system_server expire 8 lines
06-08 11:27:16.919 1757 1809 I chatty : uid=1000(system) Binder:1757_2 expire 4 lines
06-08 11:27:19.622 1757 1924 I chatty : uid=1000(system) android.display expire 11 lines
06-08 11:27:19.662 31447 31447 W ActivityThread: SCHED: com.google.android.googlequicksearchbox/com.google.android.apps.gsa.searchnow.SearchNowActivity [86, r=154ms, a=24ms, w=11567ms]
06-08 11:27:19.710 1757 4531 I chatty : uid=1000(system) Binder:1757_11 expire 12 lines
06-08 11:27:19.732 1757 2732 I chatty : uid=1000(system) Binder:1757_7 expire 10 lines
06-08 11:27:19.953 1757 8943 I chatty : uid=1000(system) Binder:1757_16 expire 8 lines
06-08 11:27:22.594 3777 5973 W MiuiPerfServiceClient: interceptAndQueuing:2353|com.android.systemui|332|143|unknown|null|StatusBar|3861797718419|Slow main thread|5
06-08 11:27:38.873 1757 5166 I chatty : uid=1000(system) Binder:1757_12 expire 7 lines
06-08 11:28:04.887 1757 9212 I chatty : uid=1000(system) Binder:1757_1A expire 16 lines
06-08 11:28:05.246 2353 2353 I MiuiChargeManager: notifyBatteryStatusChanged: status: 3 isPlugged: 0 level: 93 wireState: -1 chargeSpeed: 0 mWiredChargeType: 0 mWirelessChargeType: 0 chargeDeviceType: -1
06-08 11:28:05.252 5199 5199 D PowerChecker_Service: battery status = 3 plug = 0 level = 93
06-08 11:28:05.324 1757 1971 I chatty : uid=1000(system) batterystats-wo expire 17 lines
06-08 11:29:19.716 3777 5973 W MiuiPerfServiceClient: interceptAndQueuing:2353|com.android.systemui|173|105|unknown|null|NavigationBar|3861638502794|Slow main thread|2
06-08 11:29:22.828 31447 31447 W ActivityThread: SCHED: com.google.android.googlequicksearchbox/com.google.android.apps.gsa.searchnow.SearchNowActivity [76, r=4962ms, a=1535ms, w=123021ms]
06-08 11:29:22.860 1757 2293 I chatty : uid=1000(system) miui.fg expire 1 line
06-08 11:29:23.469 1757 4531 I chatty : uid=1000(system) Binder:1757_11 expire 3 lines
06-08 11:29:27.263 2560 2560 I Timeline: Timeline: Activity_launch_request time:3989085
06-08 11:29:27.293 2560 2560 W ActivityThread: SCHED: com.miui.home/.launcher.Launcher [74, r=379ms, a=129ms, w=4405ms]
06-08 11:29:27.304 1757 1924 I chatty : uid=1000(system) android.display expire 7 lines
06-08 11:29:27.316 1757 1925 I chatty : uid=1000(system) android.anim expire 4 lines
06-08 11:29:27.546 6955 20080 E ActivityThread: Failed to find provider info for com.miui.systemAdSolution.adSwitch
06-08 11:29:27.547 6955 20080 E ActivityThread: Failed to find provider info for com.miui.systemAdSolution.adSwitch
06-08 11:29:27.860 1757 1957 I chatty : uid=1000(system) ActivityManager expire 10 lines
06-08 11:29:28.063 520 520 D vold : Remounting 10124 as mode write
06-08 11:29:28.080 520 520 D vold : Found matching PID 20103
06-08 11:29:28.089 520 520 D vold : Remounting 10124 as mode write
06-08 11:29:28.094 520 520 D vold : Found matching PID 20103
06-08 11:29:28.187 20103 20149 I SystemConfig: Adding association: com.google.android.as <- com.android.providers.contacts
06-08 11:29:28.187 20103 20149 I SystemConfig: Adding association: com.google.android.as <- com.android.providers.media
06-08 11:29:28.187 20103 20149 I SystemConfig: Adding association: com.google.android.as <- com.android.providers.telephony
06-08 11:29:28.187 20103 20149 I SystemConfig: Adding association: com.google.android.as <- com.android.systemui
06-08 11:29:28.187 20103 20149 I SystemConfig: Adding association: com.google.android.as <- com.google.android.gms
06-08 11:29:28.187 20103 20149 I SystemConfig: Adding association: com.google.android.as <- com.google.android.gsf
06-08 11:29:28.196 20103 20149 W SystemConfig: No directory /product_services/etc/sysconfig, skipping
06-08 11:29:28.196 20103 20149 W SystemConfig: No directory /product_services/etc/permissions, skipping
06-08 11:29:28.505 20103 20149 W PackageParser: No actions in intent filter at /data/app/com.mi.android.globalminusscreen-gIcCSQA_7KdXRlNacfbnDA==/base.apk Binary XML file line #218
06-08 11:29:28.511 20103 20149 W PackageParser: No actions in intent filter at /data/app/com.mi.android.globalminusscreen-gIcCSQA_7KdXRlNacfbnDA==/base.apk Binary XML file line #218
06-08 11:29:28.516 20103 20149 W PackageParser: Unknown element under : meta-data at /data/app/com.jaredco.calleridannounce-PwD96gRIacAw4rzn1Er0ww==/base.apk Binary XML file line #40
06-08 11:29:28.526 20103 20149 I chatty : uid=10124(com.miui.guardprovider) identical 2 lines
06-08 11:29:28.531 20103 20149 W PackageParser: Unknown element under : meta-data at /data/app/com.jaredco.calleridannounce-PwD96gRIacAw4rzn1Er0ww==/base.apk Binary XML file line #40
06-08 11:29:28.840 1757 1971 I chatty : uid=1000(system) batterystats-wo expire 9 lines
06-08 11:29:29.202 20103 20149 W PackageParser: Ignoring duplicate uses-permissions/uses-permissions-sdk-m: android.permission.INTERNET in package: com.yahoo.mobile.client.android.mail at: Binary XML file line #70
06-08 11:29:29.202 20103 20149 W PackageParser: Ignoring duplicate uses-permissions/uses-permissions-sdk-m: android.permission.ACCESS_WIFI_STATE in package: com.yahoo.mobile.client.android.mail at: Binary XML file line #71
06-08 11:29:29.203 20103 20149 W PackageParser: Unknown element under : enable-feature at /data/app/com.yahoo.mobile.client.android.mail-HVQqvfSg80FU76JeNPZuqQ==/base.apk Binary XML file line #473
06-08 11:29:29.213 20103 20149 W PackageParser: Ignoring duplicate uses-permissions/uses-permissions-sdk-m: android.permission.INTERNET in package: com.yahoo.mobile.client.android.mail at: Binary XML file line #70
06-08 11:29:29.213 20103 20149 W PackageParser: Ignoring duplicate uses-permissions/uses-permissions-sdk-m: android.permission.ACCESS_WIFI_STATE in package: com.yahoo.mobile.client.android.mail at: Binary XML file line #71
06-08 11:29:29.214 20103 20149 W PackageParser: Unknown element under : enable-feature at /data/app/com.yahoo.mobile.client.android.mail-HVQqvfSg80FU76JeNPZuqQ==/base.apk Binary XML file line #473
06-08 11:29:29.222 20103 20149 W PackageParser: Ignoring duplicate uses-permissions/uses-permissions-sdk-m: android.permission.INTERNET in package: com.yahoo.mobile.client.android.mail at: Binary XML file line #70
06-08 11:29:29.222 20103 20149 W PackageParser: Ignoring duplicate uses-permissions/uses-permissions-sdk-m: android.permission.ACCESS_WIFI_STATE in package: com.yahoo.mobile.client.android.mail at: Binary XML file line #71
06-08 11:29:29.223 20103 20149 W PackageParser: Unknown element under : enable-feature at /data/app/com.yahoo.mobile.client.android.mail-HVQqvfSg80FU76JeNPZuqQ==/base.apk Binary XML file line #473
06-08 11:29:29.230 20103 20149 W PackageParser: Ignoring duplicate uses-permissions/uses-permissions-sdk-m: android.permission.INTERNET in package: com.yahoo.mobile.client.android.mail at: Binary XML file line #70
06-08 11:29:29.231 20103 20149 W PackageParser: Ignoring duplicate uses-permissions/uses-permissions-sdk-m: android.permission.ACCESS_WIFI_STATE in package: com.yahoo.mobile.client.android.mail at: Binary XML file line #71
06-08 11:29:29.231 20103 20149 W PackageParser: Unknown element under : enable-feature at /data/app/com.yahoo.mobile.client.android.mail-HVQqvfSg80FU76JeNPZuqQ==/base.apk Binary XML file line #473
06-08 11:29:37.435 520 520 D vold : Remounting 10124 as mode write
06-08 11:29:37.442 520 520 D vold : Found matching PID 20103
06-08 11:29:37.452 520 520 D vold : Remounting 10124 as mode write
06-08 11:29:37.466 520 520 D vold : Found matching PID 20103
06-08 11:29:37.518 20103 20215 W PackageParser: Unknown element under : meta-data at /data/app/com.viber.voip-ikrCKC-uxSXpa-w-gU62Ww==/base.apk Binary XML file line #112
06-08 11:29:37.540 20103 20215 W PackageParser: No actions in intent filter at /data/app/com.viber.voip-ikrCKC-uxSXpa-w-gU62Ww==/base.apk Binary XML file line #1541
06-08 11:29:37.564 20103 20215 W PackageParser: Unknown element under : meta-data at /data/app/com.viber.voip-ikrCKC-uxSXpa-w-gU62Ww==/base.apk Binary XML file line #112
06-08 11:29:37.572 20103 20215 W PackageParser: No actions in intent filter at /data/app/com.viber.voip-ikrCKC-uxSXpa-w-gU62Ww==/base.apk Binary XML file line #1541
06-08 11:29:37.597 20103 20215 W PackageParser: Unknown element under : meta-data at /data/app/com.viber.voip-ikrCKC-uxSXpa-w-gU62Ww==/base.apk Binary XML file line #112
06-08 11:29:37.610 20103 20215 W PackageParser: No actions in intent filter at /data/app/com.viber.voip-ikrCKC-uxSXpa-w-gU62Ww==/base.apk Binary XML file line #1541
06-08 11:29:37.625 20103 20215 W PackageParser: Unknown element under : meta-data at /data/app/com.viber.voip-ikrCKC-uxSXpa-w-gU62Ww==/base.apk Binary XML file line #112
06-08 11:29:37.632 20103 20215 W PackageParser: No actions in intent filter at /data/app/com.viber.voip-ikrCKC-uxSXpa-w-gU62Ww==/base.apk Binary XML file line #1541
06-08 11:29:37.757 20103 20215 W PackageParser: Unknown element under : queries at /data/app/com.google.android.play.games-NhqF7tGLnmRRXutorausAQ==/base.apk Binary XML file line #30
06-08 11:29:37.762 20103 20215 W PackageParser: No actions in intent filter at /data/app/com.google.android.play.games-NhqF7tGLnmRRXutorausAQ==/base.apk Binary XML file line #566
06-08 11:29:37.767 20103 20215 W PackageParser: Unknown element under : queries at /data/app/com.google.android.play.games-NhqF7tGLnmRRXutorausAQ==/base.apk Binary XML file line #30
06-08 11:29:37.769 20103 20215 W PackageParser: No actions in intent filter at /data/app/com.google.android.play.games-NhqF7tGLnmRRXutorausAQ==/base.apk Binary XML file line #566
06-08 11:29:37.779 20103 20215 W PackageParser: Unknown element under : queries at /data/app/com.google.android.play.games-NhqF7tGLnmRRXutorausAQ==/base.apk Binary XML file line #30
06-08 11:29:37.781 20103 20215 W PackageParser: No actions in intent filter at /data/app/com.google.android.play.games-NhqF7tGLnmRRXutorausAQ==/base.apk Binary XML file line #566
06-08 11:29:37.801 20103 20215 W PackageParser: Unknown element under : queries at /data/app/com.google.android.play.games-NhqF7tGLnmRRXutorausAQ==/base.apk Binary XML file line #30
06-08 11:29:37.806 20103 20215 W PackageParser: No actions in intent filter at /data/app/com.google.android.play.games-NhqF7tGLnmRRXutorausAQ==/base.apk Binary XML file line #566
06-08 11:29:37.977 1757 9221 I chatty : uid=1000(system) Binder:1757_1B expire 4 lines
06-08 11:29:38.078 1757 3743 I chatty : uid=1000(system) Binder:1757_C expire 3 lines
06-08 11:29:38.279 1757 9228 I chatty : uid=1000(system) Binder:1757_1D expire 1 line
06-08 11:29:38.455 20103 20215 W PackageParser: No actions in intent filter at /data/app/com.gstarmc.android-Z1p1Q4J9APU_VWaBlDRfQg==/base.apk Binary XML file line #594
06-08 11:29:38.471 20103 20215 I chatty : uid=10124(com.miui.guardprovider) identical 6 lines
06-08 11:29:38.492 20103 20215 W PackageParser: No actions in intent filter at /data/app/com.gstarmc.android-Z1p1Q4J9APU_VWaBlDRfQg==/base.apk Binary XML file line #594
06-08 11:29:39.257 20272 20360 W BpBinder: Slow Binder: BpBinder transact took 217ms, interface=android.app.IActivityManager, code=20 oneway=false
06-08 11:29:39.378 20272 20272 E ActivityThread: Failed to find provider info for com.miui.systemAdSolution.adSwitch
06-08 11:29:39.382 20272 20272 I Ad : isPersonalizedAdEnabled getAdSettings: 2
06-08 11:29:39.384 20272 20424 E ActivityThread: Failed to find provider info for com.miui.systemAdSolution.adSwitch
06-08 11:29:39.394 20272 20424 I Ad : isPersonalizedAdEnabled getAdSettings: 2
06-08 11:29:39.701 20103 20215 W PackageParser: Unknown element under : queries at /data/app/com.google.android.dialer--TpZZV54IrqCrjghz63YZA==/base.apk Binary XML file line #81
06-08 11:29:39.701 20103 20215 W PackageParser: Unknown element under : meta-data at /data/app/com.google.android.dialer--TpZZV54IrqCrjghz63YZA==/base.apk Binary XML file line #85
06-08 11:29:39.701 20103 20215 W PackageParser: Unknown element under : queries at /data/app/com.google.android.dialer--TpZZV54IrqCrjghz63YZA==/base.apk Binary XML file line #87
06-08 11:29:39.701 20103 20215 W PackageParser: Unknown element under : queries at /data/app/com.google.android.dialer--TpZZV54IrqCrjghz63YZA==/base.apk Binary XML file line #93
06-08 11:29:39.701 20103 20215 W PackageParser: Unknown element under : queries at /data/app/com.google.android.dialer--TpZZV54IrqCrjghz63YZA==/base.apk Binary XML file line #96
06-08 11:29:39.701 20103 20215 W PackageParser: Unknown element under : queries at /data/app/com.google.android.dialer--TpZZV54IrqCrjghz63YZA==/base.apk Binary XML file line #103
06-08 11:29:39.701 20103 20215 W PackageParser: Unknown element under : queries at /data/app/com.google.android.dialer--TpZZV54IrqCrjghz63YZA==/base.apk Binary XML file line #106
06-08 11:29:39.708 20103 20215 W PackageParser: Unknown element under : queries at /data/app/com.google.android.dialer--TpZZV54IrqCrjghz63YZA==/base.apk Binary XML file line #81
06-08 11:29:39.708 20103 20215 W PackageParser: Unknown element under : meta-data at /data/app/com.google.android.dialer--TpZZV54IrqCrjghz63YZA==/base.apk Binary XML file line #85
06-08 11:29:39.708 20103 20215 W PackageParser: Unknown element under : queries at /data/app/com.google.android.dialer--TpZZV54IrqCrjghz63YZA==/base.apk Binary XML file line #87
06-08 11:29:39.708 20103 20215 W PackageParser: Unknown element under : queries at /data/app/com.google.android.dialer--TpZZV54IrqCrjghz63YZA==/base.apk Binary XML file line #93
06-08 11:29:39.708 20103 20215 W PackageParser: Unknown element under : queries at /data/app/com.google.android.dialer--TpZZV54IrqCrjghz63YZA==/base.apk Binary XML file line #96
06-08 11:29:39.708 20103 20215 W PackageParser: Unknown element under : queries at /data/app/com.google.android.dialer--TpZZV54IrqCrjghz63YZA==/base.apk Binary XML file line #103
06-08 11:29:39.708 20103 20215 W PackageParser: Unknown element under : queries at /data/app/com.google.android.dialer--TpZZV54IrqCrjghz63YZA==/base.apk Binary XML file line #106
06-08 11:29:39.715 20103 20215 W PackageParser: Unknown element under : queries at /data/app/com.google.android.dialer--TpZZV54IrqCrjghz63YZA==/base.apk Binary XML file line #81
06-08 11:29:39.715 20103 20215 W PackageParser: Unknown element under : meta-data at /data/app/com.google.android.dialer--TpZZV54IrqCrjghz63YZA==/base.apk Binary XML file line #85
06-08 11:29:39.715 20103 20215 W PackageParser: Unknown element under : queries at /data/app/com.google.android.dialer--TpZZV54IrqCrjghz63YZA==/base.apk Binary XML file line #87
06-08 11:29:39.715 20103 20215 W PackageParser: Unknown element under : queries at /data/app/com.google.android.dialer--TpZZV54IrqCrjghz63YZA==/base.apk Binary XML file line #93
06-08 11:29:39.716 20103 20215 W PackageParser: Unknown element under : queries at /data/app/com.google.android.dialer--TpZZV54IrqCrjghz63YZA==/base.apk Binary XML file line #96
06-08 11:29:39.716 20103 20215 W PackageParser: Unknown element under : queries at /data/app/com.google.android.dialer--TpZZV54IrqCrjghz63YZA==/base.apk Binary XML file line #103
06-08 11:29:39.716 20103 20215 W PackageParser: Unknown element under : queries at /data/app/com.google.android.dialer--TpZZV54IrqCrjghz63YZA==/base.apk Binary XML file line #106
06-08 11:29:39.722 20103 20215 W PackageParser: Unknown element under : queries at /data/app/com.google.android.dialer--TpZZV54IrqCrjghz63YZA==/base.apk Binary XML file line #81
06-08 11:29:39.722 20103 20215 W PackageParser: Unknown element under : meta-data at /data/app/com.google.android.dialer--TpZZV54IrqCrjghz63YZA==/base.apk Binary XML file line #85
06-08 11:29:39.722 20103 20215 W PackageParser: Unknown element under : queries at /data/app/com.google.android.dialer--TpZZV54IrqCrjghz63YZA==/base.apk Binary XML file line #87
06-08 11:29:39.722 20103 20215 W PackageParser: Unknown element under : queries at /data/app/com.google.android.dialer--TpZZV54IrqCrjghz63YZA==/base.apk Binary XML file line #93
06-08 11:29:39.722 20103 20215 W PackageParser: Unknown element under : queries at /data/app/com.google.android.dialer--TpZZV54IrqCrjghz63YZA==/base.apk Binary XML file line #96
06-08 11:29:39.722 20103 20215 W PackageParser: Unknown element under : queries at /data/app/com.google.android.dialer--TpZZV54IrqCrjghz63YZA==/base.apk Binary XML file line #103
06-08 11:29:39.722 20103 20215 W PackageParser: Unknown element under : queries at /data/app/com.google.android.dialer--TpZZV54IrqCrjghz63YZA==/base.apk Binary XML file line #106
06-08 11:29:40.009 20103 20215 W PackageParser: Ignoring duplicate uses-permissions/uses-permissions-sdk-m: android.permission.INTERNET in package: com.yahoo.mobile.client.android.mail at: Binary XML file line #70
06-08 11:29:40.009 20103 20215 W PackageParser: Ignoring duplicate uses-permissions/uses-permissions-sdk-m: android.permission.ACCESS_WIFI_STATE in package: com.yahoo.mobile.client.android.mail at: Binary XML file line #71
06-08 11:29:40.010 20103 20215 W PackageParser: Unknown element under : enable-feature at /data/app/com.yahoo.mobile.client.android.mail-HVQqvfSg80FU76JeNPZuqQ==/base.apk Binary XML file line #473
06-08 11:29:40.016 20103 20215 W PackageParser: Ignoring duplicate uses-permissions/uses-permissions-sdk-m: android.permission.INTERNET in package: com.yahoo.mobile.client.android.mail at: Binary XML file line #70
06-08 11:29:40.016 20103 20215 W PackageParser: Ignoring duplicate uses-permissions/uses-permissions-sdk-m: android.permission.ACCESS_WIFI_STATE in package: com.yahoo.mobile.client.android.mail at: Binary XML file line #71
06-08 11:29:40.017 20103 20215 W PackageParser: Unknown element under : enable-feature at /data/app/com.yahoo.mobile.client.android.mail-HVQqvfSg80FU76JeNPZuqQ==/base.apk Binary XML file line #473
06-08 11:29:40.031 20272 20331 E ActivityThread: Failed to find provider info for com.android.browser.searchengine
06-08 11:29:40.033 20272 20272 I Ad : isPersonalizedAdEnabled getAdSettings: 2
06-08 11:29:40.041 20272 20452 I Ad : isPersonalizedAdEnabled getAdSettings: 2
06-08 11:29:41.117 20272 20423 I Ad : isPersonalizedAdEnabled getAdSettings: 2
06-08 11:29:41.747 20103 20215 W PackageParser: No actions in intent filter at /data/app/com.mi.android.globalminusscreen-gIcCSQA_7KdXRlNacfbnDA==/base.apk Binary XML file line #218
06-08 11:29:41.753 20103 20215 W PackageParser: No actions in intent filter at /data/app/com.mi.android.globalminusscreen-gIcCSQA_7KdXRlNacfbnDA==/base.apk Binary XML file line #218
06-08 11:29:41.814 20272 20423 I Ad : isPersonalizedAdEnabled getAdSettings: 2
06-08 11:29:42.423 20103 20215 W PackageParser: Ignoring duplicate uses-permissions/uses-permissions-sdk-m: android.permission.WRITE_EXTERNAL_STORAGE in package: gps.syntetagmenes at: Binary XML file line #19
06-08 11:29:42.433 20103 20215 W PackageParser: Ignoring duplicate uses-permissions/uses-permissions-sdk-m: android.permission.WRITE_EXTERNAL_STORAGE in package: gps.syntetagmenes at: Binary XML file line #19
06-08 11:29:42.888 20103 20215 W PackageParser: Unknown element under : meta-data at /data/app/com.jaredco.calleridannounce-PwD96gRIacAw4rzn1Er0ww==/base.apk Binary XML file line #40
06-08 11:29:42.892 20103 20215 W PackageParser: Unknown element under : meta-data at /data/app/com.jaredco.calleridannounce-PwD96gRIacAw4rzn1Er0ww==/base.apk Binary XML file line #40
06-08 11:29:43.110 20103 20215 W PackageParser: Ignoring duplicate uses-permissions/uses-permissions-sdk-m: android.permission.BLUETOOTH_ADMIN in package: com.navigation.offlinemaps.gps at: Binary XML file line #86
06-08 11:29:43.114 20103 20215 W PackageParser: only supports string, integer, float, color, boolean, and resource reference types: meta-data at /data/app/com.navigation.offlinemaps.gps-JJ9IZRmQ7GF6SfiJkpZoIg==/base.apk Binary XML file line #989
06-08 11:29:43.114 20103 20215 W PackageParser: only supports string, integer, float, color, boolean, and resource reference types: meta-data at /data/app/com.navigation.offlinemaps.gps-JJ9IZRmQ7GF6SfiJkpZoIg==/base.apk Binary XML file line #992
06-08 11:29:43.114 20103 20215 W PackageParser: only supports string, integer, float, color, boolean, and resource reference types: meta-data at /data/app/com.navigation.offlinemaps.gps-JJ9IZRmQ7GF6SfiJkpZoIg==/base.apk Binary XML file line #995
06-08 11:29:43.114 20103 20215 W PackageParser: only supports string, integer, float, color, boolean, and resource reference types: meta-data at /data/app/com.navigation.offlinemaps.gps-JJ9IZRmQ7GF6SfiJkpZoIg==/base.apk Binary XML file line #998
06-08 11:29:43.119 20103 20215 W PackageParser: Ignoring duplicate uses-permissions/uses-permissions-sdk-m: android.permission.BLUETOOTH_ADMIN in package: com.navigation.offlinemaps.gps at: Binary XML file line #86
06-08 11:29:43.122 20103 20215 W PackageParser: only supports string, integer, float, color, boolean, and resource reference types: meta-data at /data/app/com.navigation.offlinemaps.gps-JJ9IZRmQ7GF6SfiJkpZoIg==/base.apk Binary XML file line #989
06-08 11:29:43.122 20103 20215 W PackageParser: only supports string, integer, float, color, boolean, and resource reference types: meta-data at /data/app/com.navigation.offlinemaps.gps-JJ9IZRmQ7GF6SfiJkpZoIg==/base.apk Binary XML file line #992
06-08 11:29:43.122 20103 20215 W PackageParser: only supports string, integer, float, color, boolean, and resource reference types: meta-data at /data/app/com.navigation.offlinemaps.gps-JJ9IZRmQ7GF6SfiJkpZoIg==/base.apk Binary XML file line #995
06-08 11:29:43.122 20103 20215 W PackageParser: only supports string, integer, float, color, boolean, and resource reference types: meta-data at /data/app/com.navigation.offlinemaps.gps-JJ9IZRmQ7GF6SfiJkpZoIg==/base.apk Binary XML file line #998
06-08 11:29:43.128 20103 20215 W PackageParser: Ignoring duplicate uses-permissions/uses-permissions-sdk-m: android.permission.BLUETOOTH_ADMIN in package: com.navigation.offlinemaps.gps at: Binary XML file line #86
06-08 11:29:43.131 20103 20215 W PackageParser: only supports string, integer, float, color, boolean, and resource reference types: meta-data at /data/app/com.navigation.offlinemaps.gps-JJ9IZRmQ7GF6SfiJkpZoIg==/base.apk Binary XML file line #989
06-08 11:29:43.132 20103 20215 W PackageParser: only supports string, integer, float, color, boolean, and resource reference types: meta-data at /data/app/com.navigation.offlinemaps.gps-JJ9IZRmQ7GF6SfiJkpZoIg==/base.apk Binary XML file line #992
06-08 11:29:43.132 20103 20215 W PackageParser: only supports string, integer, float, color, boolean, and resource reference types: meta-data at /data/app/com.navigation.offlinemaps.gps-JJ9IZRmQ7GF6SfiJkpZoIg==/base.apk Binary XML file line #995
06-08 11:29:43.132 20103 20215 W PackageParser: only supports string, integer, float, color, boolean, and resource reference types: meta-data at /data/app/com.navigation.offlinemaps.gps-JJ9IZRmQ7GF6SfiJkpZoIg==/base.apk Binary XML file line #998
06-08 11:29:43.137 20103 20215 W PackageParser: Ignoring duplicate uses-permissions/uses-permissions-sdk-m: android.permission.BLUETOOTH_ADMIN in package: com.navigation.offlinemaps.gps at: Binary XML file line #86
06-08 11:29:43.140 20103 20215 W PackageParser: only supports string, integer, float, color, boolean, and resource reference types: meta-data at /data/app/com.navigation.offlinemaps.gps-JJ9IZRmQ7GF6SfiJkpZoIg==/base.apk Binary XML file line #989
06-08 11:29:43.140 20103 20215 W PackageParser: only supports string, integer, float, color, boolean, and resource reference types: meta-data at /data/app/com.navigation.offlinemaps.gps-JJ9IZRmQ7GF6SfiJkpZoIg==/base.apk Binary XML file line #992
06-08 11:29:43.140 20103 20215 W PackageParser: only supports string, integer, float, color, boolean, and resource reference types: meta-data at /data/app/com.navigation.offlinemaps.gps-JJ9IZRmQ7GF6SfiJkpZoIg==/base.apk Binary XML file line #995
06-08 11:29:43.140 20103 20215 W PackageParser: only supports string, integer, float, color, boolean, and resource reference types: meta-data at /data/app/com.navigation.offlinemaps.gps-JJ9IZRmQ7GF6SfiJkpZoIg==/base.apk Binary XML file line #998
06-08 11:29:43.292 20103 20215 W PackageParser: Ignoring duplicate uses-permissions/uses-permissions-sdk-m: android.permission.ACCESS_WIFI_STATE in package: gr.cosmote.myaccount.widget at: Binary XML file line #47
06-08 11:29:43.331 20103 20215 W PackageParser: Ignoring duplicate uses-permissions/uses-permissions-sdk-m: android.permission.ACCESS_WIFI_STATE in package: gr.cosmote.myaccount.widget at: Binary XML file line #47
06-08 11:29:46.198 1757 1757 I chatty : uid=1000 system_server expire 11 lines
06-08 11:29:47.738 1757 2036 I chatty : uid=1000(system) PowerManagerSer expire 12 lines
06-08 11:29:48.152 1757 1809 I chatty : uid=1000(system) Binder:1757_2 expire 4 lines
06-08 11:29:48.244 1757 9221 I chatty : uid=1000(system) Binder:1757_1B expire 11 lines
06-08 11:29:48.281 1757 2247 I chatty : uid=1000(system) InputDispatcher expire 2 lines
06-08 11:29:48.306 6955 6955 W ActivityThread: SCHED: com.miui.securitycenter/com.miui.securityscan.MainActivity [72, r=1526ms, a=570ms, w=20929ms]
06-08 11:29:48.312 1757 2287 I chatty : uid=1000(system) Binder:1757_4 expire 4 lines
06-08 11:29:48.313 1757 1925 I chatty : uid=1000(system) android.anim expire 6 lines
06-08 11:29:48.329 1757 1924 I chatty : uid=1000(system) android.display expire 10 lines
06-08 11:29:48.356 1757 4296 I chatty : uid=1000(system) Binder:1757_10 expire 8 lines
06-08 11:29:49.204 1757 9199 I chatty : uid=1000(system) Binder:1757_19 expire 3 lines
06-08 11:29:57.212 1757 1957 I chatty : uid=1000(system) ActivityManager expire 10 lines
06-08 11:30:03.317 4030 4147 D miui.face.FaceService: preInitAuth, com.android.systemui ok
06-08 11:30:03.318 4030 4147 D miui.face.FaceService: onPreInit curMonitor:com.miui.face.util.ClientMonitor@1b9c7b1 hasInit: true
06-08 11:30:03.422 2353 3156 D DisplayFeatureManager: setScreenEffect mode=17 value=1 cookie=1
06-08 11:30:03.535 2353 2353 I MiuiGxzwOverlayView: add overlay view: mLayoutParams.alpha = 0.657
06-08 11:30:03.711 1757 1971 I chatty : uid=1000(system) batterystats-wo expire 10 lines
06-08 11:30:03.717 2353 3156 D DisplayFeatureManager: setScreenEffect mode=17 value=1 cookie=1
06-08 11:30:03.731 2560 2560 W ActivityThread: SCHED: com.miui.home/.launcher.Launcher [61, r=109ms, a=68ms, w=15386ms]
06-08 11:30:03.733 1757 2036 I chatty : uid=1000(system) PowerManagerSer expire 12 lines
06-08 11:30:03.745 1757 2328 I chatty : uid=1000(system) PhotonicModulat expire 23 lines
06-08 11:30:03.936 1757 1921 I chatty : uid=1000(system) android.fg expire 1 line
06-08 11:30:03.946 3203 3203 V DreamService[DozeService]: onCreate()
06-08 11:30:03.973 3203 3203 V DreamService[DozeService]: onBind() intent = Intent { act=android.service.dreams.DreamService flg=0x800000 cmp=com.miui.aod/.doze.DozeService }
06-08 11:30:03.975 3203 3203 V DreamService[DozeService]: Calling onDreamingStarted()
06-08 11:30:03.975 3203 3203 V DreamService[DozeService]: onDreamingStarted()
06-08 11:30:04.365 2353 2371 W KeyguardViewMediator: notifyScreenOn
06-08 11:30:04.365 2353 2353 W KeyguardViewMediator: handleNotifyScreenTurningOn
06-08 11:30:04.366 2353 2353 W KeyguardViewMediator: notifyDrawn
06-08 11:30:04.366 1757 1803 I chatty : uid=1000(system) Binder:1757_1 expire 5 lines
06-08 11:30:04.366 1757 1922 I chatty : uid=1000(system) android.ui expire 5 lines
06-08 11:30:04.411 2353 2353 I MiuiGxzwOverlayView: upldate overlay view alpha: 0.0
06-08 11:30:04.582 1757 2303 I chatty : uid=1000(system) ScreenEffectThr expire 2 lines
06-08 11:30:04.584 1757 1757 I chatty : uid=1000 system_server expire 10 lines
06-08 11:30:04.604 2353 2371 W KeyguardViewMediator: doKeyguard: showing the lock screen
06-08 11:30:04.615 1112 1112 I wificond: Pno scan started for frequencies: 2412, 2417, 2422, 2427, 2432, 2437, 2447, 2452, 2457, 2462, 5180, 5200, 5220, 5240, 5745, 5765, 5785, 5805,
06-08 11:30:04.653 1757 8943 I chatty : uid=1000(system) Binder:1757_16 expire 5 lines
06-08 11:30:04.697 1757 1955 I chatty : uid=1000(system) android.bg expire 1 line
06-08 11:30:04.754 2353 2353 V KeyguardDisplayManager: show
06-08 11:30:05.299 1757 2301 I chatty : uid=1000(system) ProcessManager expire 1 line
06-08 11:30:06.412 2353 2353 I MiuiGxzwViewIcon: setGxzwIconTransparent
06-08 11:30:06.422 2353 2353 I MiuiGxzwViewIcon: turnOffScreen
06-08 11:30:07.240 1757 1924 I chatty : uid=1000(system) android.display expire 11 lines
06-08 11:30:19.166 1757 9191 I chatty : uid=1000(system) Binder:1757_18 expire 3 lines
06-08 11:30:35.945 1071 1071 W BpBinder: Slow Binder: BpBinder transact took 215ms, interface=, code=2 oneway=false
06-08 11:30:35.947 1757 3562 I chatty : uid=1000(system) Binder:1757_B expire 4 lines
06-08 11:30:35.959 3078 30905 W BpBinder: Slow Binder: BpBinder transact took 230ms, interface=android.app.IActivityManager, code=204 oneway=false
06-08 11:30:46.027 1757 2036 I chatty : uid=1000(system) PowerManagerSer expire 1 line
06-08 11:31:00.746 826 910 W EventThreadInspector: slow VSync-app on display(19261101167563905), count=11, avg=27 ms, max=32 ms.
06-08 11:31:00.944 826 910 W EventThreadInspector: slow VSync-app on display(19261101167563905), count=1, avg=30 ms, max=30 ms.
06-08 11:31:01.596 1757 2328 I chatty : uid=1000(system) PhotonicModulat expire 10 lines
06-08 11:31:21.096 1757 3836 I chatty : uid=1000(system) Binder:1757_E expire 11 lines
06-08 11:32:00.133 826 911 W EventThreadInspector: slow VSync-sf on display(19261101167563905), count=48, avg=33 ms, max=197 ms.
06-08 11:32:00.429 826 910 W EventThreadInspector: slow VSync-app on display(19261101167563905), count=31, avg=26 ms, max=32 ms.
06-08 11:32:00.659 826 910 W EventThreadInspector: slow VSync-app on display(19261101167563905), count=1, avg=30 ms, max=30 ms.
06-08 11:32:00.956 826 910 W EventThreadInspector: slow VSync-app on display(19261101167563905), count=3, avg=29 ms, max=30 ms.
06-08 11:32:01.350 826 910 W EventThreadInspector: slow VSync-app on display(19261101167563905), count=1, avg=30 ms, max=30 ms.
06-08 11:32:03.444 20811 20811 W Looper : Slow Looper main: Long Msg: seq=2 plan=11:32:01.978 late=5ms wall=1461ms running=1082ms runnable=79ms h=android.app.ActivityThread$H w=110
06-08 11:32:05.428 2353 2767 D NetworkController.MobileSignalController(1): onServiceStateChanged slotId=0 subId=1 voiceState=0 dataState=0 FiveGConnected= false dataType= 3
06-08 11:32:05.454 1757 2272 I chatty : uid=1000(system) ConnectivitySer expire 7 lines
06-08 11:32:05.660 826 911 W EventThreadInspector: slow VSync-sf on display(19261101167563905), count=3, avg=26 ms, max=39 ms.
06-08 11:32:07.477 5199 5330 D PowerKeeper.AppStandby: enable standby chain
06-08 11:32:21.865 1757 1924 I chatty : uid=1000(system) android.display expire 10 lines
06-08 11:32:21.879 826 911 W EventThreadInspector: slow VSync-sf on display(19261101167563905), count=1, avg=31 ms, max=31 ms.
06-08 11:32:21.929 2353 2767 D NetworkController.MobileSignalController(1): onServiceStateChanged slotId=0 subId=1 voiceState=0 dataState=0 FiveGConnected= false dataType= 13
06-08 11:32:22.096 1757 2328 I chatty : uid=1000(system) PhotonicModulat expire 11 lines
06-08 11:33:01.660 826 911 W EventThreadInspector: slow VSync-sf on display(19261101167563905), count=1, avg=31 ms, max=31 ms.
06-08 11:33:13.050 3078 30905 W BpBinder: Slow Binder: BpBinder transact took 219ms, interface=android.app.IActivityManager, code=204 oneway=false
06-08 11:34:00.605 826 910 W EventThreadInspector: slow VSync-app on display(19261101167563905), count=46, avg=26 ms, max=34 ms.
06-08 11:34:01.263 826 910 W EventThreadInspector: slow VSync-app on display(19261101167563905), count=1, avg=30 ms, max=30 ms.
06-08 11:34:08.862 826 826 W SurfaceFlingerInspector: Slow frame composition: xiaomi f4 41 prepareFrame took 172 ms
06-08 11:34:08.936 1757 1971 I chatty : uid=1000(system) batterystats-wo expire 12 lines
06-08 11:34:27.344 3304 6310 W BpBinder: Slow Binder: BpBinder transact took 1609ms, interface=com.google.android.gms.droidguard.internal.IDroidGuardHandle, code=5 oneway=false
06-08 11:34:28.215 3304 21138 W BpBinder: Slow Binder: BpBinder transact took 212ms, interface=android.content.IContentProvider, code=10 oneway=false
06-08 11:34:28.637 1757 1957 I chatty : uid=1000(system) ActivityManager expire 2 lines
06-08 11:34:29.010 1757 2261 I chatty : uid=1000(system) NetworkStats expire 1 line
06-08 11:34:29.689 1757 1956 I chatty : uid=1000(system) ActivityManager expire 2 lines
06-08 11:34:37.556 3304 21253 W BpBinder: Slow Binder: BpBinder transact took 237ms, interface=android.content.IContentProvider, code=1 oneway=false
06-08 11:34:37.577 3304 21243 W BpBinder: Slow Binder: BpBinder transact took 223ms, interface=android.os.IPowerManager, code=1 oneway=false
06-08 11:34:37.586 3304 31705 W BpBinder: Slow Binder: BpBinder transact took 206ms, interface=android.app.IActivityManager, code=29 oneway=false
06-08 11:34:37.586 3078 4604 W BpBinder: Slow Binder: BpBinder transact took 206ms, interface=android.app.IActivityManager, code=22 oneway=false
06-08 11:34:37.608 3304 21254 W BpBinder: Slow Binder: BpBinder transact took 228ms, interface=android.app.IActivityManager, code=22 oneway=false
06-08 11:34:37.629 3304 21138 W BpBinder: Slow Binder: BpBinder transact took 253ms, interface=android.content.IContentProvider, code=1 oneway=false
06-08 11:34:47.867 3304 21138 W BpBinder: Slow Binder: BpBinder transact took 221ms, interface=android.content.IContentProvider, code=1 oneway=false
06-08 11:34:47.883 3304 21251 W BpBinder: Slow Binder: BpBinder transact took 236ms, interface=android.content.IContentProvider, code=1 oneway=false
06-08 11:34:47.890 3304 4750 W BpBinder: Slow Binder: BpBinder transact took 242ms, interface=com.google.android.gms.common.internal.IGmsServiceBroker, code=46 oneway=false
06-08 11:35:01.017 1757 2617 I chatty : uid=1000(system) Binder:1757_6 expire 2 lines
06-08 11:35:30.039 826 826 W SurfaceFlingerInspector: Slow frame composition: xiaomi f4 41 prepareFrame took 229 ms
06-08 11:35:30.039 1071 1071 W BpBinder: Slow Binder: BpBinder transact took 213ms, interface=, code=2 oneway=false
06-08 11:35:30.044 3078 30905 W BpBinder: Slow Binder: BpBinder transact took 226ms, interface=android.app.IActivityManager, code=204 oneway=false
06-08 11:35:57.372 3078 30905 W BpBinder: Slow Binder: BpBinder transact took 206ms, interface=android.app.IActivityManager, code=204 oneway=false
06-08 11:36:01.098 826 911 W EventThreadInspector: slow VSync-sf on display(19261101167563905), count=60, avg=38 ms, max=226 ms.
06-08 11:36:01.361 826 910 W EventThreadInspector: slow VSync-app on display(19261101167563905), count=24, avg=28 ms, max=32 ms.
06-08 11:36:02.151 826 910 W EventThreadInspector: slow VSync-app on display(19261101167563905), count=6, avg=29 ms, max=31 ms.
06-08 11:36:02.513 826 910 W EventThreadInspector: slow VSync-app on display(19261101167563905), count=6, avg=30 ms, max=30 ms.
06-08 11:36:32.364 1757 3836 I chatty : uid=1000(system) Binder:1757_E expire 5 lines
06-08 11:37:01.031 1071 1071 W BpBinder: Slow Binder: BpBinder transact took 212ms, interface=, code=2 oneway=false
06-08 11:37:01.040 3078 30905 W BpBinder: Slow Binder: BpBinder transact took 226ms, interface=android.app.IActivityTaskManager, code=167 oneway=false
06-08 11:37:01.098 1757 1924 I chatty : uid=1000(system) android.display expire 4 lines
06-08 11:37:34.044 3078 30905 W BpBinder: Slow Binder: BpBinder transact took 225ms, interface=android.app.IActivityManager, code=204 oneway=false
06-08 11:37:35.192 1112 1112 W wificond: Scan aborted
06-08 11:37:55.831 1112 1112 W wificond: Scan aborted
06-08 11:38:01.078 1757 2328 I chatty : uid=1000(system) PhotonicModulat expire 2 lines
06-08 11:38:01.282 826 911 W EventThreadInspector: slow VSync-sf on display(19261101167563905), count=8, avg=47 ms, max=202 ms.
06-08 11:38:01.413 826 910 W EventThreadInspector: slow VSync-app on display(19261101167563905), count=11, avg=26 ms, max=49 ms.
06-08 11:38:02.170 826 910 W EventThreadInspector: slow VSync-app on display(19261101167563905), count=17, avg=28 ms, max=30 ms.
06-08 11:38:17.014 1112 1112 W wificond: Scan aborted
06-08 11:38:24.850 1112 1112 I chatty : uid=1010 wificond identical 1 line
06-08 11:38:35.024 1112 1112 W wificond: Scan aborted
06-08 11:38:37.307 1757 1971 I chatty : uid=1000(system) batterystats-wo expire 12 lines
06-08 11:38:38.244 1112 1112 W wificond: Scan aborted
06-08 11:38:38.256 5199 5384 W BpBinder: Slow Binder: BpBinder transact took 218ms, interface=android.content.pm.IPackageManager, code=3 oneway=false
06-08 11:39:01.030 3078 30905 W BpBinder: Slow Binder: BpBinder transact took 222ms, interface=android.app.IActivityTaskManager, code=167 oneway=false
06-08 11:39:01.090 1757 2328 I chatty : uid=1000(system) PhotonicModulat expire 10 lines
06-08 11:39:01.090 1757 1924 I chatty : uid=1000(system) android.display expire 12 lines
06-08 11:39:36.025 1071 1071 W BpBinder: Slow Binder: BpBinder transact took 214ms, interface=, code=2 oneway=false
06-08 11:39:36.026 1757 9199 I chatty : uid=1000(system) Binder:1757_19 expire 9 lines
06-08 11:39:36.030 826 826 W SurfaceFlingerInspector: Slow frame composition: xiaomi f4 41 doComposition took 219 ms
06-08 11:39:36.036 1757 1757 I chatty : uid=1000 system_server expire 5 lines
06-08 11:39:36.098 1757 2272 I chatty : uid=1000(system) ConnectivitySer expire 10 lines
06-08 11:39:36.482 1757 9221 I chatty : uid=1000(system) Binder:1757_1B expire 3 lines
06-08 11:39:36.487 1757 2732 I chatty : uid=1000(system) Binder:1757_7 expire 2 lines
06-08 11:39:36.543 1757 1809 I chatty : uid=1000(system) Binder:1757_2 expire 15 lines
06-08 11:39:36.863 826 911 W EventThreadInspector: slow VSync-sf on display(19261101167563905), count=5, avg=70 ms, max=228 ms.
06-08 11:39:37.477 1757 4962 I chatty : uid=1000(system) first_use_threa expire 1 line
06-08 11:39:39.201 1757 2293 I chatty : uid=1000(system) miui.fg expire 9 lines
06-08 11:39:39.217 1757 1957 I chatty : uid=1000(system) ActivityManager expire 2 lines
06-08 11:39:39.220 520 21361 D vold : idle maintenance started
06-08 11:39:39.226 520 21361 D vold : Start GC on /sys/fs/f2fs/sda32
06-08 11:39:41.199 520 21402 D vold : aborting idle maintenance
06-08 11:39:41.200 520 21361 D vold : Stop GC on /sys/fs/f2fs/sda32
06-08 11:39:41.200 520 21402 D vold : The trim thread is not running
06-08 11:39:41.200 520 21361 D vold : idle maintenance completed
06-08 11:39:41.200 520 21402 D vold : idle maintenance stopped
06-08 11:39:41.201 1757 1955 I chatty : uid=1000(system) android.bg expire 4 lines
06-08 11:40:01.269 826 911 W EventThreadInspector: slow VSync-sf on display(19261101167563905), count=1, avg=44 ms, max=44 ms.
06-08 11:40:01.400 826 910 W EventThreadInspector: slow VSync-app on display(19261101167563905), count=31, avg=28 ms, max=42 ms.
06-08 11:40:01.861 826 910 W EventThreadInspector: slow VSync-app on display(19261101167563905), count=7, avg=29 ms, max=30 ms.
06-08 11:40:02.256 826 910 W EventThreadInspector: slow VSync-app on display(19261101167563905), count=7, avg=29 ms, max=30 ms.
06-08 11:40:11.722 826 826 W SurfaceFlingerInspector: Slow frame composition: xiaomi f4 41 prepareFrame took 202 ms
06-08 11:40:38.417 1757 9190 I chatty : uid=1000(system) Binder:1757_17 expire 8 lines
06-08 11:40:38.422 1757 9212 I chatty : uid=1000(system) Binder:1757_1A expire 3 lines
06-08 11:41:40.551 1757 2287 I chatty : uid=1000(system) Binder:1757_4 expire 6 lines
06-08 11:42:01.286 826 911 W EventThreadInspector: slow VSync-sf on display(19261101167563905), count=10, avg=57 ms, max=200 ms.
06-08 11:42:01.779 826 910 W EventThreadInspector: slow VSync-app on display(19261101167563905), count=26, avg=29 ms, max=36 ms.
06-08 11:42:02.405 826 910 W EventThreadInspector: slow VSync-app on display(19261101167563905), count=14, avg=29 ms, max=30 ms.
06-08 11:42:02.768 1757 1924 I chatty : uid=1000(system) android.display expire 11 lines
06-08 11:42:41.021 826 826 W SurfaceFlingerInspector: Slow frame composition: xiaomi f4 41 doComposition took 208 ms
06-08 11:42:41.524 1757 2860 I chatty : uid=1000(system) Binder:1757_9 expire 8 lines
06-08 11:43:01.084 1757 2328 I chatty : uid=1000(system) PhotonicModulat expire 10 lines
06-08 11:43:14.050 3078 30905 W BpBinder: Slow Binder: BpBinder transact took 223ms, interface=android.app.IActivityManager, code=204 oneway=false
06-08 11:43:27.377 1757 1971 I chatty : uid=1000(system) batterystats-wo expire 10 lines
06-08 11:43:41.649 1757 9231 I chatty : uid=1000(system) Binder:1757_20 expire 10 lines
06-08 11:43:57.186 2353 2767 D NetworkController.MobileSignalController(1): onServiceStateChanged slotId=0 subId=1 voiceState=0 dataState=0 FiveGConnected= false dataType= 3
06-08 11:43:57.417 826 911 W EventThreadInspector: slow VSync-sf on display(19261101167563905), count=7, avg=81 ms, max=238 ms.
06-08 11:44:00.872 826 910 W EventThreadInspector: slow VSync-app on display(19261101167563905), count=39, avg=27 ms, max=44 ms.
06-08 11:44:03.430 826 826 W SurfaceFlingerInspector: Slow frame composition: xiaomi f4 41 prepareFrame took 229 ms
06-08 11:44:38.139 2353 2767 D NetworkController.MobileSignalController(1): onServiceStateChanged slotId=0 subId=1 voiceState=0 dataState=0 FiveGConnected= false dataType= 13
06-08 11:44:38.377 826 911 W EventThreadInspector: slow VSync-sf on display(19261101167563905), count=51, avg=35 ms, max=225 ms.
06-08 11:45:42.089 3078 30905 W BpBinder: Slow Binder: BpBinder transact took 221ms, interface=android.app.IActivityTaskManager, code=167 oneway=false
06-08 11:46:01.084 1757 2328 I chatty : uid=1000(system) PhotonicModulat expire 10 lines
06-08 11:46:01.084 1757 1924 I chatty : uid=1000(system) android.display expire 10 lines
06-08 11:46:01.271 826 911 W EventThreadInspector: slow VSync-sf on display(19261101167563905), count=1, avg=42 ms, max=42 ms.
06-08 11:46:01.732 826 910 W EventThreadInspector: slow VSync-app on display(19261101167563905), count=49, avg=28 ms, max=41 ms.
06-08 11:46:14.585 826 826 W SurfaceFlingerInspector: Slow frame composition: xiaomi f4 41 prepareFrame took 241 ms
06-08 11:46:43.222 1071 1071 W BpBinder: Slow Binder: BpBinder transact took 201ms, interface=, code=2 oneway=false
06-08 11:46:43.223 1757 9229 I chatty : uid=1000(system) Binder:1757_1E expire 52 lines
06-08 11:46:43.225 3078 30905 W BpBinder: Slow Binder: BpBinder transact took 214ms, interface=android.app.IActivityTaskManager, code=167 oneway=false
06-08 11:46:43.228 1757 1803 I chatty : uid=1000(system) Binder:1757_1 expire 6 lines
06-08 11:47:35.899 826 826 W SurfaceFlingerInspector: Slow frame composition: xiaomi f4 41 prepareFrame took 200 ms
06-08 11:47:40.033 3078 30905 W BpBinder: Slow Binder: BpBinder transact took 223ms, interface=android.app.IActivityManager, code=204 oneway=false
06-08 11:48:01.275 826 911 W EventThreadInspector: slow VSync-sf on display(19261101167563905), count=7, avg=24 ms, max=33 ms.
06-08 11:48:01.999 826 910 W EventThreadInspector: slow VSync-app on display(19261101167563905), count=58, avg=28 ms, max=32 ms.
06-08 11:48:38.494 826 826 W SurfaceFlingerInspector: Slow frame composition: xiaomi f4 41 prepareFrame took 191 ms
06-08 11:48:46.031 3078 30905 W BpBinder: Slow Binder: BpBinder transact took 240ms, interface=android.app.IActivityManager, code=204 oneway=false
06-08 11:49:41.102 826 826 W SurfaceFlingerInspector: Slow frame composition: xiaomi f4 41 prepareFrame took 180 ms
06-08 11:49:48.040 3078 30905 W BpBinder: Slow Binder: BpBinder transact took 220ms, interface=android.app.IActivityManager, code=204 oneway=false
06-08 11:49:48.420 1757 9231 I chatty : uid=1000(system) Binder:1757_20 expire 2 lines
06-08 11:50:02.167 826 910 W EventThreadInspector: slow VSync-app on display(19261101167563905), count=60, avg=29 ms, max=44 ms.
06-08 11:50:11.595 826 826 W SurfaceFlingerInspector: Slow frame composition: xiaomi f4 41 prepareFrame took 211 ms
06-08 11:50:43.731 3078 30905 W BpBinder: Slow Binder: BpBinder transact took 233ms, interface=android.app.IActivityManager, code=204 oneway=false
06-08 11:50:50.032 3078 30905 W BpBinder: Slow Binder: BpBinder transact took 221ms, interface=android.app.IActivityTaskManager, code=167 oneway=false
06-08 11:50:50.127 1757 2733 I chatty : uid=1000(system) Binder:1757_8 expire 3 lines
06-08 11:50:50.178 1757 2272 I chatty : uid=1000(system) ConnectivitySer expire 3 lines
06-08 11:50:50.246 1757 3743 I chatty : uid=1000(system) Binder:1757_C expire 2 lines
06-08 11:50:50.275 1757 5166 I chatty : uid=1000(system) Binder:1757_12 expire 2 lines
06-08 11:50:50.300 1757 9222 I chatty : uid=1000(system) Binder:1757_1C expire 1 line
06-08 11:50:50.308 1757 2957 I chatty : uid=1000(system) Binder:1757_A expire 1 line
06-08 11:50:50.312 1757 2223 I chatty : uid=1000(system) Binder:1757_3 expire 1 line
06-08 11:50:50.334 1757 2617 I chatty : uid=1000(system) Binder:1757_6 expire 1 line
06-08 11:50:50.347 1757 9228 I chatty : uid=1000(system) Binder:1757_1D expire 1 line
