06-08 10:37:15.911 4030 4147 D miui.face.FaceService: onError curMonitor:com.miui.face.util.ClientMonitor@2bb7a6a errorId:2000
06-08 10:37:15.911 4030 4121 D miui.face.FaceService: FaceAuthenHelper mStopFromBp Runnable run ... ...
06-08 10:37:15.911 2353 3040 I miui_face: authenCallback, onAuthenticationError code:2000 msg:取消成功
06-08 10:37:15.911 4030 4147 D miui.face.FaceService: Done with client: com.android.systemui
06-08 10:37:15.967 2353 2353 I MiuiGxzwOverlayView: remove overlay view
06-08 10:37:15.968 20883 20883 I InCall_sys: InCallActivityInCallActivity onStart()...
06-08 10:37:15.974 2353 3156 D DisplayFeatureManager: setScreenEffect mode=17 value=0 cookie=1
06-08 10:37:15.979 2353 2353 D miui_face: onFaceAuthFailed
06-08 10:37:15.980 20883 20883 I InCall_sys: InCallActivityInCallActivity onResume()...
06-08 10:37:15.985 2353 2353 I miui_keyguard_fingerprint: onAuthenticationError: errMsgId = 5, errString = Η λειτουργία μοναδικού χαρακτηριστικού ακυρώθηκε.
06-08 10:37:15.993 1757 9231 I chatty : uid=1000(system) Binder:1757_20 expire 1 line
06-08 10:37:16.100 20883 20883 W ActivityThread: SCHED: com.android.incallui/.InCallActivity [59, r=29ms, a=20ms, w=120ms]
06-08 10:37:16.101 20883 20883 I InCall_sys: InCallActivityInCallActivity onPause()...
06-08 10:37:16.125 20883 20883 I InCall_sys: InCallActivityonNewIntent: intent = Intent { act=android.intent.action.MAIN flg=0x10840000 cmp=com.android.incallui/.InCallActivity (has extras) }
06-08 10:37:16.125 20883 20883 I InCall_sys: InCallActivityInCallActivity onResume()...
06-08 10:37:16.177 4030 4121 D miui.face.transplant: Camera2Util, close camera
06-08 10:37:16.177 4030 4121 D miui.face.FaceService: release memory... ...
06-08 10:37:16.434 1099 22149 W BpBinder: Slow Binder: BpBinder transact took 203ms, interface=android.media.IAudioFlinger, code=1 oneway=false
06-08 10:37:16.622 21836 21836 W Looper : Slow Looper main: Long Msg: seq=29 plan=10:37:15.054 late=0ms wall=1567ms running=1048ms runnable=218ms io=69ms h=android.app.ActivityThread$H w=113
06-08 10:37:16.670 1757 4531 I chatty : uid=1000(system) Binder:1757_11 expire 1 line
06-08 10:37:16.676 1757 1956 I chatty : uid=1000(system) ActivityManager expire 7 lines
06-08 10:37:17.591 2353 2353 I KeyguardViewMediator: event.values[0]=5.00003
06-08 10:37:17.608 21836 22222 I Timeline: Timeline: Activity_launch_request time:2444916
06-08 10:37:17.838 3777 5973 W MiuiPerfServiceClient: interceptAndQueuing:2353|com.android.systemui|609|89|unknown|null|StatusBar|2443817007503|Slow main thread|24
06-08 10:37:19.681 2353 2767 D NetworkController.MobileSignalController(1): onServiceStateChanged slotId=0 subId=1 voiceState=0 dataState=0 FiveGConnected= false dataType= 15
06-08 10:37:19.698 1757 2272 I chatty : uid=1000(system) ConnectivitySer expire 3 lines
06-08 10:37:25.691 1757 9190 I chatty : uid=1000(system) Binder:1757_17 expire 20 lines
06-08 10:37:31.686 1757 2876 I chatty : uid=1000(system) ConnectionSvrFo expire 16 lines
06-08 10:37:31.792 20883 20883 I InCall_sys: Call - update Call_1 call, old state is INCOMING, new call detail is INCOMING
06-08 10:37:31.792 20883 20883 I InCall_sys: InCallPresenteronCallListChange oldState= INCOMING newState=INCOMING switching to INCOMING
06-08 10:37:32.200 2523 2635 W BpBinder: Slow Binder: BpBinder transact took 272ms, interface=android.media.IAudioFlinger, code=20 oneway=false
06-08 10:37:32.222 2546 2546 I Telephony: GsmConnection: isAddParticipantCapable: isCapable = false
06-08 10:37:32.222 2546 2546 I Telephony: GsmConnection: isAddParticipantCapable: isCapable = false
06-08 10:37:32.226 20883 20883 I InCall_sys: Call - update Call_1 call, old state is INCOMING, new call detail is INCOMING
06-08 10:37:32.229 20883 20883 I InCall_sys: Call - update Call_1 call, old state is INCOMING, new call detail is INCOMING
06-08 10:37:32.243 1757 2871 I chatty : uid=1000(system) uteStateMachine expire 3 lines
06-08 10:37:32.269 20883 20883 I InCall_sys: Call - update Call_1 call, old state is INCOMING, new call detail is ACTIVE
06-08 10:37:32.269 20883 20883 I InCall_sys: InCallPresenteronCallListChange oldState= INCOMING newState=INCALL switching to INCALL
06-08 10:37:32.276 1757 2036 I chatty : uid=1000(system) PowerManagerSer expire 17 lines
06-08 10:37:32.276 1757 7934 I chatty : uid=1000(system) Binder:1757_13 expire 7 lines
06-08 10:37:32.299 20883 20883 I InCall_sys: Call - update Call_1 call, old state is ACTIVE, new call detail is ACTIVE
06-08 10:37:32.337 20883 20883 I InCall_sys: Call - update Call_1 call, old state is ACTIVE, new call detail is ACTIVE
06-08 10:37:32.337 20883 20883 I InCall_sys: InCallPresenteronCallListChange oldState= INCALL newState=INCALL switching to INCALL
06-08 10:37:32.350 20883 20883 I InCall_sys: Call - update Call_1 call, old state is ACTIVE, new call detail is ACTIVE
06-08 10:37:32.351 20883 20883 I InCall_sys: Call - update Call_1 call, old state is ACTIVE, new call detail is ACTIVE
06-08 10:37:32.559 21836 22620 I Timeline: Timeline: Activity_launch_request time:2459867
06-08 10:37:32.561 1757 2223 I chatty : uid=1000(system) Binder:1757_3 expire 6 lines
06-08 10:37:32.714 1757 1924 I chatty : uid=1000(system) android.display expire 2 lines
06-08 10:37:32.993 1757 2301 I chatty : uid=1000(system) ProcessManager expire 1 line
06-08 10:38:22.710 3777 5973 W MiuiPerfServiceClient: interceptAndQueuing:20883|com.android.incallui|227|161|unknown|null|com.android.incallui/com.android.incallui.InCallActivity|2459807008538|Slow main thread|3
06-08 10:38:22.758 2353 2767 D NetworkController.MobileSignalController(1): onServiceStateChanged slotId=0 subId=1 voiceState=0 dataState=0 FiveGConnected= false dataType= 3
06-08 10:38:22.849 2353 2767 D NetworkController.MobileSignalController(1): onServiceStateChanged slotId=0 subId=1 voiceState=0 dataState=0 FiveGConnected= false dataType= 3
06-08 10:38:22.873 1757 2303 I chatty : uid=1000(system) ScreenEffectThr expire 2 lines
06-08 10:38:23.283 1757 2036 I chatty : uid=1000(system) PowerManagerSer expire 21 lines
06-08 10:38:23.441 20883 20883 I InCall_sys: InCallPresenteronCallListChange oldState= INCALL newState=INCALL switching to INCALL
06-08 10:38:23.772 2546 2546 I Telephony: : onDisconnect: callId=TC@2_1, cause=LOCAL
06-08 10:38:23.780 1757 2272 I chatty : uid=1000(system) ConnectivitySer expire 11 lines
06-08 10:38:23.783 1757 1803 I chatty : uid=1000(system) Binder:1757_1 expire 6 lines
06-08 10:38:23.783 2546 2546 I Telephony: GsmConnection: isAddParticipantCapable: isCapable = false
06-08 10:38:23.784 2546 2546 I Telephony: GsmConnection: isAddParticipantCapable: isCapable = false
06-08 10:38:23.785 20883 20883 I InCall_sys: Call - update Call_1 call, old state is DISCONNECTING, new call detail is DISCONNECTING
06-08 10:38:23.786 20883 20883 I InCall_sys: InCallPresenteronCallListChange oldState= INCALL newState=INCALL switching to INCALL
06-08 10:38:23.788 1757 2223 I chatty : uid=1000(system) Binder:1757_3 expire 23 lines
06-08 10:38:23.788 20883 20883 I InCall_sys: Call - update Call_1 call, old state is DISCONNECTING, new call detail is DISCONNECTING
06-08 10:38:23.804 20883 20883 I InCall_sys: Call - update Call_1 call, old state is DISCONNECTING, new call detail is DISCONNECTING
06-08 10:38:23.805 20883 20883 I chatty : uid=10077(com.android.incallui) identical 1 line
06-08 10:38:23.806 20883 20883 I InCall_sys: Call - update Call_1 call, old state is DISCONNECTING, new call detail is DISCONNECTING
06-08 10:38:23.833 1757 1956 I chatty : uid=1000(system) ActivityManager expire 4 lines
06-08 10:38:23.834 1757 2875 I chatty : uid=1000(system) CallAudioModeSt expire 7 lines
06-08 10:38:23.838 1757 2871 I chatty : uid=1000(system) uteStateMachine expire 15 lines
06-08 10:38:23.838 1757 2867 I chatty : uid=1000(system) BluetoothRouteM expire 1 line
06-08 10:38:23.839 1757 1757 I chatty : uid=1000 system_server expire 22 lines
06-08 10:38:23.867 1757 1955 I chatty : uid=1000(system) android.bg expire 4 lines
06-08 10:38:23.869 1757 22706 I chatty : uid=1000 system_server expire 2 lines
06-08 10:38:24.110 20883 20883 W BpBinder: Slow Binder: BpBinder transact took 259ms, interface=android.media.IAudioRecord, code=2 oneway=false
06-08 10:38:24.134 20883 20883 I InCall_sys: Call - update Call_1 call, old state is DISCONNECTING, new call detail is DISCONNECTED
06-08 10:38:24.141 20883 20883 I InCall_sys: InCallPresenteronCallListChange oldState= INCALL newState=INCALL switching to INCALL
06-08 10:38:24.166 20883 20883 I InCall_sys: Call - update Call_1 call, old state is DISCONNECTED, new call detail is DISCONNECTED
06-08 10:38:24.167 20883 20883 I InCall_sys: InCallPresenteronCallListChange oldState= INCALL newState=INCALL switching to INCALL
06-08 10:38:24.184 1757 1957 I chatty : uid=1000(system) ActivityManager expire 8 lines
06-08 10:38:24.336 20883 20883 I InCall_sys: InCallPresenteronCallListChange oldState= INCALL newState=NO_CALLS switching to NO_CALLS
06-08 10:38:24.375 3777 5973 W MiuiPerfServiceClient: interceptAndQueuing:20883|com.android.incallui|342|293|unknown|null|com.android.incallui/com.android.incallui.InCallActivity|2511489905862|Slow main thread|2
06-08 10:38:24.378 20883 20883 I InCall_sys: InCallPresenteronCallListChange oldState= NO_CALLS newState=NO_CALLS switching to NO_CALLS
06-08 10:38:24.379 20883 20883 I InCall_sys: InCallPresenteronCallListChange oldState= NO_CALLS newState=NO_CALLS switching to NO_CALLS
06-08 10:38:24.435 20883 20883 I InCall_sys: InCallActivityCircle anim run to end. InCallState: NO_CALLS
06-08 10:38:24.441 20883 20883 W ActivityThread: SCHED: com.android.incallui/.InCallActivity [78, r=1446ms, a=397ms, w=68315ms]
06-08 10:38:24.441 20883 20883 I InCall_sys: InCallActivityInCallActivity onPause()...
06-08 10:38:24.441 22713 22713 I SystemConfig: Adding association: com.google.android.as <- com.android.providers.contacts
06-08 10:38:24.441 22713 22713 I SystemConfig: Adding association: com.google.android.as <- com.android.providers.media
06-08 10:38:24.441 22713 22713 I SystemConfig: Adding association: com.google.android.as <- com.android.providers.telephony
06-08 10:38:24.441 22713 22713 I SystemConfig: Adding association: com.google.android.as <- com.android.systemui
06-08 10:38:24.441 22713 22713 I SystemConfig: Adding association: com.google.android.as <- com.google.android.gms
06-08 10:38:24.442 22713 22713 I SystemConfig: Adding association: com.google.android.as <- com.google.android.gsf
06-08 10:38:24.449 22713 22713 W SystemConfig: No directory /product_services/etc/sysconfig, skipping
06-08 10:38:24.449 22713 22713 W SystemConfig: No directory /product_services/etc/permissions, skipping
06-08 10:38:24.468 1757 2301 I chatty : uid=1000(system) ProcessManager expire 3 lines
06-08 10:38:24.468 2353 3563 I KeyguardViewMediator: setOccluded false
06-08 10:38:24.473 2353 2353 I miui_face: start face unlock
06-08 10:38:24.481 2353 3040 I miui_face: start verify time=8
06-08 10:38:24.481 2353 3040 D FaceManagerImpl_client: authenticate mServiceReceiver:android.hardware.miuiface.MiuiFaceManagerImpl$2@5696c5f
06-08 10:38:24.482 4030 4147 D miui.face.FaceService: authenticate, packName: com.android.systemui receiver:android.os.BinderProxy@cb84e0 timeout:5000
06-08 10:38:24.486 4030 4121 D miui.face.transplant: FaceUnlockManager setRunOutTime timeout:5000
06-08 10:38:24.486 4030 4121 D miui.face.FaceService: authen mFaceUnlockView:android.view.TextureView{5790ff8 V.ED..... ........ 0,0-0,0} texture:android.graphics.SurfaceTexture@9398cd1
06-08 10:38:24.487 4030 4121 D miui.face.transplant: sdk version=sensetime_3.3.22.729-pro-d8376db
06-08 10:38:24.487 4030 4121 D miui.face.FaceService: miui.face.timeline, onFaceStart, ServicePrepareTime:5
06-08 10:38:24.493 1757 1924 I chatty : uid=1000(system) android.display expire 10 lines
06-08 10:38:24.496 20883 20935 W BpBinder: Slow Binder: BpBinder transact took 359ms, interface=android.app.IActivityManager, code=20 oneway=false
06-08 10:38:24.501 20883 20883 I InCall_sys: InCallPresenteronCallListChange oldState= NO_CALLS newState=NO_CALLS switching to NO_CALLS
06-08 10:38:24.512 4030 4121 D miui.face.transplant: miui.face.timeline, open camera succeed time=25
06-08 10:38:24.527 20883 20883 I InCall_sys: InCallActivityInCallActivity onStop()...
06-08 10:38:24.528 1757 3835 I chatty : uid=1000(system) Binder:1757_D expire 1 line
06-08 10:38:24.529 20883 20883 I InCall_sys: InCallActivityonDestroy()... this = com.android.incallui.InCallActivity@19464c6
06-08 10:38:24.539 1757 2733 I chatty : uid=1000(system) Binder:1757_8 expire 3 lines
06-08 10:38:24.587 2353 2353 D miui_face: onFaceAuthStart
06-08 10:38:24.599 2353 3156 D DisplayFeatureManager: setScreenEffect mode=17 value=1 cookie=1
06-08 10:38:24.604 2353 3156 D DisplayFeatureManager: setScreenEffect mode=17 value=1 cookie=1
06-08 10:38:24.676 2353 2353 I MiuiGxzwOverlayView: add overlay view: mLayoutParams.alpha = 0.1406515
06-08 10:38:24.813 1757 1925 I chatty : uid=1000(system) android.anim expire 2 lines
06-08 10:38:24.873 2353 3040 I miui_face: authenCallback, onAuthenticationHelp helpCode:5 helpString:未检测到人脸
06-08 10:38:24.879 2353 2353 D miui_face: onHelp=Αδυναμία αναγνώρισης
06-08 10:38:24.914 22763 22763 I SystemConfig: Adding association: com.google.android.as <- com.android.providers.contacts
06-08 10:38:24.914 22763 22763 I SystemConfig: Adding association: com.google.android.as <- com.android.providers.media
06-08 10:38:24.914 22763 22763 I SystemConfig: Adding association: com.google.android.as <- com.android.providers.telephony
06-08 10:38:24.914 22763 22763 I SystemConfig: Adding association: com.google.android.as <- com.android.systemui
06-08 10:38:24.915 22763 22763 I SystemConfig: Adding association: com.google.android.as <- com.google.android.gms
06-08 10:38:24.915 22763 22763 I SystemConfig: Adding association: com.google.android.as <- com.google.android.gsf
06-08 10:38:24.919 2353 3040 I miui_face: authenCallback, onAuthenticationHelp helpCode:5 helpString:未检测到人脸
06-08 10:38:24.925 22763 22763 W SystemConfig: No directory /product_services/etc/sysconfig, skipping
06-08 10:38:24.925 22763 22763 W SystemConfig: No directory /product_services/etc/permissions, skipping
06-08 10:38:24.933 2353 2353 D miui_face: onHelp=Αδυναμία αναγνώρισης
06-08 10:38:25.018 2353 3040 I miui_face: authenCallback, onAuthenticationHelp helpCode:5 helpString:未检测到人脸
06-08 10:38:25.018 2353 2353 D miui_face: onHelp=Αδυναμία αναγνώρισης
06-08 10:38:25.117 2353 3040 I miui_face: authenCallback, onAuthenticationHelp helpCode:5 helpString:未检测到人脸
06-08 10:38:25.117 2353 2353 D miui_face: onHelp=Αδυναμία αναγνώρισης
06-08 10:38:25.198 2353 3040 I miui_face: authenCallback, onAuthenticationHelp helpCode:5 helpString:未检测到人脸
06-08 10:38:25.198 2353 2353 D miui_face: onHelp=Αδυναμία αναγνώρισης
06-08 10:38:25.272 2353 3040 I miui_face: authenCallback, onAuthenticationHelp helpCode:5 helpString:未检测到人脸
06-08 10:38:25.272 2353 2353 D miui_face: onHelp=Αδυναμία αναγνώρισης
06-08 10:38:25.339 2353 3040 I miui_face: authenCallback, onAuthenticationHelp helpCode:5 helpString:未检测到人脸
06-08 10:38:25.339 2353 2353 D miui_face: onHelp=Αδυναμία αναγνώρισης
06-08 10:38:25.407 2353 3040 I miui_face: authenCallback, onAuthenticationHelp helpCode:5 helpString:未检测到人脸
06-08 10:38:25.407 2353 2353 D miui_face: onHelp=Αδυναμία αναγνώρισης
06-08 10:38:25.470 2353 3040 I miui_face: authenCallback, onAuthenticationHelp helpCode:5 helpString:未检测到人脸
06-08 10:38:25.471 2353 2353 D miui_face: onHelp=Αδυναμία αναγνώρισης
06-08 10:38:25.572 2353 3040 I miui_face: authenCallback, onAuthenticationHelp helpCode:5 helpString:未检测到人脸
06-08 10:38:25.589 2353 2353 D miui_face: onHelp=Αδυναμία αναγνώρισης
06-08 10:38:25.590 1757 9190 I chatty : uid=1000(system) Binder:1757_17 expire 3 lines
06-08 10:38:25.591 3777 5973 W MiuiPerfServiceClient: interceptAndQueuing:2353|com.android.systemui|453|96|unknown|null|StatusBar|2512241504404|Slow main thread|13
06-08 10:38:25.609 2353 3040 I miui_face: authenCallback, onAuthenticationHelp helpCode:5 helpString:未检测到人脸
06-08 10:38:25.609 2353 2353 D miui_face: onHelp=Αδυναμία αναγνώρισης
06-08 10:38:25.680 2353 3040 I miui_face: authenCallback, onAuthenticationHelp helpCode:5 helpString:未检测到人脸
06-08 10:38:25.681 2353 2353 D miui_face: onHelp=Αδυναμία αναγνώρισης
06-08 10:38:25.753 2353 3040 I miui_face: authenCallback, onAuthenticationHelp helpCode:5 helpString:未检测到人脸
06-08 10:38:25.754 2353 2353 D miui_face: onHelp=Αδυναμία αναγνώρισης
06-08 10:38:25.818 2353 3040 I miui_face: authenCallback, onAuthenticationHelp helpCode:5 helpString:未检测到人脸
06-08 10:38:25.819 2353 2353 D miui_face: onHelp=Αδυναμία αναγνώρισης
06-08 10:38:25.839 2353 2767 D NetworkController.MobileSignalController(1): onServiceStateChanged slotId=0 subId=1 voiceState=0 dataState=0 FiveGConnected= false dataType= 3
06-08 10:38:25.850 20883 20883 I InCall_sys: InCallPresenteronCallListChange oldState= NO_CALLS newState=NO_CALLS switching to NO_CALLS
06-08 10:38:25.868 2353 2767 D NetworkController.MobileSignalController(1): onServiceStateChanged slotId=0 subId=1 voiceState=0 dataState=0 FiveGConnected= false dataType= 3
06-08 10:38:25.887 2353 3040 I miui_face: authenCallback, onAuthenticationHelp helpCode:5 helpString:未检测到人脸
06-08 10:38:25.887 2353 2353 D miui_face: onHelp=Αδυναμία αναγνώρισης
06-08 10:38:25.940 2353 3040 I miui_face: authenCallback, onAuthenticationHelp helpCode:5 helpString:未检测到人脸
06-08 10:38:25.940 2353 2353 D miui_face: onHelp=Αδυναμία αναγνώρισης
06-08 10:38:25.948 2353 2767 D NetworkController.MobileSignalController(1): onServiceStateChanged slotId=0 subId=1 voiceState=0 dataState=0 FiveGConnected= false dataType= 13
06-08 10:38:26.010 2353 3040 I miui_face: authenCallback, onAuthenticationHelp helpCode:5 helpString:未检测到人脸
06-08 10:38:26.010 2353 2353 D miui_face: onHelp=Αδυναμία αναγνώρισης
06-08 10:38:26.080 2353 3040 I miui_face: authenCallback, onAuthenticationHelp helpCode:5 helpString:未检测到人脸
06-08 10:38:26.081 2353 2353 D miui_face: onHelp=Αδυναμία αναγνώρισης
06-08 10:38:26.153 2353 3040 I miui_face: authenCallback, onAuthenticationHelp helpCode:5 helpString:未检测到人脸
06-08 10:38:26.154 2353 2353 D miui_face: onHelp=Αδυναμία αναγνώρισης
06-08 10:38:26.216 2353 3040 I miui_face: authenCallback, onAuthenticationHelp helpCode:5 helpString:未检测到人脸
06-08 10:38:26.217 2353 2353 D miui_face: onHelp=Αδυναμία αναγνώρισης
06-08 10:38:26.283 2353 3040 I miui_face: authenCallback, onAuthenticationHelp helpCode:5 helpString:未检测到人脸
06-08 10:38:26.283 2353 2353 D miui_face: onHelp=Αδυναμία αναγνώρισης
06-08 10:38:26.353 2353 3040 I miui_face: authenCallback, onAuthenticationHelp helpCode:5 helpString:未检测到人脸
06-08 10:38:26.353 2353 2353 D miui_face: onHelp=Αδυναμία αναγνώρισης
06-08 10:38:26.424 2353 3040 I miui_face: authenCallback, onAuthenticationHelp helpCode:5 helpString:未检测到人脸
06-08 10:38:26.425 2353 2353 D miui_face: onHelp=Αδυναμία αναγνώρισης
06-08 10:38:26.492 2353 3040 I miui_face: authenCallback, onAuthenticationHelp helpCode:5 helpString:未检测到人脸
06-08 10:38:26.493 2353 2353 D miui_face: onHelp=Αδυναμία αναγνώρισης
06-08 10:38:26.547 2353 3040 I miui_face: authenCallback, onAuthenticationHelp helpCode:5 helpString:未检测到人脸
06-08 10:38:26.547 2353 2353 D miui_face: onHelp=Αδυναμία αναγνώρισης
06-08 10:38:26.615 2353 3040 I miui_face: authenCallback, onAuthenticationHelp helpCode:5 helpString:未检测到人脸
06-08 10:38:26.615 2353 2353 D miui_face: onHelp=Αδυναμία αναγνώρισης
06-08 10:38:26.690 2353 3040 I miui_face: authenCallback, onAuthenticationHelp helpCode:5 helpString:未检测到人脸
06-08 10:38:26.690 2353 2353 D miui_face: onHelp=Αδυναμία αναγνώρισης
06-08 10:38:26.747 2353 3040 I miui_face: authenCallback, onAuthenticationHelp helpCode:5 helpString:未检测到人脸
06-08 10:38:26.748 2353 2353 D miui_face: onHelp=Αδυναμία αναγνώρισης
06-08 10:38:26.821 2353 3040 I miui_face: authenCallback, onAuthenticationHelp helpCode:5 helpString:未检测到人脸
06-08 10:38:26.821 2353 2353 D miui_face: onHelp=Αδυναμία αναγνώρισης
06-08 10:38:26.887 2353 3040 I miui_face: authenCallback, onAuthenticationHelp helpCode:5 helpString:未检测到人脸
06-08 10:38:26.888 2353 2353 D miui_face: onHelp=Αδυναμία αναγνώρισης
06-08 10:38:26.949 2353 3040 I miui_face: authenCallback, onAuthenticationHelp helpCode:5 helpString:未检测到人脸
06-08 10:38:26.949 2353 2353 D miui_face: onHelp=Αδυναμία αναγνώρισης
06-08 10:38:27.017 2353 3040 I miui_face: authenCallback, onAuthenticationHelp helpCode:5 helpString:未检测到人脸
06-08 10:38:27.018 2353 2353 D miui_face: onHelp=Αδυναμία αναγνώρισης
06-08 10:38:27.084 2353 3040 I miui_face: authenCallback, onAuthenticationHelp helpCode:5 helpString:未检测到人脸
06-08 10:38:27.084 2353 2353 D miui_face: onHelp=Αδυναμία αναγνώρισης
06-08 10:38:27.155 2353 3040 I miui_face: authenCallback, onAuthenticationHelp helpCode:5 helpString:未检测到人脸
06-08 10:38:27.156 2353 2353 D miui_face: onHelp=Αδυναμία αναγνώρισης
06-08 10:38:27.217 2353 3040 I miui_face: authenCallback, onAuthenticationHelp helpCode:5 helpString:未检测到人脸
06-08 10:38:27.217 2353 2353 D miui_face: onHelp=Αδυναμία αναγνώρισης
06-08 10:38:27.284 2353 3040 I miui_face: authenCallback, onAuthenticationHelp helpCode:5 helpString:未检测到人脸
06-08 10:38:27.285 2353 2353 D miui_face: onHelp=Αδυναμία αναγνώρισης
06-08 10:38:27.351 2353 3040 I miui_face: authenCallback, onAuthenticationHelp helpCode:5 helpString:未检测到人脸
06-08 10:38:27.352 2353 2353 D miui_face: onHelp=Αδυναμία αναγνώρισης
06-08 10:38:27.409 2353 3040 I miui_face: authenCallback, onAuthenticationHelp helpCode:5 helpString:未检测到人脸
06-08 10:38:27.409 2353 2353 D miui_face: onHelp=Αδυναμία αναγνώρισης
06-08 10:38:27.483 2353 3040 I miui_face: authenCallback, onAuthenticationHelp helpCode:5 helpString:未检测到人脸
06-08 10:38:27.483 2353 2353 D miui_face: onHelp=Αδυναμία αναγνώρισης
06-08 10:38:27.555 2353 3040 I miui_face: authenCallback, onAuthenticationHelp helpCode:5 helpString:未检测到人脸
06-08 10:38:27.555 2353 2353 D miui_face: onHelp=Αδυναμία αναγνώρισης
06-08 10:38:27.615 2353 3040 I miui_face: authenCallback, onAuthenticationHelp helpCode:5 helpString:未检测到人脸
06-08 10:38:27.616 2353 2353 D miui_face: onHelp=Αδυναμία αναγνώρισης
06-08 10:38:27.682 2353 3040 I miui_face: authenCallback, onAuthenticationHelp helpCode:5 helpString:未检测到人脸
06-08 10:38:27.682 2353 2353 D miui_face: onHelp=Αδυναμία αναγνώρισης
06-08 10:38:27.747 2353 3040 I miui_face: authenCallback, onAuthenticationHelp helpCode:5 helpString:未检测到人脸
06-08 10:38:27.748 2353 2353 D miui_face: onHelp=Αδυναμία αναγνώρισης
06-08 10:38:27.817 2353 3040 I miui_face: authenCallback, onAuthenticationHelp helpCode:5 helpString:未检测到人脸
06-08 10:38:27.817 2353 2353 D miui_face: onHelp=Αδυναμία αναγνώρισης
06-08 10:38:27.885 2353 3040 I miui_face: authenCallback, onAuthenticationHelp helpCode:5 helpString:未检测到人脸
06-08 10:38:27.886 2353 2353 D miui_face: onHelp=Αδυναμία αναγνώρισης
06-08 10:38:27.944 2353 3040 I miui_face: authenCallback, onAuthenticationHelp helpCode:5 helpString:未检测到人脸
06-08 10:38:27.944 2353 2353 D miui_face: onHelp=Αδυναμία αναγνώρισης
06-08 10:38:28.014 2353 3040 I miui_face: authenCallback, onAuthenticationHelp helpCode:5 helpString:未检测到人脸
06-08 10:38:28.015 2353 2353 D miui_face: onHelp=Αδυναμία αναγνώρισης
06-08 10:38:28.098 2353 3040 I miui_face: authenCallback, onAuthenticationHelp helpCode:5 helpString:未检测到人脸
06-08 10:38:28.098 2353 2353 D miui_face: onHelp=Αδυναμία αναγνώρισης
06-08 10:38:28.152 2353 3040 I miui_face: authenCallback, onAuthenticationHelp helpCode:5 helpString:未检测到人脸
06-08 10:38:28.152 2353 2353 D miui_face: onHelp=Αδυναμία αναγνώρισης
06-08 10:38:28.218 2353 3040 I miui_face: authenCallback, onAuthenticationHelp helpCode:5 helpString:未检测到人脸
06-08 10:38:28.218 2353 2353 D miui_face: onHelp=Αδυναμία αναγνώρισης
06-08 10:38:28.283 2353 3040 I miui_face: authenCallback, onAuthenticationHelp helpCode:5 helpString:未检测到人脸
06-08 10:38:28.284 2353 2353 D miui_face: onHelp=Αδυναμία αναγνώρισης
06-08 10:38:28.361 2353 3040 I miui_face: authenCallback, onAuthenticationHelp helpCode:5 helpString:未检测到人脸
06-08 10:38:28.361 2353 2353 D miui_face: onHelp=Αδυναμία αναγνώρισης
06-08 10:38:28.414 2353 3040 I miui_face: authenCallback, onAuthenticationHelp helpCode:5 helpString:未检测到人脸
06-08 10:38:28.416 2353 2353 D miui_face: onHelp=Αδυναμία αναγνώρισης
06-08 10:38:28.483 2353 3040 I miui_face: authenCallback, onAuthenticationHelp helpCode:5 helpString:未检测到人脸
06-08 10:38:28.483 2353 2353 D miui_face: onHelp=Αδυναμία αναγνώρισης
06-08 10:38:28.546 2353 3040 I miui_face: authenCallback, onAuthenticationHelp helpCode:5 helpString:未检测到人脸
06-08 10:38:28.546 2353 2353 D miui_face: onHelp=Αδυναμία αναγνώρισης
06-08 10:38:28.615 2353 3040 I miui_face: authenCallback, onAuthenticationHelp helpCode:5 helpString:未检测到人脸
06-08 10:38:28.615 2353 2353 D miui_face: onHelp=Αδυναμία αναγνώρισης
06-08 10:38:28.685 2353 3040 I miui_face: authenCallback, onAuthenticationHelp helpCode:5 helpString:未检测到人脸
06-08 10:38:28.685 2353 2353 D miui_face: onHelp=Αδυναμία αναγνώρισης
06-08 10:38:28.753 2353 3040 I miui_face: authenCallback, onAuthenticationHelp helpCode:5 helpString:未检测到人脸
06-08 10:38:28.753 2353 2353 D miui_face: onHelp=Αδυναμία αναγνώρισης
06-08 10:38:28.861 2353 3040 I miui_face: authenCallback, onAuthenticationHelp helpCode:22 helpString:闭眼
06-08 10:38:28.862 2353 2353 D miui_face: onHelp=Ανοίξτε τα μάτια σας λίγο πλατύτερα
06-08 10:38:28.914 2353 3040 I miui_face: authenCallback, onAuthenticationHelp helpCode:22 helpString:闭眼
06-08 10:38:28.915 2353 2353 D miui_face: onHelp=Ανοίξτε τα μάτια σας λίγο πλατύτερα
06-08 10:38:28.958 2353 3040 I miui_face: authenCallback, onAuthenticationHelp helpCode:22 helpString:闭眼
06-08 10:38:28.958 2353 2353 D miui_face: onHelp=Ανοίξτε τα μάτια σας λίγο πλατύτερα
06-08 10:38:28.999 4030 4147 D miui.face.FaceService: miui.face.timeline, onAuthenticate All Time:4517 , id:123456
06-08 10:38:28.999 4030 4121 D miui.face.FaceService: FaceAuthenHelper mReleaseIfAuthenticated Runnable run ... ...
06-08 10:38:28.999 4030 4121 D miui.face.FaceService: release memory... ...
06-08 10:38:29.000 2353 3040 I miui_face: authenCallback, onAuthenticationSucceeded time=4518
06-08 10:38:29.000 2353 3040 D FaceManagerImpl_client: cancelAuthentication
06-08 10:38:29.001 2353 2353 D miui_face: onFaceAuthenticated
06-08 10:38:29.013 4030 4147 D miui.face.FaceService: Done with client: com.android.systemui
06-08 10:38:29.013 4030 4147 D miui.face.FaceService: cancelAuthenticate, packName: com.android.systemui
06-08 10:38:29.151 4030 4121 D miui.face.transplant: Camera2Util, close camera
06-08 10:38:30.224 2353 2767 D NetworkController.MobileSignalController(1): onServiceStateChanged slotId=0 subId=1 voiceState=0 dataState=0 FiveGConnected= false dataType= 13
06-08 10:38:35.781 1757 8942 I chatty : uid=1000(system) Binder:1757_15 expire 1 line
06-08 10:38:38.067 1757 9222 I chatty : uid=1000(system) Binder:1757_1C expire 3 lines
06-08 10:38:43.430 2353 2353 I MiuiGxzwOverlayView: upldate overlay view alpha: 0.657
06-08 10:38:43.445 1757 2036 I chatty : uid=1000(system) PowerManagerSer expire 13 lines
06-08 10:38:43.461 4030 4147 D miui.face.FaceService: preInitAuth, com.android.systemui ok
06-08 10:38:43.462 4030 4147 D miui.face.FaceService: onPreInit curMonitor:com.miui.face.util.ClientMonitor@901ad3 hasInit: true
06-08 10:38:43.484 1757 2328 I chatty : uid=1000(system) PhotonicModulat expire 16 lines
06-08 10:38:43.723 1757 1921 I chatty : uid=1000(system) android.fg expire 2 lines
06-08 10:38:43.746 3203 3203 V DreamService[DozeService]: onCreate()
06-08 10:38:43.763 3203 3203 V DreamService[DozeService]: onBind() intent = Intent { act=android.service.dreams.DreamService flg=0x800000 cmp=com.miui.aod/.doze.DozeService }
06-08 10:38:43.766 3203 3203 V DreamService[DozeService]: Calling onDreamingStarted()
06-08 10:38:43.766 3203 3203 V DreamService[DozeService]: onDreamingStarted()
06-08 10:38:43.820 1757 8939 I chatty : uid=1000(system) Binder:1757_14 expire 5 lines
06-08 10:38:44.168 2353 2371 W KeyguardViewMediator: notifyScreenOn
06-08 10:38:44.168 2353 2353 W KeyguardViewMediator: handleNotifyScreenTurningOn
06-08 10:38:44.168 2353 2353 W KeyguardViewMediator: notifyDrawn
06-08 10:38:44.169 1757 1922 I chatty : uid=1000(system) android.ui expire 6 lines
06-08 10:38:44.207 2353 2353 I MiuiGxzwOverlayView: upldate overlay view alpha: 0.0
06-08 10:38:44.427 1757 2303 I chatty : uid=1000(system) ScreenEffectThr expire 2 lines
06-08 10:38:44.428 1757 1757 I chatty : uid=1000 system_server expire 2 lines
06-08 10:38:44.460 1112 1112 I wificond: Pno scan started for frequencies: 2412, 2417, 2422, 2427, 2432, 2437, 2447, 2452, 2457, 2462, 5180, 5200, 5220, 5240, 5745, 5765, 5785, 5805,
06-08 10:38:45.122 2353 2353 I MiuiGxzwViewIcon: detect device put up
06-08 10:38:45.984 826 911 W EventThreadInspector: slow VSync-sf on display(19261101167563905), count=27, avg=32 ms, max=47 ms.
06-08 10:38:46.477 826 910 W EventThreadInspector: slow VSync-app on display(19261101167563905), count=30, avg=24 ms, max=32 ms.
06-08 10:38:46.555 1757 1924 I chatty : uid=1000(system) android.display expire 11 lines
06-08 10:38:47.003 826 911 W EventThreadInspector: slow VSync-sf on display(19261101167563905), count=4, avg=26 ms, max=31 ms.
06-08 10:38:48.126 2353 2353 I MiuiGxzwViewIcon: setGxzwIconTransparent
06-08 10:38:48.141 2353 2353 I MiuiGxzwViewIcon: turnOffScreen
06-08 10:38:48.449 826 911 W EventThreadInspector: slow VSync-sf on display(19261101167563905), count=1, avg=30 ms, max=30 ms.
06-08 10:39:00.788 1757 1971 I chatty : uid=1000(system) batterystats-wo expire 9 lines
06-08 10:39:00.963 826 911 W EventThreadInspector: slow VSync-sf on display(19261101167563905), count=3, avg=103 ms, max=253 ms.
06-08 10:39:01.457 826 910 W EventThreadInspector: slow VSync-app on display(19261101167563905), count=60, avg=28 ms, max=35 ms.
06-08 10:39:02.439 1757 2328 I chatty : uid=1000(system) PhotonicModulat expire 10 lines
06-08 10:39:23.921 826 826 W SurfaceFlingerInspector: Slow frame composition: xiaomi f4 41 prepareFrame took 214 ms
06-08 10:39:35.282 2353 2353 I MiuiGxzwViewIcon: detect device put up
06-08 10:39:35.283 2353 2353 I MiuiGxzwViewIcon: setGxzwIconOpaque
06-08 10:39:38.309 2353 2353 I MiuiGxzwViewIcon: setGxzwIconTransparent
06-08 10:39:38.315 2353 2353 I MiuiGxzwViewIcon: turnOffScreen
06-08 10:39:38.320 1757 1924 I chatty : uid=1000(system) android.display expire 10 lines
06-08 10:40:01.727 3203 3203 W BpBinder: Slow Binder: BpBinder transact took 216ms, interface=android.hardware.display.IDisplayManager, code=1 oneway=false
06-08 10:40:01.733 3304 3304 W BpBinder: Slow Binder: BpBinder transact took 210ms, interface=android.hardware.display.IDisplayManager, code=1 oneway=false
06-08 10:40:01.956 826 911 W EventThreadInspector: slow VSync-sf on display(19261101167563905), count=10, avg=42 ms, max=194 ms.
06-08 10:40:02.252 826 910 W EventThreadInspector: slow VSync-app on display(19261101167563905), count=60, avg=30 ms, max=47 ms.
06-08 10:40:21.940 826 826 W SurfaceFlingerInspector: Slow frame composition: xiaomi f4 41 prepareFrame took 216 ms
06-08 10:42:00.750 21836 21872 W BpBinder: Slow Binder: BpBinder transact took 242ms, interface=android.app.job.IJobCallback, code=3 oneway=false
06-08 10:42:00.945 826 911 W EventThreadInspector: slow VSync-sf on display(19261101167563905), count=8, avg=19 ms, max=33 ms.
06-08 10:42:01.405 826 910 W EventThreadInspector: slow VSync-app on display(19261101167563905), count=60, avg=29 ms, max=31 ms.
06-08 10:42:02.423 1757 2328 I chatty : uid=1000(system) PhotonicModulat expire 12 lines
06-08 10:42:51.052 826 826 W SurfaceFlingerInspector: Slow frame composition: xiaomi f4 41 prepareFrame took 270 ms
06-08 10:42:51.248 2353 2767 D NetworkController.MobileSignalController(1): onServiceStateChanged slotId=0 subId=1 voiceState=0 dataState=0 FiveGConnected= false dataType= 2
06-08 10:42:51.295 1757 9228 I chatty : uid=1000(system) Binder:1757_1D expire 1 line
06-08 10:42:51.443 826 911 W EventThreadInspector: slow VSync-sf on display(19261101167563905), count=3, avg=24 ms, max=41 ms.
06-08 10:43:00.793 1757 1924 I chatty : uid=1000(system) android.display expire 9 lines
06-08 10:43:36.996 2353 2767 D NetworkController.MobileSignalController(1): onServiceStateChanged slotId=0 subId=1 voiceState=0 dataState=0 FiveGConnected= false dataType= 3
06-08 10:43:37.024 1757 2272 I chatty : uid=1000(system) ConnectivitySer expire 10 lines
06-08 10:43:37.235 826 911 W EventThreadInspector: slow VSync-sf on display(19261101167563905), count=8, avg=28 ms, max=47 ms.
06-08 10:44:01.251 826 910 W EventThreadInspector: slow VSync-app on display(19261101167563905), count=60, avg=30 ms, max=46 ms.
06-08 10:45:03.081 826 911 W EventThreadInspector: slow VSync-sf on display(19261101167563905), count=4, avg=66 ms, max=216 ms.
06-08 10:45:03.145 2353 2767 D NetworkController.MobileSignalController(1): onServiceStateChanged slotId=0 subId=1 voiceState=0 dataState=0 FiveGConnected= false dataType= 13
06-08 10:45:03.293 1757 2328 I chatty : uid=1000(system) PhotonicModulat expire 10 lines
06-08 10:45:03.294 1757 1924 I chatty : uid=1000(system) android.display expire 10 lines
06-08 10:45:13.397 1757 1971 I chatty : uid=1000(system) batterystats-wo expire 7 lines
06-08 10:46:00.225 826 911 W EventThreadInspector: slow VSync-sf on display(19261101167563905), count=7, avg=21 ms, max=40 ms.
06-08 10:46:00.455 826 910 W EventThreadInspector: slow VSync-app on display(19261101167563905), count=60, avg=29 ms, max=36 ms.
06-08 10:46:27.946 826 826 W SurfaceFlingerInspector: Slow frame composition: xiaomi f4 41 prepareFrame took 191 ms
06-08 10:46:28.076 2353 2767 D NetworkController.MobileSignalController(1): onServiceStateChanged slotId=0 subId=1 voiceState=0 dataState=0 FiveGConnected= false dataType= 2
06-08 10:46:43.137 2353 2767 D NetworkController.MobileSignalController(1): onServiceStateChanged slotId=0 subId=1 voiceState=0 dataState=0 FiveGConnected= false dataType= 3
06-08 10:46:50.145 1757 3835 I chatty : uid=1000(system) Binder:1757_D expire 4 lines
06-08 10:46:50.188 1757 9190 I chatty : uid=1000(system) Binder:1757_17 expire 5 lines
06-08 10:46:43.022 1757 1757 I chatty : uid=1000 system_server expire 15 lines
06-08 10:46:43.070 1757 1957 I chatty : uid=1000(system) ActivityManager expire 14 lines
06-08 10:46:43.376 23326 23326 I SystemConfig: Adding association: com.google.android.as <- com.android.providers.contacts
06-08 10:46:43.376 23326 23326 I SystemConfig: Adding association: com.google.android.as <- com.android.providers.media
06-08 10:46:43.376 23326 23326 I SystemConfig: Adding association: com.google.android.as <- com.android.providers.telephony
06-08 10:46:43.376 23326 23326 I SystemConfig: Adding association: com.google.android.as <- com.android.systemui
06-08 10:46:43.376 23326 23326 I SystemConfig: Adding association: com.google.android.as <- com.google.android.gms
06-08 10:46:43.376 23326 23326 I SystemConfig: Adding association: com.google.android.as <- com.google.android.gsf
06-08 10:46:43.391 23326 23326 W SystemConfig: No directory /product_services/etc/sysconfig, skipping
06-08 10:46:43.391 23326 23326 W SystemConfig: No directory /product_services/etc/permissions, skipping
06-08 10:46:43.505 1757 2733 I chatty : uid=1000(system) Binder:1757_8 expire 2 lines
06-08 10:46:50.077 2353 2767 D NetworkController.MobileSignalController(1): onServiceStateChanged slotId=0 subId=1 voiceState=0 dataState=0 FiveGConnected= false dataType= 13
06-08 10:46:50.096 826 911 W EventThreadInspector: slow VSync-sf on display(19261101167563905), count=17, avg=41 ms, max=188 ms.
06-08 10:46:50.162 826 910 W EventThreadInspector: slow VSync-app on display(19261101167563905), count=60, avg=28 ms, max=43 ms.
06-08 10:46:50.207 1757 2328 I chatty : uid=1000(system) PhotonicModulat expire 10 lines
06-08 10:46:50.207 1757 1924 I chatty : uid=1000(system) android.display expire 10 lines
06-08 10:46:50.371 1757 9230 I chatty : uid=1000(system) Binder:1757_1F expire 8 lines
06-08 10:46:50.437 23380 23380 I SystemConfig: Adding association: com.google.android.as <- com.android.providers.contacts
06-08 10:46:50.437 23380 23380 I SystemConfig: Adding association: com.google.android.as <- com.android.providers.media
06-08 10:46:50.437 23380 23380 I SystemConfig: Adding association: com.google.android.as <- com.android.providers.telephony
06-08 10:46:50.437 23380 23380 I SystemConfig: Adding association: com.google.android.as <- com.android.systemui
06-08 10:46:50.437 23380 23380 I SystemConfig: Adding association: com.google.android.as <- com.google.android.gms
06-08 10:46:50.437 23380 23380 I SystemConfig: Adding association: com.google.android.as <- com.google.android.gsf
06-08 10:46:50.451 23380 23380 W SystemConfig: No directory /product_services/etc/sysconfig, skipping
06-08 10:46:50.451 23380 23380 W SystemConfig: No directory /product_services/etc/permissions, skipping
06-08 10:46:50.615 1757 2295 I chatty : uid=1000(system) SecurityWriteHa expire 12 lines
06-08 10:46:50.819 1757 9191 I chatty : uid=1000(system) Binder:1757_18 expire 6 lines
06-08 10:46:51.290 23463 23463 I SystemConfig: Adding association: com.google.android.as <- com.android.providers.contacts
06-08 10:46:51.290 23463 23463 I SystemConfig: Adding association: com.google.android.as <- com.android.providers.media
06-08 10:46:51.290 23463 23463 I SystemConfig: Adding association: com.google.android.as <- com.android.providers.telephony
06-08 10:46:51.290 23463 23463 I SystemConfig: Adding association: com.google.android.as <- com.android.systemui
06-08 10:46:51.290 23463 23463 I SystemConfig: Adding association: com.google.android.as <- com.google.android.gms
06-08 10:46:51.290 23463 23463 I SystemConfig: Adding association: com.google.android.as <- com.google.android.gsf
06-08 10:46:51.306 23463 23463 W SystemConfig: No directory /product_services/etc/sysconfig, skipping
06-08 10:46:51.307 23463 23463 W SystemConfig: No directory /product_services/etc/permissions, skipping
06-08 10:46:51.861 1757 4296 I chatty : uid=1000(system) Binder:1757_10 expire 3 lines
06-08 10:46:52.051 23512 23512 E LoadedApk: Unable to instantiate appComponentFactory
06-08 10:46:52.051 23512 23512 E LoadedApk: java.lang.ClassNotFoundException: Didn't find class "com.xiaomi.misettings.lottie" on path: DexPathList[[zip file "/system/priv-app/MiSettings/MiSettings.apk"],nativeLibraryDirectories=[/system/priv-app/MiSettings/lib/arm, /system/priv-app/MiSettings/MiSettings.apk!/lib/armeabi-v7a, /system/lib, /system/product/lib, /system/lib, /system/product/lib]]
06-08 10:46:52.051 23512 23512 E LoadedApk: at dalvik.system.BaseDexClassLoader.findClass(BaseDexClassLoader.java:230)
06-08 10:46:52.051 23512 23512 E LoadedApk: at java.lang.ClassLoader.loadClass(ClassLoader.java:379)
06-08 10:46:52.051 23512 23512 E LoadedApk: at java.lang.ClassLoader.loadClass(ClassLoader.java:312)
06-08 10:46:52.051 23512 23512 E LoadedApk: at android.app.LoadedApk.createAppFactory(Unknown Source:8)
06-08 10:46:52.051 23512 23512 E LoadedApk: at android.app.LoadedApk.createOrUpdateClassLoaderLocked(Unknown Source:425)
06-08 10:46:52.051 23512 23512 E LoadedApk: at android.app.LoadedApk.getClassLoader(Unknown Source:6)
06-08 10:46:52.051 23512 23512 E LoadedApk: at android.app.LoadedApk.getResources(Unknown Source:29)
06-08 10:46:52.051 23512 23512 E LoadedApk: at android.app.ContextImpl.createAppContext(Unknown Source:17)
06-08 10:46:52.051 23512 23512 E LoadedApk: at android.app.ContextImpl.createAppContext(Unknown Source:1)
06-08 10:46:52.051 23512 23512 E LoadedApk: at android.app.ActivityThread.handleBindApplication(Unknown Source:790)
06-08 10:46:52.051 23512 23512 E LoadedApk: at android.app.ActivityThread.access$1400(Unknown Source:0)
06-08 10:46:52.051 23512 23512 E LoadedApk: at android.app.ActivityThread$H.handleMessage(Unknown Source:710)
06-08 10:46:52.051 23512 23512 E LoadedApk: at android.os.Handler.dispatchMessage(Unknown Source:19)
06-08 10:46:52.051 23512 23512 E LoadedApk: at android.os.Looper.loop(Unknown Source:242)
06-08 10:46:52.051 23512 23512 E LoadedApk: at android.app.ActivityThread.main(Unknown Source:98)
06-08 10:46:52.051 23512 23512 E LoadedApk: at java.lang.reflect.Method.invoke(Native Method)
06-08 10:46:52.051 23512 23512 E LoadedApk: at com.android.internal.os.RuntimeInit$MethodAndArgsCaller.run(Unknown Source:11)
06-08 10:46:52.051 23512 23512 E LoadedApk: at com.android.internal.os.ZygoteInit.main(Unknown Source:275)
06-08 10:46:52.388 1757 1803 I chatty : uid=1000(system) Binder:1757_1 expire 2 lines
06-08 10:46:52.401 1757 1956 I chatty : uid=1000(system) ActivityManager expire 2 lines
06-08 10:46:52.460 1757 9231 I chatty : uid=1000(system) Binder:1757_20 expire 1 line
06-08 10:46:52.461 1757 2272 I chatty : uid=1000(system) ConnectivitySer expire 11 lines
06-08 10:46:52.907 1757 2377 I chatty : uid=1000(system) Binder:1757_5 expire 10 lines
06-08 10:46:53.814 826 911 W EventThreadInspector: slow VSync-sf on display(19261101167563905), count=5, avg=31 ms, max=66 ms.
06-08 10:47:03.677 826 826 W SurfaceFlingerInspector: Slow frame composition: xiaomi f4 41 prepareFrame took 193 ms
06-08 10:47:28.618 2353 2767 D NetworkController.MobileSignalController(1): onServiceStateChanged slotId=0 subId=1 voiceState=0 dataState=0 FiveGConnected= false dataType= 2
06-08 10:47:28.763 1757 2328 I chatty : uid=1000(system) PhotonicModulat expire 10 lines
06-08 10:47:28.764 1757 1924 I chatty : uid=1000(system) android.display expire 10 lines
06-08 10:47:28.847 826 911 W EventThreadInspector: slow VSync-sf on display(19261101167563905), count=12, avg=51 ms, max=222 ms.
06-08 10:48:00.759 826 910 W EventThreadInspector: slow VSync-app on display(19261101167563905), count=42, avg=28 ms, max=48 ms.
06-08 10:48:33.993 1757 8939 I chatty : uid=1000(system) Binder:1757_14 expire 6 lines
06-08 10:48:34.007 2353 2767 D NetworkController.MobileSignalController(1): onServiceStateChanged slotId=0 subId=1 voiceState=1 dataState=1 FiveGConnected= false dataType= 0
06-08 10:48:34.051 1757 1757 I chatty : uid=1000 system_server expire 10 lines
06-08 10:48:34.082 2546 2546 I Telephony: : onSubscriptionsChanged - update accounts
06-08 10:48:34.082 2546 2546 I Telephony: PstnIncomingCallNotifier: Unregistering: slot 0, Handler (com.qualcomm.qti.internal.telephony.QtiGsmCdmaPhone) {938666c}
06-08 10:48:34.087 2546 2546 I Telephony: TelecomAccountRegistry: Unregistering phone account ComponentInfo{com.android.phone/com.android.services.telephony.TelephonyConnectionService}, ***, UserHandle{0}.
06-08 10:48:34.092 2546 2546 I Telephony: TelecomAccountRegistry: setupAccounts: Found 2 phones. Attempting to register.
06-08 10:48:34.092 2546 2546 I Telephony: TelecomAccountRegistry: setupAccounts: Phone with subscription id: 1 slotId: 0 provisionStatus: 1
06-08 10:48:34.113 2546 2546 I Telephony: AccountEntry: Registered phoneAccount: [[ ] PhoneAccount: ComponentInfo{com.android.phone/com.android.services.telephony.TelephonyConnectionService}, ***, UserHandle{0} Capabilities: CallProvider MultiUser PlaceEmerg SimSub Audio Routes: BESW Schemes: tel voicemail Extras: Bundle[{android.telecom.extra.SUPPORTS_VIDEO_CALLING_FALLBACK=true, android.telecom.extra.SORT_ORDER=0}] GroupId: ***] with handle: ComponentInfo{com.android.phone/com.android.services.telephony.TelephonyConnectionService}, ***, UserHandle{0}
06-08 10:48:34.113 2546 2546 I Telephony: PstnIncomingCallNotifier: Registering: slot 0, Handler (com.qualcomm.qti.internal.telephony.QtiGsmCdmaPhone) {938666c}
06-08 10:48:34.115 2546 2546 I Telephony: TelecomAccountRegistry: setupAccounts: Phone with subscription id: -1 slotId: 1 provisionStatus: -2
06-08 10:48:34.146 2546 2546 I Telephony: PstnPhoneCapabilitiesNotifier: handleVideoCapabilitesChanged. Video capability - false
06-08 10:48:34.254 826 911 W EventThreadInspector: slow VSync-sf on display(19261101167563905), count=4, avg=76 ms, max=242 ms.
06-08 10:48:37.154 2353 2767 D NetworkController.MobileSignalController(1): onServiceStateChanged slotId=0 subId=1 voiceState=1 dataState=1 FiveGConnected= false dataType= 0
06-08 10:48:37.175 2546 2546 I Telephony: TelecomAccountRegistry: Phone Id: 1 Service State: 1
06-08 10:48:37.175 2546 2546 I Telephony: PstnIncomingCallNotifier: Unregistering: slot 0, Handler (com.qualcomm.qti.internal.telephony.QtiGsmCdmaPhone) {938666c}
06-08 10:48:37.184 2546 2546 I Telephony: TelecomAccountRegistry: Unregistering phone account ComponentInfo{com.android.phone/com.android.services.telephony.TelephonyConnectionService}, ***, UserHandle{0}.
06-08 10:48:37.193 2546 2546 I Telephony: TelecomAccountRegistry: setupAccounts: Found 2 phones. Attempting to register.
06-08 10:48:37.194 2546 2546 I Telephony: TelecomAccountRegistry: setupAccounts: Phone with subscription id: 1 slotId: 0 provisionStatus: 1
06-08 10:48:37.230 2546 2546 I Telephony: AccountEntry: Registered phoneAccount: [[ ] PhoneAccount: ComponentInfo{com.android.phone/com.android.services.telephony.TelephonyConnectionService}, ***, UserHandle{0} Capabilities: CallProvider MultiUser PlaceEmerg SimSub Audio Routes: BESW Schemes: tel voicemail Extras: Bundle[{android.telecom.extra.SUPPORTS_VIDEO_CALLING_FALLBACK=true, android.telecom.extra.SORT_ORDER=0}] GroupId: ***] with handle: ComponentInfo{com.android.phone/com.android.services.telephony.TelephonyConnectionService}, ***, UserHandle{0}
06-08 10:48:37.230 2546 2546 I Telephony: PstnIncomingCallNotifier: Registering: slot 0, Handler (com.qualcomm.qti.internal.telephony.QtiGsmCdmaPhone) {938666c}
06-08 10:48:37.235 2546 2546 I Telephony: TelecomAccountRegistry: setupAccounts: Phone with subscription id: -1 slotId: 1 provisionStatus: -2
06-08 10:48:37.241 1757 3836 I chatty : uid=1000(system) Binder:1757_E expire 1 line
06-08 10:48:37.252 2546 2546 I Telephony: : onSubscriptionsChanged - update accounts
06-08 10:48:37.252 2546 2546 I Telephony: PstnIncomingCallNotifier: Unregistering: slot 0, Handler (com.qualcomm.qti.internal.telephony.QtiGsmCdmaPhone) {938666c}
06-08 10:48:37.255 2546 2546 I Telephony: TelecomAccountRegistry: Unregistering phone account ComponentInfo{com.android.phone/com.android.services.telephony.TelephonyConnectionService}, ***, UserHandle{0}.
06-08 10:48:37.257 1757 2860 I chatty : uid=1000(system) Binder:1757_9 expire 10 lines
06-08 10:48:37.258 2546 2546 I Telephony: TelecomAccountRegistry: setupAccounts: Found 2 phones. Attempting to register.
06-08 10:48:37.258 2546 2546 I Telephony: TelecomAccountRegistry: setupAccounts: Phone with subscription id: 1 slotId: 0 provisionStatus: 1
06-08 10:48:37.272 2546 2546 I Telephony: AccountEntry: Registered phoneAccount: [[ ] PhoneAccount: ComponentInfo{com.android.phone/com.android.services.telephony.TelephonyConnectionService}, ***, UserHandle{0} Capabilities: CallProvider MultiUser PlaceEmerg SimSub Audio Routes: BESW Schemes: tel voicemail Extras: Bundle[{android.telecom.extra.SUPPORTS_VIDEO_CALLING_FALLBACK=true, android.telecom.extra.SORT_ORDER=0}] GroupId: ***] with handle: ComponentInfo{com.android.phone/com.android.services.telephony.TelephonyConnectionService}, ***, UserHandle{0}
06-08 10:48:37.272 2546 2546 I Telephony: PstnIncomingCallNotifier: Registering: slot 0, Handler (com.qualcomm.qti.internal.telephony.QtiGsmCdmaPhone) {938666c}
06-08 10:48:37.275 2546 2546 I Telephony: TelecomAccountRegistry: setupAccounts: Phone with subscription id: -1 slotId: 1 provisionStatus: -2
06-08 10:48:37.314 2546 2546 I Telephony: PstnPhoneCapabilitiesNotifier: handleVideoCapabilitesChanged. Video capability - false
06-08 10:48:37.317 2546 2546 I Telephony: PstnPhoneCapabilitiesNotifier: handleVideoCapabilitesChanged. Video capability - false
06-08 10:48:58.699 2353 2767 D NetworkController.MobileSignalController(1): onServiceStateChanged slotId=0 subId=1 voiceState=1 dataState=1 FiveGConnected= false dataType= 0
06-08 10:49:30.500 2353 2767 D NetworkController.MobileSignalController(1): onServiceStateChanged slotId=0 subId=1 voiceState=1 dataState=1 FiveGConnected= false dataType= 0
06-08 10:49:37.715 1757 8942 I chatty : uid=1000(system) Binder:1757_15 expire 2 lines
06-08 10:49:37.811 2353 2767 D NetworkController.MobileSignalController(1): onServiceStateChanged slotId=0 subId=1 voiceState=1 dataState=1 FiveGConnected= false dataType= 0
06-08 10:49:37.828 1757 2272 I chatty : uid=1000(system) ConnectivitySer expire 10 lines
06-08 10:49:43.747 2918 6575 W FileUtils: Failed to chmod(/data/user_de/0/com.android.settings/shared_prefs/mi_stat_pref.xml): android.system.ErrnoException: chmod failed: ENOENT (No such file or directory)
06-08 10:49:43.901 2546 2546 I Telephony: : onSubscriptionsChanged - update accounts
06-08 10:49:43.902 2546 2546 I Telephony: PstnIncomingCallNotifier: Unregistering: slot 0, Handler (com.qualcomm.qti.internal.telephony.QtiGsmCdmaPhone) {938666c}
06-08 10:49:43.926 826 911 W EventThreadInspector: slow VSync-sf on display(19261101167563905), count=6, avg=53 ms, max=203 ms.
06-08 10:49:43.926 2546 2546 I Telephony: TelecomAccountRegistry: Unregistering phone account ComponentInfo{com.android.phone/com.android.services.telephony.TelephonyConnectionService}, ***, UserHandle{0}.
06-08 10:49:43.928 1757 3562 I chatty : uid=1000(system) Binder:1757_B expire 2 lines
06-08 10:49:43.930 2353 2767 D NetworkController.MobileSignalController(1): onServiceStateChanged slotId=0 subId=1 voiceState=0 dataState=0 FiveGConnected= false dataType= 3
06-08 10:49:43.932 2546 2546 I Telephony: TelecomAccountRegistry: setupAccounts: Found 2 phones. Attempting to register.
06-08 10:49:43.932 2546 2546 I Telephony: TelecomAccountRegistry: setupAccounts: Phone with subscription id: 1 slotId: 0 provisionStatus: 1
06-08 10:49:43.948 1757 9229 I chatty : uid=1000(system) Binder:1757_1E expire 3 lines
