06-08 16:11:06.425 1757 2328 D LocalDisplayAdapter: setDisplayState(id=19261101167563905, state=DOZE_SUSPEND)
06-08 16:11:06.425 1757 1924 I DisplayManagerService: Display device changed state: "Ενσωματωμένη οθόνη", DOZE_SUSPEND
06-08 16:11:06.432 1757 1757 V FingerprintService: Acquired: 6 44
06-08 16:11:06.451 1757 1757 I FingerprintService: fodCallBack cmd: CMD_VENDOR_AUTHENTICATED , 0 , backRes:1 touchStatus:1 writeRes:true
06-08 16:11:06.451 1757 1757 V BiometricStats: Authentication latency: -1
06-08 16:11:06.451 1757 1757 V FingerprintService: onAuthenticated(false), ID:0, Owner: com.android.systemui, isBP: false, listener: com.android.server.biometrics.fingerprint.FingerprintService$ServiceListenerImpl@749be75, requireConfirmation: false, user: 0
06-08 16:11:06.451 1757 1757 V FingerprintService: Acquired: 6 23
06-08 16:11:06.452 2353 2353 W FingerprintManager: Invalid acquired message: 6, 44
06-08 16:11:06.456 2353 2353 I MiuiGxzwHightlightContainer: dismiss highlight view
06-08 16:11:06.457 2353 2353 W miui_keyguard_fingerprint: onAuthenticationFailed
06-08 16:11:06.457 1757 2328 D LocalDisplayAdapter: setDisplayState(id=19261101167563905, state=DOZE)
06-08 16:11:06.457 1757 1924 I DisplayManagerService: Display device changed state: "Ενσωματωμένη οθόνη", DOZE
06-08 16:11:06.626 1757 2328 D LocalDisplayAdapter: setDisplayState(id=19261101167563905, state=DOZE_SUSPEND)
06-08 16:11:06.627 1757 1924 I DisplayManagerService: Display device changed state: "Ενσωματωμένη οθόνη", DOZE_SUSPEND
06-08 16:11:07.806 1757 2328 D LocalDisplayAdapter: setDisplayState(id=19261101167563905, state=DOZE)
06-08 16:11:07.807 1757 1924 I DisplayManagerService: Display device changed state: "Ενσωματωμένη οθόνη", DOZE
06-08 16:11:07.957 1757 2328 D LocalDisplayAdapter: setDisplayState(id=19261101167563905, state=DOZE_SUSPEND)
06-08 16:11:07.958 1757 1924 I DisplayManagerService: Display device changed state: "Ενσωματωμένη οθόνη", DOZE_SUSPEND
06-08 16:11:08.596 2353 2353 I MiuiGxzwTouchHelper: onTouch: originalAction = ACTION_DOWN, action = ACTION_DOWN, x = 159,000000, y = 176,000000, pressure = 2048,000000, area = 9,000000
06-08 16:11:08.599 1757 1757 D FingerprintService: finger down, 6 22
06-08 16:11:08.599 1757 1757 V FingerprintService: Acquired: 6 22
06-08 16:11:08.609 1757 2328 D LocalDisplayAdapter: setDisplayState(id=19261101167563905, state=DOZE)
06-08 16:11:08.611 2353 2353 I MiuiGxzwHightlightContainer: show highlight view
06-08 16:11:08.611 2353 2353 I MiuiGxzwOverlayView: upldate overlay view alpha: 0.657
06-08 16:11:08.613 1757 1924 I DisplayManagerService: Display device changed state: "Ενσωματωμένη οθόνη", DOZE
06-08 16:11:08.761 826 826 W SurfaceFlingerInspector: Slow frame composition: xiaomi f4 41 doComposition took 96 ms
06-08 16:11:08.926 826 911 W EventThreadInspector: slow VSync-sf on display(19261101167563905), count=1, avg=31 ms, max=31 ms.
06-08 16:11:09.041 2353 2353 I MiuiGxzwTouchHelper: onTouch: originalAction = ACTION_UP, action = ACTION_UP, x = 164,000000, y = 165,000000, pressure = 2048,000000, area = 9,000000
06-08 16:11:09.043 2353 2353 I MiuiGxzwOverlayView: upldate overlay view alpha: 0.0
06-08 16:11:09.047 2353 2353 I MiuiGxzwHightlightContainer: dismiss highlight view
06-08 16:11:09.384 1757 2328 D LocalDisplayAdapter: setDisplayState(id=19261101167563905, state=DOZE_SUSPEND)
06-08 16:11:09.384 1757 1924 I DisplayManagerService: Display device changed state: "Ενσωματωμένη οθόνη", DOZE_SUSPEND
06-08 16:11:09.591 1757 1757 V FingerprintService: Acquired: 6 44
06-08 16:11:09.593 2353 2353 W FingerprintManager: Invalid acquired message: 6, 44
06-08 16:11:09.625 1757 1757 I FingerprintService: fodCallBack cmd: CMD_VENDOR_AUTHENTICATED , 0 , backRes:1 touchStatus:1 writeRes:true
06-08 16:11:09.625 1757 1757 V BiometricStats: Authentication latency: -1
06-08 16:11:09.626 1757 1757 V FingerprintService: onAuthenticated(false), ID:0, Owner: com.android.systemui, isBP: false, listener: com.android.server.biometrics.fingerprint.FingerprintService$ServiceListenerImpl@749be75, requireConfirmation: false, user: 0
06-08 16:11:09.626 1757 1757 V FingerprintService: Acquired: 6 23
06-08 16:11:09.631 2353 2353 I MiuiGxzwHightlightContainer: dismiss highlight view
06-08 16:11:09.631 2353 2353 W miui_keyguard_fingerprint: onAuthenticationFailed
06-08 16:11:09.632 1757 1924 I DisplayManagerService: Display device changed state: "Ενσωματωμένη οθόνη", DOZE
06-08 16:11:09.638 1757 2328 D LocalDisplayAdapter: setDisplayState(id=19261101167563905, state=DOZE)
06-08 16:11:09.782 1757 2328 D LocalDisplayAdapter: setDisplayState(id=19261101167563905, state=DOZE_SUSPEND)
06-08 16:11:09.783 1757 1924 I DisplayManagerService: Display device changed state: "Ενσωματωμένη οθόνη", DOZE_SUSPEND
06-08 16:11:10.135 1757 1757 D FingerprintService: finger down, 6 22
06-08 16:11:10.136 1757 1757 V FingerprintService: Acquired: 6 22
06-08 16:11:10.137 2353 2353 I MiuiGxzwTouchHelper: onTouch: originalAction = ACTION_DOWN, action = ACTION_DOWN, x = 156,000000, y = 142,000000, pressure = 2048,000000, area = 12,000000
06-08 16:11:10.151 1757 2328 D LocalDisplayAdapter: setDisplayState(id=19261101167563905, state=DOZE)
06-08 16:11:10.152 2353 2353 I MiuiGxzwHightlightContainer: show highlight view
06-08 16:11:10.153 1757 1924 I DisplayManagerService: Display device changed state: "Ενσωματωμένη οθόνη", DOZE
06-08 16:11:10.153 2353 2353 I MiuiGxzwOverlayView: upldate overlay view alpha: 0.657
06-08 16:11:10.194 1757 9221 D PerfShielderService: com.android.systemui|com.android.systemui-gxz1598495682|165|7651321187858|99|5|4
06-08 16:11:10.290 826 826 W SurfaceFlingerInspector: Slow frame composition: xiaomi f4 41 doComposition took 95 ms
06-08 16:11:10.455 826 910 W EventThreadInspector: slow VSync-app on display(19261101167563905), count=2, avg=31 ms, max=31 ms.
06-08 16:11:10.472 826 911 W EventThreadInspector: slow VSync-sf on display(19261101167563905), count=1, avg=32 ms, max=32 ms.
06-08 16:11:10.820 1757 1757 V FingerprintService: Acquired: 0 0
06-08 16:11:10.822 1757 1757 I FingerprintService: fodCallBack cmd: CMD_VENDOR_AUTHENTICATED , -1083293021 , backRes:1 touchStatus:0 writeRes:true
06-08 16:11:10.823 1757 1757 V BiometricStats: Authentication latency: 3
06-08 16:11:10.824 1757 1757 V FingerprintService: onAuthenticated(true), ID:-1083293021, Owner: com.android.systemui, isBP: false, listener: com.android.server.biometrics.fingerprint.FingerprintService$ServiceListenerImpl@749be75, requireConfirmation: false, user: 0
06-08 16:11:10.826 1757 1757 V FingerprintService: Done with client: com.android.systemui
06-08 16:11:10.826 2353 2353 I miui_keyguard_fingerprint: onAuthenticationSucceeded: authUserId = 0
06-08 16:11:10.831 1757 9221 I PowerManagerService: Waking up from Dozing (uid=1000, reason=WAKE_REASON_UNKNOWN, details=android.policy:FINGERPRINT)...
06-08 16:11:10.831 1757 1757 W UsageStatsService: Event reported without a package name, eventType:15
06-08 16:11:10.837 1757 1757 I WindowManager: Started waking up... (why=ON_BECAUSE_OF_UNKNOWN)
06-08 16:11:10.871 1757 2036 D AutomaticBrightnessControllerInjector: setLightSensorEnabled: false
06-08 16:11:10.871 1757 2036 D AutomaticBrightnessControllerInjector: res: 3972.0
06-08 16:11:10.872 1757 2036 D AutomaticBrightnessControllerInjector: AmbientLux=3972.0, mAmbientDarkeningThreshold=1986.0, mAmbientBrighteningThreshold=4572.0, angle_xy2horizon=2.1693788
06-08 16:11:10.872 1757 2036 D AutomaticBrightnessController: updateAutoBrightness: mScreenAutoBrightness=-1, newScreenAutoBrightness=2047
06-08 16:11:10.872 1757 2036 D AutomaticBrightnessControllerInjector: skip debounce!
06-08 16:11:10.872 1757 2036 D AutomaticBrightnessControllerInjector: AmbientLux=3972.0, mAmbientDarkeningThreshold=1986.0, mAmbientBrighteningThreshold=4572.0, angle_xy2horizon=2.1693788
06-08 16:11:10.873 1757 2036 D AutomaticBrightnessControllerInjector: setAccSensorEnabled enable
06-08 16:11:10.876 1757 1757 D StorageManagerService: Get the action of screen on
06-08 16:11:10.881 1757 2036 D AutomaticBrightnessControllerInjector: setMotionSensorEnabled enable
06-08 16:11:10.878 1757 9221 D PerfShielderService: com.android.systemui|com.android.systemui-gxz1598495682|132|7652833447232|115|5|2
06-08 16:11:10.890 520 4169 D vold : The trim thread is not running
06-08 16:11:10.891 520 4169 D vold : idle maintenance stopped
06-08 16:11:10.894 1757 2036 D AutomaticBrightnessTouchHelper: touch pointer listener has registered!
06-08 16:11:10.894 1757 2036 V DisplayPowerController: Brightness [2047] reason changing to: 'automatic', previous reason: 'doze'.
06-08 16:11:10.895 1757 2328 D LocalDisplayAdapter: setDisplayState(id=19261101167563905, state=ON)
06-08 16:11:10.896 1757 1924 I DisplayManagerService: Display device changed state: "Ενσωματωμένη οθόνη", ON
06-08 16:11:10.896 1757 1757 V SettingsProvider: Notifying for 0: content://settings/system/screen_brightness
06-08 16:11:10.897 1757 1757 V LocationPolicy: Screen state changed
06-08 16:11:10.899 1112 1112 I wificond: Pno scan stopped
06-08 16:11:10.919 2353 2353 I MiuiGxzwOverlayView: upldate overlay view alpha: 0.0
06-08 16:11:10.922 2353 2353 I MiuiGxzwHightlightContainer: dismiss highlight view
06-08 16:11:10.928 2353 2353 I MiuiGxzwOverlayView: remove overlay view
06-08 16:11:10.928 1757 9191 D ActivityTaskManager: Top Process State changed to PROCESS_STATE_TOP
06-08 16:11:10.934 1757 2036 I DreamManagerService: Gently waking up from dream.
06-08 16:11:10.934 1757 1757 I WindowManager: Finished waking up... (why=ON_BECAUSE_OF_UNKNOWN)
06-08 16:11:10.935 1757 1921 I DreamManagerService: Performing gentle wake from dream.
06-08 16:11:10.946 2353 3156 D DisplayFeatureManager: setScreenEffect mode=17 value=0 cookie=1
06-08 16:11:10.948 1757 9191 I Timeline: Timeline: App_transition_ready time:7653424
06-08 16:11:10.950 2353 3726 I KeyguardViewMediator: call fw keyguardGoingAway: flags = 8
06-08 16:11:10.953 1757 1925 I Timeline: Timeline: App_transition_ready time:7653429
06-08 16:11:10.957 1757 9191 I Timeline: Timeline: App_transition_ready time:7653433
06-08 16:11:10.963 1757 3562 I Timeline: Timeline: App_transition_ready time:7653439
06-08 16:11:10.967 1757 1924 I set_top_app: success /proc/2560/top_app:1
06-08 16:11:10.967 1757 1924 I set_top_app: success /proc/2725/top_app:2
06-08 16:11:10.980 1757 9191 I Timeline: Timeline: App_transition_ready time:7653456
06-08 16:11:10.980 1757 9191 I MiuiKnockGestureService: gamemode close knock feature
06-08 16:11:10.980 1757 9191 I MiuiKnockGestureService: native feature not merge
06-08 16:11:10.981 1757 9191 I Timeline: Timeline: App_transition_ready time:7653457
06-08 16:11:10.983 3203 3203 V DreamService[DozeService]: wakeUp(): fromSystem=true, mWaking=false, mFinished=false
06-08 16:11:10.983 3203 3203 V DreamService[DozeService]: finish(): mFinished=false
06-08 16:11:10.983 1757 2733 I DreamManagerService: Leaving dreamland.
06-08 16:11:10.983 1757 1921 I DreamManagerService: Performing gentle wake from dream.
06-08 16:11:10.983 1757 1921 I DreamController: Stopping dream: name=ComponentInfo{com.miui.aod/com.miui.aod.doze.DozeService}, isTest=false, canDoze=true, userId=0
06-08 16:11:10.985 3203 3203 V DreamService[DozeService]: detach(): Calling onDreamingStopped()
06-08 16:11:10.985 3203 3203 V DreamService[DozeService]: onDreamingStopped()
06-08 16:11:10.996 2353 2767 D NetworkController.MobileSignalController(1): onServiceStateChanged slotId=0 subId=1 voiceState=0 dataState=0 FiveGConnected= false dataType= 3
06-08 16:11:11.008 1757 2377 I Timeline: Timeline: App_transition_ready time:7653484
06-08 16:11:11.034 2353 2353 E miui_face: start face unlock fail because device has unlocked
06-08 16:11:11.042 3203 3203 V DreamService[DozeService]: finish(): mFinished=true
06-08 16:11:11.043 3203 3203 V DreamService[DozeService]: onDestroy()
06-08 16:11:11.060 2353 2353 I MiuiGxzwTouchHelper: onTouch: originalAction = ACTION_MOVE, action = ACTION_MOVE, x = 162,000000, y = 146,000000, pressure = 2048,000000, area = 16,000000
06-08 16:11:11.099 2353 2353 I KeyguardViewMediator: handleStartKeyguardExitAnimation startTime=7653483 fadeoutDuration=300
06-08 16:11:11.101 1757 1924 W UsageStatsService: Event reported without a package name, eventType:18
06-08 16:11:11.101 1757 1924 I WindowManager: updateContrastOverlay, darkmode: true isContrastEnabled: true alpha: 0.0
06-08 16:11:11.111 2353 2353 V KeyguardDisplayManager: hide
06-08 16:11:11.121 1757 2272 D ConnectivityService: Blocked status changed to false for 10184(169) on netId 106
06-08 16:11:11.121 2353 2353 I miui_keyguard_fingerprint: fingerprint unlock time: wait fw call startKeyguardExitAnimation = 111 ms total = 235 ms
06-08 16:11:11.121 1757 2272 D ConnectivityService: Blocked status changed to false for 10184(170) on netId 106
06-08 16:11:11.122 1757 2272 D ConnectivityService: Blocked status changed to false for 10184(173) on netId 106
06-08 16:11:11.129 1757 4531 I MiuiKnockGestureService: knock feature changed notify native state:true
06-08 16:11:11.129 1757 4531 I MiuiKnockGestureService: native feature not merge
06-08 16:11:11.130 1757 1955 D ProcessManager: add audio active uid : 10189
06-08 16:11:11.185 1757 1757 V SettingsProvider: Notifying for 0: content://settings/system/is_fingerprint_unlock
06-08 16:11:11.206 4030 4030 D miui.face.FaceService: lock screen passed
06-08 16:11:11.206 5199 5330 D PowerKeeper.AppStandby: disable standby chain
06-08 16:11:11.208 4030 4121 D miui.face.FaceService: FaceAuthenHelper mReleaseIfAuthenticated Runnable run ... ...
06-08 16:11:11.208 4030 4121 D miui.face.FaceService: release memory... ...
06-08 16:11:11.241 1757 4531 I set_top_app: success /proc/2353/top_app:0
06-08 16:11:11.242 1757 4531 I set_top_app: success /proc/2748/top_app:0
06-08 16:11:11.246 2560 2719 E ActivityThread: Failed to find provider info for com.android.thememanager.set_lockwallpaper
06-08 16:11:11.250 1757 1957 D Boost : hostingType=broadcast, hostingName={com.yahoo.mobile.client.android.mail/com.google.firebase.iid.FirebaseInstanceIdReceiver}, callerPackage=com.google.android.gms, isSystem=true, isBoostNeeded=false.
06-08 16:11:11.257 1757 1957 I ActivityManager: Start proc 4193:com.yahoo.mobile.client.android.mail/u0a218 for broadcast {com.yahoo.mobile.client.android.mail/com.google.firebase.iid.FirebaseInstanceIdReceiver} caller=com.google.android.gms
06-08 16:11:11.329 1757 1925 I Timeline: Timeline: Activity_windows_visible id: ActivityRecord{85a0842 u0 com.miui.home/.launcher.Launcher t1} time:7653805
06-08 16:11:11.333 1757 1925 I Timeline: Timeline: App_transition_stopped time:7653809
06-08 16:11:11.416 2353 2353 I MiuiGxzwTouchHelper: onTouch: originalAction = ACTION_UP, action = ACTION_UP, x = 162,000000, y = 146,000000, pressure = 2048,000000, area = 16,000000
06-08 16:11:11.564 1757 3836 E NotificationService: Error creating vibration waveform with pattern: [0]
06-08 16:11:11.567 1757 3836 D PerfShielderService: com.android.systemui|StatusBar|617|7653927722388|143|0|17
06-08 16:11:11.568 3777 5973 W MiuiPerfServiceClient: interceptAndQueuing:2353|com.android.systemui|617|143|unknown|null|StatusBar|7653927722388|Slow main thread|17
06-08 16:11:12.168 1757 2036 D AutomaticBrightnessControllerInjector: skip debounce!
06-08 16:11:12.168 1757 2036 D AutomaticBrightnessControllerInjector: AmbientLux=4058.2004, mAmbientDarkeningThreshold=2029.1002, mAmbientBrighteningThreshold=5058.2, angle_xy2horizon=18.388985
06-08 16:11:12.378 1757 4531 I DropBoxManagerService: add tag=keymaster isTagEnabled=true flags=0x0
06-08 16:11:12.779 4193 4193 W Looper : Slow Looper main: Long Msg: seq=2 plan=16:11:11.319 late=8ms wall=1452ms running=1021ms runnable=135ms h=android.app.ActivityThread$H w=110
06-08 16:11:12.919 1757 1957 D Boost : hostingType=, hostingName={com.yahoo.mobile.client.android.mail/org.chromium.content.app.SandboxedProcessService0:0}, callerPackage=com.yahoo.mobile.client.android.mail, isSystem=false, isBoostNeeded=false.
06-08 16:11:12.920 1757 1957 I ActivityManager: Start proc 4397:com.google.android.webview:sandboxed_process0:org.chromium.content.app.SandboxedProcessService0:0/u0i46 for {com.yahoo.mobile.client.android.mail/org.chromium.content.app.SandboxedProcessService0:0} caller=com.yahoo.mobile.client.android.mail
06-08 16:11:13.169 1757 2036 D AutomaticBrightnessControllerInjector: skip debounce!
06-08 16:11:13.169 1757 2036 D AutomaticBrightnessControllerInjector: AmbientLux=4079.5164, mAmbientDarkeningThreshold=2039.7582, mAmbientBrighteningThreshold=5079.5166, angle_xy2horizon=17.739431
06-08 16:11:13.757 1757 3838 E WifiService: Permission violation - getScanResults not allowed for uid=10181, packageName=com.google.android.gms, reason=java.lang.SecurityException: Location mode is disabled for the device
06-08 16:11:14.582 1757 9212 I DropBoxManagerService: add tag=platform_stats_bookmark isTagEnabled=true flags=0x2
06-08 16:11:14.670 2353 2767 D NetworkController.MobileSignalController(1): onServiceStateChanged slotId=0 subId=1 voiceState=0 dataState=0 FiveGConnected= false dataType= 15
06-08 16:11:14.683 1757 2272 D ConnectivityService: NetworkAgentInfo [MOBILE (HSPA+) - 106] EVENT_NETWORK_INFO_CHANGED, going from CONNECTED to CONNECTED
06-08 16:11:16.427 2560 2560 I Timeline: Timeline: Activity_launch_request time:7658903
06-08 16:11:16.428 1757 9221 I ActivityTaskManager: START u0 {act=android.intent.action.MAIN cat=[android.intent.category.LAUNCHER] flg=0x10200000 cmp=com.google.android.googlequicksearchbox/.SearchActivity bnds=[207,873][360,1026] (has extras)} from uid 10085
06-08 16:11:16.461 2560 2560 W ActivityThread: SCHED: com.miui.home/.launcher.Launcher [77, r=306ms, a=88ms, w=5482ms]
06-08 16:11:16.464 1757 9221 I ActivityTaskManager: The Process com.google.android.googlequicksearchbox:search Already Exists in BG. So sending its PID: 23537
06-08 16:11:16.466 1757 2293 D ActivityTaskManagerServiceInjector: Begin to report package foreground events...
06-08 16:11:16.469 1757 9221 I Timeline: Timeline: App_transition_ready time:7658945
06-08 16:11:16.471 1757 3838 I NotificationService: cancelToast pkg=com.miui.home callback=android.app.ITransientNotification$Stub$Proxy@a5ebafe
06-08 16:11:16.472 1757 3838 W NotificationService: Toast already cancelled. pkg=com.miui.home callback=android.app.ITransientNotification$Stub$Proxy@a5ebafe
06-08 16:11:16.475 1757 4531 I set_top_app: success /proc/2560/top_app:0
06-08 16:11:16.476 1757 4531 I set_top_app: success /proc/2725/top_app:0
06-08 16:11:16.476 1757 4531 I set_top_app: success /proc/23537/top_app:1
06-08 16:11:16.476 1757 4531 I set_top_app: success /proc/26878/top_app:2
06-08 16:11:16.498 23537 23537 I Timeline: Timeline: Activity_launch_request time:7658974
06-08 16:11:16.499 1757 3836 I ActivityTaskManager: START u0 {act=android.intent.action.MAIN cat=[android.intent.category.LAUNCHER] dat=agsa:/data?type=searchnow.TYPE_SEARCHNOW&inputProto=mgEVYW5kLmdzYS5sYXVuY2hlci5pY29uogGzARKwARj/////ByAAKAUoybgCOAFQAVgAgAEAoAEA
06-08 16:11:16.499 1757 3836 I ActivityTaskManager: qAEBwAEAyAEA0AEBiAIAkAIAmgIAqAIAsAIAwAIB4AIA6AIB8AIA+AIAqAP27Nn7//////8BsAOL
06-08 16:11:16.499 1757 3836 I ActivityTaskManager: jYL8//////8BuAO9+/b9//////8BwAMAyAMB2AOLjYL8//////8B4AP+4aP///////8B6APguev+
06-08 16:11:16.499 1757 3836 I ActivityTaskManager: //////8B8AMA+AMAgAQDiAT///////////8BkAQAmAQAoAQA6AH///////////8B8AEB+AEBsAIB
06-08 16:11:16.499 1757 3836 I ActivityTaskManager: uAKQHMAClODtn6kuyAIB2gIA4gIAqAMAsAMBwAMB
06-08 16:11:16.499 1757 3836 I ActivityTaskManager: flg=0x10200000 cmp=com.google.android.googlequicksearchbox/com.google.android.apps.gsa.searchnow.SearchNowActivity bnds=[207,873][360,1026] (has extras)} from uid 10189
06-08 16:11:16.528 1757 3836 I ActivityTaskManager: The Process com.google.android.googlequicksearchbox:search Already Exists in BG. So sending its PID: 23537
06-08 16:11:16.532 1757 3836 I Timeline: Timeline: App_transition_ready time:7659008
06-08 16:11:16.534 1757 1925 I Timeline: Timeline: App_transition_ready time:7659010
06-08 16:11:16.638 1757 9222 I Timeline: Timeline: App_transition_ready time:7659114
06-08 16:11:16.640 1757 9222 I Timeline: Timeline: App_transition_ready time:7659116
06-08 16:11:16.640 1757 9222 I MiuiKnockGestureService: gamemode close knock feature
06-08 16:11:16.640 1757 9222 I MiuiKnockGestureService: native feature not merge
06-08 16:11:16.658 1757 1925 I Timeline: Timeline: App_transition_ready time:7659134
06-08 16:11:17.083 1757 4531 D ConnectivityService: requestNetwork for uid/pid:10218/4193 NetworkRequest [ TRACK_DEFAULT id=180, [ Capabilities: INTERNET&NOT_RESTRICTED&TRUSTED Uid: 10218] ]
06-08 16:11:17.129 1757 2272 D ConnectivityService: releasing NetworkRequest [ TRACK_DEFAULT id=180, [ Capabilities: INTERNET&NOT_RESTRICTED&TRUSTED Uid: 10218] ] (release request)
06-08 16:11:17.144 1757 3836 I Timeline: Timeline: Activity_windows_visible id: ActivityRecord{9bd63f1 u0 com.google.android.googlequicksearchbox/com.google.android.apps.gsa.searchnow.SearchNowActivity t1194} time:7659620
06-08 16:11:17.147 1757 1925 I Timeline: Timeline: App_transition_stopped time:7659623
06-08 16:11:17.148 1757 4531 W BroadcastQueue: Background execution not allowed: receiving Intent { act=android.intent.action.USER_PRESENT flg=0x24200010 } to com.google.android.gms/.auth.setup.devicesignals.LockScreenReceiver
06-08 16:11:17.151 1757 1956 W BroadcastQueue: Background execution not allowed: receiving Intent { act=android.intent.action.USER_PRESENT flg=0x24200010 } to com.google.android.gms/.trustagent.UserPresentBroadcastReceiver
06-08 16:11:17.151 1757 1956 W BroadcastQueue: Background execution not allowed: receiving Intent { act=android.intent.action.USER_PRESENT flg=0x24200010 } to com.google.android.gms/.chimera.GmsIntentOperationService$PersistentTrustedReceiver
06-08 16:11:17.151 1757 1956 W BroadcastQueue: Background execution not allowed: receiving Intent { act=android.intent.action.USER_PRESENT flg=0x24200010 } to com.mi.health/services.sleeps.SleepTraceReceiver
06-08 16:11:17.151 1757 1956 W BroadcastQueue: Background execution not allowed: receiving Intent { act=android.intent.action.USER_PRESENT flg=0x24200010 } to com.gstarmc.android/com.taobao.accs.EventReceiver
06-08 16:11:17.152 1757 1956 W BroadcastQueue: Background execution not allowed: receiving Intent { act=android.intent.action.DROPBOX_ENTRY_ADDED flg=0x10 (has extras) } to com.google.android.gms/.stats.service.DropBoxEntryAddedReceiver
06-08 16:11:17.152 1757 1956 W BroadcastQueue: Background execution not allowed: receiving Intent { act=android.intent.action.DROPBOX_ENTRY_ADDED flg=0x10 (has extras) } to com.google.android.gms/.chimera.GmsIntentOperationService$PersistentTrustedReceiver
06-08 16:11:17.152 1757 1956 W BroadcastQueue: Background execution not allowed: receiving Intent { act=android.intent.action.DROPBOX_ENTRY_ADDED flg=0x10 (has extras) } to com.google.android.gms/.stats.service.DropBoxEntryAddedReceiver
06-08 16:11:17.152 1757 1956 W BroadcastQueue: Background execution not allowed: receiving Intent { act=android.intent.action.DROPBOX_ENTRY_ADDED flg=0x10 (has extras) } to com.google.android.gms/.chimera.GmsIntentOperationService$PersistentTrustedReceiver
06-08 16:11:17.154 1757 1924 I set_top_app: success /proc/2560/top_app:0
06-08 16:11:17.155 1757 1924 I set_top_app: success /proc/2725/top_app:0
06-08 16:11:17.287 1757 4531 W ActivityManager: Unable to start service Intent { act=yahoo.services.DEVICE pkg=com.yahoo.services.device } U=0: not found
06-08 16:11:21.025 1757 1956 W BroadcastQueue: Background execution not allowed: receiving Intent { act=miui.intent.action.AI_APP_PREDICT flg=0x10 (has extras) } to com.miui.powerkeeper/.ai.AIEventReceiver
06-08 16:11:21.529 1757 4531 E NotificationService: Error creating vibration waveform with pattern: [0]
06-08 16:11:22.248 1757 4531 I MiuiKnockGestureService: gamemode close knock feature
06-08 16:11:22.248 1757 4531 I MiuiKnockGestureService: native feature not merge
06-08 16:11:23.550 2353 2767 D NetworkController.MobileSignalController(1): onServiceStateChanged slotId=0 subId=1 voiceState=0 dataState=0 FiveGConnected= false dataType= 8
06-08 16:11:23.573 1757 2272 D ConnectivityService: NetworkAgentInfo [MOBILE (HSDPA) - 106] EVENT_NETWORK_INFO_CHANGED, going from CONNECTED to CONNECTED
06-08 16:11:27.436 1757 4531 I MiuiKnockGestureService: gamemode close knock feature
06-08 16:11:27.436 1757 4531 I MiuiKnockGestureService: native feature not merge
06-08 16:11:27.466 1757 3838 I set_top_app: success /proc/2353/top_app:0
06-08 16:11:27.466 1757 3838 I set_top_app: success /proc/2748/top_app:0
06-08 16:11:29.359 1757 3838 W BaseMiuiPhoneWindowManager: keyCode:4 down:true eventTime:7671833 downTime:7671833 policyFlags:2b000002 flags:48 deviceId:-1 isScreenOn:true keyguardActive:false repeatCount:0
06-08 16:11:29.444 1757 3838 W BaseMiuiPhoneWindowManager: keyCode:4 down:false eventTime:7671919 downTime:7671833 policyFlags:2b000002 flags:48 deviceId:-1 isScreenOn:true keyguardActive:false repeatCount:0
06-08 16:11:29.467 23537 23537 W ActivityThread: SCHED: com.google.android.googlequicksearchbox/com.google.android.apps.gsa.searchnow.SearchNowActivity [90, r=785ms, a=78ms, w=12854ms]
06-08 16:11:29.482 1757 4531 I Timeline: Timeline: App_transition_ready time:7671958
06-08 16:11:29.483 1757 1925 I Timeline: Timeline: App_transition_ready time:7671959
06-08 16:11:29.494 1757 2733 I Timeline: Timeline: App_transition_ready time:7671970
06-08 16:11:29.497 1757 3838 I Timeline: Timeline: App_transition_ready time:7671973
06-08 16:11:29.502 1757 1924 I set_top_app: success /proc/2560/top_app:1
06-08 16:11:29.502 1757 1924 I set_top_app: success /proc/2725/top_app:2
06-08 16:11:29.503 1757 1924 I set_top_app: success /proc/23537/top_app:0
06-08 16:11:29.503 1757 1924 I set_top_app: success /proc/26878/top_app:0
06-08 16:11:29.508 1757 1925 I Timeline: Timeline: App_transition_ready time:7671983
06-08 16:11:29.512 1757 1925 I Timeline: Timeline: App_transition_ready time:7671988
06-08 16:11:29.527 1757 3836 I Timeline: Timeline: App_transition_ready time:7672003
06-08 16:11:29.527 1757 3836 I MiuiKnockGestureService: knock feature changed notify native state:true
06-08 16:11:29.527 1757 3836 I MiuiKnockGestureService: native feature not merge
06-08 16:11:29.537 1757 1925 I Timeline: Timeline: App_transition_ready time:7672013
06-08 16:11:29.551 1757 1925 I Timeline: Timeline: App_transition_ready time:7672027
06-08 16:11:30.015 1757 9191 I Timeline: Timeline: Activity_windows_visible id: ActivityRecord{85a0842 u0 com.miui.home/.launcher.Launcher t1} time:7672491
06-08 16:11:30.019 1757 1925 I Timeline: Timeline: App_transition_stopped time:7672494
06-08 16:11:31.258 2560 2560 I Timeline: Timeline: Activity_launch_request time:7673734
06-08 16:11:31.261 1757 4531 I ActivityTaskManager: START u0 {act=android.intent.action.MAIN cat=[android.intent.category.LAUNCHER] flg=0x10200000 cmp=com.yahoo.mobile.client.android.mail/.activity.MainActivity bnds=[467,873][620,1026] (has extras)} from uid 10085
06-08 16:11:31.302 2560 2560 W ActivityThread: SCHED: com.miui.home/.launcher.Launcher [78, r=100ms, a=27ms, w=1787ms]
06-08 16:11:31.304 1757 4531 I ActivityTaskManager: The Process com.yahoo.mobile.client.android.mail Already Exists in BG. So sending its PID: 4193
06-08 16:11:31.309 1757 3838 V LocationPolicy: writePolicyLocked()
06-08 16:11:31.309 1757 4531 I Timeline: Timeline: App_transition_ready time:7673785
06-08 16:11:31.310 1757 3836 I NotificationService: cancelToast pkg=com.miui.home callback=android.app.ITransientNotification$Stub$Proxy@c5fa3dc
06-08 16:11:31.310 1757 3836 W NotificationService: Toast already cancelled. pkg=com.miui.home callback=android.app.ITransientNotification$Stub$Proxy@c5fa3dc
06-08 16:11:31.314 1757 1924 I set_top_app: success /proc/4193/top_app:1
06-08 16:11:31.314 1757 1924 I set_top_app: success /proc/2560/top_app:0
06-08 16:11:31.314 1757 1924 I set_top_app: success /proc/2725/top_app:0
06-08 16:11:31.330 1757 1925 I Timeline: Timeline: App_transition_ready time:7673806
06-08 16:11:31.332 1757 1925 I Timeline: Timeline: App_transition_ready time:7673808
06-08 16:11:31.363 1757 1925 I Timeline: Timeline: App_transition_ready time:7673839
06-08 16:11:31.786 2353 2767 D NetworkController.MobileSignalController(1): onServiceStateChanged slotId=0 subId=1 voiceState=0 dataState=0 FiveGConnected= false dataType= 15
06-08 16:11:31.802 1757 2272 D ConnectivityService: NetworkAgentInfo [MOBILE (HSPA+) - 106] EVENT_NETWORK_INFO_CHANGED, going from CONNECTED to CONNECTED
06-08 16:11:31.862 1757 1925 I Timeline: Timeline: App_transition_stopped time:7674338
06-08 16:11:31.869 1757 1924 I set_top_app: success /proc/2560/top_app:0
06-08 16:11:31.869 1757 1924 I set_top_app: success /proc/2725/top_app:0
06-08 16:11:32.016 4193 4193 W Activity: Slow Operation: Activity com.yahoo.mobile.client.android.mail/.activity.MainActivity onCreate took 674ms
06-08 16:11:32.119 4193 4193 W Looper : Slow Looper main: Activity com.yahoo.mobile.client.android.mail/.activity.MainActivity is 808ms late (wall=0ms running=0ms ClientTransaction{ callbacks=[android.app.servertransaction.TopResumedActivityChangeItem] }) because of 1 msg, msg 1 took 809ms (seq=123 running=222ms runnable=80ms io=37ms h=android.app.ActivityThread$H w=159)
06-08 16:11:32.174 1757 9191 I MiuiKnockGestureService: gamemode close knock feature
06-08 16:11:32.174 1757 9191 I MiuiKnockGestureService: native feature not merge
06-08 16:11:32.407 4193 4193 W Looper : Slow Looper main: doFrame is 496ms late because of 12 msg, msg 1 took 809ms (seq=123 running=222ms runnable=80ms io=37ms h=android.app.ActivityThread$H w=159)
06-08 16:11:32.410 1757 1925 I Timeline: Timeline: Activity_windows_visible id: ActivityRecord{b1faf1 u0 com.yahoo.mobile.client.android.mail/.activity.MainActivity t1195} time:7674886
06-08 16:11:32.447 1757 3562 D ConnectivityService: Returning UNBLOCKED NetworkInfo to uid=10184
06-08 16:11:32.473 1757 3562 W ActivityManager: Unable to start service Intent { act=android.support.customtabs.action.CustomTabsService pkg=com.android.chrome } U=0: not found
06-08 16:11:32.707 1757 2733 D ConnectivityService: requestNetwork for uid/pid:10218/4193 NetworkRequest [ TRACK_DEFAULT id=181, [ Capabilities: INTERNET&NOT_RESTRICTED&TRUSTED Uid: 10218] ]
06-08 16:11:32.944 4193 4658 W BpBinder: Slow Binder: BpBinder transact took 507ms, interface=com.android.vending.billing.IInAppBillingService, code=9 oneway=false
06-08 16:11:33.367 1757 2272 D ConnectivityService: releasing NetworkRequest [ TRACK_DEFAULT id=181, [ Capabilities: INTERNET&NOT_RESTRICTED&TRUSTED Uid: 10218] ] (release request)
06-08 16:11:33.765 1757 2733 E WifiService: Permission violation - getScanResults not allowed for uid=10181, packageName=com.google.android.gms, reason=java.lang.SecurityException: Location mode is disabled for the device
06-08 16:11:33.991 1757 9191 D ConnectivityService: requestNetwork for uid/pid:10218/4193 NetworkRequest [ TRACK_DEFAULT id=182, [ Capabilities: INTERNET&NOT_RESTRICTED&TRUSTED Uid: 10218] ]
06-08 16:11:34.572 1757 2272 D ConnectivityService: releasing NetworkRequest [ TRACK_DEFAULT id=182, [ Capabilities: INTERNET&NOT_RESTRICTED&TRUSTED Uid: 10218] ] (release request)
06-08 16:11:35.965 1757 1956 W BroadcastQueue: Background execution not allowed: receiving Intent { act=miui.intent.action.AI_APP_PREDICT flg=0x10 (has extras) } to com.miui.powerkeeper/.ai.AIEventReceiver
06-08 16:11:36.297 1757 4531 W BaseMiuiPhoneWindowManager: keyCode:4 down:true eventTime:7678772 downTime:7678772 policyFlags:2b000002 flags:48 deviceId:-1 isScreenOn:true keyguardActive:false repeatCount:0
06-08 16:11:36.377 1757 4531 W BaseMiuiPhoneWindowManager: keyCode:4 down:false eventTime:7678853 downTime:7678772 policyFlags:2b000002 flags:48 deviceId:-1 isScreenOn:true keyguardActive:false repeatCount:0
06-08 16:11:36.399 4193 4193 W ActivityThread: SCHED: com.yahoo.mobile.client.android.mail/.activity.MainActivity [90, r=788ms, a=84ms, w=4372ms]
06-08 16:11:36.418 1757 2733 I Timeline: Timeline: App_transition_ready time:7678894
06-08 16:11:36.425 1757 1925 I Timeline: Timeline: App_transition_ready time:7678901
06-08 16:11:36.432 1757 3838 I Timeline: Timeline: App_transition_ready time:7678908
06-08 16:11:36.435 1757 9191 I Timeline: Timeline: App_transition_ready time:7678911
06-08 16:11:36.440 1757 1924 I set_top_app: success /proc/2560/top_app:1
06-08 16:11:36.441 1757 1924 I set_top_app: success /proc/2725/top_app:2
06-08 16:11:36.441 1757 1924 I set_top_app: success /proc/4193/top_app:0
06-08 16:11:36.441 1757 1924 I set_top_app: success /proc/4615/top_app:0
06-08 16:11:36.447 1757 1925 I Timeline: Timeline: App_transition_ready time:7678923
06-08 16:11:36.449 1757 1925 I Timeline: Timeline: App_transition_ready time:7678925
06-08 16:11:36.459 1757 3838 I Timeline: Timeline: App_transition_ready time:7678935
06-08 16:11:36.459 1757 3838 I MiuiKnockGestureService: knock feature changed notify native state:true
06-08 16:11:36.459 1757 3838 I MiuiKnockGestureService: native feature not merge
06-08 16:11:36.463 1757 1925 I Timeline: Timeline: App_transition_ready time:7678939
06-08 16:11:36.486 1757 1925 I Timeline: Timeline: App_transition_ready time:7678961
06-08 16:11:36.556 1757 9191 E NotificationService: Error creating vibration waveform with pattern: [0]
06-08 16:11:36.956 1757 9191 I Timeline: Timeline: Activity_windows_visible id: ActivityRecord{85a0842 u0 com.miui.home/.launcher.Launcher t1} time:7679432
06-08 16:11:36.961 1757 1925 I Timeline: Timeline: App_transition_stopped time:7679437
06-08 16:11:41.167 1757 2733 W BaseMiuiPhoneWindowManager: keyCode:4 down:true eventTime:7683641 downTime:7683641 policyFlags:2b000002 flags:48 deviceId:-1 isScreenOn:true keyguardActive:false repeatCount:0
06-08 16:11:41.234 1757 2733 W BaseMiuiPhoneWindowManager: keyCode:4 down:false eventTime:7683709 downTime:7683641 policyFlags:2b000002 flags:48 deviceId:-1 isScreenOn:true keyguardActive:false repeatCount:0
06-08 16:11:42.197 2560 2560 I Timeline: Timeline: Activity_launch_request time:7684673
06-08 16:11:42.199 1757 4531 I ActivityTaskManager: START u0 {act=android.intent.action.MAIN cat=[android.intent.category.LAUNCHER] flg=0x10200000 cmp=com.android.browser/.launch.SplashActivity bnds=[338,2040][491,2193] (has extras)} from uid 10085
06-08 16:11:42.233 2560 2560 W ActivityThread: SCHED: com.miui.home/.launcher.Launcher [70, r=208ms, a=89ms, w=5789ms]
06-08 16:11:42.241 1757 1924 I set_top_app: success /proc/2560/top_app:0
06-08 16:11:42.241 1757 1924 I set_top_app: success /proc/2725/top_app:0
06-08 16:11:42.257 1757 4531 I NotificationService: cancelToast pkg=com.miui.home callback=android.app.ITransientNotification$Stub$Proxy@5cdf950
06-08 16:11:42.257 1757 4531 W NotificationService: Toast already cancelled. pkg=com.miui.home callback=android.app.ITransientNotification$Stub$Proxy@5cdf950
06-08 16:11:42.266 1757 1957 D Boost : hostingType=activity, hostingName={com.android.browser/com.android.browser.launch.SplashActivity}, callerPackage=com.miui.home, isSystem=true, isBoostNeeded=false.
06-08 16:11:42.267 1757 1957 I ActivityManager: Start proc 4703:com.android.browser/u0a69 for activity {com.android.browser/com.android.browser.launch.SplashActivity} caller=com.miui.home
06-08 16:11:42.415 1757 1925 I Timeline: Timeline: App_transition_ready time:7684891
06-08 16:11:42.418 1757 1924 I set_top_app: success /proc/4703/top_app:1
06-08 16:11:42.664 4703 4703 I Timeline: Timeline: Activity_launch_request time:7685140
06-08 16:11:42.665 1757 4531 I ActivityTaskManager: START u0 {act=android.intent.action.MAIN cat=[android.intent.category.LAUNCHER] flg=0x10200000 cmp=com.android.browser/.BrowserActivity bnds=[338,2040][491,2193] (has extras)} from uid 10069
06-08 16:11:42.706 1757 2733 I ActivityTaskManager: The Process com.android.browser Already Exists in BG. So sending its PID: 4703
06-08 16:11:42.715 1757 2733 I Timeline: Timeline: App_transition_ready time:7685191
06-08 16:11:42.779 1757 4531 D ConnectivityService: Returning UNBLOCKED NetworkInfo to uid=10069
06-08 16:11:42.890 1757 4531 I MiuiKnockGestureService: knock feature changed notify native state:true
06-08 16:11:42.890 1757 4531 I MiuiKnockGestureService: native feature not merge
06-08 16:11:42.908 1757 1924 I set_top_app: success /proc/2560/top_app:0
06-08 16:11:42.909 1757 1924 I set_top_app: success /proc/2725/top_app:0
06-08 16:11:42.913 1757 1925 I Timeline: Timeline: App_transition_stopped time:7685389
06-08 16:11:42.969 1757 1925 I Timeline: Timeline: Activity_windows_visible id: ActivityRecord{2604326 u0 com.android.browser/.BrowserActivity t1196} time:7685445
06-08 16:11:43.123 1757 1957 D Boost : hostingType=service, hostingName={com.android.browser/com.miui.org.chromium.content.app.SandboxedProcessService0}, callerPackage=com.android.browser, isSystem=true, isBoostNeeded=false.
06-08 16:11:43.123 1757 1957 I ActivityManager: Start proc 4762:com.android.browser:sandboxed_process0:com.miui.org.chromium.content.app.SandboxedProcessService0/u0i47 for service {com.android.browser/com.miui.org.chromium.content.app.SandboxedProcessService0} caller=com.android.browser
06-08 16:11:43.182 1757 9222 D ConnectivityService: requestNetwork for uid/pid:10069/4703 NetworkRequest [ TRACK_DEFAULT id=183, [ Capabilities: INTERNET&NOT_RESTRICTED&TRUSTED Uid: 10069] ]
06-08 16:11:43.637 1757 2272 D ConnectivityService: NetworkAgentInfo [MOBILE (HSPA+) - 106] EVENT_NETWORK_INFO_CHANGED, going from CONNECTED to CONNECTED
06-08 16:11:44.925 1757 9191 D ConnectivityService: requestNetwork for uid/pid:10069/4703 NetworkRequest [ TRACK_DEFAULT id=185, [ Capabilities: INTERNET&NOT_RESTRICTED&TRUSTED Uid: 10069] ]
06-08 16:11:46.280 1757 9191 D timedetector.SimpleTimeDetectorStrategy: adjustAndSetDeviceSystemClock: Not setting system clock. New time and system clock are close enough. elapsedRealtimeMillis=23914770 newTime=TimestampedValue{mReferenceTimeMillis=23914759, mValue=1591621907000} reason=New time signal systemClockUpdateThreshold=2000 absTimeDifference=731
06-08 16:11:46.555 2353 2767 D NetworkController.MobileSignalController(1): onServiceStateChanged slotId=0 subId=1 voiceState=0 dataState=0 FiveGConnected= false dataType= 15
06-08 16:11:46.577 2353 2767 D NetworkController.MobileSignalController(1): onServiceStateChanged slotId=0 subId=1 voiceState=0 dataState=0 FiveGConnected= false dataType= 15
06-08 16:11:46.652 2353 2767 D NetworkController.MobileSignalController(1): onServiceStateChanged slotId=0 subId=1 voiceState=0 dataState=0 FiveGConnected= false dataType= 13
06-08 16:11:46.677 1757 2272 D ConnectivityService: NetworkAgentInfo [MOBILE (LTE) - 106] EVENT_NETWORK_INFO_CHANGED, going from CONNECTED to CONNECTED
06-08 16:11:46.691 1757 2272 E Nat464Xlat: getConfig: For config := persist.vendor.net.doxlat returned value := true
06-08 16:11:46.981 1757 1956 W BroadcastQueue: Background execution not allowed: receiving Intent { act=miui.intent.action.AI_APP_PREDICT flg=0x10 (has extras) } to com.miui.powerkeeper/.ai.AIEventReceiver
06-08 16:11:47.458 1757 9191 D PerfShielderService: com.android.browser|com.android.browser/com.android.browser.BrowserActivity|502|7687860508573|284|0|15
06-08 16:11:47.459 3777 5973 W MiuiPerfServiceClient: interceptAndQueuing:4703|com.android.browser|502|284|unknown|null|com.android.browser/com.android.browser.BrowserActivity|7687860508573|Slow main thread|15
06-08 16:11:51.571 1757 3562 E NotificationService: Error creating vibration waveform with pattern: [0]
06-08 16:11:53.784 1757 4531 E WifiService: Permission violation - getScanResults not allowed for uid=10181, packageName=com.google.android.gms, reason=java.lang.SecurityException: Location mode is disabled for the device
06-08 16:12:06.611 1757 2957 E NotificationService: Error creating vibration waveform with pattern: [0]
06-08 16:12:12.690 1757 2036 V DisplayPowerController: Brightness [15] reason changing to: 'automatic [ dim ]', previous reason: 'automatic'.
06-08 16:12:13.786 1757 2957 E WifiService: Permission violation - getScanResults not allowed for uid=10181, packageName=com.google.android.gms, reason=java.lang.SecurityException: Location mode is disabled for the device
06-08 16:12:15.812 1757 2036 V DisplayPowerController: Brightness [2047] reason changing to: 'automatic', previous reason: 'automatic [ dim ]'.
06-08 16:12:15.820 1757 2036 D AutomaticBrightnessControllerInjector: updateSlideAnimationDuration: reason: auto_brighten, new duration: 4314
06-08 16:12:15.823 1757 1757 V SettingsProvider: Notifying for 0: content://settings/system/slider_animation_duration
06-08 16:12:21.637 1757 2957 E NotificationService: Error creating vibration waveform with pattern: [0]
06-08 16:12:23.277 2353 2767 D NetworkController.MobileSignalController(1): onServiceStateChanged slotId=0 subId=1 voiceState=0 dataState=0 FiveGConnected= false dataType= 13
06-08 16:12:23.294 1757 2272 D ConnectivityService: NetworkAgentInfo [MOBILE (LTE) - 106] EVENT_NETWORK_INFO_CHANGED, going from CONNECTED to CONNECTED
06-08 16:12:23.647 1757 2272 E Nat464Xlat: getConfig: For config := persist.vendor.net.doxlat returned value := true
06-08 16:12:24.008 2353 2767 D NetworkController.MobileSignalController(1): onServiceStateChanged slotId=0 subId=1 voiceState=0 dataState=0 FiveGConnected= false dataType= 13
06-08 16:12:24.030 1757 2272 D ConnectivityService: NetworkAgentInfo [MOBILE (LTE) - 106] EVENT_NETWORK_INFO_CHANGED, going from CONNECTED to CONNECTED
06-08 16:12:33.778 1757 9221 E WifiService: Permission violation - getScanResults not allowed for uid=10181, packageName=com.google.android.gms, reason=java.lang.SecurityException: Location mode is disabled for the device
06-08 16:12:36.624 1757 4531 E NotificationService: Error creating vibration waveform with pattern: [0]
06-08 16:12:37.078 1757 2733 V LocationPolicy: writePolicyLocked()
06-08 16:12:43.971 1757 1971 W NetworkStatsFactorySysApp: stats=NetworkStatsSysApp: elapsedRealtime=23972460
06-08 16:12:43.971 1757 1971 W NetworkStatsFactorySysApp: [0] iface=rmnet_data1 nameOrHashs=2463678812787075199 rxBytes=36352 rxPackets=142 txBytes=36352 txPackets=142 [1] iface=rmnet_data1 nameOrHashs=15360284826224562093 rxBytes=25335 rxPackets=66 txBytes=11171 txPackets=78 [2] iface=rmnet_data1 nameOrHashs=12147314186442659468 rxBytes=57053 rxPackets=159 txBytes=40043 txPackets=235 [3] iface=rmnet_data1 nameOrHashs=4859101771987231424 rxBytes=2544 rxPackets=20 txBytes=2791 txPackets=31 [4] iface=rmnet_data1 nameOrHashs=13413145894021867311 rxBytes=224312 rxPackets=298 txBytes=54248 txPackets=342 [5] iface=rmnet_data2 nameOrHashs=5381 rxBytes=840 rxPackets=10 txBytes=1090 txPackets=10 [6] iface=rmnet_data1 nameOrHashs=13203530503623258350 rxBytes=4728 rxPackets=15 txBytes=2118 txPackets=20 [7] iface=rmnet_data1 nameOrHashs=18446744073709551615 rxBytes=1512 rxPackets=3 txBytes=52 txPackets=1 [8] iface=rmnet_data1 nameOrHashs=5381 rxBytes=33109 rxPackets=149 txBytes=24709 txPackets=190
06-08 16:12:44.132 2353 2767 D NetworkController.MobileSignalController(1): onServiceStateChanged slotId=0 subId=1 voiceState=0 dataState=0 FiveGConnected= false dataType= 13
06-08 16:12:44.158 1757 2272 D ConnectivityService: NetworkAgentInfo [MOBILE (LTE) - 106] EVENT_NETWORK_INFO_CHANGED, going from CONNECTED to CONNECTED
06-08 16:12:44.840 2353 2767 D NetworkController.MobileSignalController(1): onServiceStateChanged slotId=0 subId=1 voiceState=0 dataState=0 FiveGConnected= false dataType= 13
06-08 16:12:44.864 1757 2272 D ConnectivityService: NetworkAgentInfo [MOBILE (LTE) - 106] EVENT_NETWORK_INFO_CHANGED, going from CONNECTED to CONNECTED
06-08 16:12:46.662 1757 9222 E NotificationService: Error creating vibration waveform with pattern: [0]
06-08 16:12:53.781 1757 2733 E WifiService: Permission violation - getScanResults not allowed for uid=10181, packageName=com.google.android.gms, reason=java.lang.SecurityException: Location mode is disabled for the device
06-08 16:13:06.714 1757 4531 E NotificationService: Error creating vibration waveform with pattern: [0]
06-08 16:13:13.795 1757 2733 E WifiService: Permission violation - getScanResults not allowed for uid=10181, packageName=com.google.android.gms, reason=java.lang.SecurityException: Location mode is disabled for the device
06-08 16:13:25.986 1757 2036 V DisplayPowerController: Brightness [15] reason changing to: 'automatic [ dim ]', previous reason: 'automatic'.
06-08 16:13:26.003 1757 2036 D AutomaticBrightnessControllerInjector: updateSlideAnimationDuration: reason: auto_darken, new duration: 26026
06-08 16:13:26.006 1757 1757 V SettingsProvider: Notifying for 0: content://settings/system/slider_animation_duration
06-08 16:13:27.295 1757 2036 V DisplayPowerController: Brightness [2047] reason changing to: 'automatic', previous reason: 'automatic [ dim ]'.
06-08 16:13:27.307 1757 2036 D AutomaticBrightnessControllerInjector: updateSlideAnimationDuration: reason: auto_brighten, new duration: 4314
06-08 16:13:27.309 1757 1757 V SettingsProvider: Notifying for 0: content://settings/system/slider_animation_duration
06-08 16:13:33.799 1757 4531 E WifiService: Permission violation - getScanResults not allowed for uid=10181, packageName=com.google.android.gms, reason=java.lang.SecurityException: Location mode is disabled for the device
06-08 16:13:46.769 1757 2733 E NotificationService: Error creating vibration waveform with pattern: [0]
06-08 16:13:53.807 1757 9221 E WifiService: Permission violation - getScanResults not allowed for uid=10181, packageName=com.google.android.gms, reason=java.lang.SecurityException: Location mode is disabled for the device
06-08 16:13:58.434 1757 1971 E BatteryExternalStatsWorker: no controller energy info supplied for bluetooth
06-08 16:13:58.482 1757 1971 W NetworkStatsFactorySysApp: stats=NetworkStatsSysApp: elapsedRealtime=24046971
06-08 16:13:58.482 1757 1971 W NetworkStatsFactorySysApp: [0] iface=wlan0 nameOrHashs=12147314186442659468 rxBytes=13696 rxPackets=41 txBytes=11669 txPackets=60 [1] iface=wlan0 nameOrHashs=15360284826224562093 rxBytes=3994 rxPackets=9 txBytes=1539 txPackets=11 [2] iface=wlan0 nameOrHashs=18446744073709551615 rxBytes=232 rxPackets=5 txBytes=232 txPackets=5 [3] iface=wlan0 nameOrHashs=13413145894021867311 rxBytes=323264 rxPackets=398 txBytes=64023 txPackets=393 [4] iface=wlan0 nameOrHashs=3518763049745578179 rxBytes=4369 rxPackets=8 txBytes=1866 txPackets=13 [5] iface=wlan0 nameOrHashs=16020371398875508808 rxBytes=146230 rxPackets=92 txBytes=5421 txPackets=94 [6] iface=wlan0 nameOrHashs=5381 rxBytes=8048 rxPackets=52 txBytes=10406 txPackets=52 [7] iface=wlan0 nameOrHashs=2463678812787075199 rxBytes=3072 rxPackets=12 txBytes=3072 txPackets=12
06-08 16:13:58.491 1757 1971 W NetworkStatsFactorySysApp: stats=NetworkStatsSysApp: elapsedRealtime=24046981
06-08 16:13:58.491 1757 1971 W NetworkStatsFactorySysApp: [0] iface=rmnet_data1 nameOrHashs=2463678812787075199 rxBytes=36864 rxPackets=144 txBytes=36864 txPackets=144 [1] iface=rmnet_data1 nameOrHashs=15360284826224562093 rxBytes=25335 rxPackets=66 txBytes=11171 txPackets=78 [2] iface=rmnet_data1 nameOrHashs=12147314186442659468 rxBytes=57053 rxPackets=159 txBytes=40043 txPackets=235 [3] iface=rmnet_data1 nameOrHashs=4859101771987231424 rxBytes=2544 rxPackets=20 txBytes=2791 txPackets=31 [4] iface=rmnet_data1 nameOrHashs=13413145894021867311 rxBytes=224312 rxPackets=298 txBytes=54248 txPackets=342 [5] iface=rmnet_data2 nameOrHashs=5381 rxBytes=840 rxPackets=10 txBytes=1090 txPackets=10 [6] iface=rmnet_data1 nameOrHashs=13203530503623258350 rxBytes=4728 rxPackets=15 txBytes=2118 txPackets=20 [7] iface=rmnet_data1 nameOrHashs=18446744073709551615 rxBytes=1512 rxPackets=3 txBytes=52 txPackets=1 [8] iface=rmnet_data1 nameOrHashs=5381 rxBytes=33109 rxPackets=149 txBytes=24709 txPackets=190
06-08 16:14:01.786 1757 4531 E NotificationService: Error creating vibration waveform with pattern: [0]
06-08 16:14:08.154 1757 2036 V DisplayPowerController: Brightness [15] reason changing to: 'automatic [ dim ]', previous reason: 'automatic'.
06-08 16:14:08.163 1757 2036 D AutomaticBrightnessControllerInjector: updateSlideAnimationDuration: reason: auto_darken, new duration: 26026
06-08 16:14:08.166 1757 1757 V SettingsProvider: Notifying for 0: content://settings/system/slider_animation_duration
06-08 16:14:08.435 1757 2036 V DisplayPowerController: Brightness [2047] reason changing to: 'automatic', previous reason: 'automatic [ dim ]'.
06-08 16:14:08.442 1757 2036 D AutomaticBrightnessControllerInjector: updateSlideAnimationDuration: reason: auto_brighten, new duration: 3948
06-08 16:14:08.445 1757 1757 V SettingsProvider: Notifying for 0: content://settings/system/slider_animation_duration
06-08 16:14:16.805 1757 4531 E NotificationService: Error creating vibration waveform with pattern: [0]
06-08 16:14:17.169 1757 2733 E WifiService: Permission violation - getScanResults not allowed for uid=10181, packageName=com.google.android.gms, reason=java.lang.SecurityException: Location mode is disabled for the device
06-08 16:14:26.242 1757 2272 E Nat464Xlat: getConfig: For config := persist.vendor.net.doxlat returned value := true
06-08 16:14:26.270 2353 2767 D NetworkController.MobileSignalController(1): onServiceStateChanged slotId=0 subId=1 voiceState=0 dataState=0 FiveGConnected= false dataType= 13
06-08 16:14:26.289 1757 2272 D ConnectivityService: NetworkAgentInfo [MOBILE (LTE) - 106] EVENT_NETWORK_INFO_CHANGED, going from CONNECTED to CONNECTED
06-08 16:14:26.537 1757 2272 E Nat464Xlat: getConfig: For config := persist.vendor.net.doxlat returned value := true
06-08 16:14:27.199 2353 2767 D NetworkController.MobileSignalController(1): onServiceStateChanged slotId=0 subId=1 voiceState=0 dataState=0 FiveGConnected= false dataType= 13
