06-08 15:49:03.175 1757 9222 W BaseMiuiPhoneWindowManager: keyCode:4 down:true eventTime:7091833 downTime:7091833 policyFlags:2b000002 flags:48 deviceId:-1 isScreenOn:true keyguardActive:false repeatCount:0
06-08 15:49:03.307 1757 9222 W BaseMiuiPhoneWindowManager: keyCode:4 down:false eventTime:7091966 downTime:7091833 policyFlags:2b000002 flags:48 deviceId:-1 isScreenOn:true keyguardActive:false repeatCount:0
06-08 15:49:03.323 1757 9190 I ActivityTaskManager: moveTaskToBack: TaskRecord{764c67 #1191 A=android.task.browser U=0 StackId=74 sz=1}
06-08 15:49:03.331 31405 31405 W ActivityThread: SCHED: com.android.browser/.BrowserActivity [72, r=6030ms, a=2236ms, w=75538ms]
06-08 15:49:03.360 1757 4531 I Timeline: Timeline: App_transition_ready time:7092019
06-08 15:49:03.361 1757 1925 I Timeline: Timeline: App_transition_ready time:7092021
06-08 15:49:03.366 1757 1924 I set_top_app: success /proc/23537/top_app:1
06-08 15:49:03.367 1757 1924 I set_top_app: success /proc/26878/top_app:2
06-08 15:49:03.367 1757 1924 I set_top_app: success /proc/31405/top_app:0
06-08 15:49:03.367 1757 1924 I set_top_app: success /proc/31431/top_app:0
06-08 15:49:03.367 1757 1924 I set_top_app: success /proc/31873/top_app:0
06-08 15:49:03.375 1757 4531 I Timeline: Timeline: App_transition_ready time:7092034
06-08 15:49:03.394 1757 9190 I Timeline: Timeline: App_transition_ready time:7092053
06-08 15:49:03.394 1757 9190 I MiuiKnockGestureService: gamemode close knock feature
06-08 15:49:03.394 1757 9190 I MiuiKnockGestureService: native feature not merge
06-08 15:49:03.439 1757 1925 I Timeline: Timeline: App_transition_ready time:7092098
06-08 15:49:04.131 1757 3835 E ClipboardService: Denying clipboard access to com.android.browser, application is not in focus neither is a system service for user 0
06-08 15:49:04.171 1757 2272 D ConnectivityService: releasing NetworkRequest [ TRACK_DEFAULT id=178, [ Capabilities: INTERNET&NOT_RESTRICTED&TRUSTED Uid: 10069] ] (release request)
06-08 15:49:04.217 1757 1925 I Timeline: Timeline: Activity_windows_visible id: ActivityRecord{18c5ccf u0 com.google.android.googlequicksearchbox/com.google.android.apps.gsa.searchnow.SearchNowActivity t1182} time:7092876
06-08 15:49:04.219 1757 1925 I Timeline: Timeline: App_transition_stopped time:7092879
06-08 15:49:05.182 1757 9190 I ActivityManager: Killing 31873:com.android.browser:sandboxed_process0:com.miui.org.chromium.content.app.SandboxedProcessService0/u0a69i44 (adj 0): isolated not needed
06-08 15:49:06.749 1757 3836 E NotificationService: Error creating vibration waveform with pattern: [0]
06-08 15:49:07.999 1757 1956 W BroadcastQueue: Background execution not allowed: receiving Intent { act=miui.intent.action.AI_APP_PREDICT flg=0x10 (has extras) } to com.miui.powerkeeper/.ai.AIEventReceiver
06-08 15:49:16.781 1757 3836 E NotificationService: Error creating vibration waveform with pattern: [0]
06-08 15:49:17.169 1757 2377 E WifiService: Permission violation - getScanResults not allowed for uid=10181, packageName=com.google.android.gms, reason=java.lang.SecurityException: Location mode is disabled for the device
06-08 15:49:31.824 1757 9222 E NotificationService: Error creating vibration waveform with pattern: [0]
06-08 15:49:37.177 1757 3836 E WifiService: Permission violation - getScanResults not allowed for uid=10181, packageName=com.google.android.gms, reason=java.lang.SecurityException: Location mode is disabled for the device
06-08 15:49:51.829 1757 3836 E NotificationService: Error creating vibration waveform with pattern: [0]
06-08 15:49:57.184 1757 3836 E WifiService: Permission violation - getScanResults not allowed for uid=10181, packageName=com.google.android.gms, reason=java.lang.SecurityException: Location mode is disabled for the device
06-08 15:50:06.883 1757 3836 E NotificationService: Error creating vibration waveform with pattern: [0]
06-08 15:50:17.186 1757 4531 E WifiService: Permission violation - getScanResults not allowed for uid=10181, packageName=com.google.android.gms, reason=java.lang.SecurityException: Location mode is disabled for the device
06-08 15:50:21.869 1757 2860 E NotificationService: Error creating vibration waveform with pattern: [0]
06-08 15:50:24.988 1757 1971 W NetworkStatsFactorySysApp: stats=NetworkStatsSysApp: elapsedRealtime=22633477
06-08 15:50:24.988 1757 1971 W NetworkStatsFactorySysApp: [0] iface=rmnet_data1 nameOrHashs=2463678812787075199 rxBytes=32768 rxPackets=128 txBytes=32768 txPackets=128 [1] iface=rmnet_data1 nameOrHashs=15360284826224562093 rxBytes=25335 rxPackets=66 txBytes=11171 txPackets=78 [2] iface=rmnet_data1 nameOrHashs=12147314186442659468 rxBytes=57053 rxPackets=159 txBytes=39908 txPackets=233 [3] iface=rmnet_data1 nameOrHashs=4859101771987231424 rxBytes=2544 rxPackets=20 txBytes=2791 txPackets=31 [4] iface=rmnet_data1 nameOrHashs=13413145894021867311 rxBytes=224312 rxPackets=298 txBytes=54248 txPackets=342 [5] iface=rmnet_data2 nameOrHashs=5381 rxBytes=840 rxPackets=10 txBytes=1090 txPackets=10 [6] iface=rmnet_data1 nameOrHashs=13203530503623258350 rxBytes=4728 rxPackets=15 txBytes=2118 txPackets=20 [7] iface=rmnet_data1 nameOrHashs=18446744073709551615 rxBytes=1512 rxPackets=3 txBytes=52 txPackets=1 [8] iface=rmnet_data1 nameOrHashs=5381 rxBytes=33109 rxPackets=149 txBytes=24709 txPackets=190
06-08 15:50:25.151 1757 2272 E Nat464Xlat: getConfig: For config := persist.vendor.net.doxlat returned value := true
06-08 15:50:25.197 2353 2767 D NetworkController.MobileSignalController(1): onServiceStateChanged slotId=0 subId=1 voiceState=0 dataState=0 FiveGConnected= false dataType= 13
06-08 15:50:25.230 1757 2272 D ConnectivityService: NetworkAgentInfo [MOBILE (LTE) - 106] EVENT_NETWORK_INFO_CHANGED, going from CONNECTED to CONNECTED
06-08 15:50:26.644 2353 2767 D NetworkController.MobileSignalController(1): onServiceStateChanged slotId=0 subId=1 voiceState=0 dataState=0 FiveGConnected= false dataType= 13
06-08 15:50:27.666 1757 3836 W BaseMiuiPhoneWindowManager: keyCode:4 down:true eventTime:7176324 downTime:7176324 policyFlags:2b000002 flags:48 deviceId:-1 isScreenOn:true keyguardActive:false repeatCount:0
06-08 15:50:27.807 1757 3836 W BaseMiuiPhoneWindowManager: keyCode:4 down:false eventTime:7176465 downTime:7176324 policyFlags:2b000002 flags:48 deviceId:-1 isScreenOn:true keyguardActive:false repeatCount:0
06-08 15:50:27.845 23537 23537 W ActivityThread: SCHED: com.google.android.googlequicksearchbox/com.google.android.apps.gsa.searchnow.SearchNowActivity [75, r=2334ms, a=738ms, w=84458ms]
06-08 15:50:27.858 1757 3836 I Timeline: Timeline: App_transition_ready time:7176518
06-08 15:50:27.867 1757 3836 I set_top_app: success /proc/23537/top_app:0
06-08 15:50:27.867 1757 3836 I set_top_app: success /proc/26878/top_app:0
06-08 15:50:27.869 1757 3836 I set_top_app: success /proc/2560/top_app:1
06-08 15:50:27.869 1757 3836 I set_top_app: success /proc/2725/top_app:2
06-08 15:50:27.873 1757 2860 I Timeline: Timeline: App_transition_ready time:7176533
06-08 15:50:27.875 1757 9222 I Timeline: Timeline: App_transition_ready time:7176535
06-08 15:50:27.889 1757 1925 I Timeline: Timeline: App_transition_ready time:7176549
06-08 15:50:27.906 1757 9222 I Timeline: Timeline: App_transition_ready time:7176566
06-08 15:50:27.906 1757 9222 I MiuiKnockGestureService: knock feature changed notify native state:true
06-08 15:50:27.906 1757 9222 I MiuiKnockGestureService: native feature not merge
06-08 15:50:27.911 1757 1925 I Timeline: Timeline: App_transition_ready time:7176571
06-08 15:50:27.948 1757 1925 I Timeline: Timeline: App_transition_ready time:7176608
06-08 15:50:28.416 1757 3835 I Timeline: Timeline: Activity_windows_visible id: ActivityRecord{85a0842 u0 com.miui.home/.launcher.Launcher t1} time:7177075
06-08 15:50:28.421 1757 1925 I Timeline: Timeline: App_transition_stopped time:7177080
06-08 15:50:31.913 1757 9190 E NotificationService: Error creating vibration waveform with pattern: [0]
06-08 15:50:32.590 2560 2560 I Timeline: Timeline: Activity_launch_request time:7181250
06-08 15:50:32.594 1757 9222 I ActivityTaskManager: START u0 {act=android.intent.action.MAIN cat=[android.intent.category.LAUNCHER] flg=0x10200000 cmp=com.miui.gallery/.activity.HomePageActivity bnds=[853,1079][1006,1232] (has extras)} from uid 10085
06-08 15:50:32.626 2560 2560 W ActivityThread: SCHED: com.miui.home/.launcher.Launcher [66, r=229ms, a=115ms, w=4732ms]
06-08 15:50:32.639 1757 1924 I set_top_app: success /proc/2560/top_app:0
06-08 15:50:32.639 1757 1924 I set_top_app: success /proc/2725/top_app:0
06-08 15:50:32.650 1757 9222 I NotificationService: cancelToast pkg=com.miui.home callback=android.app.ITransientNotification$Stub$Proxy@8c5b00f
06-08 15:50:32.650 1757 9222 W NotificationService: Toast already cancelled. pkg=com.miui.home callback=android.app.ITransientNotification$Stub$Proxy@8c5b00f
06-08 15:50:32.658 1757 1957 D Boost : hostingType=activity, hostingName={com.miui.gallery/com.miui.gallery.activity.HomePageActivity}, callerPackage=com.miui.home, isSystem=true, isBoostNeeded=false.
06-08 15:50:32.658 1757 1957 I ActivityManager: Start proc 32434:com.miui.gallery/u0a87 for activity {com.miui.gallery/com.miui.gallery.activity.HomePageActivity} caller=com.miui.home
06-08 15:50:32.699 1757 1925 I Timeline: Timeline: App_transition_ready time:7181359
06-08 15:50:32.705 1757 1924 I set_top_app: success /proc/32434/top_app:1
06-08 15:50:32.866 32434 32434 I SystemConfig: Adding association: com.google.android.as <- com.android.providers.contacts
06-08 15:50:32.866 32434 32434 I SystemConfig: Adding association: com.google.android.as <- com.android.providers.media
06-08 15:50:32.866 32434 32434 I SystemConfig: Adding association: com.google.android.as <- com.android.providers.telephony
06-08 15:50:32.866 32434 32434 I SystemConfig: Adding association: com.google.android.as <- com.android.systemui
06-08 15:50:32.866 32434 32434 I SystemConfig: Adding association: com.google.android.as <- com.google.android.gms
06-08 15:50:32.866 32434 32434 I SystemConfig: Adding association: com.google.android.as <- com.google.android.gsf
06-08 15:50:32.873 32434 32434 W SystemConfig: No directory /product_services/etc/sysconfig, skipping
06-08 15:50:32.873 32434 32434 W SystemConfig: No directory /product_services/etc/permissions, skipping
06-08 15:50:33.065 32434 32434 W Looper : Slow Looper main: Activity com.miui.gallery/.activity.HomePageActivity is 371ms late (wall=0ms running=0ms ClientTransaction{ callbacks=[android.app.servertransaction.TopResumedActivityChangeItem] }) because of 3 msg, msg 2 took 223ms (seq=2 running=123ms runnable=12ms io=73ms late=7ms h=android.app.ActivityThread$H w=110), msg 3 took 146ms (seq=3 running=79ms runnable=17ms io=18ms late=225ms h=android.app.ActivityThread$H w=159)
06-08 15:50:33.127 1757 3836 I MiuiKnockGestureService: gamemode close knock feature
06-08 15:50:33.127 1757 3836 I MiuiKnockGestureService: native feature not merge
06-08 15:50:33.193 1757 1925 I Timeline: Timeline: App_transition_stopped time:7181853
06-08 15:50:33.196 1757 1924 I set_top_app: success /proc/2560/top_app:0
06-08 15:50:33.196 1757 1924 I set_top_app: success /proc/2725/top_app:0
06-08 15:50:33.280 1757 1925 I Timeline: Timeline: Activity_windows_visible id: ActivityRecord{2abb07d u0 com.miui.gallery/.activity.HomePageActivity t1192} time:7181939
06-08 15:50:33.721 1757 1956 V ActivityManager: Attempted to start a foreground service (com.miui.gallery/.scanner.MediaScannerService) with a broken notification (no icon: Notification(channel=com.miui.gallery.MIN pri=0 contentView=null vibrate=null sound=null defaults=0x0 flags=0x40 color=0x00000000 vis=PRIVATE))
06-08 15:50:33.725 1757 1956 I chatty : uid=1000(system) ActivityManager identical 1 line
06-08 15:50:33.726 1757 1956 V ActivityManager: Attempted to start a foreground service (com.miui.gallery/.scanner.MediaScannerService) with a broken notification (no icon: Notification(channel=com.miui.gallery.MIN pri=0 contentView=null vibrate=null sound=null defaults=0x0 flags=0x40 color=0x00000000 vis=PRIVATE))
06-08 15:50:35.151 2353 2767 D NetworkController.MobileSignalController(1): onServiceStateChanged slotId=0 subId=1 voiceState=0 dataState=0 FiveGConnected= false dataType= 13
06-08 15:50:35.190 32434 32464 I Timeline: Timeline: Activity_launch_request time:7183850
06-08 15:50:35.192 1757 9212 I ActivityTaskManager: START u0 {cmp=com.miui.gallery/.activity.InternalPhotoPageActivity} from uid 10087
06-08 15:50:35.202 32434 32434 W ActivityThread: SCHED: com.miui.gallery/.activity.HomePageActivity [89, r=592ms, a=73ms, w=2165ms]
06-08 15:50:35.206 1757 3836 I ActivityTaskManager: The Process com.miui.gallery Already Exists in BG. So sending its PID: 32434
06-08 15:50:35.214 1757 3836 I Timeline: Timeline: App_transition_ready time:7183874
06-08 15:50:35.214 2353 2767 D NetworkController.MobileSignalController(1): onServiceStateChanged slotId=0 subId=1 voiceState=0 dataState=0 FiveGConnected= false dataType= 2
06-08 15:50:35.241 1757 2272 D ConnectivityService: NetworkAgentInfo [MOBILE (EDGE) - 106] EVENT_NETWORK_INFO_CHANGED, going from CONNECTED to CONNECTED
06-08 15:50:35.243 1757 2272 E Nat464Xlat: getConfig: For config := persist.vendor.net.doxlat returned value := true
06-08 15:50:35.292 1757 1957 D Boost : hostingType=content provider, hostingName={com.android.camera/com.xiaomi.camera.parallelservice.provider.ParallelProcessProvider}, callerPackage=com.miui.gallery, isSystem=true, isBoostNeeded=false.
06-08 15:50:35.292 1757 9222 I Timeline: Timeline: App_transition_ready time:7183952
06-08 15:50:35.292 1757 1957 I ActivityManager: Start proc 32562:com.android.camera/u0a83 for content provider {com.android.camera/com.xiaomi.camera.parallelservice.provider.ParallelProcessProvider} caller=com.miui.gallery
06-08 15:50:35.295 1757 9222 I Timeline: Timeline: App_transition_ready time:7183955
06-08 15:50:35.311 1757 1925 I Timeline: Timeline: App_transition_ready time:7183971
06-08 15:50:35.312 1757 1925 I Timeline: Timeline: Activity_windows_visible id: ActivityRecord{20eb25e u0 com.miui.gallery/.activity.InternalPhotoPageActivity t1192} time:7183972
06-08 15:50:35.312 1757 1925 I Timeline: Timeline: App_transition_stopped time:7183972
06-08 15:50:35.506 1757 2860 W ActivityManager: Unable to start service Intent { act=com.miui.extraphoto.action.EXTRA_PHOTO pkg=com.miui.extraphoto } U=0: not found
06-08 15:50:35.656 32434 32508 W BpBinder: Slow Binder: BpBinder transact took 402ms, interface=android.app.IActivityManager, code=20 oneway=false
06-08 15:50:37.143 1757 3836 E WifiService: Permission violation - getScanResults not allowed for uid=10181, packageName=com.google.android.gms, reason=java.lang.SecurityException: Location mode is disabled for the device
06-08 15:50:37.271 1757 1956 W BroadcastQueue: Background execution not allowed: receiving Intent { act=miui.intent.action.AI_APP_PREDICT flg=0x10 (has extras) } to com.miui.powerkeeper/.ai.AIEventReceiver
06-08 15:50:38.713 1757 2860 D timedetector.SimpleTimeDetectorStrategy: adjustAndSetDeviceSystemClock: Not setting system clock. New time and system clock are close enough. elapsedRealtimeMillis=22647203 newTime=TimestampedValue{mReferenceTimeMillis=22647195, mValue=1591620639000} reason=New time signal systemClockUpdateThreshold=2000 absTimeDifference=295
06-08 15:50:46.090 4030 4121 D miui.face.transplant: face release complete
06-08 15:50:46.925 1757 9222 E NotificationService: Error creating vibration waveform with pattern: [0]
06-08 15:50:49.761 2353 2767 D NetworkController.MobileSignalController(1): onServiceStateChanged slotId=0 subId=1 voiceState=0 dataState=0 FiveGConnected= false dataType= 2
06-08 15:50:50.992 2353 2767 D NetworkController.MobileSignalController(1): onServiceStateChanged slotId=0 subId=1 voiceState=0 dataState=0 FiveGConnected= false dataType= 2
06-08 15:50:51.055 2353 2767 D NetworkController.MobileSignalController(1): onServiceStateChanged slotId=0 subId=1 voiceState=0 dataState=0 FiveGConnected= false dataType= 3
06-08 15:50:51.083 1757 2272 D ConnectivityService: NetworkAgentInfo [MOBILE (UMTS) - 106] EVENT_NETWORK_INFO_CHANGED, going from CONNECTED to CONNECTED
06-08 15:50:51.087 1757 2272 E Nat464Xlat: getConfig: For config := persist.vendor.net.doxlat returned value := true
06-08 15:50:51.440 1757 1971 E BatteryExternalStatsWorker: no controller energy info supplied for bluetooth
06-08 15:50:51.515 1757 1971 W NetworkStatsFactorySysApp: stats=NetworkStatsSysApp: elapsedRealtime=22660004
06-08 15:50:51.515 1757 1971 W NetworkStatsFactorySysApp: [0] iface=wlan0 nameOrHashs=12147314186442659468 rxBytes=13696 rxPackets=41 txBytes=11669 txPackets=60 [1] iface=wlan0 nameOrHashs=15360284826224562093 rxBytes=3994 rxPackets=9 txBytes=1539 txPackets=11 [2] iface=wlan0 nameOrHashs=18446744073709551615 rxBytes=232 rxPackets=5 txBytes=232 txPackets=5 [3] iface=wlan0 nameOrHashs=13413145894021867311 rxBytes=323264 rxPackets=398 txBytes=64023 txPackets=393 [4] iface=wlan0 nameOrHashs=3518763049745578179 rxBytes=4369 rxPackets=8 txBytes=1866 txPackets=13 [5] iface=wlan0 nameOrHashs=16020371398875508808 rxBytes=146230 rxPackets=92 txBytes=5421 txPackets=94 [6] iface=wlan0 nameOrHashs=5381 rxBytes=8048 rxPackets=52 txBytes=10406 txPackets=52 [7] iface=wlan0 nameOrHashs=2463678812787075199 rxBytes=3072 rxPackets=12 txBytes=3072 txPackets=12
06-08 15:50:51.525 1757 1971 W NetworkStatsFactorySysApp: stats=NetworkStatsSysApp: elapsedRealtime=22660014
06-08 15:50:51.525 1757 1971 W NetworkStatsFactorySysApp: [0] iface=rmnet_data1 nameOrHashs=2463678812787075199 rxBytes=33024 rxPackets=129 txBytes=33024 txPackets=129 [1] iface=rmnet_data1 nameOrHashs=15360284826224562093 rxBytes=25335 rxPackets=66 txBytes=11171 txPackets=78 [2] iface=rmnet_data1 nameOrHashs=12147314186442659468 rxBytes=57053 rxPackets=159 txBytes=40043 txPackets=235 [3] iface=rmnet_data1 nameOrHashs=4859101771987231424 rxBytes=2544 rxPackets=20 txBytes=2791 txPackets=31 [4] iface=rmnet_data1 nameOrHashs=13413145894021867311 rxBytes=224312 rxPackets=298 txBytes=54248 txPackets=342 [5] iface=rmnet_data2 nameOrHashs=5381 rxBytes=840 rxPackets=10 txBytes=1090 txPackets=10 [6] iface=rmnet_data1 nameOrHashs=13203530503623258350 rxBytes=4728 rxPackets=15 txBytes=2118 txPackets=20 [7] iface=rmnet_data1 nameOrHashs=18446744073709551615 rxBytes=1512 rxPackets=3 txBytes=52 txPackets=1 [8] iface=rmnet_data1 nameOrHashs=5381 rxBytes=33109 rxPackets=149 txBytes=24709 txPackets=190
06-08 15:50:52.695 2353 2767 D NetworkController.MobileSignalController(1): onServiceStateChanged slotId=0 subId=1 voiceState=0 dataState=0 FiveGConnected= false dataType= 15
06-08 15:50:52.720 1757 2272 D ConnectivityService: NetworkAgentInfo [MOBILE (HSPA+) - 106] EVENT_NETWORK_INFO_CHANGED, going from CONNECTED to CONNECTED
06-08 15:50:53.162 1757 1956 V ActivityManager: Attempted to start a foreground service (com.miui.gallery/.provider.cloudmanager.FileHandleService) with a broken notification (no icon: Notification(channel=com.miui.gallery.MIN pri=0 contentView=null vibrate=null sound=null defaults=0x0 flags=0x40 color=0x00000000 vis=PRIVATE))
06-08 15:50:53.168 1757 1956 V ActivityManager: Attempted to start a foreground service (com.miui.gallery/.provider.cloudmanager.FileHandleService) with a broken notification (no icon: Notification(channel=com.miui.gallery.MIN pri=0 contentView=null vibrate=null sound=null defaults=0x0 flags=0x40 color=0x00000000 vis=PRIVATE))
06-08 15:50:53.440 1757 1955 D ProcessManager: add audio active uid : 10087
06-08 15:50:54.797 1757 1955 D ProcessManager: add temp remove audio inactive uid : 10087
06-08 15:50:55.398 1757 2301 D ProcessManager: real remove inactive uid : 10087 flag : 1
06-08 15:50:56.970 1757 1956 V ActivityManager: Attempted to start a foreground service (com.miui.gallery/.provider.cloudmanager.FileHandleService) with a broken notification (no icon: Notification(channel=com.miui.gallery.MIN pri=0 contentView=null vibrate=null sound=null defaults=0x0 flags=0x40 color=0x00000000 vis=PRIVATE))
06-08 15:50:56.974 1757 1956 V ActivityManager: Attempted to start a foreground service (com.miui.gallery/.provider.cloudmanager.FileHandleService) with a broken notification (no icon: Notification(channel=com.miui.gallery.MIN pri=0 contentView=null vibrate=null sound=null defaults=0x0 flags=0x40 color=0x00000000 vis=PRIVATE))
06-08 15:50:57.171 1757 2860 I DropBoxManagerService: add tag=event_data isTagEnabled=true flags=0x2
06-08 15:50:57.180 1757 3835 E WifiService: Permission violation - getScanResults not allowed for uid=10181, packageName=com.google.android.gms, reason=java.lang.SecurityException: Location mode is disabled for the device
06-08 15:50:57.182 1757 1956 W BroadcastQueue: Background execution not allowed: receiving Intent { act=android.intent.action.DROPBOX_ENTRY_ADDED flg=0x10 (has extras) } to com.google.android.gms/.stats.service.DropBoxEntryAddedReceiver
06-08 15:50:57.185 1757 1956 W BroadcastQueue: Background execution not allowed: receiving Intent { act=android.intent.action.DROPBOX_ENTRY_ADDED flg=0x10 (has extras) } to com.google.android.gms/.chimera.GmsIntentOperationService$PersistentTrustedReceiver
06-08 15:50:57.196 1757 1955 D ProcessManager: add audio active uid : 10087
06-08 15:50:57.292 1757 9222 I DropBoxManagerService: add tag=platform_stats_bookmark isTagEnabled=true flags=0x2
06-08 15:50:57.295 1757 1956 W BroadcastQueue: Background execution not allowed: receiving Intent { act=android.intent.action.DROPBOX_ENTRY_ADDED flg=0x10 (has extras) } to com.google.android.gms/.stats.service.DropBoxEntryAddedReceiver
06-08 15:50:57.295 1757 1956 W BroadcastQueue: Background execution not allowed: receiving Intent { act=android.intent.action.DROPBOX_ENTRY_ADDED flg=0x10 (has extras) } to com.google.android.gms/.chimera.GmsIntentOperationService$PersistentTrustedReceiver
06-08 15:50:58.559 1757 1955 D ProcessManager: add temp remove audio inactive uid : 10087
06-08 15:50:59.161 1757 2301 D ProcessManager: real remove inactive uid : 10087 flag : 1
06-08 15:51:00.157 1757 2272 D ConnectivityService: NetworkAgentInfo [MOBILE (HSPA+) - 106] EVENT_NETWORK_INFO_CHANGED, going from CONNECTED to CONNECTED
06-08 15:51:00.594 2353 2767 D NetworkController.MobileSignalController(1): onServiceStateChanged slotId=0 subId=1 voiceState=0 dataState=0 FiveGConnected= false dataType= 3
06-08 15:51:00.618 1757 2272 D ConnectivityService: NetworkAgentInfo [MOBILE (UMTS) - 106] EVENT_NETWORK_INFO_CHANGED, going from CONNECTED to CONNECTED
06-08 15:51:01.978 1757 3743 E NotificationService: Error creating vibration waveform with pattern: [0]
06-08 15:51:02.039 2353 2767 D NetworkController.MobileSignalController(1): onServiceStateChanged slotId=0 subId=1 voiceState=0 dataState=0 FiveGConnected= false dataType= 15
06-08 15:51:02.064 1757 2272 D ConnectivityService: NetworkAgentInfo [MOBILE (HSPA+) - 106] EVENT_NETWORK_INFO_CHANGED, going from CONNECTED to CONNECTED
06-08 15:51:03.549 1757 3836 I ActivityTaskManager: START u0 {act=com.miui.extraphoto.action.MOTION_PHOTO_REPICK pkg=com.miui.extraphoto cmp=com.miui.extraphoto/.motionphoto.MotionPhotoActivity (has extras)} from uid 10087
06-08 15:51:03.613 32434 32434 W ActivityThread: SCHED: com.miui.gallery/.activity.InternalPhotoPageActivity [60, r=1471ms, a=962ms, w=28358ms]
06-08 15:51:03.627 1757 3836 W ActivityManager: Unbind failed: could not find connection for android.os.BinderProxy@997cd3b
06-08 15:51:03.629 1757 1924 I set_top_app: success /proc/32434/top_app:0
06-08 15:51:03.629 1757 1924 I set_top_app: success /proc/32457/top_app:0
06-08 15:51:03.656 1757 1957 D Boost : hostingType=activity, hostingName={com.miui.extraphoto/com.miui.extraphoto.motionphoto.MotionPhotoActivity}, callerPackage=com.miui.gallery, isSystem=true, isBoostNeeded=false.
06-08 15:51:03.657 1757 1957 I ActivityManager: Start proc 32749:com.miui.extraphoto/u0a82 for activity {com.miui.extraphoto/com.miui.extraphoto.motionphoto.MotionPhotoActivity} caller=com.miui.gallery
06-08 15:51:03.694 1757 1925 I Timeline: Timeline: App_transition_ready time:7212354
06-08 15:51:03.696 1757 1924 I set_top_app: success /proc/32749/top_app:1
06-08 15:51:03.909 1757 1925 I Timeline: Timeline: App_transition_ready time:7212568
06-08 15:51:03.937 1757 4531 I Timeline: Timeline: App_transition_ready time:7212597
06-08 15:51:03.940 1757 4531 I Timeline: Timeline: App_transition_ready time:7212600
06-08 15:51:03.940 1757 4531 I MiuiKnockGestureService: gamemode close knock feature
06-08 15:51:03.941 1757 4531 I MiuiKnockGestureService: native feature not merge
06-08 15:51:04.244 1757 1925 I Timeline: Timeline: App_transition_ready time:7212903
06-08 15:51:04.244 1757 1925 I Timeline: Timeline: Activity_windows_visible id: ActivityRecord{aa241a u0 com.miui.extraphoto/.motionphoto.MotionPhotoActivity t1192} time:7212904
06-08 15:51:04.244 1757 1925 I Timeline: Timeline: App_transition_stopped time:7212904
06-08 15:51:05.806 1757 2272 D ConnectivityService: NetworkAgentInfo [MOBILE (HSPA+) - 106] EVENT_NETWORK_INFO_CHANGED, going from CONNECTED to CONNECTED
06-08 15:51:06.119 1111 2215 E storaged: Faied to open tmp file: /data/misc_ce/0/storaged/storaged.proto_tmp: No such file or directory
06-08 15:51:07.363 2353 2767 D NetworkController.MobileSignalController(1): onServiceStateChanged slotId=0 subId=1 voiceState=0 dataState=0 FiveGConnected= false dataType= 15
06-08 15:51:07.388 2353 2767 D NetworkController.MobileSignalController(1): onServiceStateChanged slotId=0 subId=1 voiceState=0 dataState=0 FiveGConnected= false dataType= 15
06-08 15:51:07.452 2353 2767 D NetworkController.MobileSignalController(1): onServiceStateChanged slotId=0 subId=1 voiceState=0 dataState=0 FiveGConnected= false dataType= 13
06-08 15:51:07.472 1757 2272 D ConnectivityService: NetworkAgentInfo [MOBILE (LTE) - 106] EVENT_NETWORK_INFO_CHANGED, going from CONNECTED to CONNECTED
06-08 15:51:07.477 1757 2272 E Nat464Xlat: getConfig: For config := persist.vendor.net.doxlat returned value := true
06-08 15:51:08.135 2353 2767 D NetworkController.MobileSignalController(1): onServiceStateChanged slotId=0 subId=1 voiceState=0 dataState=0 FiveGConnected= false dataType= 13
06-08 15:51:08.158 1757 2272 D ConnectivityService: NetworkAgentInfo [MOBILE (LTE) - 106] EVENT_NETWORK_INFO_CHANGED, going from CONNECTED to CONNECTED
06-08 15:51:09.060 2353 2767 D NetworkController.MobileSignalController(1): onServiceStateChanged slotId=0 subId=1 voiceState=0 dataState=0 FiveGConnected= false dataType= 13
06-08 15:51:09.077 1757 2272 D ConnectivityService: NetworkAgentInfo [MOBILE (LTE) - 106] EVENT_NETWORK_INFO_CHANGED, going from CONNECTED to CONNECTED
06-08 15:51:09.372 1757 3743 D PerfShielderService: com.miui.extraphoto|com.miui.extraphoto/com.miui.extraphoto.motionphoto.MotionPhotoActivity|136|7217503583075|67|6|5
06-08 15:51:09.403 3777 3801 W MiuiPerfServiceClient: interceptAndQueuing:32749|com.miui.extraphoto|136|67|unknown|null|com.miui.extraphoto/com.miui.extraphoto.motionphoto.MotionPhotoActivity|7217503583075|Slow swap buffers|5
06-08 15:51:10.694 2353 2767 D NetworkController.MobileSignalController(1): onServiceStateChanged slotId=0 subId=1 voiceState=0 dataState=0 FiveGConnected= false dataType= 13
06-08 15:51:10.914 2353 2767 D NetworkController.MobileSignalController(1): onServiceStateChanged slotId=0 subId=1 voiceState=0 dataState=0 FiveGConnected= false dataType= 13
06-08 15:51:10.926 1757 2272 D ConnectivityService: NetworkAgentInfo [MOBILE (LTE) - 106] EVENT_NETWORK_INFO_CHANGED, going from CONNECTED to CONNECTED
06-08 15:51:15.173 826 826 W SurfaceFlingerInspector: Slow frame composition: xiaomi f4 41 prepareFrame took 60 ms
06-08 15:51:15.270 826 826 W SurfaceFlingerInspector: Slow frame composition: xiaomi f4 41 prepareFrame took 58 ms
06-08 15:51:15.365 826 826 W SurfaceFlingerInspector: Slow frame composition: xiaomi f4 41 prepareFrame took 55 ms
06-08 15:51:15.462 826 826 W SurfaceFlingerInspector: Slow frame composition: xiaomi f4 41 prepareFrame took 52 ms
06-08 15:51:16.324 1757 1925 I Timeline: Timeline: Activity_windows_visible id: ActivityRecord{2abb07d u0 com.miui.gallery/.activity.HomePageActivity t1192} time:7224984
06-08 15:51:16.949 1757 1925 I Timeline: Timeline: Activity_windows_visible id: ActivityRecord{20eb25e u0 com.miui.gallery/.activity.InternalPhotoPageActivity t1192} time:7225609
06-08 15:51:16.967 1757 2377 E NotificationService: Error creating vibration waveform with pattern: [0]
06-08 15:51:17.005 1757 1956 V ActivityManager: Attempted to start a foreground service (com.miui.gallery/.scanner.MediaScannerService) with a broken notification (no icon: Notification(channel=com.miui.gallery.MIN pri=0 contentView=null vibrate=null sound=null defaults=0x0 flags=0x40 color=0x00000000 vis=PRIVATE))
06-08 15:51:17.009 1757 1956 I chatty : uid=1000(system) ActivityManager identical 1 line
06-08 15:51:17.015 1757 1956 V ActivityManager: Attempted to start a foreground service (com.miui.gallery/.scanner.MediaScannerService) with a broken notification (no icon: Notification(channel=com.miui.gallery.MIN pri=0 contentView=null vibrate=null sound=null defaults=0x0 flags=0x40 color=0x00000000 vis=PRIVATE))
06-08 15:51:17.152 1757 9212 E WifiService: Permission violation - getScanResults not allowed for uid=10181, packageName=com.google.android.gms, reason=java.lang.SecurityException: Location mode is disabled for the device
06-08 15:51:17.377 32749 32749 W ActivityThread: SCHED: com.miui.extraphoto/.motionphoto.MotionPhotoActivity [72, r=424ms, a=162ms, w=13468ms]
06-08 15:51:17.380 1757 9212 I MiuiKnockGestureService: gamemode close knock feature
06-08 15:51:17.380 1757 9212 I MiuiKnockGestureService: native feature not merge
06-08 15:51:17.384 1757 9212 I Timeline: Timeline: App_transition_ready time:7226044
06-08 15:51:17.385 1757 9212 I Timeline: Timeline: App_transition_stopped time:7226045
06-08 15:51:17.398 1757 1924 I set_top_app: success /proc/32434/top_app:1
06-08 15:51:17.399 1757 1924 I set_top_app: success /proc/32457/top_app:2
06-08 15:51:17.399 1757 1924 I set_top_app: success /proc/32749/top_app:0
06-08 15:51:17.399 1757 1924 I set_top_app: success /proc/305/top_app:0
06-08 15:51:17.427 1757 2377 W ActivityManager: Unable to start service Intent { act=com.miui.extraphoto.action.EXTRA_PHOTO pkg=com.miui.extraphoto } U=0: not found
06-08 15:51:17.453 1757 1971 W NetworkStatsFactorySysApp: stats=NetworkStatsSysApp: elapsedRealtime=22685943
06-08 15:51:17.453 1757 1971 W NetworkStatsFactorySysApp: [0] iface=rmnet_data1 nameOrHashs=2463678812787075199 rxBytes=33024 rxPackets=129 txBytes=33024 txPackets=129 [1] iface=rmnet_data1 nameOrHashs=15360284826224562093 rxBytes=25335 rxPackets=66 txBytes=11171 txPackets=78 [2] iface=rmnet_data1 nameOrHashs=12147314186442659468 rxBytes=57053 rxPackets=159 txBytes=40043 txPackets=235 [3] iface=rmnet_data1 nameOrHashs=4859101771987231424 rxBytes=2544 rxPackets=20 txBytes=2791 txPackets=31 [4] iface=rmnet_data1 nameOrHashs=13413145894021867311 rxBytes=224312 rxPackets=298 txBytes=54248 txPackets=342 [5] iface=rmnet_data2 nameOrHashs=5381 rxBytes=840 rxPackets=10 txBytes=1090 txPackets=10 [6] iface=rmnet_data1 nameOrHashs=13203530503623258350 rxBytes=4728 rxPackets=15 txBytes=2118 txPackets=20 [7] iface=rmnet_data1 nameOrHashs=18446744073709551615 rxBytes=1512 rxPackets=3 txBytes=52 txPackets=1 [8] iface=rmnet_data1 nameOrHashs=5381 rxBytes=33109 rxPackets=149 txBytes=24709 txPackets=190
06-08 15:51:18.012 1757 3743 D PerfShielderService: com.miui.gallery|com.miui.gallery/com.miui.gallery.activity.HomePageActivity|224|7226125869739|57|3|9
06-08 15:51:18.014 3777 3801 W MiuiPerfServiceClient: interceptAndQueuing:32434|com.miui.gallery|224|57|unknown|null|com.miui.gallery/com.miui.gallery.activity.HomePageActivity|7226125869739|Slow handle traversal|9
06-08 15:51:18.425 1757 3743 I ActivityManager: Killing 21685:com.lbe.security.miui:ui/u0a63 (adj 995): empty for 1878s
06-08 15:51:18.436 1757 3743 W BaseMiuiPhoneWindowManager: keyCode:4 down:true eventTime:7227089 downTime:7227089 policyFlags:2b000002 flags:48 deviceId:-1 isScreenOn:true keyguardActive:false repeatCount:0
06-08 15:51:18.464 1757 9229 D ProcessManager: skip restart com.lbe.security.miui:ui because of low mem!
06-08 15:51:18.468 1757 1924 W ActivityManager: setHasOverlayUi called on unknown pid: 21685
06-08 15:51:18.524 1757 2377 W BaseMiuiPhoneWindowManager: keyCode:4 down:false eventTime:7227183 downTime:7227089 policyFlags:2b000002 flags:48 deviceId:-1 isScreenOn:true keyguardActive:false repeatCount:0
06-08 15:51:18.736 32434 32434 W ActivityThread: SCHED: com.miui.gallery/.activity.InternalPhotoPageActivity [77, r=178ms, a=52ms, w=1320ms]
06-08 15:51:18.738 1757 9229 W ActivityManager: Unbind failed: could not find connection for android.os.BinderProxy@7a1e3e9
06-08 15:51:18.753 1757 9229 I Timeline: Timeline: App_transition_ready time:7227412
06-08 15:51:18.753 1757 9229 I Timeline: Timeline: App_transition_stopped time:7227412
06-08 15:51:19.034 1757 2272 E Nat464Xlat: getConfig: For config := persist.vendor.net.doxlat returned value := true
06-08 15:51:19.674 2353 2767 D NetworkController.MobileSignalController(1): onServiceStateChanged slotId=0 subId=1 voiceState=0 dataState=0 FiveGConnected= false dataType= 13
06-08 15:51:19.689 1757 2272 D ConnectivityService: NetworkAgentInfo [MOBILE (LTE) - 106] EVENT_NETWORK_INFO_CHANGED, going from CONNECTED to CONNECTED
06-08 15:51:20.018 2353 2353 I MiuiChargeManager: notifyBatteryStatusChanged: status: 3 isPlugged: 0 level: 81 wireState: -1 chargeSpeed: 0 mWiredChargeType: 0 mWirelessChargeType: 0 chargeDeviceType: -1
06-08 15:51:20.020 5199 5199 D PowerChecker_Service: battery status = 3 plug = 0 level = 81
06-08 15:51:20.179 1757 2377 E NotificationService: Error creating vibration waveform with pattern: [0]
06-08 15:51:21.958 1757 1956 W BroadcastQueue: Background execution not allowed: receiving Intent { act=miui.intent.action.AI_APP_PREDICT flg=0x10 (has extras) } to com.miui.powerkeeper/.ai.AIEventReceiver
06-08 15:51:23.562 32434 32464 I Timeline: Timeline: Activity_launch_request time:7232222
06-08 15:51:23.563 1757 3836 I ActivityTaskManager: START u0 {cmp=com.miui.gallery/.activity.InternalPhotoPageActivity} from uid 10087
06-08 15:51:23.581 32434 32434 W ActivityThread: SCHED: com.miui.gallery/.activity.HomePageActivity [85, r=216ms, a=36ms, w=4823ms]
06-08 15:51:23.582 1757 9190 I ActivityTaskManager: The Process com.miui.gallery Already Exists in BG. So sending its PID: 32434
06-08 15:51:23.587 1757 9190 I Timeline: Timeline: App_transition_ready time:7232246
06-08 15:51:23.654 1757 3836 I Timeline: Timeline: App_transition_ready time:7232313
06-08 15:51:23.655 1757 3836 I Timeline: Timeline: App_transition_ready time:7232315
06-08 15:51:23.668 1757 1925 I Timeline: Timeline: App_transition_ready time:7232327
06-08 15:51:23.668 1757 1925 I Timeline: Timeline: Activity_windows_visible id: ActivityRecord{578b4d9 u0 com.miui.gallery/.activity.InternalPhotoPageActivity t1192} time:7232328
06-08 15:51:23.668 1757 1925 I Timeline: Timeline: App_transition_stopped time:7232328
06-08 15:51:23.896 1757 3836 W ActivityManager: Unable to start service Intent { act=com.miui.extraphoto.action.EXTRA_PHOTO pkg=com.miui.extraphoto } U=0: not found
06-08 15:51:27.164 1757 2377 I ActivityTaskManager: START u0 {act=com.miui.extraphoto.action.MOTION_PHOTO_REPICK pkg=com.miui.extraphoto cmp=com.miui.extraphoto/.motionphoto.MotionPhotoActivity (has extras)} from uid 10087
06-08 15:51:27.189 32434 32434 W ActivityThread: SCHED: com.miui.gallery/.activity.InternalPhotoPageActivity [68, r=151ms, a=69ms, w=3554ms]
06-08 15:51:27.192 1757 2377 W ActivityManager: Unbind failed: could not find connection for android.os.BinderProxy@45155cd
06-08 15:51:27.193 1757 3836 I ActivityTaskManager: The Process com.miui.extraphoto Already Exists in BG. So sending its PID: 32749
06-08 15:51:27.197 1757 3836 I Timeline: Timeline: App_transition_ready time:7235857
06-08 15:51:27.205 1757 1924 I set_top_app: success /proc/32749/top_app:1
06-08 15:51:27.205 1757 1924 I set_top_app: success /proc/305/top_app:2
06-08 15:51:27.206 1757 1924 I set_top_app: success /proc/32434/top_app:0
06-08 15:51:27.206 1757 1924 I set_top_app: success /proc/32457/top_app:0
06-08 15:51:27.229 1757 1925 I Timeline: Timeline: App_transition_ready time:7235889
06-08 15:51:27.252 1757 9190 I Timeline: Timeline: App_transition_ready time:7235912
06-08 15:51:27.253 1757 9190 I Timeline: Timeline: App_transition_ready time:7235913
06-08 15:51:27.254 1757 9190 I MiuiKnockGestureService: gamemode close knock feature
06-08 15:51:27.254 1757 9190 I MiuiKnockGestureService: native feature not merge
06-08 15:51:27.490 1757 1925 I Timeline: Timeline: App_transition_ready time:7236150
06-08 15:51:27.490 1757 1925 I Timeline: Timeline: Activity_windows_visible id: ActivityRecord{c1178f6 u0 com.miui.extraphoto/.motionphoto.MotionPhotoActivity t1192} time:7236150
06-08 15:51:27.490 1757 1925 I Timeline: Timeline: App_transition_stopped time:7236150
06-08 15:51:32.021 1757 9221 E NotificationService: Error creating vibration waveform with pattern: [0]
06-08 15:51:37.186 1757 3836 E WifiService: Permission violation - getScanResults not allowed for uid=10181, packageName=com.google.android.gms, reason=java.lang.SecurityException: Location mode is disabled for the device
06-08 15:51:38.297 1757 2272 E Nat464Xlat: getConfig: For config := persist.vendor.net.doxlat returned value := true
06-08 15:51:38.338 2353 2767 D NetworkController.MobileSignalController(1): onServiceStateChanged slotId=0 subId=1 voiceState=0 dataState=0 FiveGConnected= false dataType= 13
06-08 15:51:38.361 1757 2272 D ConnectivityService: NetworkAgentInfo [MOBILE (LTE) - 106] EVENT_NETWORK_INFO_CHANGED, going from CONNECTED to CONNECTED
06-08 15:51:38.565 1757 1971 W NetworkStatsFactorySysApp: stats=NetworkStatsSysApp: elapsedRealtime=22707055
06-08 15:51:38.565 1757 1971 W NetworkStatsFactorySysApp: [0] iface=rmnet_data1 nameOrHashs=2463678812787075199 rxBytes=33280 rxPackets=130 txBytes=33280 txPackets=130 [1] iface=rmnet_data1 nameOrHashs=15360284826224562093 rxBytes=25335 rxPackets=66 txBytes=11171 txPackets=78 [2] iface=rmnet_data1 nameOrHashs=12147314186442659468 rxBytes=57053 rxPackets=159 txBytes=40043 txPackets=235 [3] iface=rmnet_data1 nameOrHashs=4859101771987231424 rxBytes=2544 rxPackets=20 txBytes=2791 txPackets=31 [4] iface=rmnet_data1 nameOrHashs=13413145894021867311 rxBytes=224312 rxPackets=298 txBytes=54248 txPackets=342 [5] iface=rmnet_data2 nameOrHashs=5381 rxBytes=840 rxPackets=10 txBytes=1090 txPackets=10 [6] iface=rmnet_data1 nameOrHashs=13203530503623258350 rxBytes=4728 rxPackets=15 txBytes=2118 txPackets=20 [7] iface=rmnet_data1 nameOrHashs=18446744073709551615 rxBytes=1512 rxPackets=3 txBytes=52 txPackets=1 [8] iface=rmnet_data1 nameOrHashs=5381 rxBytes=33109 rxPackets=149 txBytes=24709 txPackets=190
06-08 15:51:41.367 826 826 W SurfaceFlingerInspector: Slow frame composition: xiaomi f4 41 prepareFrame took 58 ms
06-08 15:51:41.465 826 826 W SurfaceFlingerInspector: Slow frame composition: xiaomi f4 41 prepareFrame took 55 ms
06-08 15:51:41.563 826 826 W SurfaceFlingerInspector: Slow frame composition: xiaomi f4 41 prepareFrame took 53 ms
06-08 15:51:41.658 826 826 W SurfaceFlingerInspector: Slow frame composition: xiaomi f4 41 prepareFrame took 52 ms
06-08 15:51:42.293 1757 1925 I Timeline: Timeline: Activity_windows_visible id: ActivityRecord{2abb07d u0 com.miui.gallery/.activity.HomePageActivity t1192} time:7250952
06-08 15:51:42.300 1757 1956 V ActivityManager: Attempted to start a foreground service (com.miui.gallery/.scanner.MediaScannerService) with a broken notification (no icon: Notification(channel=com.miui.gallery.MIN pri=0 contentView=null vibrate=null sound=null defaults=0x0 flags=0x40 color=0x00000000 vis=PRIVATE))
06-08 15:51:42.309 1757 1956 V ActivityManager: Attempted to start a foreground service (com.miui.gallery/.scanner.MediaScannerService) with a broken notification (no icon: Notification(channel=com.miui.gallery.MIN pri=0 contentView=null vibrate=null sound=null defaults=0x0 flags=0x40 color=0x00000000 vis=PRIVATE))
06-08 15:51:42.813 1757 1925 I Timeline: Timeline: Activity_windows_visible id: ActivityRecord{578b4d9 u0 com.miui.gallery/.activity.InternalPhotoPageActivity t1192} time:7251473
06-08 15:51:42.878 1757 1956 V ActivityManager: Attempted to start a foreground service (com.miui.gallery/.scanner.MediaScannerService) with a broken notification (no icon: Notification(channel=com.miui.gallery.MIN pri=0 contentView=null vibrate=null sound=null defaults=0x0 flags=0x40 color=0x00000000 vis=PRIVATE))
06-08 15:51:42.886 1757 1956 I chatty : uid=1000(system) ActivityManager identical 1 line
06-08 15:51:42.894 1757 1956 V ActivityManager: Attempted to start a foreground service (com.miui.gallery/.scanner.MediaScannerService) with a broken notification (no icon: Notification(channel=com.miui.gallery.MIN pri=0 contentView=null vibrate=null sound=null defaults=0x0 flags=0x40 color=0x00000000 vis=PRIVATE))
06-08 15:51:43.259 32749 32749 W ActivityThread: SCHED: com.miui.extraphoto/.motionphoto.MotionPhotoActivity [68, r=346ms, a=160ms, w=16030ms]
06-08 15:51:43.264 1757 9229 I MiuiKnockGestureService: gamemode close knock feature
06-08 15:51:43.265 1757 9229 I MiuiKnockGestureService: native feature not merge
06-08 15:51:43.272 1757 9229 I Timeline: Timeline: App_transition_ready time:7251931
06-08 15:51:43.272 1757 9229 I Timeline: Timeline: App_transition_stopped time:7251932
06-08 15:51:43.285 1757 1924 I set_top_app: success /proc/32434/top_app:1
06-08 15:51:43.285 1757 1924 I set_top_app: success /proc/32457/top_app:2
06-08 15:51:43.285 1757 1924 I set_top_app: success /proc/32749/top_app:0
06-08 15:51:43.285 1757 1924 I set_top_app: success /proc/305/top_app:0
06-08 15:51:43.289 1757 9190 W ActivityManager: Unable to start service Intent { act=com.miui.extraphoto.action.EXTRA_PHOTO pkg=com.miui.extraphoto } U=0: not found
06-08 15:51:43.558 1757 9229 D PerfShielderService: com.miui.gallery|com.miui.gallery/com.miui.gallery.activity.HomePageActivity|334|7252052607125|50|3|5
06-08 15:51:43.561 3777 3801 W MiuiPerfServiceClient: interceptAndQueuing:32434|com.miui.gallery|334|50|unknown|null|com.miui.gallery/com.miui.gallery.activity.HomePageActivity|7252052607125|Slow handle traversal|5
06-08 15:51:47.012 1757 2860 E NotificationService: Error creating vibration waveform with pattern: [0]
06-08 15:51:47.856 1757 1956 W BroadcastQueue: Background execution not allowed: receiving Intent { act=miui.intent.action.AI_APP_PREDICT flg=0x10 (has extras) } to com.miui.powerkeeper/.ai.AIEventReceiver
06-08 15:51:50.145 2353 2767 D NetworkController.MobileSignalController(1): onServiceStateChanged slotId=0 subId=1 voiceState=0 dataState=0 FiveGConnected= false dataType= 13
06-08 15:51:56.676 1757 1922 D DEBUG_HOME: setLauncherRotate = false
06-08 15:51:56.676 1757 1922 E DEBUG_HOME: isNextAppTransitionSeemlesslyRotate = mNextAppTransition=TRANSIT_UNSET isStartFromHome() false isBackHome() false isStartActivityFromRecents = false
06-08 15:51:56.677 1757 1922 E DEBUG_HOME: isNextAppTransitionSeemlesslyRotate = mNextAppTransition=TRANSIT_UNSET isStartFromHome() false isBackHome() false isStartActivityFromRecents = false
06-08 15:51:56.776 1757 1922 W Looper : Slow dispatch took 101ms android.ui h=android.os.Handler c=com.android.server.wm.DisplayRotation$OrientationListener$UpdateRunnable@6133a81 m=0
06-08 15:51:56.783 1757 1924 I ActivityTaskManager: Config changes=20000480 {1.0 202mcc1mnc [el_GR] ldltr sw392dp w777dp h366dp 440dpi nrml long hdr widecg land night finger -keyb/v/h -nav/h winConfig={ mBounds=Rect(0, 0 - 2340, 1080) mAppBounds=Rect(72, 0 - 2210, 1080) mWindowingMode=fullscreen mDisplayWindowingMode=fullscreen mActivityType=undefined mAlwaysOnTop=undefined mRotation=ROTATION_90} s.541 themeChanged=1 themeChangedFlags=268466329 extraData = Bundle[{}]}
06-08 15:51:56.893 1757 1924 I ActivityTaskManager: Override config changes=20000480 {1.0 202mcc1mnc [el_GR] ldltr sw392dp w777dp h366dp 440dpi nrml long hdr widecg land night finger -keyb/v/h -nav/h winConfig={ mBounds=Rect(0, 0 - 2340, 1080) mAppBounds=Rect(72, 0 - 2210, 1080) mWindowingMode=fullscreen mDisplayWindowingMode=fullscreen mActivityType=undefined mAlwaysOnTop=undefined mRotation=ROTATION_90} s.541 themeChanged=1 themeChangedFlags=268466329 extraData = Bundle[{}]} for displayId=0
06-08 15:51:56.894 1757 1924 D WindowManager: rotation changed = 1
06-08 15:51:56.913 1757 1924 D MiuiFreeFormGestureController: displayConfigurationChange
06-08 15:51:56.914 1757 1924 D MiuiFreeFormGesturePointerEventListener: updateScreenParams ori:1 mNotchBar:0 mDisplayRotation:1isNotchScreen:true
06-08 15:51:56.923 1757 1924 D MiuiFreeFormGestureController: displayConfigurationChange
06-08 15:51:56.950 1757 1924 D MiuiFreeFormGesturePointerEventListener: updateScreenParams ori:2 mNotchBar:0 mDisplayRotation:1isNotchScreen:true
06-08 15:51:57.173 1757 2860 E WifiService: Permission violation - getScanResults not allowed for uid=10181, packageName=com.google.android.gms, reason=java.lang.SecurityException: Location mode is disabled for the device
06-08 15:51:57.282 2918 2918 W Looper : Slow Looper main: doFrame is 373ms late because of 1 msg, msg 1 took 385ms (seq=398033 running=8ms runnable=12ms io=324ms late=5ms h=android.app.ActivityThread$H w=159)
06-08 15:51:57.316 1757 1925 I Timeline: Timeline: Activity_windows_visible id: ActivityRecord{2abb07d u0 com.miui.gallery/.activity.HomePageActivity t1192} time:7265976
06-08 15:51:57.325 1757 1925 I Timeline: Timeline: Activity_windows_visible id: ActivityRecord{578b4d9 u0 com.miui.gallery/.activity.InternalPhotoPageActivity t1192} time:7265985
06-08 15:51:57.329 1757 4531 I MiuiKnockGestureService: knock feature changed notify native state:true
06-08 15:51:57.329 1757 4531 I MiuiKnockGestureService: native feature not merge
06-08 15:51:57.336 1757 1925 I WindowManager: Screen frozen for +659ms due to Window{984638 u0 com.miui.gallery/com.miui.gallery.activity.InternalPhotoPageActivity}
06-08 15:51:57.436 1757 2860 I MiuiKnockGestureService: gamemode close knock feature
06-08 15:51:57.436 1757 2860 I MiuiKnockGestureService: native feature not merge
06-08 15:51:57.789 1757 3836 D PerfShielderService: com.miui.gallery|com.miui.gallery/com.miui.gallery.activity.InternalPhotoPageActivity|153|7265986275088|80|0|2
06-08 15:51:57.790 3777 3801 W MiuiPerfServiceClient: interceptAndQueuing:32434|com.miui.gallery|153|80|unknown|null|com.miui.gallery/com.miui.gallery.activity.InternalPhotoPageActivity|7265986275088|Slow main thread|2
06-08 15:51:57.886 1757 3836 E NotificationService: Error creating vibration waveform with pattern: [0]
06-08 15:51:57.887 1757 9199 E NotificationService: Muting recently noisy 0|com.miui.securitycenter|20004|null|1000
06-08 15:51:59.233 2353 2767 D NetworkController.MobileSignalController(1): onServiceStateChanged slotId=0 subId=1 voiceState=0 dataState=0 FiveGConnected= false dataType= 13
06-08 15:51:59.255 1757 9199 D PerfShielderService: com.android.systemui|StatusBar|571|7266602267640|418|0|3
06-08 15:51:59.255 3777 3801 W MiuiPerfServiceClient: interceptAndQueuing:2353|com.android.systemui|571|418|unknown|null|StatusBar|7266602267640|Slow main thread|3
06-08 15:51:59.306 2353 2767 D NetworkController.MobileSignalController(1): onServiceStateChanged slotId=0 subId=1 voiceState=0 dataState=0 FiveGConnected= false dataType= 2
06-08 15:51:59.336 1757 2272 D ConnectivityService: NetworkAgentInfo [MOBILE (EDGE) - 106] EVENT_NETWORK_INFO_CHANGED, going from CONNECTED to CONNECTED
06-08 15:51:59.339 1757 2272 E Nat464Xlat: getConfig: For config := persist.vendor.net.doxlat returned value := true
06-08 15:52:05.721 1757 1955 I UsageStatsService: User[0] Flushing usage stats to disk
06-08 15:52:05.810 1757 1955 E AppIdleHistory: Error writing app idle file for user 0
06-08 15:52:12.094 1757 4531 E NotificationService: Error creating vibration waveform with pattern: [0]
06-08 15:52:17.157 1757 3743 E WifiService: Permission violation - getScanResults not allowed for uid=10181, packageName=com.google.android.gms, reason=java.lang.SecurityException: Location mode is disabled for the device
06-08 15:52:20.248 2353 2767 D NetworkController.MobileSignalController(1): onServiceStateChanged slotId=0 subId=1 voiceState=0 dataState=0 FiveGConnected= false dataType= 2
06-08 15:52:21.546 1757 1956 V ActivityManager: Attempted to start a foreground service (com.miui.gallery/.provider.cloudmanager.FileHandleService) with a broken notification (no icon: Notification(channel=com.miui.gallery.MIN pri=0 contentView=null vibrate=null sound=null defaults=0x0 flags=0x40 color=0x00000000 vis=PRIVATE))
06-08 15:52:21.553 1757 1956 V ActivityManager: Attempted to start a foreground service (com.miui.gallery/.provider.cloudmanager.FileHandleService) with a broken notification (no icon: Notification(channel=com.miui.gallery.MIN pri=0 contentView=null vibrate=null sound=null defaults=0x0 flags=0x40 color=0x00000000 vis=PRIVATE))
06-08 15:52:21.568 2353 2767 D NetworkController.MobileSignalController(1): onServiceStateChanged slotId=0 subId=1 voiceState=0 dataState=0 FiveGConnected= false dataType= 2
06-08 15:52:21.646 2353 2767 D NetworkController.MobileSignalController(1): onServiceStateChanged slotId=0 subId=1 voiceState=0 dataState=0 FiveGConnected= false dataType= 3
06-08 15:52:21.680 1757 2272 D ConnectivityService: NetworkAgentInfo [MOBILE (UMTS) - 106] EVENT_NETWORK_INFO_CHANGED, going from CONNECTED to CONNECTED
06-08 15:52:21.686 1757 2272 E Nat464Xlat: getConfig: For config := persist.vendor.net.doxlat returned value := true
06-08 15:52:21.814 1757 1955 D ProcessManager: add audio active uid : 10087
