06-08 09:34:06.478 1757 1924 I chatty : uid=1000(system) android.display expire 4 lines
06-08 09:34:06.514 1757 2733 I chatty : uid=1000(system) Binder:1757_8 expire 1 line
06-08 09:34:06.548 1757 1925 I chatty : uid=1000(system) android.anim expire 3 lines
06-08 09:34:06.621 3304 3304 W BpBinder: Slow Binder: BpBinder transact took 1309ms, interface=android.app.IActivityManager, code=20 oneway=false
06-08 09:34:06.624 3078 3078 W BpBinder: Slow Binder: BpBinder transact took 1410ms, interface=android.app.IActivityManager, code=20 oneway=false
06-08 09:34:06.797 3304 3304 W Looper : Slow Looper main: Long Msg: seq=34 plan=09:34:05.311 late=0ms wall=1486ms running=11ms runnable=67ms io=1ms h=android.app.ActivityThread$H w=145
06-08 09:34:06.865 2918 2918 W Looper : Slow Looper main: Activity com.android.settings/.MainSettings is 390ms late (wall=0ms running=0ms ClientTransaction{ callbacks=[android.app.servertransaction.TopResumedActivityChangeItem] }) because of 1 msg, msg 1 took 391ms (seq=44 running=96ms runnable=68ms io=20ms h=android.app.ActivityThread$H w=159)
06-08 09:34:06.884 1757 2957 I chatty : uid=1000(system) Binder:1757_A expire 2 lines
06-08 09:34:07.040 3078 3078 W Looper : Slow Looper main: Long Msg: seq=46 plan=09:34:05.159 late=12ms wall=1868ms running=49ms runnable=141ms io=33ms h=android.app.ActivityThread$H w=114
06-08 09:34:07.062 1757 1957 I chatty : uid=1000(system) ActivityManager expire 51 lines
06-08 09:34:07.164 1757 1925 I chatty : uid=1000(system) android.anim expire 2 lines
06-08 09:34:07.174 2560 2812 W BpBinder: Slow Binder: BpBinder transact took 279ms, interface=android.app.IActivityManager, code=188 oneway=false
06-08 09:34:07.220 1757 1924 I chatty : uid=1000(system) android.display expire 2 lines
06-08 09:34:07.373 1757 2345 I chatty : uid=1000(system) SyncManager expire 1 line
06-08 09:34:07.508 3909 3909 W Looper : Slow Looper main: Long Msg: seq=2 plan=09:34:05.701 late=7ms wall=1800ms running=345ms runnable=1105ms io=23ms h=android.app.ActivityThread$H w=110
06-08 09:34:07.559 2353 2643 W BpBinder: Slow Binder: BpBinder transact took 2133ms, interface=android.app.IActivityManager, code=20 oneway=false
06-08 09:34:07.646 1757 1757 I chatty : uid=1000 system_server expire 6 lines
06-08 09:34:07.839 4154 4154 W Looper : Slow Looper main: Long Msg: seq=2 plan=09:34:06.375 late=14ms wall=1449ms running=168ms runnable=855ms io=112ms h=android.app.ActivityThread$H w=110
06-08 09:34:08.091 2353 2643 W BpBinder: Slow Binder: BpBinder transact took 531ms, interface=android.content.IContentProvider, code=21 oneway=false
06-08 09:34:08.111 4107 4107 W Looper : Slow Looper main: Long Msg: seq=2 plan=09:34:06.306 late=2ms wall=1802ms running=380ms runnable=701ms io=292ms h=android.app.ActivityThread$H w=110
06-08 09:34:08.112 4287 4287 W Looper : Slow Looper main: Long Msg: seq=2 plan=09:34:06.835 late=2ms wall=1274ms running=231ms runnable=751ms io=197ms h=android.app.ActivityThread$H w=110
06-08 09:34:08.124 4340 4340 D ActivityThread: Loading provider com.miui.securitycenter.remoteprovider: com.miui.common.persistence.RemoteProvider
06-08 09:34:08.129 3304 4492 W BpBinder: Slow Binder: BpBinder transact took 400ms, interface=android.content.IContentProvider, code=1 oneway=false
06-08 09:34:08.145 4107 4107 E ActivityThread: Failed to find provider info for com.miui.whetstone
06-08 09:34:08.155 4396 4396 I SystemConfig: Adding association: com.google.android.as <- com.android.providers.contacts
06-08 09:34:08.155 4396 4396 I SystemConfig: Adding association: com.google.android.as <- com.android.providers.media
06-08 09:34:08.155 4396 4396 I SystemConfig: Adding association: com.google.android.as <- com.android.providers.telephony
06-08 09:34:08.155 4396 4396 I SystemConfig: Adding association: com.google.android.as <- com.android.systemui
06-08 09:34:08.155 4396 4396 I SystemConfig: Adding association: com.google.android.as <- com.google.android.gms
06-08 09:34:08.155 4396 4396 I SystemConfig: Adding association: com.google.android.as <- com.google.android.gsf
06-08 09:34:08.163 4396 4396 W SystemConfig: No directory /product_services/etc/sysconfig, skipping
06-08 09:34:08.163 4396 4396 W SystemConfig: No directory /product_services/etc/permissions, skipping
06-08 09:34:08.196 1757 4531 I chatty : uid=1000(system) Binder:1757_11 expire 1 line
06-08 09:34:08.224 3078 3078 W BpBinder: Slow Binder: BpBinder transact took 928ms, interface=android.app.IActivityManager, code=20 oneway=false
06-08 09:34:08.230 3078 3100 W BpBinder: Slow Binder: BpBinder transact took 202ms, interface=android.content.pm.IPackageManager, code=3 oneway=false
06-08 09:34:08.275 2918 3005 W BpBinder: Slow Binder: BpBinder transact took 1447ms, interface=android.app.IActivityManager, code=20 oneway=false
06-08 09:34:08.275 4213 4213 W BpBinder: Slow Binder: BpBinder transact took 636ms, interface=android.app.IActivityManager, code=20 oneway=false
06-08 09:34:08.280 2353 3862 W BpBinder: Slow Binder: BpBinder transact took 2430ms, interface=android.app.IActivityManager, code=20 oneway=false
06-08 09:34:08.305 4213 4213 W Looper : Slow Looper main: Long Msg: seq=2 plan=09:34:06.525 late=35ms wall=1745ms running=161ms runnable=542ms io=108ms h=android.app.ActivityThread$H w=110
06-08 09:34:08.367 1757 1971 I chatty : uid=1000(system) batterystats-wo expire 3 lines
06-08 09:34:08.405 3304 4494 W BpBinder: Slow Binder: BpBinder transact took 429ms, interface=android.content.IContentProvider, code=1 oneway=false
06-08 09:34:08.528 4053 4539 W BpBinder: Slow Binder: BpBinder transact took 444ms, interface=android.content.pm.IPackageManager, code=13 oneway=false
06-08 09:34:08.612 2353 4420 W BpBinder: Slow Binder: BpBinder transact took 1283ms, interface=android.app.IActivityManager, code=20 oneway=false
06-08 09:34:08.616 3078 3078 W Looper : Slow Looper main: Long Msg: seq=61 plan=09:34:05.362 late=1891ms wall=1363ms running=33ms runnable=118ms io=32ms h=android.app.ActivityThread$H w=121
06-08 09:34:08.654 4628 4628 I SystemConfig: Adding association: com.google.android.as <- com.android.providers.contacts
06-08 09:34:08.654 4628 4628 I SystemConfig: Adding association: com.google.android.as <- com.android.providers.media
06-08 09:34:08.654 4628 4628 I SystemConfig: Adding association: com.google.android.as <- com.android.providers.telephony
06-08 09:34:08.654 4628 4628 I SystemConfig: Adding association: com.google.android.as <- com.android.systemui
06-08 09:34:08.654 4628 4628 I SystemConfig: Adding association: com.google.android.as <- com.google.android.gms
06-08 09:34:08.654 4628 4628 I SystemConfig: Adding association: com.google.android.as <- com.google.android.gsf
06-08 09:34:08.709 4628 4628 W SystemConfig: No directory /product_services/etc/sysconfig, skipping
06-08 09:34:08.709 4628 4628 W SystemConfig: No directory /product_services/etc/permissions, skipping
06-08 09:34:08.741 4183 4183 W Looper : Slow Looper main: Long Msg: seq=2 plan=09:34:06.412 late=2ms wall=2326ms running=387ms runnable=1338ms io=185ms h=android.app.ActivityThread$H w=110
06-08 09:34:08.889 4213 4508 W BpBinder: Slow Binder: BpBinder transact took 860ms, interface=android.app.IActivityManager, code=20 oneway=false
06-08 09:34:08.906 1757 3741 I chatty : uid=1000(system) backup-0 expire 186 lines
06-08 09:34:08.914 2353 3862 W BpBinder: Slow Binder: BpBinder transact took 634ms, interface=android.content.IContentProvider, code=21 oneway=false
06-08 09:34:08.935 4501 4501 W Looper : Slow Looper main: Long Msg: seq=2 plan=09:34:07.661 late=11ms wall=1263ms running=222ms runnable=751ms io=126ms h=android.app.ActivityThread$H w=110
06-08 09:34:08.992 4053 4539 E ActivityThread: Failed to find provider info for com.facebook.katana.provider.AttributionIdProvider
06-08 09:34:09.094 4183 4460 W BpBinder: Slow Binder: BpBinder transact took 1374ms, interface=android.content.IContentProvider, code=1 oneway=false
06-08 09:34:09.098 4364 4395 W BpBinder: Slow Binder: BpBinder transact took 671ms, interface=android.app.IActivityManager, code=20 oneway=false
06-08 09:34:09.241 3746 3746 W BpBinder: Slow Binder: BpBinder transact took 1101ms, interface=com.google.android.apps.gsa.publicsearch.IPublicSearchService, code=2 oneway=false
06-08 09:34:09.244 3746 3746 W Looper : Slow Looper main: Long Msg: seq=13 plan=09:34:08.138 late=1ms wall=1104ms running=2ms h=android.app.ActivityThread$H c=android.app.LoadedApk$ServiceDispatcher$RunConnection
06-08 09:34:09.375 3746 3746 W KeyphraseEnrollmentInfo: No enrollment application supports the given keyphrase/locale: 'X Google'/en_US
06-08 09:34:09.375 3746 3746 W KeyphraseEnrollmentInfo: No enrollment application supports the given keyphrase/locale: 'X Google'/en_US
06-08 09:34:09.381 4364 4699 W BpBinder: Slow Binder: BpBinder transact took 582ms, interface=com.google.android.gms.common.internal.IGmsServiceBroker, code=46 oneway=false
06-08 09:34:09.395 1757 1955 I chatty : uid=1000(system) android.bg expire 1 line
06-08 09:34:09.404 3746 3746 W KeyphraseEnrollmentInfo: No enrollment application supports the given keyphrase/locale: 'X Google'/en_US
06-08 09:34:09.404 3746 3746 W KeyphraseEnrollmentInfo: No enrollment application supports the given keyphrase/locale: 'X Google'/en_US
06-08 09:34:09.406 4030 4147 D miui.face.transplant: init all time=3043intHandlerResult=true
06-08 09:34:09.406 4030 4147 D miui.face.FaceService: change face id
06-08 09:34:09.407 4030 4147 D miui.face.FaceService: removeFace , SharedPreferenceUtil, faceId: 1 res:[]
06-08 09:34:09.453 1757 2223 I chatty : uid=1000(system) Binder:1757_3 expire 1 line
06-08 09:34:09.487 3304 4750 W BpBinder: Slow Binder: BpBinder transact took 325ms, interface=com.google.android.gms.usagereporting.internal.IUsageReportingService, code=8 oneway=false
06-08 09:34:09.554 4340 4941 I SystemConfig: Adding association: com.google.android.as <- com.android.providers.contacts
06-08 09:34:09.554 4340 4941 I SystemConfig: Adding association: com.google.android.as <- com.android.providers.media
06-08 09:34:09.554 4340 4941 I SystemConfig: Adding association: com.google.android.as <- com.android.providers.telephony
06-08 09:34:09.554 4340 4941 I SystemConfig: Adding association: com.google.android.as <- com.android.systemui
06-08 09:34:09.554 4340 4941 I SystemConfig: Adding association: com.google.android.as <- com.google.android.gms
06-08 09:34:09.554 4340 4941 I SystemConfig: Adding association: com.google.android.as <- com.google.android.gsf
06-08 09:34:09.563 4340 4941 W SystemConfig: No directory /product_services/etc/sysconfig, skipping
06-08 09:34:09.563 4340 4941 W SystemConfig: No directory /product_services/etc/permissions, skipping
06-08 09:34:09.618 1757 4962 I chatty : uid=1000(system) first_use_threa expire 1 line
06-08 09:34:09.708 1757 3741 I chatty : uid=1000(system) backup-0 expire 508 lines
06-08 09:34:09.803 1757 1957 I chatty : uid=1000(system) ActivityManager expire 2 lines
06-08 09:34:09.824 1757 3741 I chatty : uid=1000(system) backup-0 expire 764 lines
06-08 09:34:09.879 4340 4340 W Looper : Slow Looper main: Long Msg: seq=2 plan=09:34:07.101 late=4ms wall=2773ms running=435ms runnable=1181ms io=115ms h=android.app.ActivityThread$H w=110
06-08 09:34:09.969 1757 2287 I chatty : uid=1000(system) Binder:1757_4 expire 3 lines
06-08 09:34:09.995 4706 4898 W BpBinder: Slow Binder: BpBinder transact took 242ms, interface=android.app.IActivityManager, code=20 oneway=false
06-08 09:34:09.997 1757 3741 I chatty : uid=1000(system) backup-0 expire 193 lines
06-08 09:34:10.061 1757 3838 I chatty : uid=1000(system) Binder:1757_F expire 3 lines
06-08 09:34:10.183 4963 4963 I SystemConfig: Adding association: com.google.android.as <- com.android.providers.contacts
06-08 09:34:10.183 4963 4963 I SystemConfig: Adding association: com.google.android.as <- com.android.providers.media
06-08 09:34:10.183 4963 4963 I SystemConfig: Adding association: com.google.android.as <- com.android.providers.telephony
06-08 09:34:10.183 4963 4963 I SystemConfig: Adding association: com.google.android.as <- com.android.systemui
06-08 09:34:10.183 4963 4963 I SystemConfig: Adding association: com.google.android.as <- com.google.android.gms
06-08 09:34:10.183 4963 4963 I SystemConfig: Adding association: com.google.android.as <- com.google.android.gsf
06-08 09:34:10.191 1757 1957 I chatty : uid=1000(system) ActivityManager expire 10 lines
06-08 09:34:10.195 4963 4963 W SystemConfig: No directory /product_services/etc/sysconfig, skipping
06-08 09:34:10.195 4963 4963 W SystemConfig: No directory /product_services/etc/permissions, skipping
06-08 09:34:10.242 1757 1803 I chatty : uid=1000(system) Binder:1757_1 expire 1 line
06-08 09:34:10.255 1757 1956 I chatty : uid=1000(system) ActivityManager expire 9 lines
06-08 09:34:10.295 1757 2223 I chatty : uid=1000(system) Binder:1757_3 expire 2 lines
06-08 09:34:10.305 1757 2733 I chatty : uid=1000(system) Binder:1757_8 expire 2 lines
06-08 09:34:10.359 1757 4531 I chatty : uid=1000(system) Binder:1757_11 expire 2 lines
06-08 09:34:10.361 4183 4183 W BpBinder: Slow Binder: BpBinder transact took 247ms, interface=com.google.android.gms.common.internal.IGmsServiceBroker, code=46 oneway=false
06-08 09:34:10.370 1757 2617 I chatty : uid=1000(system) Binder:1757_6 expire 2 lines
06-08 09:34:10.472 1757 3836 I chatty : uid=1000(system) Binder:1757_E expire 4 lines
06-08 09:34:10.518 1757 3562 I chatty : uid=1000(system) Binder:1757_B expire 1 line
06-08 09:34:10.560 1757 1971 I chatty : uid=1000(system) batterystats-wo expire 6 lines
06-08 09:34:10.612 520 540 D vold : Remounting 10116 as mode read
06-08 09:34:10.617 520 540 D vold : Found matching PID 3330
06-08 09:34:10.640 520 540 D vold : Remounting 10116 as mode read
06-08 09:34:10.645 520 540 D vold : Found matching PID 3330
06-08 09:34:10.761 1757 1757 I chatty : uid=1000 system_server expire 1 line
06-08 09:34:10.989 1757 2860 I chatty : uid=1000(system) Binder:1757_9 expire 2 lines
06-08 09:34:11.002 1757 2295 I chatty : uid=1000(system) SecurityWriteHa expire 3 lines
06-08 09:34:11.065 520 540 D vold : Remounting 10209 as mode write
06-08 09:34:11.072 520 3724 D vold : Remounting 10209 as mode write
06-08 09:34:11.078 520 520 D vold : Remounting 10209 as mode write
06-08 09:34:11.087 520 3724 D vold : Remounting 10209 as mode write
06-08 09:34:11.119 520 3724 I chatty : uid=0(root) Binder:520_5 identical 2 lines
06-08 09:34:11.145 520 3724 D vold : Remounting 10209 as mode write
06-08 09:34:11.160 2918 3075 E ActivityThread: Failed to find provider info for com.xiaomi.providers.appindex
06-08 09:34:11.182 2918 3075 I chatty : uid=1000(system) SearchUpdater identical 4 lines
06-08 09:34:11.209 2918 3075 E ActivityThread: Failed to find provider info for com.xiaomi.providers.appindex
06-08 09:34:11.224 1112 1112 W wificond: Scan is not started. Ignore abort request
06-08 09:34:11.257 2918 3075 E ActivityThread: Failed to find provider info for com.xiaomi.providers.appindex
06-08 09:34:11.262 2918 3075 E ActivityThread: Failed to find provider info for com.xiaomi.providers.appindex
06-08 09:34:11.311 520 3724 D vold : Remounting 10210 as mode write
06-08 09:34:11.356 520 3724 D vold : Remounting 10210 as mode write
06-08 09:34:11.399 4364 4699 W BpBinder: Slow Binder: BpBinder transact took 731ms, interface=com.google.android.gms.common.internal.IGmsServiceBroker, code=46 oneway=false
06-08 09:34:11.410 520 3724 D vold : Remounting 10210 as mode write
06-08 09:34:11.487 5199 5312 D PowerKeeper.Thermal: ThermalLog: false 45 43 300000 600000 4 2 20 10 60000 120000 false
06-08 09:34:11.698 5199 5199 D PowerKeeper.FrozenApp: mKernelThawedFrozenEnabled = false
06-08 09:34:11.708 1757 5166 I chatty : uid=1000(system) Binder:1757_12 expire 3 lines
06-08 09:34:11.732 1757 3835 I chatty : uid=1000(system) Binder:1757_D expire 1 line
06-08 09:34:11.751 3304 5229 W BpBinder: Slow Binder: BpBinder transact took 794ms, interface=com.android.internal.os.IDropBoxManagerService, code=3 oneway=false
06-08 09:34:11.761 5074 5108 W BpBinder: Slow Binder: BpBinder transact took 1504ms, interface=com.android.internal.os.IDropBoxManagerService, code=1598311760 oneway=false
06-08 09:34:11.768 3777 3951 W BpBinder: Slow Binder: BpBinder transact took 1866ms, interface=miui.mqsas.IMQSNative, code=1 oneway=false
06-08 09:34:11.798 520 3724 D vold : Remounting 10219 as mode write
06-08 09:34:11.808 520 3724 D vold : Remounting 10219 as mode write
06-08 09:34:11.823 520 540 D vold : Remounting 10219 as mode write
06-08 09:34:11.829 520 520 D vold : Remounting 10219 as mode write
06-08 09:34:11.859 520 3724 D vold : Remounting 10207 as mode default
06-08 09:34:11.863 520 3724 D vold : Found matching PID 4053
06-08 09:34:11.879 520 3724 D vold : Remounting 10207 as mode default
06-08 09:34:11.884 520 3724 D vold : Found matching PID 4053
06-08 09:34:11.906 520 520 D vold : Remounting 10207 as mode default
06-08 09:34:11.911 4183 4460 W BpBinder: Slow Binder: BpBinder transact took 1396ms, interface=com.google.android.gms.measurement.internal.IMeasurementService, code=11 oneway=false
06-08 09:34:11.912 520 520 D vold : Found matching PID 4053
06-08 09:34:11.925 1757 4296 I chatty : uid=1000(system) Binder:1757_10 expire 1 line
06-08 09:34:11.927 3078 3537 W BpBinder: Slow Binder: BpBinder transact took 324ms, interface=com.google.android.gms.common.internal.IGmsServiceBroker, code=46 oneway=false
06-08 09:34:11.934 520 520 D vold : Remounting 10207 as mode default
06-08 09:34:11.947 5199 5199 E PeSchedController: parse default config error: java.io.FileNotFoundException: default_perf_config
06-08 09:34:11.956 520 520 D vold : Found matching PID 4053
06-08 09:34:11.970 3863 3863 W Looper : Slow Looper main: Long Msg: seq=3 plan=09:34:05.815 late=14ms wall=6140ms running=15ms runnable=23ms h=android.app.ActivityThread$H w=114
06-08 09:34:11.986 520 520 D vold : Remounting 10207 as mode default
06-08 09:34:11.991 520 520 D vold : Found matching PID 4053
06-08 09:34:12.013 520 520 D vold : Remounting 10207 as mode default
06-08 09:34:12.034 520 520 D vold : Found matching PID 4053
06-08 09:34:12.064 5199 5384 D PowerCheckerService: enable slog the cpu usage
06-08 09:34:12.103 5199 5199 I power.sleep: readFromDb ss: state=1 previous=0x0 restore=0x0 noti=0 rebootTime=
06-08 09:34:12.104 5199 5393 I power.sleep: startNightClockTimer
06-08 09:34:12.106 520 520 D vold : Remounting 10213 as mode write
06-08 09:34:12.129 520 520 I chatty : uid=0(root) Binder:520_2 identical 2 lines
06-08 09:34:12.137 520 520 D vold : Remounting 10213 as mode write
06-08 09:34:12.138 5199 5394 D PowerKeeper.Thermal: ThermalLog: false 45 43 300000 600000 4 2 20 10 60000 120000 false
06-08 09:34:12.142 520 3724 D vold : Remounting 10213 as mode write
06-08 09:34:12.156 520 3724 D vold : Remounting 10213 as mode write
06-08 09:34:12.433 520 3724 D vold : Remounting 10218 as mode write
06-08 09:34:12.441 520 520 D vold : Remounting 10218 as mode write
06-08 09:34:12.449 520 3724 D vold : Remounting 10218 as mode write
06-08 09:34:12.456 520 520 D vold : Remounting 10218 as mode write
06-08 09:34:12.469 520 520 D vold : Remounting 10218 as mode write
06-08 09:34:12.475 520 520 D vold : Remounting 10218 as mode write
06-08 09:34:12.476 1757 2957 I chatty : uid=1000(system) Binder:1757_A expire 1 line
06-08 09:34:12.693 5285 5285 W Looper : Slow Looper main: Long Msg: seq=2 plan=09:34:11.343 late=13ms wall=1336ms running=238ms runnable=194ms io=285ms h=android.app.ActivityThread$H w=110
06-08 09:34:13.073 2918 3075 E ActivityThread: Failed to find provider info for com.xiaomi.providers.appindex
06-08 09:34:13.079 2918 3075 E ActivityThread: Failed to find provider info for com.xiaomi.providers.appindex
06-08 09:34:13.085 2918 3075 E ActivityThread: Failed to find provider info for com.xiaomi.providers.appindex
06-08 09:34:13.088 2918 3075 E ActivityThread: Failed to find provider info for com.xiaomi.providers.appindex
06-08 09:34:13.096 1112 1112 W wificond: Scan is not started. Ignore abort request
06-08 09:34:13.633 1757 5530 I chatty : uid=1000 system_server expire 10 lines
06-08 09:34:13.666 1757 1957 I chatty : uid=1000(system) ActivityManager expire 49 lines
06-08 09:34:13.707 4107 4683 E ActivityThread: Failed to find provider info for com.miui.gallery.scanner
06-08 09:34:13.794 4107 4683 I chatty : uid=10070(com.android.providers.media) android.process.media identical 36 lines
06-08 09:34:13.796 4107 4683 E ActivityThread: Failed to find provider info for com.miui.gallery.scanner
06-08 09:34:14.090 3118 5272 W BpBinder: Slow Binder: BpBinder transact took 2394ms, interface=android.content.IContentProvider, code=1 oneway=false
06-08 09:34:14.133 5531 5531 I SystemConfig: Adding association: com.google.android.as <- com.android.providers.contacts
06-08 09:34:14.134 5531 5531 I SystemConfig: Adding association: com.google.android.as <- com.android.providers.media
06-08 09:34:14.134 5531 5531 I SystemConfig: Adding association: com.google.android.as <- com.android.providers.telephony
06-08 09:34:14.134 5531 5531 I SystemConfig: Adding association: com.google.android.as <- com.android.systemui
06-08 09:34:14.134 5531 5531 I SystemConfig: Adding association: com.google.android.as <- com.google.android.gms
06-08 09:34:14.134 5531 5531 I SystemConfig: Adding association: com.google.android.as <- com.google.android.gsf
06-08 09:34:14.148 5531 5531 W SystemConfig: No directory /product_services/etc/sysconfig, skipping
06-08 09:34:14.149 5531 5531 W SystemConfig: No directory /product_services/etc/permissions, skipping
06-08 09:34:14.369 1757 4531 I chatty : uid=1000(system) Binder:1757_11 expire 8 lines
06-08 09:34:14.442 1757 3835 I chatty : uid=1000(system) Binder:1757_D expire 15 lines
06-08 09:34:14.463 5199 5199 D PowerCheckerService: onStartCommand: Intent { act=android.intent.action.BOOT_COMPLETED cmp=com.miui.powerkeeper/.powerchecker.PowerCheckerService }
06-08 09:34:14.635 1757 2295 I chatty : uid=1000(system) SecurityWriteHa expire 6 lines
06-08 09:34:14.647 5199 5199 D PowerChecker_Service: onStartCommand: Intent { act=android.intent.action.BOOT_COMPLETED cmp=com.xiaomi.powerchecker/.PowerCheckerService }
06-08 09:34:14.648 5199 5199 D PowerChecker_Service: battery status = 2 plug = 1 level = 99
06-08 09:34:14.648 5199 5199 D PowerChecker_Service: sendMessage
06-08 09:34:14.652 5199 5650 D PowerChecker_Service: InternalHandler handleMessage MSG_BATTERY_CHARGED_FULL
06-08 09:34:14.678 1757 1971 I chatty : uid=1000(system) batterystats-wo expire 2 lines
06-08 09:34:14.738 1757 4296 I chatty : uid=1000(system) Binder:1757_10 expire 14 lines
06-08 09:34:14.740 1757 1956 I chatty : uid=1000(system) ActivityManager expire 9 lines
06-08 09:34:14.747 1757 1757 I chatty : uid=1000 system_server expire 11 lines
06-08 09:34:14.994 2546 2546 I TelecomFramework: : Carrier-config changed, checking for phone account updates.
06-08 09:34:14.996 3078 5243 E ActivityThread: Failed to find provider info for instantapp-dev-manager
06-08 09:34:15.012 5531 5598 W BpBinder: Slow Binder: BpBinder transact took 647ms, interface=android.app.IActivityManager, code=20 oneway=false
06-08 09:34:15.016 2546 2546 I TelecomFramework: AccountEntry: reRegisterPstnPhoneAccount: subId: 1 - no change
06-08 09:34:15.123 1757 2860 I chatty : uid=1000(system) Binder:1757_9 expire 2 lines
06-08 09:34:15.152 2546 2546 I TelecomFramework: : Carrier-config changed, checking for phone account updates.
06-08 09:34:15.467 1757 2377 I chatty : uid=1000(system) Binder:1757_5 expire 10 lines
06-08 09:34:15.781 5199 5393 D PowerKeeper.Extreme: onChange, extreme enable false
06-08 09:34:15.803 5199 5361 I DeviceIdleController: DeviceIdleController enable
06-08 09:34:15.913 5199 5361 I DeviceIdleController: DeviceIdleController enable end
06-08 09:34:15.914 5199 5361 V PowerKeeper.Location: enable
06-08 09:34:16.005 1757 1803 I chatty : uid=1000(system) Binder:1757_1 expire 20 lines
06-08 09:34:16.159 1757 2223 I chatty : uid=1000(system) Binder:1757_3 expire 9 lines
06-08 09:34:17.178 5869 5869 I SystemConfig: Adding association: com.google.android.as <- com.android.providers.contacts
06-08 09:34:17.178 5869 5869 I SystemConfig: Adding association: com.google.android.as <- com.android.providers.media
06-08 09:34:17.178 5869 5869 I SystemConfig: Adding association: com.google.android.as <- com.android.providers.telephony
06-08 09:34:17.178 5869 5869 I SystemConfig: Adding association: com.google.android.as <- com.android.systemui
06-08 09:34:17.178 5869 5869 I SystemConfig: Adding association: com.google.android.as <- com.google.android.gms
06-08 09:34:17.178 5869 5869 I SystemConfig: Adding association: com.google.android.as <- com.google.android.gsf
06-08 09:34:17.195 5869 5869 W SystemConfig: No directory /product_services/etc/sysconfig, skipping
06-08 09:34:17.195 5869 5869 W SystemConfig: No directory /product_services/etc/permissions, skipping
06-08 09:34:17.804 5199 5330 D DeviceIdleController: set apps count: mTempWhitelistAppIds: 0, mTempNonWhitelistAppIds: 15
06-08 09:34:17.827 5199 5361 V PowerKeeper.Sensor: SensorController enable
06-08 09:34:18.441 5984 5984 I SystemConfig: Adding association: com.google.android.as <- com.android.providers.contacts
06-08 09:34:18.441 5984 5984 I SystemConfig: Adding association: com.google.android.as <- com.android.providers.media
06-08 09:34:18.441 5984 5984 I SystemConfig: Adding association: com.google.android.as <- com.android.providers.telephony
06-08 09:34:18.441 5984 5984 I SystemConfig: Adding association: com.google.android.as <- com.android.systemui
06-08 09:34:18.441 5984 5984 I SystemConfig: Adding association: com.google.android.as <- com.google.android.gms
06-08 09:34:18.441 5984 5984 I SystemConfig: Adding association: com.google.android.as <- com.google.android.gsf
06-08 09:34:18.457 5984 5984 W SystemConfig: No directory /product_services/etc/sysconfig, skipping
06-08 09:34:18.458 5984 5984 W SystemConfig: No directory /product_services/etc/permissions, skipping
06-08 09:34:18.639 4107 4683 E ActivityThread: Failed to find provider info for com.miui.gallery.scanner
06-08 09:34:18.656 4107 4683 E ActivityThread: Failed to find provider info for com.miui.gallery.scanner
06-08 09:34:18.664 4107 4683 E ActivityThread: Failed to find provider info for com.miui.gallery.scanner
06-08 09:34:18.709 4107 4683 E ActivityThread: Failed to find provider info for com.miui.gallery.scanner
06-08 09:34:18.748 4107 4683 E ActivityThread: Failed to find provider info for com.miui.gallery.scanner
06-08 09:34:18.772 4107 4683 E ActivityThread: Failed to find provider info for com.miui.gallery.scanner
06-08 09:34:18.778 1757 1809 I chatty : uid=1000(system) Binder:1757_2 expire 5 lines
06-08 09:34:18.781 4107 4683 E ActivityThread: Failed to find provider info for com.miui.gallery.scanner
06-08 09:34:18.799 4107 4683 E ActivityThread: Failed to find provider info for com.miui.gallery.scanner
06-08 09:34:18.802 1757 2957 I chatty : uid=1000(system) Binder:1757_A expire 7 lines
06-08 09:34:18.806 4107 4683 E ActivityThread: Failed to find provider info for com.miui.gallery.scanner
06-08 09:34:18.818 4107 4683 E ActivityThread: Failed to find provider info for com.miui.gallery.scanner
06-08 09:34:18.828 4107 4683 E ActivityThread: Failed to find provider info for com.miui.gallery.scanner
06-08 09:34:18.844 4107 4683 E ActivityThread: Failed to find provider info for com.miui.gallery.scanner
06-08 09:34:18.854 1112 1112 W wificond: Scan is not started. Ignore abort request
06-08 09:34:18.856 4107 4683 E ActivityThread: Failed to find provider info for com.miui.gallery.scanner
06-08 09:34:18.884 4107 4683 E ActivityThread: Failed to find provider info for com.miui.gallery.scanner
06-08 09:34:18.945 1757 5166 I chatty : uid=1000(system) Binder:1757_12 expire 1 line
06-08 09:34:19.160 5984 6029 W BpBinder: Slow Binder: BpBinder transact took 546ms, interface=android.app.IActivityManager, code=20 oneway=false
06-08 09:34:19.410 6066 6066 W BoostFramework: Slow Operation: BoostFramework perfUXEngine_events took 30ms
06-08 09:34:19.556 1757 3836 I chatty : uid=1000(system) Binder:1757_E expire 4 lines
06-08 09:34:20.317 5199 5361 D PowerKeeper.AppStandby: configurePolicy: miuiStandbyEnable: true screenTimeout: 30000
06-08 09:34:20.318 5199 5361 D PowerKeeper.AppStandby: disable standby chain
06-08 09:34:22.068 6231 6231 W Looper : Slow Looper main: Long Msg: seq=2 plan=09:34:21.058 late=5ms wall=1005ms running=376ms runnable=147ms io=304ms h=android.app.ActivityThread$H w=110
06-08 09:34:22.580 2918 2918 I Timeline: Timeline: Activity_launch_request time:69551
06-08 09:34:22.603 2918 2918 W ActivityThread: SCHED: com.android.settings/.MainSettings [70, r=898ms, a=380ms, w=15885ms]
06-08 09:34:22.675 2918 3020 E ActivityThread: Failed to find provider info for com.qti.smq.Feedback.provider
06-08 09:34:22.725 2918 2918 E IOtgSwitch: transact failed. java.util.NoSuchElementException
06-08 09:34:22.725 2918 2918 E IOtgSwitch: Failed calling isOtgSupported!
06-08 09:34:22.726 2918 2918 E IOtgSwitch: transact failed. java.util.NoSuchElementException
06-08 09:34:22.726 2918 2918 E IOtgSwitch: Failed calling isOtgSupported!
06-08 09:34:22.748 2918 2918 E IOtgSwitch: transact failed. java.util.NoSuchElementException
06-08 09:34:22.748 2918 2918 E IOtgSwitch: Failed calling isOtgSupported!
06-08 09:34:22.912 1757 1925 I chatty : uid=1000(system) android.anim expire 6 lines
06-08 09:34:23.132 5199 5330 D DeviceIdleController: set apps count: mTempWhitelistAppIds: 8, mTempNonWhitelistAppIds: 0
06-08 09:34:23.963 1757 2287 I chatty : uid=1000(system) Binder:1757_4 expire 1 line
06-08 09:34:24.899 2918 2918 I Timeline: Timeline: Activity_launch_request time:71870
06-08 09:34:24.900 1757 4296 I chatty : uid=1000(system) Binder:1757_10 expire 3 lines
06-08 09:34:24.920 2918 2918 W ActivityThread: SCHED: com.android.settings/.SubSettings [80, r=182ms, a=45ms, w=2180ms]
06-08 09:34:24.950 2918 6478 E ActivityThread: Failed to find provider info for com.qti.smq.Feedback.provider
06-08 09:34:25.201 1757 1957 I chatty : uid=1000(system) ActivityManager expire 38 lines
06-08 09:34:25.566 6766 6766 I SystemConfig: Adding association: com.google.android.as <- com.android.providers.contacts
06-08 09:34:25.566 6766 6766 I SystemConfig: Adding association: com.google.android.as <- com.android.providers.media
06-08 09:34:25.566 6766 6766 I SystemConfig: Adding association: com.google.android.as <- com.android.providers.telephony
06-08 09:34:25.566 6766 6766 I SystemConfig: Adding association: com.google.android.as <- com.android.systemui
06-08 09:34:25.566 6766 6766 I SystemConfig: Adding association: com.google.android.as <- com.google.android.gms
06-08 09:34:25.566 6766 6766 I SystemConfig: Adding association: com.google.android.as <- com.google.android.gsf
06-08 09:34:25.582 6766 6766 W SystemConfig: No directory /product_services/etc/sysconfig, skipping
06-08 09:34:25.582 6766 6766 W SystemConfig: No directory /product_services/etc/permissions, skipping
06-08 09:34:26.100 1757 3835 I chatty : uid=1000(system) Binder:1757_D expire 2 lines
06-08 09:34:26.195 1757 2345 I chatty : uid=1000(system) SyncManager expire 8 lines
06-08 09:34:26.202 6806 6806 I SystemConfig: Adding association: com.google.android.as <- com.android.providers.contacts
06-08 09:34:26.202 6806 6806 I SystemConfig: Adding association: com.google.android.as <- com.android.providers.media
06-08 09:34:26.202 6806 6806 I SystemConfig: Adding association: com.google.android.as <- com.android.providers.telephony
06-08 09:34:26.203 6806 6806 I SystemConfig: Adding association: com.google.android.as <- com.android.systemui
06-08 09:34:26.203 6806 6806 I SystemConfig: Adding association: com.google.android.as <- com.google.android.gms
06-08 09:34:26.203 6806 6806 I SystemConfig: Adding association: com.google.android.as <- com.google.android.gsf
06-08 09:34:26.218 6806 6806 W SystemConfig: No directory /product_services/etc/sysconfig, skipping
06-08 09:34:26.218 6806 6806 W SystemConfig: No directory /product_services/etc/permissions, skipping
06-08 09:34:26.562 6838 6838 I SystemConfig: Adding association: com.google.android.as <- com.android.providers.contacts
06-08 09:34:26.562 6838 6838 I SystemConfig: Adding association: com.google.android.as <- com.android.providers.media
06-08 09:34:26.562 6838 6838 I SystemConfig: Adding association: com.google.android.as <- com.android.providers.telephony
06-08 09:34:26.562 6838 6838 I SystemConfig: Adding association: com.google.android.as <- com.android.systemui
06-08 09:34:26.562 6838 6838 I SystemConfig: Adding association: com.google.android.as <- com.google.android.gms
06-08 09:34:26.562 6838 6838 I SystemConfig: Adding association: com.google.android.as <- com.google.android.gsf
06-08 09:34:26.572 6838 6838 W SystemConfig: No directory /product_services/etc/sysconfig, skipping
06-08 09:34:26.572 6838 6838 W SystemConfig: No directory /product_services/etc/permissions, skipping
06-08 09:34:26.820 1757 1803 I chatty : uid=1000(system) Binder:1757_1 expire 4 lines
06-08 09:34:27.057 6898 6898 I SystemConfig: Adding association: com.google.android.as <- com.android.providers.contacts
06-08 09:34:27.057 6898 6898 I SystemConfig: Adding association: com.google.android.as <- com.android.providers.media
06-08 09:34:27.057 6898 6898 I SystemConfig: Adding association: com.google.android.as <- com.android.providers.telephony
06-08 09:34:27.057 6898 6898 I SystemConfig: Adding association: com.google.android.as <- com.android.systemui
06-08 09:34:27.058 6898 6898 I SystemConfig: Adding association: com.google.android.as <- com.google.android.gms
06-08 09:34:27.058 6898 6898 I SystemConfig: Adding association: com.google.android.as <- com.google.android.gsf
06-08 09:34:27.074 6898 6898 W SystemConfig: No directory /product_services/etc/sysconfig, skipping
06-08 09:34:27.074 6898 6898 W SystemConfig: No directory /product_services/etc/permissions, skipping
06-08 09:34:27.103 6838 6897 W BpBinder: Slow Binder: BpBinder transact took 409ms, interface=android.app.IActivityManager, code=20 oneway=false
06-08 09:34:27.416 4340 5025 W BpBinder: Slow Binder: BpBinder transact took 266ms, interface=android.app.IActivityManager, code=20 oneway=false
06-08 09:34:27.989 7003 7003 I SystemConfig: Adding association: com.google.android.as <- com.android.providers.contacts
06-08 09:34:27.989 7003 7003 I SystemConfig: Adding association: com.google.android.as <- com.android.providers.media
06-08 09:34:27.989 7003 7003 I SystemConfig: Adding association: com.google.android.as <- com.android.providers.telephony
06-08 09:34:27.989 7003 7003 I SystemConfig: Adding association: com.google.android.as <- com.android.systemui
06-08 09:34:27.989 7003 7003 I SystemConfig: Adding association: com.google.android.as <- com.google.android.gms
06-08 09:34:27.989 7003 7003 I SystemConfig: Adding association: com.google.android.as <- com.google.android.gsf
06-08 09:34:28.006 7003 7003 W SystemConfig: No directory /product_services/etc/sysconfig, skipping
06-08 09:34:28.006 7003 7003 W SystemConfig: No directory /product_services/etc/permissions, skipping
06-08 09:34:28.500 7033 7033 I SystemConfig: Adding association: com.google.android.as <- com.android.providers.contacts
06-08 09:34:28.500 7033 7033 I SystemConfig: Adding association: com.google.android.as <- com.android.providers.media
06-08 09:34:28.500 7033 7033 I SystemConfig: Adding association: com.google.android.as <- com.android.providers.telephony
06-08 09:34:28.500 7033 7033 I SystemConfig: Adding association: com.google.android.as <- com.android.systemui
06-08 09:34:28.501 7033 7033 I SystemConfig: Adding association: com.google.android.as <- com.google.android.gms
06-08 09:34:28.501 7033 7033 I SystemConfig: Adding association: com.google.android.as <- com.google.android.gsf
06-08 09:34:28.516 7033 7033 W SystemConfig: No directory /product_services/etc/sysconfig, skipping
06-08 09:34:28.517 7033 7033 W SystemConfig: No directory /product_services/etc/permissions, skipping
06-08 09:34:28.556 7003 7032 W BpBinder: Slow Binder: BpBinder transact took 478ms, interface=android.app.IActivityManager, code=20 oneway=false
06-08 09:34:28.586 7003 7003 W Looper : Slow Looper main: Long Msg: seq=2 plan=09:34:27.520 late=2ms wall=1063ms running=378ms runnable=24ms io=104ms h=android.app.ActivityThread$H w=110
06-08 09:34:29.779 1757 1757 I chatty : uid=1000 system_server expire 12 lines
06-08 09:34:30.018 1757 3562 I chatty : uid=1000(system) Binder:1757_B expire 6 lines
06-08 09:34:30.117 1757 2299 I chatty : uid=1000(system) miui.bg expire 1 line
06-08 09:34:30.463 1757 2733 I chatty : uid=1000(system) Binder:1757_8 expire 1 line
06-08 09:34:31.200 1757 1921 I chatty : uid=1000(system) android.fg expire 2 lines
06-08 09:34:31.290 6508 7284 I SystemConfig: Adding association: com.google.android.as <- com.android.providers.contacts
06-08 09:34:31.290 6508 7284 I SystemConfig: Adding association: com.google.android.as <- com.android.providers.media
06-08 09:34:31.290 6508 7284 I SystemConfig: Adding association: com.google.android.as <- com.android.providers.telephony
06-08 09:34:31.290 6508 7284 I SystemConfig: Adding association: com.google.android.as <- com.android.systemui
06-08 09:34:31.290 6508 7284 I SystemConfig: Adding association: com.google.android.as <- com.google.android.gms
06-08 09:34:31.290 6508 7284 I SystemConfig: Adding association: com.google.android.as <- com.google.android.gsf
06-08 09:34:31.301 6508 7284 W SystemConfig: No directory /product_services/etc/sysconfig, skipping
06-08 09:34:31.301 6508 7284 W SystemConfig: No directory /product_services/etc/permissions, skipping
06-08 09:34:31.325 1757 2377 I chatty : uid=1000(system) Binder:1757_5 expire 2 lines
06-08 09:34:31.629 1757 1955 I chatty : uid=1000(system) android.bg expire 1 line
06-08 09:34:31.853 1757 2275 I chatty : uid=1000(system) NsdService expire 3 lines
06-08 09:34:32.571 1757 3838 I chatty : uid=1000(system) Binder:1757_F expire 5 lines
06-08 09:34:32.577 1757 1956 I chatty : uid=1000(system) ActivityManager expire 57 lines
06-08 09:34:32.616 1757 1957 I chatty : uid=1000(system) ActivityManager expire 40 lines
06-08 09:34:33.217 1757 3562 I chatty : uid=1000(system) Binder:1757_B expire 6 lines
06-08 09:34:34.280 1757 1803 I chatty : uid=1000(system) Binder:1757_1 expire 5 lines
06-08 09:34:34.663 1757 2617 I chatty : uid=1000(system) Binder:1757_6 expire 6 lines
06-08 09:34:34.947 1757 2860 I chatty : uid=1000(system) Binder:1757_9 expire 9 lines
06-08 09:34:35.293 1757 5166 I chatty : uid=1000(system) Binder:1757_12 expire 2 lines
06-08 09:34:35.683 7596 7596 I SystemConfig: Adding association: com.google.android.as <- com.android.providers.contacts
06-08 09:34:35.683 7596 7596 I SystemConfig: Adding association: com.google.android.as <- com.android.providers.media
06-08 09:34:35.684 7596 7596 I SystemConfig: Adding association: com.google.android.as <- com.android.providers.telephony
06-08 09:34:35.684 7596 7596 I SystemConfig: Adding association: com.google.android.as <- com.android.systemui
06-08 09:34:35.684 7596 7596 I SystemConfig: Adding association: com.google.android.as <- com.google.android.gms
06-08 09:34:35.684 7596 7596 I SystemConfig: Adding association: com.google.android.as <- com.google.android.gsf
06-08 09:34:35.699 7596 7596 W SystemConfig: No directory /product_services/etc/sysconfig, skipping
06-08 09:34:35.699 7596 7596 W SystemConfig: No directory /product_services/etc/permissions, skipping
06-08 09:34:35.782 1757 1809 I chatty : uid=1000(system) Binder:1757_2 expire 5 lines
06-08 09:34:36.202 7623 7623 I SystemConfig: Adding association: com.google.android.as <- com.android.providers.contacts
06-08 09:34:36.203 7623 7623 I SystemConfig: Adding association: com.google.android.as <- com.android.providers.media
06-08 09:34:36.203 7623 7623 I SystemConfig: Adding association: com.google.android.as <- com.android.providers.telephony
06-08 09:34:36.203 7623 7623 I SystemConfig: Adding association: com.google.android.as <- com.android.systemui
06-08 09:34:36.203 7623 7623 I SystemConfig: Adding association: com.google.android.as <- com.google.android.gms
06-08 09:34:36.203 7623 7623 I SystemConfig: Adding association: com.google.android.as <- com.google.android.gsf
06-08 09:34:36.218 7623 7623 W SystemConfig: No directory /product_services/etc/sysconfig, skipping
06-08 09:34:36.219 7623 7623 W SystemConfig: No directory /product_services/etc/permissions, skipping
06-08 09:34:36.798 1757 2377 I chatty : uid=1000(system) Binder:1757_5 expire 5 lines
06-08 09:34:37.183 7713 7713 I SystemConfig: Adding association: com.google.android.as <- com.android.providers.contacts
06-08 09:34:37.183 7713 7713 I SystemConfig: Adding association: com.google.android.as <- com.android.providers.media
06-08 09:34:37.183 7713 7713 I SystemConfig: Adding association: com.google.android.as <- com.android.providers.telephony
06-08 09:34:37.183 7713 7713 I SystemConfig: Adding association: com.google.android.as <- com.android.systemui
06-08 09:34:37.183 7713 7713 I SystemConfig: Adding association: com.google.android.as <- com.google.android.gms
06-08 09:34:37.183 7713 7713 I SystemConfig: Adding association: com.google.android.as <- com.google.android.gsf
06-08 09:34:37.206 7713 7713 W SystemConfig: No directory /product_services/etc/sysconfig, skipping
06-08 09:34:37.206 7713 7713 W SystemConfig: No directory /product_services/etc/permissions, skipping
06-08 09:34:37.638 1757 4962 I chatty : uid=1000(system) first_use_threa expire 1 line
06-08 09:34:37.974 1757 2733 I chatty : uid=1000(system) Binder:1757_8 expire 9 lines
06-08 09:34:38.182 7823 7823 I SystemConfig: Adding association: com.google.android.as <- com.android.providers.contacts
06-08 09:34:38.182 7823 7823 I SystemConfig: Adding association: com.google.android.as <- com.android.providers.media
06-08 09:34:38.182 7823 7823 I SystemConfig: Adding association: com.google.android.as <- com.android.providers.telephony
06-08 09:34:38.182 7823 7823 I SystemConfig: Adding association: com.google.android.as <- com.android.systemui
06-08 09:34:38.182 7823 7823 I SystemConfig: Adding association: com.google.android.as <- com.google.android.gms
06-08 09:34:38.182 7823 7823 I SystemConfig: Adding association: com.google.android.as <- com.google.android.gsf
06-08 09:34:38.196 7823 7823 W SystemConfig: No directory /product_services/etc/sysconfig, skipping
06-08 09:34:38.196 7823 7823 W SystemConfig: No directory /product_services/etc/permissions, skipping
06-08 09:34:38.575 1757 2299 I chatty : uid=1000(system) miui.bg expire 1 line
06-08 09:34:38.628 1757 1757 I chatty : uid=1000 system_server expire 33 lines
06-08 09:34:38.870 1757 2223 I chatty : uid=1000(system) Binder:1757_3 expire 1 line
06-08 09:34:38.948 1757 4296 I chatty : uid=1000(system) Binder:1757_10 expire 10 lines
06-08 09:34:39.060 1757 2272 I chatty : uid=1000(system) ConnectivitySer expire 2 lines
06-08 09:34:40.198 1757 2732 I chatty : uid=1000(system) Binder:1757_7 expire 8 lines
06-08 09:34:40.261 1757 2287 I chatty : uid=1000(system) Binder:1757_4 expire 6 lines
06-08 09:34:40.590 7980 7980 I SystemConfig: Adding association: com.google.android.as <- com.android.providers.contacts
06-08 09:34:40.590 7980 7980 I SystemConfig: Adding association: com.google.android.as <- com.android.providers.media
06-08 09:34:40.590 7980 7980 I SystemConfig: Adding association: com.google.android.as <- com.android.providers.telephony
06-08 09:34:40.590 7980 7980 I SystemConfig: Adding association: com.google.android.as <- com.android.systemui
06-08 09:34:40.590 7980 7980 I SystemConfig: Adding association: com.google.android.as <- com.google.android.gms
06-08 09:34:40.590 7980 7980 I SystemConfig: Adding association: com.google.android.as <- com.google.android.gsf
06-08 09:34:40.605 7980 7980 W SystemConfig: No directory /product_services/etc/sysconfig, skipping
06-08 09:34:40.605 7980 7980 W SystemConfig: No directory /product_services/etc/permissions, skipping
06-08 09:34:42.813 1757 8091 I chatty : uid=1000(system) Signal Catcher expire 1 line
06-08 09:34:42.862 1757 2957 I chatty : uid=1000(system) Binder:1757_A expire 4 lines
06-08 09:34:44.106 1757 1921 I chatty : uid=1000(system) android.fg expire 2 lines
06-08 09:34:44.349 1757 1955 I chatty : uid=1000(system) android.bg expire 1 line
06-08 09:34:48.865 1757 2036 I chatty : uid=1000(system) PowerManagerSer expire 4 lines
06-08 09:34:51.414 1757 3835 I chatty : uid=1000(system) Binder:1757_D expire 5 lines
06-08 09:34:59.264 1757 3743 I chatty : uid=1000(system) Binder:1757_C expire 3 lines
06-08 09:35:01.514 8279 8279 I SystemConfig: Adding association: com.google.android.as <- com.android.providers.contacts
06-08 09:35:01.514 8279 8279 I SystemConfig: Adding association: com.google.android.as <- com.android.providers.media
06-08 09:35:01.514 8279 8279 I SystemConfig: Adding association: com.google.android.as <- com.android.providers.telephony
06-08 09:35:01.514 8279 8279 I SystemConfig: Adding association: com.google.android.as <- com.android.systemui
06-08 09:35:01.514 8279 8279 I SystemConfig: Adding association: com.google.android.as <- com.google.android.gms
06-08 09:35:01.514 8279 8279 I SystemConfig: Adding association: com.google.android.as <- com.google.android.gsf
06-08 09:35:01.529 8279 8279 W SystemConfig: No directory /product_services/etc/sysconfig, skipping
06-08 09:35:01.529 8279 8279 W SystemConfig: No directory /product_services/etc/permissions, skipping
06-08 09:35:01.659 1757 2295 I chatty : uid=1000(system) SecurityWriteHa expire 6 lines
06-08 09:35:01.868 1757 1957 I chatty : uid=1000(system) ActivityManager expire 4 lines
06-08 09:35:02.377 8341 8341 E LoadedApk: Unable to instantiate appComponentFactory
06-08 09:35:02.377 8341 8341 E LoadedApk: java.lang.ClassNotFoundException: Didn't find class "com.xiaomi.misettings.lottie" on path: DexPathList[[zip file "/system/priv-app/MiSettings/MiSettings.apk"],nativeLibraryDirectories=[/system/priv-app/MiSettings/lib/arm, /system/priv-app/MiSettings/MiSettings.apk!/lib/armeabi-v7a, /system/lib, /system/product/lib, /system/lib, /system/product/lib]]
06-08 09:35:02.377 8341 8341 E LoadedApk: at dalvik.system.BaseDexClassLoader.findClass(BaseDexClassLoader.java:230)
06-08 09:35:02.377 8341 8341 E LoadedApk: at java.lang.ClassLoader.loadClass(ClassLoader.java:379)
06-08 09:35:02.377 8341 8341 E LoadedApk: at java.lang.ClassLoader.loadClass(ClassLoader.java:312)
06-08 09:35:02.377 8341 8341 E LoadedApk: at android.app.LoadedApk.createAppFactory(Unknown Source:8)
06-08 09:35:02.377 8341 8341 E LoadedApk: at android.app.LoadedApk.createOrUpdateClassLoaderLocked(Unknown Source:425)
06-08 09:35:02.377 8341 8341 E LoadedApk: at android.app.LoadedApk.getClassLoader(Unknown Source:6)
06-08 09:35:02.377 8341 8341 E LoadedApk: at android.app.LoadedApk.getResources(Unknown Source:29)
06-08 09:35:02.377 8341 8341 E LoadedApk: at android.app.ContextImpl.createAppContext(Unknown Source:17)
06-08 09:35:02.377 8341 8341 E LoadedApk: at android.app.ContextImpl.createAppContext(Unknown Source:1)
06-08 09:35:02.377 8341 8341 E LoadedApk: at android.app.ActivityThread.handleBindApplication(Unknown Source:790)
06-08 09:35:02.377 8341 8341 E LoadedApk: at android.app.ActivityThread.access$1400(Unknown Source:0)
06-08 09:35:02.377 8341 8341 E LoadedApk: at android.app.ActivityThread$H.handleMessage(Unknown Source:710)
06-08 09:35:02.377 8341 8341 E LoadedApk: at android.os.Handler.dispatchMessage(Unknown Source:19)
06-08 09:35:02.377 8341 8341 E LoadedApk: at android.os.Looper.loop(Unknown Source:242)
06-08 09:35:02.377 8341 8341 E LoadedApk: at android.app.ActivityThread.main(Unknown Source:98)
06-08 09:35:02.377 8341 8341 E LoadedApk: at java.lang.reflect.Method.invoke(Native Method)
06-08 09:35:02.377 8341 8341 E LoadedApk: at com.android.internal.os.RuntimeInit$MethodAndArgsCaller.run(Unknown Source:11)
06-08 09:35:02.377 8341 8341 E LoadedApk: at com.android.internal.os.ZygoteInit.main(Unknown Source:275)
06-08 09:35:02.660 1757 1956 I chatty : uid=1000(system) ActivityManager expire 2 lines
06-08 09:35:02.664 1757 1757 I chatty : uid=1000 system_server expire 3 lines
06-08 09:35:08.910 602 7681 W SocketClient: write error (Broken pipe)
06-08 09:35:12.090 2918 2918 I Timeline: Timeline: Activity_launch_request time:119082
06-08 09:35:12.113 2918 2918 W ActivityThread: SCHED: com.android.settings/.SubSettings [67, r=1747ms, a=852ms, w=47164ms]
06-08 09:35:12.140 2918 7273 E ActivityThread: Failed to find provider info for com.qti.smq.Feedback.provider
06-08 09:35:12.156 1757 4296 I chatty : uid=1000(system) Binder:1757_10 expire 6 lines
06-08 09:35:12.225 1757 1925 I chatty : uid=1000(system) android.anim expire 6 lines
06-08 09:35:13.104 1757 2240 I chatty : uid=1000(system) AlarmManager expire 1 line
06-08 09:35:15.840 2918 2918 W ActivityThread: SCHED: com.android.settings/.SubSettings [64, r=338ms, a=190ms, w=3675ms]
06-08 09:35:15.859 2918 7273 E ActivityThread: Failed to find provider info for com.qti.smq.Feedback.provider
06-08 09:35:19.004 2918 2918 W ActivityThread: SCHED: com.android.settings/.SubSettings [53, r=226ms, a=195ms, w=3136ms]
06-08 09:35:19.020 1757 2287 I chatty : uid=1000(system) Binder:1757_4 expire 10 lines
06-08 09:35:19.039 1757 4296 I chatty : uid=1000(system) Binder:1757_10 expire 12 lines
06-08 09:35:19.053 1757 1925 I chatty : uid=1000(system) android.anim expire 12 lines
06-08 09:35:22.052 1757 2733 I chatty : uid=1000(system) Binder:1757_8 expire 16 lines
06-08 09:35:22.081 1757 5166 I chatty : uid=1000(system) Binder:1757_12 expire 22 lines
06-08 09:35:29.473 2918 2918 W ActivityThread: SCHED: com.android.settings/.SubSettings [47, r=561ms, a=621ms, w=10446ms]
