06-08 14:40:55.099 2353 2353 I MiuiGxzwHightlightContainer: show highlight view
06-08 14:40:55.099 2353 2353 I MiuiGxzwOverlayView: upldate overlay view alpha: 0.657
06-08 14:40:55.101 2353 2353 I MiuiGxzwTouchHelper: onTouch: originalAction = ACTION_UP, action = ACTION_UP, x = 243,000000, y = 180,000000, pressure = 2048,000000, area = 6,000000
06-08 14:40:55.103 2353 2353 I MiuiGxzwOverlayView: upldate overlay view alpha: 0.0
06-08 14:40:55.104 2353 2353 I MiuiGxzwHightlightContainer: dismiss highlight view
06-08 14:40:58.108 2353 2353 I MiuiGxzwViewIcon: setGxzwIconTransparent
06-08 14:40:58.115 2353 2353 I MiuiGxzwViewIcon: turnOffScreen
06-08 14:40:58.508 826 826 W SurfaceFlingerInspector: Slow frame composition: xiaomi f4 41 prepareFrame took 62 ms
06-08 14:41:00.011 1757 2328 I chatty : uid=1000(system) PhotonicModulat expire 12 lines
06-08 14:41:00.011 1757 1924 I chatty : uid=1000(system) android.display expire 12 lines
06-08 14:41:00.837 826 910 W EventThreadInspector: slow VSync-app on display(19261101167563905), count=60, avg=28 ms, max=32 ms.
06-08 14:41:01.296 826 911 W EventThreadInspector: slow VSync-sf on display(19261101167563905), count=60, avg=31 ms, max=208 ms.
06-08 14:41:01.764 826 826 W SurfaceFlingerInspector: Slow frame composition: xiaomi f4 41 prepareFrame took 73 ms
06-08 14:41:17.940 1112 1112 W wificond: Scan aborted
06-08 14:41:23.932 3078 23131 W BpBinder: Slow Binder: BpBinder transact took 205ms, interface=android.app.IActivityTaskManager, code=167 oneway=false
06-08 14:41:39.920 1112 1112 W wificond: Scan aborted
06-08 14:41:45.946 3078 23131 W BpBinder: Slow Binder: BpBinder transact took 246ms, interface=android.app.IActivityTaskManager, code=167 oneway=false
06-08 14:42:00.936 1112 1112 W wificond: Scan aborted
06-08 14:42:22.930 1112 1112 W wificond: Scan aborted
06-08 14:42:29.157 1112 1112 W wificond: Scan aborted
06-08 14:42:41.626 1112 1112 W wificond: Scan aborted
06-08 14:43:03.027 826 910 W EventThreadInspector: slow VSync-app on display(19261101167563905), count=60, avg=29 ms, max=44 ms.
06-08 14:43:03.453 826 911 W EventThreadInspector: slow VSync-sf on display(19261101167563905), count=60, avg=31 ms, max=72 ms.
06-08 14:43:13.011 1757 1956 I chatty : uid=1000(system) ActivityManager expire 1 line
06-08 14:45:00.930 826 826 W SurfaceFlingerInspector: Slow frame composition: xiaomi f4 41 prepareFrame took 186 ms
06-08 14:45:01.186 826 911 W EventThreadInspector: slow VSync-sf on display(19261101167563905), count=13, avg=54 ms, max=239 ms.
06-08 14:45:02.268 826 910 W EventThreadInspector: slow VSync-app on display(19261101167563905), count=60, avg=30 ms, max=41 ms.
06-08 14:46:43.276 3078 23131 W BpBinder: Slow Binder: BpBinder transact took 201ms, interface=android.app.IActivityManager, code=204 oneway=false
06-08 14:47:00.960 1757 2328 I chatty : uid=1000(system) PhotonicModulat expire 6 lines
06-08 14:47:00.961 1757 1924 I chatty : uid=1000(system) android.display expire 6 lines
06-08 14:47:01.154 826 911 W EventThreadInspector: slow VSync-sf on display(19261101167563905), count=8, avg=70 ms, max=206 ms.
06-08 14:47:02.499 826 910 W EventThreadInspector: slow VSync-app on display(19261101167563905), count=60, avg=30 ms, max=44 ms.
06-08 14:47:12.448 826 826 W SurfaceFlingerInspector: Slow frame composition: xiaomi f4 41 prepareFrame took 201 ms
06-08 14:47:45.941 3078 23131 W BpBinder: Slow Binder: BpBinder transact took 214ms, interface=android.app.IActivityTaskManager, code=167 oneway=false
06-08 14:47:46.443 3078 23131 W BpBinder: Slow Binder: BpBinder transact took 209ms, interface=android.app.IActivityTaskManager, code=167 oneway=false
06-08 14:47:49.272 2353 2353 I MiuiGxzwViewIcon: detect device put up
06-08 14:47:49.272 2353 2353 I MiuiGxzwViewIcon: setGxzwIconOpaque
06-08 14:47:49.646 826 911 W EventThreadInspector: slow VSync-sf on display(19261101167563905), count=1, avg=193 ms, max=193 ms.
06-08 14:47:50.231 2353 2353 I MiuiGxzwTouchHelper: onTouch: originalAction = ACTION_DOWN, action = ACTION_DOWN, x = 116,000000, y = 174,000000, pressure = 2048,000000, area = 12,000000
06-08 14:47:50.239 2353 2353 I MiuiGxzwHightlightContainer: show highlight view
06-08 14:47:50.245 2353 2353 I MiuiGxzwOverlayView: upldate overlay view alpha: 0.657
06-08 14:47:50.367 826 910 W EventThreadInspector: slow VSync-app on display(19261101167563905), count=12, avg=28 ms, max=31 ms.
06-08 14:47:50.368 826 826 W SurfaceFlingerInspector: Slow frame composition: xiaomi f4 41 doComposition took 63 ms
06-08 14:47:50.482 826 911 W EventThreadInspector: slow VSync-sf on display(19261101167563905), count=4, avg=30 ms, max=30 ms.
06-08 14:47:50.617 2353 2353 I miui_keyguard_fingerprint: onAuthenticationSucceeded: authUserId = 0
06-08 14:47:50.619 1757 1757 I chatty : uid=1000 system_server expire 7 lines
06-08 14:47:50.655 1757 2036 I chatty : uid=1000(system) PowerManagerSer expire 11 lines
06-08 14:47:50.664 520 25929 D vold : The trim thread is not running
06-08 14:47:50.665 520 25929 D vold : idle maintenance stopped
06-08 14:47:50.682 1112 1112 I wificond: Pno scan stopped
06-08 14:47:50.728 1757 1921 I chatty : uid=1000(system) android.fg expire 3 lines
06-08 14:47:50.753 3203 3203 V DreamService[DozeService]: wakeUp(): fromSystem=true, mWaking=false, mFinished=false
06-08 14:47:50.753 3203 3203 V DreamService[DozeService]: finish(): mFinished=false
06-08 14:47:50.766 3203 3203 V DreamService[DozeService]: detach(): Calling onDreamingStopped()
06-08 14:47:50.766 3203 3203 V DreamService[DozeService]: onDreamingStopped()
06-08 14:47:50.787 3203 3203 V DreamService[DozeService]: finish(): mFinished=true
06-08 14:47:50.788 3203 3203 V DreamService[DozeService]: onDestroy()
06-08 14:47:50.792 2353 2353 I MiuiGxzwTouchHelper: onTouch: originalAction = ACTION_UP, action = ACTION_UP, x = 127,000000, y = 154,000000, pressure = 2048,000000, area = 12,000000
06-08 14:47:50.794 2353 2353 I MiuiGxzwOverlayView: upldate overlay view alpha: 0.0
06-08 14:47:50.797 2353 2353 I MiuiGxzwHightlightContainer: dismiss highlight view
06-08 14:47:50.800 2353 2353 E miui_face: start face unlock fail because device has unlocked
06-08 14:47:50.802 2353 2353 I MiuiGxzwOverlayView: upldate overlay view alpha: 0.657
06-08 14:47:50.837 2353 2353 I MiuiGxzwOverlayView: remove overlay view
06-08 14:47:50.846 2353 3156 D DisplayFeatureManager: setScreenEffect mode=17 value=0 cookie=1
06-08 14:47:50.847 2353 3726 I KeyguardViewMediator: call fw keyguardGoingAway: flags = 8
06-08 14:47:50.848 1757 1925 I chatty : uid=1000(system) android.anim expire 1 line
06-08 14:47:50.864 1757 2272 I chatty : uid=1000(system) ConnectivitySer expire 5 lines
06-08 14:47:50.871 1757 3562 I chatty : uid=1000(system) Binder:1757_B expire 8 lines
06-08 14:47:50.874 1757 2617 I chatty : uid=1000(system) Binder:1757_6 expire 5 lines
06-08 14:47:50.879 1757 1971 I chatty : uid=1000(system) batterystats-wo expire 4 lines
06-08 14:47:50.883 1757 1924 I chatty : uid=1000(system) android.display expire 14 lines
06-08 14:47:50.889 1757 9230 I chatty : uid=1000(system) Binder:1757_1F expire 5 lines
06-08 14:47:50.892 1757 2733 I chatty : uid=1000(system) Binder:1757_8 expire 6 lines
06-08 14:47:50.904 4340 5183 W BpBinder: Slow Binder: BpBinder transact took 243ms, interface=com.android.internal.app.IBatteryStats, code=18 oneway=false
06-08 14:47:50.917 1757 8942 I chatty : uid=1000(system) Binder:1757_15 expire 5 lines
06-08 14:47:50.927 1757 8939 I chatty : uid=1000(system) Binder:1757_14 expire 4 lines
06-08 14:47:50.951 2353 2353 I KeyguardViewMediator: handleStartKeyguardExitAnimation startTime=6074671 fadeoutDuration=300
06-08 14:47:50.979 2353 2353 V KeyguardDisplayManager: hide
06-08 14:47:50.980 2353 2353 I miui_keyguard_fingerprint: fingerprint unlock time: wait fw call startKeyguardExitAnimation = 98 ms total = 292 ms
06-08 14:47:51.020 1757 2240 I chatty : uid=1000(system) AlarmManager expire 1 line
06-08 14:47:51.028 1757 1955 I chatty : uid=1000(system) android.bg expire 82 lines
06-08 14:47:51.029 1757 2282 I chatty : uid=1000(system) LocationPolicy expire 1 line
06-08 14:47:51.040 1757 1757 I chatty : uid=1000 system_server expire 17 lines
06-08 14:47:51.114 1757 1957 I chatty : uid=1000(system) ActivityManager expire 26 lines
06-08 14:47:51.133 3746 3746 W BpBinder: Slow Binder: BpBinder transact took 328ms, interface=android.media.IAudioFlinger, code=2 oneway=false
06-08 14:47:51.203 4030 4030 D miui.face.FaceService: lock screen passed
06-08 14:47:51.205 4030 4121 D miui.face.FaceService: FaceAuthenHelper mReleaseIfAuthenticated Runnable run ... ...
06-08 14:47:51.210 4030 4121 D miui.face.FaceService: release memory... ...
06-08 14:47:51.214 1757 1956 I chatty : uid=1000(system) ActivityManager expire 9 lines
06-08 14:47:51.232 5199 5330 D PowerKeeper.AppStandby: disable standby chain
06-08 14:47:51.233 2560 2698 E ActivityThread: Failed to find provider info for com.android.thememanager.set_lockwallpaper
06-08 14:47:51.255 1757 1925 I chatty : uid=1000(system) android.anim expire 11 lines
06-08 14:47:51.520 1757 1803 I chatty : uid=1000(system) Binder:1757_1 expire 13 lines
06-08 14:47:51.913 3777 3801 W MiuiPerfServiceClient: interceptAndQueuing:2353|com.android.systemui|937|126|unknown|null|StatusBar|6075313557262|Slow main thread|32
06-08 14:47:52.235 1757 2036 I chatty : uid=1000(system) PowerManagerSer expire 8 lines
06-08 14:47:53.158 2560 2560 I Timeline: Timeline: Activity_launch_request time:6076904
06-08 14:47:53.160 1757 5166 I chatty : uid=1000(system) Binder:1757_12 expire 10 lines
06-08 14:47:53.187 2560 2560 W ActivityThread: SCHED: com.miui.home/.launcher.Launcher [74, r=170ms, a=58ms, w=2285ms]
06-08 14:47:53.245 6955 14271 D FaceManagerImpl_client: authenticate mServiceReceiver:android.hardware.miuiface.MiuiFaceManagerImpl$2@f4a4206
06-08 14:47:53.246 4030 4147 D miui.face.FaceService: authenticate, packName: com.miui.securitycenter receiver:android.os.BinderProxy@d565d3d timeout:5000
06-08 14:47:53.246 4030 4121 D miui.face.transplant: FaceUnlockManager setRunOutTime timeout:5000
06-08 14:47:53.247 4030 4121 D miui.face.FaceService: authen mFaceUnlockView:android.view.TextureView{85c7932 V.ED..... ........ 0,0-0,0} texture:android.graphics.SurfaceTexture@af90683
06-08 14:47:53.248 4030 4121 D miui.face.transplant: sdk version=sensetime_3.3.22.729-pro-d8376db
06-08 14:47:53.248 4030 4121 D miui.face.FaceService: miui.face.timeline, onFaceStart, ServicePrepareTime:3
06-08 14:47:53.252 2353 3156 D DisplayFeatureManager: setScreenEffect mode=17 value=1 cookie=1
06-08 14:47:53.257 2353 3156 D DisplayFeatureManager: setScreenEffect mode=17 value=1 cookie=1
06-08 14:47:53.274 4030 4121 D miui.face.transplant: miui.face.timeline, open camera succeed time=26
06-08 14:47:53.363 2353 2353 I MiuiGxzwOverlayView: add overlay view: mLayoutParams.alpha = 0.34925535
06-08 14:47:53.610 4030 4147 D miui.face.FaceService: miui.face.timeline, onAuthenticate All Time:365 , id:123456
06-08 14:47:53.610 4030 4121 D miui.face.FaceService: FaceAuthenHelper mReleaseIfAuthenticated Runnable run ... ...
06-08 14:47:53.610 4030 4121 D miui.face.FaceService: release memory... ...
06-08 14:47:53.611 4030 4147 D miui.face.FaceService: Done with client: com.miui.securitycenter
06-08 14:47:53.613 6955 6955 I Timeline: Timeline: Activity_launch_request time:6077358
06-08 14:47:53.635 2353 2353 I MiuiGxzwOverlayView: remove overlay view
06-08 14:47:53.642 2353 3156 D DisplayFeatureManager: setScreenEffect mode=17 value=0 cookie=1
06-08 14:47:53.669 6955 6955 W ActivityThread: SCHED: com.miui.securitycenter/com.miui.applicationlock.ConfirmAccessControl [64, r=22ms, a=12ms, w=428ms]
06-08 14:47:53.878 4030 4121 D miui.face.transplant: Camera2Util, close camera
06-08 14:47:53.950 26090 26090 I Timeline: Timeline: Activity_launch_request time:6077696
06-08 14:47:54.316 26090 26235 E ActivityThread: Failed to find provider info for com.facebook.katana.provider.AttributionIdProvider
06-08 14:47:54.491 1757 9228 I chatty : uid=1000(system) Binder:1757_1D expire 7 lines
06-08 14:47:55.108 26090 26090 W Looper : Slow Looper main: doFrame is 565ms late because of 10 msg, msg 1 took 575ms (seq=69 running=301ms runnable=74ms late=54ms h=android.view.Choreographer$FrameHandler c=android.view.Choreographer$FrameDisplayEventReceiver)
06-08 14:47:55.174 1757 4962 I chatty : uid=1000(system) first_use_threa expire 1 line
06-08 14:47:55.382 1757 2287 I chatty : uid=1000(system) Binder:1757_4 expire 5 lines
06-08 14:47:55.527 26090 26090 W Looper : Slow Looper main: doFrame is 356ms late because of 8 msg, msg 1 took 343ms (seq=118 running=158ms runnable=47ms late=71ms h=com.google.android.gms.ads.internal.util.f c=aad)
06-08 14:47:55.728 4053 4053 W Looper : Slow Looper main: Long Msg: seq=7276 plan=14:47:54.488 late=1ms wall=1239ms running=2ms runnable=1ms h=com.android.internal.os.HandlerCaller$MyHandler w=32
06-08 14:47:56.589 26090 26090 I Timeline: Timeline: Activity_launch_request time:6080334
06-08 14:47:56.613 26090 26090 W ActivityThread: SCHED: com.viber.voip/.HomeActivity [79, r=1016ms, a=270ms, w=2443ms]
06-08 14:47:56.859 3777 3801 W MiuiPerfServiceClient: interceptAndQueuing:2353|com.android.systemui|909|105|unknown|null|StatusBar|6078293857209|Slow issue draw commands|44
06-08 14:47:56.860 3777 3801 W MiuiPerfServiceClient: interceptAndQueuing:2353|com.android.systemui|171|156|unknown|null|StatusBar|6078574783198|Slow main thread|2
06-08 14:47:59.004 26090 26638 E ActivityThread: Failed to find provider info for com.facebook.katana.provider.AttributionIdProvider
06-08 14:48:01.810 3777 3801 W MiuiPerfServiceClient: interceptAndQueuing:26090|com.viber.voip|238|131|unknown|null|com.viber.voip/com.viber.voip.messages.ui.ConversationActivity|6082323280228|Slow handle traversal|3
06-08 14:48:08.135 1757 2301 I chatty : uid=1000(system) ProcessManager expire 7 lines
06-08 14:48:34.982 26090 26090 I Timeline: Timeline: Activity_launch_request time:6118728
06-08 14:48:34.984 1757 1803 I chatty : uid=1000(system) Binder:1757_1 expire 1 line
06-08 14:48:35.000 26090 26090 W ActivityThread: SCHED: com.viber.voip/.messages.ui.ConversationActivity [77, r=1690ms, a=500ms, w=38229ms]
06-08 14:48:35.033 26090 26090 I Timeline: Timeline: Activity_launch_request time:6118778
06-08 14:48:35.049 1757 1925 I chatty : uid=1000(system) android.anim expire 1 line
06-08 14:48:35.076 1757 2617 I Timeline: Timeline: App_transition_ready time:6118822
06-08 14:48:35.087 26090 26711 E ActivityThread: Failed to find provider info for com.facebook.katana.provider.AttributionIdProvider
06-08 14:48:35.094 26090 26712 E ActivityThread: Failed to find provider info for com.facebook.katana.provider.AttributionIdProvider
06-08 14:48:35.175 1757 1925 I Timeline: Timeline: App_transition_ready time:6118920
06-08 14:48:35.350 1757 1925 I Timeline: Timeline: Activity_windows_visible id: ActivityRecord{b5b0569 u0 com.viber.voip/.HomeActivity t1178} time:6119095
06-08 14:48:35.351 1757 1925 I Timeline: Timeline: App_transition_stopped time:6119096
06-08 14:48:37.968 1757 1803 W BaseMiuiPhoneWindowManager: keyCode:4 down:true eventTime:6121713 downTime:6121713 policyFlags:2b000002 flags:48 deviceId:-1 isScreenOn:true keyguardActive:false repeatCount:0
06-08 14:48:38.020 1757 1803 W BaseMiuiPhoneWindowManager: keyCode:4 down:false eventTime:6121765 downTime:6121713 policyFlags:2b000002 flags:48 deviceId:-1 isScreenOn:true keyguardActive:false repeatCount:0
06-08 14:48:38.041 26090 26090 W ActivityThread: SCHED: com.viber.voip/.HomeActivity [80, r=186ms, a=46ms, w=2981ms]
06-08 14:48:38.064 1757 5166 I Timeline: Timeline: App_transition_ready time:6121810
06-08 14:48:38.066 1757 1925 I Timeline: Timeline: App_transition_ready time:6121812
06-08 14:48:38.073 1757 1803 I Timeline: Timeline: App_transition_ready time:6121818
06-08 14:48:38.076 1757 9230 I Timeline: Timeline: App_transition_ready time:6121822
06-08 14:48:38.082 1757 1925 I Timeline: Timeline: App_transition_ready time:6121828
06-08 14:48:38.088 1757 1924 I set_top_app: success /proc/2560/top_app:1
06-08 14:48:38.088 1757 1924 I set_top_app: success /proc/2725/top_app:2
06-08 14:48:38.088 1757 1924 I set_top_app: success /proc/26090/top_app:0
06-08 14:48:38.089 1757 1924 I set_top_app: success /proc/26154/top_app:0
06-08 14:48:38.089 1757 1924 I set_top_app: success /proc/26432/top_app:0
06-08 14:48:38.092 1757 1925 I Timeline: Timeline: App_transition_ready time:6121838
06-08 14:48:38.104 1757 3562 I Timeline: Timeline: App_transition_ready time:6121850
06-08 14:48:38.105 1757 3562 I MiuiKnockGestureService: knock feature changed notify native state:true
06-08 14:48:38.105 1757 3562 I MiuiKnockGestureService: native feature not merge
06-08 14:48:38.114 1757 1925 I Timeline: Timeline: App_transition_ready time:6121860
06-08 14:48:38.142 1757 1925 I Timeline: Timeline: App_transition_ready time:6121888
06-08 14:48:38.657 1757 5166 I Timeline: Timeline: Activity_windows_visible id: ActivityRecord{85a0842 u0 com.miui.home/.launcher.Launcher t1} time:6122403
06-08 14:48:38.660 1757 1925 I Timeline: Timeline: App_transition_stopped time:6122405
06-08 14:48:42.207 2560 2560 I Timeline: Timeline: Activity_launch_request time:6125952
06-08 14:48:42.209 1757 9230 I ActivityTaskManager: START u0 {act=android.intent.action.MAIN cat=[android.intent.category.LAUNCHER] flg=0x10200000 cmp=com.yahoo.mobile.client.android.mail/.activity.MainActivity bnds=[470,877][623,1030] (has extras)} from uid 10085
06-08 14:48:42.257 2560 2560 W ActivityThread: SCHED: com.miui.home/.launcher.Launcher [72, r=279ms, a=104ms, w=4164ms]
06-08 14:48:42.260 1757 9230 I ActivityTaskManager: The Process com.yahoo.mobile.client.android.mail Already Exists in BG. So sending its PID: 24880
06-08 14:48:42.263 1757 9230 W ActivityTaskManager: Request to remove task ignored for non-existent task 1177
06-08 14:48:42.265 1757 9230 I Timeline: Timeline: App_transition_ready time:6126010
06-08 14:48:42.265 1757 2287 V LocationPolicy: writePolicyLocked()
06-08 14:48:42.267 1757 1924 I set_top_app: success /proc/24880/top_app:1
06-08 14:48:42.267 1757 1924 I set_top_app: success /proc/2560/top_app:0
06-08 14:48:42.267 1757 1924 I set_top_app: success /proc/2725/top_app:0
06-08 14:48:42.276 1757 2287 I NotificationService: cancelToast pkg=com.miui.home callback=android.app.ITransientNotification$Stub$Proxy@1823beb
06-08 14:48:42.277 1757 2287 W NotificationService: Toast already cancelled. pkg=com.miui.home callback=android.app.ITransientNotification$Stub$Proxy@1823beb
06-08 14:48:42.278 1757 1925 I Timeline: Timeline: App_transition_ready time:6126023
06-08 14:48:42.279 1757 1925 I Timeline: Timeline: App_transition_ready time:6126025
06-08 14:48:42.312 1757 1925 I Timeline: Timeline: App_transition_ready time:6126058
06-08 14:48:42.679 24880 24880 W Looper : Slow Looper main: Activity com.yahoo.mobile.client.android.mail/.activity.MainActivity is 415ms late (wall=0ms running=0ms ClientTransaction{ callbacks=[android.app.servertransaction.TopResumedActivityChangeItem] }) because of 1 msg, msg 1 took 415ms (seq=501 running=215ms runnable=80ms io=4ms late=1ms h=android.app.ActivityThread$H w=159)
06-08 14:48:42.723 1757 1803 I MiuiKnockGestureService: gamemode close knock feature
06-08 14:48:42.723 1757 1803 I MiuiKnockGestureService: native feature not merge
06-08 14:48:42.805 1757 1925 I Timeline: Timeline: App_transition_stopped time:6126551
06-08 14:48:42.807 1757 1924 I set_top_app: success /proc/2560/top_app:0
06-08 14:48:42.808 1757 1924 I set_top_app: success /proc/2725/top_app:0
06-08 14:48:42.964 1757 1925 I Timeline: Timeline: Activity_windows_visible id: ActivityRecord{3814032 u0 com.yahoo.mobile.client.android.mail/.activity.MainActivity t1179} time:6126710
06-08 14:48:42.973 1757 5166 D ConnectivityService: Returning UNBLOCKED NetworkInfo to uid=10184
06-08 14:48:43.256 1757 2733 D ConnectivityService: requestNetwork for uid/pid:10218/24880 NetworkRequest [ TRACK_DEFAULT id=154, [ Capabilities: INTERNET&NOT_RESTRICTED&TRUSTED Uid: 10218] ]
06-08 14:48:43.460 24880 26768 W BpBinder: Slow Binder: BpBinder transact took 481ms, interface=com.android.vending.billing.IInAppBillingService, code=9 oneway=false
06-08 14:48:43.465 24880 26767 W BpBinder: Slow Binder: BpBinder transact took 496ms, interface=com.android.vending.billing.IInAppBillingService, code=2 oneway=false
06-08 14:48:43.468 1757 3562 W ActivityManager: Unable to start service Intent { act=android.support.customtabs.action.CustomTabsService pkg=com.android.chrome } U=0: not found
06-08 14:48:44.151 1757 2272 D ConnectivityService: releasing NetworkRequest [ TRACK_DEFAULT id=154, [ Capabilities: INTERNET&NOT_RESTRICTED&TRUSTED Uid: 10218] ] (release request)
06-08 14:48:44.310 1757 2287 E NotificationService: Error creating vibration waveform with pattern: [0]
06-08 14:48:44.473 1757 3562 D ConnectivityService: requestNetwork for uid/pid:10218/24880 NetworkRequest [ TRACK_DEFAULT id=155, [ Capabilities: INTERNET&NOT_RESTRICTED&TRUSTED Uid: 10218] ]
06-08 14:48:45.107 1757 2272 D ConnectivityService: releasing NetworkRequest [ TRACK_DEFAULT id=155, [ Capabilities: INTERNET&NOT_RESTRICTED&TRUSTED Uid: 10218] ] (release request)
06-08 14:48:46.843 1757 1956 W BroadcastQueue: Background execution not allowed: receiving Intent { act=miui.intent.action.AI_APP_PREDICT flg=0x10 (has extras) } to com.miui.powerkeeper/.ai.AIEventReceiver
06-08 14:48:49.802 1757 3562 D ConnectivityService: requestNetwork for uid/pid:10218/24880 NetworkRequest [ TRACK_DEFAULT id=156, [ Capabilities: INTERNET&NOT_RESTRICTED&TRUSTED Uid: 10218] ]
06-08 14:48:50.324 1757 2272 D ConnectivityService: releasing NetworkRequest [ TRACK_DEFAULT id=156, [ Capabilities: INTERNET&NOT_RESTRICTED&TRUSTED Uid: 10218] ] (release request)
06-08 14:48:51.408 1757 2733 W BaseMiuiPhoneWindowManager: keyCode:4 down:true eventTime:6135152 downTime:6135152 policyFlags:2b000002 flags:48 deviceId:-1 isScreenOn:true keyguardActive:false repeatCount:0
06-08 14:48:51.526 1757 2733 W BaseMiuiPhoneWindowManager: keyCode:4 down:false eventTime:6135271 downTime:6135152 policyFlags:2b000002 flags:48 deviceId:-1 isScreenOn:true keyguardActive:false repeatCount:0
06-08 14:48:51.549 24880 24880 W ActivityThread: SCHED: com.yahoo.mobile.client.android.mail/.activity.MainActivity [84, r=1697ms, a=317ms, w=8977ms]
06-08 14:48:51.564 1757 3562 I Timeline: Timeline: App_transition_ready time:6135310
06-08 14:48:51.565 1757 1925 I Timeline: Timeline: App_transition_ready time:6135311
06-08 14:48:51.567 1757 1925 I Timeline: Timeline: App_transition_ready time:6135313
06-08 14:48:51.572 1757 3562 I Timeline: Timeline: App_transition_ready time:6135318
06-08 14:48:51.576 1757 2733 I Timeline: Timeline: App_transition_ready time:6135322
06-08 14:48:51.579 1757 1924 I set_top_app: success /proc/2560/top_app:1
06-08 14:48:51.580 1757 1924 I set_top_app: success /proc/2725/top_app:2
06-08 14:48:51.580 1757 1924 I set_top_app: success /proc/24880/top_app:0
06-08 14:48:51.580 1757 1924 I set_top_app: success /proc/26743/top_app:0
06-08 14:48:51.590 1757 1925 I Timeline: Timeline: App_transition_ready time:6135336
06-08 14:48:51.593 1757 1925 I Timeline: Timeline: App_transition_ready time:6135339
06-08 14:48:51.605 1757 3562 I Timeline: Timeline: App_transition_ready time:6135351
06-08 14:48:51.605 1757 3562 I MiuiKnockGestureService: knock feature changed notify native state:true
06-08 14:48:51.605 1757 3562 I MiuiKnockGestureService: native feature not merge
06-08 14:48:51.626 1757 1925 I Timeline: Timeline: App_transition_ready time:6135372
06-08 14:48:52.129 1757 3562 I Timeline: Timeline: Activity_windows_visible id: ActivityRecord{85a0842 u0 com.miui.home/.launcher.Launcher t1} time:6135875
06-08 14:48:52.133 1757 1925 I Timeline: Timeline: App_transition_stopped time:6135878
06-08 14:48:53.029 2560 2560 I Timeline: Timeline: Activity_launch_request time:6136775
06-08 14:48:53.032 1757 2617 I ActivityTaskManager: START u0 {act=android.intent.action.MAIN cat=[android.intent.category.LAUNCHER] flg=0x10200000 cmp=com.yahoo.mobile.client.android.mail/.activity.MainActivity bnds=[471,879][624,1032] (has extras)} from uid 10085
06-08 14:48:53.061 2560 2560 W ActivityThread: SCHED: com.miui.home/.launcher.Launcher [72, r=92ms, a=35ms, w=1475ms]
06-08 14:48:53.064 1757 9230 I ActivityTaskManager: The Process com.yahoo.mobile.client.android.mail Already Exists in BG. So sending its PID: 24880
06-08 14:48:53.072 1757 9230 I Timeline: Timeline: App_transition_ready time:6136818
06-08 14:48:53.073 1757 2287 I NotificationService: cancelToast pkg=com.miui.home callback=android.app.ITransientNotification$Stub$Proxy@e3c2cf9
06-08 14:48:53.073 1757 2287 W NotificationService: Toast already cancelled. pkg=com.miui.home callback=android.app.ITransientNotification$Stub$Proxy@e3c2cf9
06-08 14:48:53.074 1757 1925 I Timeline: Timeline: App_transition_ready time:6136820
06-08 14:48:53.075 1757 1925 I Timeline: Timeline: App_transition_ready time:6136821
06-08 14:48:53.083 1757 1924 I set_top_app: success /proc/24880/top_app:1
06-08 14:48:53.083 1757 1924 I set_top_app: success /proc/26743/top_app:2
06-08 14:48:53.091 1757 1924 I set_top_app: success /proc/2560/top_app:0
06-08 14:48:53.092 1757 1924 I set_top_app: success /proc/2725/top_app:0
06-08 14:48:53.102 1757 1925 I Timeline: Timeline: App_transition_ready time:6136848
06-08 14:48:53.249 1757 9228 I MiuiKnockGestureService: gamemode close knock feature
06-08 14:48:53.249 1757 9228 I MiuiKnockGestureService: native feature not merge
06-08 14:48:53.550 1757 2287 E WifiService: Permission violation - getScanResults not allowed for uid=10181, packageName=com.google.android.gms, reason=java.lang.SecurityException: Location mode is disabled for the device
06-08 14:48:53.592 1757 3562 I Timeline: Timeline: Activity_windows_visible id: ActivityRecord{3bec78d u0 com.yahoo.mobile.client.android.mail/.activity.MainActivity t1180} time:6137338
06-08 14:48:53.596 1757 1925 I Timeline: Timeline: App_transition_stopped time:6137341
06-08 14:48:53.604 1757 1924 I set_top_app: success /proc/2560/top_app:0
06-08 14:48:53.604 1757 1924 I set_top_app: success /proc/2725/top_app:0
06-08 14:48:54.658 1757 9228 D ConnectivityService: requestNetwork for uid/pid:10218/24880 NetworkRequest [ TRACK_DEFAULT id=157, [ Capabilities: INTERNET&NOT_RESTRICTED&TRUSTED Uid: 10218] ]
06-08 14:48:55.251 1757 2272 D ConnectivityService: releasing NetworkRequest [ TRACK_DEFAULT id=157, [ Capabilities: INTERNET&NOT_RESTRICTED&TRUSTED Uid: 10218] ] (release request)
06-08 14:48:57.581 1757 2617 D ConnectivityService: requestNetwork for uid/pid:10218/24880 NetworkRequest [ TRACK_DEFAULT id=158, [ Capabilities: INTERNET&NOT_RESTRICTED&TRUSTED Uid: 10218] ]
06-08 14:48:57.619 1757 1956 W BroadcastQueue: Background execution not allowed: receiving Intent { act=miui.intent.action.AI_APP_PREDICT flg=0x10 (has extras) } to com.miui.powerkeeper/.ai.AIEventReceiver
06-08 14:48:58.454 1757 2272 D ConnectivityService: releasing NetworkRequest [ TRACK_DEFAULT id=158, [ Capabilities: INTERNET&NOT_RESTRICTED&TRUSTED Uid: 10218] ] (release request)
06-08 14:48:59.126 1757 3562 D ConnectivityService: requestNetwork for uid/pid:10218/24880 NetworkRequest [ TRACK_DEFAULT id=159, [ Capabilities: INTERNET&NOT_RESTRICTED&TRUSTED Uid: 10218] ]
06-08 14:48:59.310 1757 3562 E NotificationService: Error creating vibration waveform with pattern: [0]
06-08 14:48:59.654 1757 2272 D ConnectivityService: releasing NetworkRequest [ TRACK_DEFAULT id=159, [ Capabilities: INTERNET&NOT_RESTRICTED&TRUSTED Uid: 10218] ] (release request)
06-08 14:48:59.838 1757 2733 D ConnectivityService: requestNetwork for uid/pid:10218/24880 NetworkRequest [ TRACK_DEFAULT id=160, [ Capabilities: INTERNET&NOT_RESTRICTED&TRUSTED Uid: 10218] ]
06-08 14:48:59.871 1757 9230 D PerfShielderService: com.yahoo.mobile.client.android.mail|com.yahoo.mobile.client.android.mail/com.yahoo.mobile.client.android.mail.activity.MainActivity|791|6141731329737|329|3|6
06-08 14:48:59.872 3777 5973 W MiuiPerfServiceClient: interceptAndQueuing:24880|com.yahoo.mobile.client.android.mail|791|329|unknown|null|com.yahoo.mobile.client.android.mail/com.yahoo.mobile.client.android.mail.activity.MainActivity|6141731329737|Slow handle traversal|6
06-08 14:48:59.872 1757 2733 D PerfShielderService: com.yahoo.mobile.client.android.mail|com.yahoo.mobile.client.android.mail/com.yahoo.mobile.client.android.mail.activity.MainActivity|319|6142657845570|253|3|2
06-08 14:48:59.873 3777 5973 W MiuiPerfServiceClient: interceptAndQueuing:24880|com.yahoo.mobile.client.android.mail|319|253|unknown|null|com.yahoo.mobile.client.android.mail/com.yahoo.mobile.client.android.mail.activity.MainActivity|6142657845570|Slow handle traversal|2
06-08 14:49:00.340 1757 2272 D ConnectivityService: releasing NetworkRequest [ TRACK_DEFAULT id=160, [ Capabilities: INTERNET&NOT_RESTRICTED&TRUSTED Uid: 10218] ] (release request)
06-08 14:49:02.136 1757 2287 W BaseMiuiPhoneWindowManager: keyCode:4 down:true eventTime:6145880 downTime:6145880 policyFlags:2b000002 flags:48 deviceId:-1 isScreenOn:true keyguardActive:false repeatCount:0
06-08 14:49:02.250 1757 2287 W BaseMiuiPhoneWindowManager: keyCode:4 down:false eventTime:6145995 downTime:6145880 policyFlags:2b000002 flags:48 deviceId:-1 isScreenOn:true keyguardActive:false repeatCount:0
06-08 14:49:02.278 24880 24880 W ActivityThread: SCHED: com.yahoo.mobile.client.android.mail/.activity.MainActivity [85, r=1920ms, a=322ms, w=9091ms]
06-08 14:49:02.297 1757 2287 I Timeline: Timeline: App_transition_ready time:6146043
06-08 14:49:02.299 1757 1925 I Timeline: Timeline: App_transition_ready time:6146045
06-08 14:49:02.309 1757 2287 I Timeline: Timeline: App_transition_ready time:6146054
06-08 14:49:02.312 1757 3562 I Timeline: Timeline: App_transition_ready time:6146058
06-08 14:49:02.316 1757 1925 I Timeline: Timeline: App_transition_ready time:6146062
06-08 14:49:02.321 1757 1924 I set_top_app: success /proc/2560/top_app:1
06-08 14:49:02.321 1757 1924 I set_top_app: success /proc/2725/top_app:2
06-08 14:49:02.327 1757 1924 I set_top_app: success /proc/24880/top_app:0
06-08 14:49:02.327 1757 1924 I set_top_app: success /proc/26743/top_app:0
06-08 14:49:02.328 1757 1925 I Timeline: Timeline: App_transition_ready time:6146074
06-08 14:49:02.348 1757 2287 I Timeline: Timeline: App_transition_ready time:6146094
06-08 14:49:02.348 1757 2287 I MiuiKnockGestureService: knock feature changed notify native state:true
06-08 14:49:02.348 1757 2287 I MiuiKnockGestureService: native feature not merge
06-08 14:49:02.371 1757 1925 I Timeline: Timeline: App_transition_ready time:6146117
06-08 14:49:02.890 1757 2617 I Timeline: Timeline: Activity_windows_visible id: ActivityRecord{85a0842 u0 com.miui.home/.launcher.Launcher t1} time:6146635
06-08 14:49:02.896 1757 1925 I Timeline: Timeline: App_transition_stopped time:6146642
06-08 14:49:03.626 2560 2560 I Timeline: Timeline: Activity_launch_request time:6147372
06-08 14:49:03.629 1757 2617 I ActivityTaskManager: START u0 {act=android.intent.action.MAIN cat=[android.intent.category.LAUNCHER] flg=0x10200000 cmp=com.google.android.googlequicksearchbox/.SearchActivity bnds=[212,880][365,1033] (has extras)} from uid 10085
06-08 14:49:03.659 2560 2560 W ActivityThread: SCHED: com.miui.home/.launcher.Launcher [63, r=114ms, a=65ms, w=1329ms]
06-08 14:49:03.661 1757 2617 I ActivityTaskManager: The Process com.google.android.googlequicksearchbox:search Already Exists in BG. So sending its PID: 23537
06-08 14:49:03.665 1757 2617 I Timeline: Timeline: App_transition_ready time:6147411
06-08 14:49:03.666 1757 9228 I NotificationService: cancelToast pkg=com.miui.home callback=android.app.ITransientNotification$Stub$Proxy@81975ad
06-08 14:49:03.666 1757 9228 W NotificationService: Toast already cancelled. pkg=com.miui.home callback=android.app.ITransientNotification$Stub$Proxy@81975ad
06-08 14:49:03.670 1757 1924 I set_top_app: success /proc/23537/top_app:1
06-08 14:49:03.670 1757 1924 I set_top_app: success /proc/2560/top_app:0
06-08 14:49:03.671 1757 1924 I set_top_app: success /proc/2725/top_app:0
06-08 14:49:03.686 23537 23537 I Timeline: Timeline: Activity_launch_request time:6147432
06-08 14:49:03.687 1757 2617 I ActivityTaskManager: START u0 {act=android.intent.action.MAIN cat=[android.intent.category.LAUNCHER] dat=agsa:/data?type=searchnow.TYPE_SEARCHNOW&inputProto=mgEVYW5kLmdzYS5sYXVuY2hlci5pY29uogGzARKwARj/////ByAAKAUoybgCOAFQAVgAgAEAoAEA
06-08 14:49:03.687 1757 2617 I ActivityTaskManager: qAEBwAEAyAEA0AEBiAIAkAIAmgIAqAIAsAIAwAIB4AIA6AIB8AIA+AIAqAP27Nn7//////8BsAOL
06-08 14:49:03.687 1757 2617 I ActivityTaskManager: jYL8//////8BuAO9+/b9//////8BwAMAyAMB2AOLjYL8//////8B4AP+4aP///////8B6APguev+
06-08 14:49:03.687 1757 2617 I ActivityTaskManager: //////8B8AMA+AMAgAQDiAT///////////8BkAQAmAQAoAQA6AH///////////8B8AEB+AEBsAIB
06-08 14:49:03.687 1757 2617 I ActivityTaskManager: uAKQHMAC2NGxmKkuyAIB2gIA4gIAqAMAsAMBwAMB
06-08 14:49:03.687 1757 2617 I ActivityTaskManager: flg=0x10208000 cmp=com.google.android.googlequicksearchbox/com.google.android.apps.gsa.searchnow.SearchNowActivity bnds=[212,880][365,1033] (has extras)} from uid 10189
06-08 14:49:03.715 1757 9228 I ActivityTaskManager: The Process com.google.android.googlequicksearchbox:search Already Exists in BG. So sending its PID: 23537
06-08 14:49:03.719 1757 9228 I Timeline: Timeline: App_transition_ready time:6147464
06-08 14:49:03.719 1757 1925 I Timeline: Timeline: App_transition_ready time:6147465
06-08 14:49:03.820 1757 1803 I Timeline: Timeline: App_transition_ready time:6147565
06-08 14:49:03.821 1757 1803 I Timeline: Timeline: App_transition_ready time:6147567
06-08 14:49:03.821 1757 1803 I MiuiKnockGestureService: gamemode close knock feature
06-08 14:49:03.821 1757 1803 I MiuiKnockGestureService: native feature not merge
06-08 14:49:03.861 1757 1925 I Timeline: Timeline: App_transition_ready time:6147607
06-08 14:49:04.353 1757 5166 I Timeline: Timeline: Activity_windows_visible id: ActivityRecord{18c5ccf u0 com.google.android.googlequicksearchbox/com.google.android.apps.gsa.searchnow.SearchNowActivity t1182} time:6148099
06-08 14:49:04.360 1757 1925 I Timeline: Timeline: App_transition_stopped time:6148105
06-08 14:49:04.362 1757 1924 I set_top_app: success /proc/2560/top_app:0
06-08 14:49:04.362 1757 1924 I set_top_app: success /proc/2725/top_app:0
06-08 14:49:08.231 1757 1956 W BroadcastQueue: Background execution not allowed: receiving Intent { act=miui.intent.action.AI_APP_PREDICT flg=0x10 (has extras) } to com.miui.powerkeeper/.ai.AIEventReceiver
06-08 14:49:09.351 1757 2617 E NotificationService: Error creating vibration waveform with pattern: [0]
06-08 14:49:15.058 1757 2617 E WifiService: Permission violation - getScanResults not allowed for uid=10181, packageName=com.google.android.gms, reason=java.lang.SecurityException: Location mode is disabled for the device
06-08 14:49:17.594 1757 2617 E WifiService: Permission violation - getScanResults not allowed for uid=10181, packageName=com.google.android.gms, reason=java.lang.SecurityException: Location mode is disabled for the device
06-08 14:49:18.764 23537 23537 I Timeline: Timeline: Activity_launch_request time:6162510
06-08 14:49:18.805 1757 8942 I ActivityTaskManager: START u0 {act=android.intent.action.VIEW cat=[android.intent.category.BROWSABLE] dat=http://policenet.gr/... flg=0x10000000 cmp=com.android.browser/.BrowserActivity (has extras)} from uid 10189
06-08 14:49:18.828 23537 23537 W ActivityThread: SCHED: com.google.android.googlequicksearchbox/com.google.android.apps.gsa.searchnow.SearchNowActivity [89, r=903ms, a=103ms, w=15044ms]
06-08 14:49:18.841 1757 1924 I set_top_app: success /proc/23537/top_app:0
06-08 14:49:18.841 1757 1924 I set_top_app: success /proc/26878/top_app:0
06-08 14:49:18.873 1757 1957 D Boost : hostingType=activity, hostingName={com.android.browser/com.android.browser.BrowserActivity}, callerPackage=com.google.android.googlequicksearchbox, isSystem=true, isBoostNeeded=false.
06-08 14:49:18.874 1757 1957 I ActivityManager: Start proc 26939:com.android.browser/u0a69 for activity {com.android.browser/com.android.browser.BrowserActivity} caller=com.google.android.googlequicksearchbox
06-08 14:49:18.906 1757 2293 D ActivityTaskManagerServiceInjector: Begin to report package foreground events...
06-08 14:49:18.923 1757 1925 I Timeline: Timeline: App_transition_ready time:6162669
06-08 14:49:18.930 1757 1924 I set_top_app: success /proc/26939/top_app:1
06-08 14:49:19.214 1757 1957 D Boost : hostingType=service, hostingName={com.android.browser/com.miui.org.chromium.content.app.SandboxedProcessService0}, callerPackage=com.android.browser, isSystem=true, isBoostNeeded=false.
06-08 14:49:19.215 1757 1957 I ActivityManager: Start proc 26989:com.android.browser:sandboxed_process0:com.miui.org.chromium.content.app.SandboxedProcessService0/u0i40 for service {com.android.browser/com.miui.org.chromium.content.app.SandboxedProcessService0} caller=com.android.browser
06-08 14:49:19.286 1757 2287 D ConnectivityService: requestNetwork for uid/pid:10069/26939 NetworkRequest [ TRACK_DEFAULT id=161, [ Capabilities: INTERNET&NOT_RESTRICTED&TRUSTED Uid: 10069] ]
06-08 14:49:19.446 1757 1803 D ConnectivityService: requestNetwork for uid/pid:10069/26939 NetworkRequest [ TRACK_DEFAULT id=163, [ Capabilities: INTERNET&NOT_RESTRICTED&TRUSTED Uid: 10069] ]
06-08 14:49:19.454 26939 26939 W Looper : Slow Looper main: Activity com.android.browser/.BrowserActivity is 545ms late (wall=0ms running=1ms ClientTransaction{ callbacks=[android.app.servertransaction.TopResumedActivityChangeItem] }) because of 3 msg, msg 2 took 96ms (seq=2 running=77ms runnable=12ms late=2ms h=android.app.ActivityThread$H w=110), msg 3 took 437ms (seq=3 running=209ms runnable=37ms io=115ms late=97ms h=android.app.ActivityThread$H w=159)
06-08 14:49:19.545 1757 2617 I MiuiKnockGestureService: knock feature changed notify native state:true
06-08 14:49:19.545 1757 2617 I MiuiKnockGestureService: native feature not merge
06-08 14:49:19.720 1757 1925 I Timeline: Timeline: Activity_windows_visible id: ActivityRecord{56bca88 u0 com.android.browser/.BrowserActivity t1183} time:6163466
06-08 14:49:19.723 1757 1925 I Timeline: Timeline: App_transition_stopped time:6163469
06-08 14:49:23.463 1757 1956 W BroadcastQueue: Background execution not allowed: receiving Intent { act=miui.intent.action.AI_APP_PREDICT flg=0x10 (has extras) } to com.miui.powerkeeper/.ai.AIEventReceiver
06-08 14:49:24.345 1757 9228 E NotificationService: Error creating vibration waveform with pattern: [0]
06-08 14:49:28.360 1757 2036 D AutomaticBrightnessControllerInjector: AmbientLux=1835.5007, mAmbientDarkeningThreshold=917.75037, mAmbientBrighteningThreshold=2235.5007, angle_xy2horizon=1.8298817
06-08 14:49:28.360 1757 2036 D AutomaticBrightnessController: updateAutoBrightness: mScreenAutoBrightness=1142, newScreenAutoBrightness=1464
06-08 14:49:28.364 1757 1757 V SettingsProvider: Notifying for 0: content://settings/system/screen_brightness
06-08 14:49:28.375 1757 2036 D AutomaticBrightnessControllerInjector: updateSlideAnimationDuration: reason: auto_brighten, new duration: 2188
06-08 14:49:28.378 1757 1757 V SettingsProvider: Notifying for 0: content://settings/system/slider_animation_duration
06-08 14:49:29.217 1757 2036 V DisplayPowerController: Brightness [15] reason changing to: 'automatic [ dim ]', previous reason: 'automatic'.
06-08 14:49:29.230 1757 2036 D AutomaticBrightnessControllerInjector: updateSlideAnimationDuration: reason: auto_darken, new duration: 24840
06-08 14:49:29.232 1757 1757 V SettingsProvider: Notifying for 0: content://settings/system/slider_animation_duration
06-08 14:49:33.712 1757 2036 I PowerManagerService: Going to sleep due to timeout (uid 1000)...
06-08 14:49:33.713 1757 1757 W UsageStatsService: Event reported without a package name, eventType:16
06-08 14:49:33.717 1757 1757 I WindowManager: Started going to sleep... (why=OFF_BECAUSE_OF_TIMEOUT)
06-08 14:49:33.745 4030 4147 D miui.face.FaceService: preInitAuth, com.android.systemui ok
06-08 14:49:33.746 4030 4147 D miui.face.FaceService: onPreInit curMonitor:com.miui.face.util.ClientMonitor@e38fc2c hasInit: true
06-08 14:49:33.764 1757 2036 V DisplayPowerController: Brightness [1464] reason changing to: 'automatic', previous reason: 'automatic [ dim ]'.
06-08 14:49:33.784 1757 1757 V FingerprintService: startAuthentication(com.android.systemui)
06-08 14:49:33.786 1757 1757 I FingerprintService: fodCallBack cmd: CMD_APP_AUTHEN , 0 , com.android.systemui backRes:1 touchStatus:1 writeRes:true
06-08 14:49:33.786 1757 1757 V FingerprintService: starting client AuthenticationClientImpl(com.android.systemui) cookie: 0/0 mPreviousClient: com.miui.securitycenter
06-08 14:49:33.786 1757 1924 I WindowManager: updateContrastOverlay, darkmode: false isContrastEnabled: true alpha: 0.0
06-08 14:49:33.786 1757 1924 I WindowManager: hideContrastOverlay
06-08 14:49:33.789 1757 1757 W FingerprintService: client com.android.systemui is authenticating...
06-08 14:49:33.790 1757 1757 V FingerprintService: Acquired: 6 21
06-08 14:49:33.797 2353 3156 D DisplayFeatureManager: setScreenEffect mode=17 value=1 cookie=1
06-08 14:49:33.904 2353 2353 I MiuiGxzwOverlayView: add overlay view: mLayoutParams.alpha = 0.657
06-08 14:49:34.093 1757 2036 I DisplayPowerController: Blocking screen off
06-08 14:49:34.095 1757 2036 I DisplayPowerController: Unblocked screen off after 2 ms
06-08 14:49:34.100 2353 3156 D DisplayFeatureManager: setScreenEffect mode=17 value=1 cookie=1
06-08 14:49:34.139 1757 2036 I WindowManager: Screen turned off...
06-08 14:49:34.139 1757 2036 D ActivityTaskManager: Top Process State changed to PROCESS_STATE_TOP_SLEEPING
06-08 14:49:34.170 26939 26939 W ActivityThread: SCHED: com.android.browser/.BrowserActivity [74, r=513ms, a=173ms, w=14741ms]
06-08 14:49:34.175 1757 1924 I set_top_app: success /proc/26939/top_app:0
06-08 14:49:34.176 1757 1924 I set_top_app: success /proc/26964/top_app:0
06-08 14:49:34.177 1757 1924 I set_top_app: success /proc/26989/top_app:0
06-08 14:49:34.179 1757 1924 W ProcessStats: Tracking association SourceState{1ab68c4 com.android.browser/10069 Top #44036} whose proc state 1 is better than process ProcessState{b7f83ad com.miui.securitycenter.remote/1000 pkg=com.miui.securitycenter} proc state 2 (82 skipped)
06-08 14:49:34.185 1757 2036 D AutomaticBrightnessControllerInjector: setLightSensorEnabled: true
06-08 14:49:34.185 1757 2036 D AutomaticBrightnessControllerInjector: res: 2132.2349
06-08 14:49:34.187 1757 2036 D AutomaticBrightnessControllerInjector: setAccSensorEnabled disable
06-08 14:49:34.189 1757 2036 D AutomaticBrightnessControllerInjector: setMotionSensorEnabled disable
06-08 14:49:34.191 1757 2036 D AutomaticBrightnessTouchHelper: touch pointer listener has unregistered!
06-08 14:49:34.191 1757 2036 V DisplayPowerController: Brightness [0] reason changing to: 'screen_off', previous reason: 'automatic'.
06-08 14:49:34.192 1757 2328 D LocalDisplayAdapter: setDisplayState(id=19261101167563905, state=OFF)
06-08 14:49:34.192 1757 1924 I DisplayManagerService: Display device changed state: "Ενσωματωμένη οθόνη", OFF
06-08 14:49:34.367 1757 2036 I DreamManagerService: Entering dreamland.
06-08 14:49:34.368 1757 2036 I PowerManagerService: Dozing...
06-08 14:49:34.371 1757 1921 I DreamController: Starting dream: name=ComponentInfo{com.miui.aod/com.miui.aod.doze.DozeService}, isTest=false, canDoze=true, userId=0
06-08 14:49:34.381 3203 3203 V DreamService[DozeService]: onCreate()
06-08 14:49:34.408 3203 3203 V DreamService[DozeService]: onBind() intent = Intent { act=android.service.dreams.DreamService flg=0x800000 cmp=com.miui.aod/.doze.DozeService }
06-08 14:49:34.412 3203 3203 V DreamService[DozeService]: Calling onDreamingStarted()
06-08 14:49:34.412 3203 3203 V DreamService[DozeService]: onDreamingStarted()
06-08 14:49:34.462 1757 1803 I MiuiKnockGestureService: gamemode close knock feature
06-08 14:49:34.462 1757 1803 I MiuiKnockGestureService: native feature not merge
06-08 14:49:34.782 1757 2036 I DisplayPowerController: Blocking screen on until initial contents have been drawn.
06-08 14:49:34.783 1757 2036 I WindowManager: Screen turning on...
06-08 14:49:34.784 2353 2369 W KeyguardViewMediator: notifyScreenOn
06-08 14:49:34.786 2353 2353 W KeyguardViewMediator: handleNotifyScreenTurningOn
06-08 14:49:34.786 2353 2353 W KeyguardViewMediator: notifyDrawn
06-08 14:49:34.787 1757 2287 I WindowManager: mKeyguardDelegate.ShowListener.onDrawn.
06-08 14:49:34.788 1757 1922 W WindowManager: Setting mKeyguardDrawComplete
06-08 14:49:34.788 1757 1922 I WindowManager: All windows ready for display!
06-08 14:49:34.788 1757 1922 W WindowManager: Setting mWindowManagerDrawComplete
06-08 14:49:34.789 1757 2036 V DisplayPowerController: Brightness [2047] reason changing to: 'doze', previous reason: 'screen_off'.
06-08 14:49:34.792 1757 2328 D LocalDisplayAdapter: setDisplayState(id=19261101167563905, state=DOZE)
06-08 14:49:34.793 1757 1924 I DisplayManagerService: Display device changed state: "Ενσωματωμένη οθόνη", DOZE
06-08 14:49:34.808 1757 1922 D WindowManager: finishScreenTurningOn: mAwake=true, mScreenOnEarly=true, mScreenOnFully=false, mKeyguardDrawComplete=true, mWindowManagerDrawComplete=true
06-08 14:49:34.808 1757 1922 I WindowManager: Finished screen turning on...
06-08 14:49:34.809 1757 2036 I DisplayPowerController: Unblocked screen on after 27 ms
06-08 14:49:34.832 2353 2353 I MiuiGxzwOverlayView: upldate overlay view alpha: 0.0
06-08 14:49:35.004 1757 2328 W BpBinder: Slow Binder: BpBinder transact took 212ms, interface=android.ui.ISurfaceComposer, code=19 oneway=false
06-08 14:49:35.005 1757 2303 D DisplayFeatureManager: setScreenEffect mode=0 value=2
06-08 14:49:35.006 1757 1757 I WindowManager: Finished going to sleep... (why=OFF_BECAUSE_OF_TIMEOUT)
06-08 14:49:35.008 1757 2303 D DisplayFeatureManager: setScreenEffect mode=3 value=0
06-08 14:49:35.023 2353 5326 W KeyguardViewMediator: doKeyguard: showing the lock screen
06-08 14:49:35.035 1112 1112 I wificond: Pno scan started for frequencies: 2412, 2417, 2422, 2427, 2432, 2437, 2447, 2452, 2457, 2462, 5180, 5200, 5220, 5240, 5745, 5765, 5785, 5805,
06-08 14:49:35.035 1112 1112 W wificond: Scan aborted
06-08 14:49:35.039 1757 1757 V LocationPolicy: Screen state changed
06-08 14:49:35.059 1757 2287 W WindowManager: Failed looking up window callers=com.android.server.wm.WindowManagerService.pokeDrawLock:7 com.android.server.wm.Session.pokeDrawLock:6 android.view.IWindowSession$Stub.onTransact:296
06-08 14:49:35.083 1757 1924 W UsageStatsService: Event reported without a package name, eventType:17
06-08 14:49:35.083 1757 1924 I WindowManager: updateContrastOverlay, darkmode: false isContrastEnabled: true alpha: 0.0
06-08 14:49:35.130 2353 2353 V KeyguardDisplayManager: show
06-08 14:49:35.130 1757 1955 D ProcessManager: add temp remove audio inactive uid : 10189
06-08 14:49:35.323 1757 9228 W AppOps : Noting op not finished: uid 10181 pkg com.google.android.gms code 79 time=1591616975323 duration=-1
06-08 14:49:35.331 1757 2733 W AppOps : Noting op not finished: uid 10181 pkg com.google.android.gms code 79 time=1591616975324 duration=0
06-08 14:49:35.363 1757 9228 W AppOps : Noting op not finished: uid 10181 pkg com.google.android.gms code 79 time=1591616975331 duration=0
06-08 14:49:35.376 1757 9228 W AppOps : Noting op not finished: uid 10181 pkg com.google.android.gms code 79 time=1591616975363 duration=0
06-08 14:49:35.383 1757 1803 W AppOps : Noting op not finished: uid 10181 pkg com.google.android.gms code 79 time=1591616975376 duration=0
06-08 14:49:35.442 1757 2287 W AppOps : Noting op not finished: uid 10181 pkg com.google.android.gms code 79 time=1591616975383 duration=0
06-08 14:49:35.732 1757 2301 D ProcessManager: real remove inactive uid : 10189 flag : 1
06-08 14:49:36.308 1757 2733 D PerfShielderService: com.miui.aod|com.miui.aod-AOD64982|1212|6179939435243|64|2|38
06-08 14:49:36.531 826 911 W EventThreadInspector: slow VSync-sf on display(19261101167563905), count=29, avg=32 ms, max=48 ms.
06-08 14:49:36.797 2353 2353 I MiuiGxzwViewIcon: setGxzwIconTransparent
06-08 14:49:36.810 2353 2353 I MiuiGxzwViewIcon: turnOffScreen
06-08 14:49:36.892 826 910 W EventThreadInspector: slow VSync-app on display(19261101167563905), count=27, avg=22 ms, max=32 ms.
06-08 14:49:37.352 1757 2328 D LocalDisplayAdapter: setDisplayState(id=19261101167563905, state=DOZE_SUSPEND)
06-08 14:49:37.352 1757 1924 I DisplayManagerService: Display device changed state: "Ενσωματωμένη οθόνη", DOZE_SUSPEND
06-08 14:49:37.492 1112 1112 W wificond: Scan aborted
06-08 14:49:37.532 1757 2328 D LocalDisplayAdapter: setDisplayState(id=19261101167563905, state=DOZE)
06-08 14:49:37.533 1757 1924 I DisplayManagerService: Display device changed state: "Ενσωματωμένη οθόνη", DOZE
06-08 14:49:37.765 1757 2617 D PerfShielderService: com.miui.aod|com.miui.aod-AOD64982|176|6181318536232|176|0|1
06-08 14:49:38.007 1757 2328 D LocalDisplayAdapter: setDisplayState(id=19261101167563905, state=DOZE_SUSPEND)
06-08 14:49:38.007 1757 1924 I DisplayManagerService: Display device changed state: "Ενσωματωμένη οθόνη", DOZE_SUSPEND
06-08 14:49:38.026 1757 2328 D LocalDisplayAdapter: setDisplayState(id=19261101167563905, state=DOZE)
06-08 14:49:38.026 1757 1924 I DisplayManagerService: Display device changed state: "Ενσωματωμένη οθόνη", DOZE
06-08 14:49:38.309 1757 2328 D LocalDisplayAdapter: setDisplayState(id=19261101167563905, state=DOZE_SUSPEND)
06-08 14:49:38.310 1757 1924 I DisplayManagerService: Display device changed state: "Ενσωματωμένη οθόνη", DOZE_SUSPEND
06-08 14:49:38.322 1757 2328 D LocalDisplayAdapter: setDisplayState(id=19261101167563905, state=DOZE)
