06-08 10:58:41.213 2546 2546 I Telephony: TelecomAccountRegistry: Unregistering phone account ComponentInfo{com.android.phone/com.android.services.telephony.TelephonyConnectionService}, ***, UserHandle{0}.
06-08 10:58:41.229 2546 2546 I Telephony: TelecomAccountRegistry: setupAccounts: Found 2 phones. Attempting to register.
06-08 10:58:41.233 2546 2546 I Telephony: TelecomAccountRegistry: setupAccounts: Phone with subscription id: 1 slotId: 0 provisionStatus: 1
06-08 10:58:41.294 2546 2546 I Telephony: AccountEntry: Registered phoneAccount: [[ ] PhoneAccount: ComponentInfo{com.android.phone/com.android.services.telephony.TelephonyConnectionService}, ***, UserHandle{0} Capabilities: CallProvider MultiUser PlaceEmerg SimSub Audio Routes: BESW Schemes: tel voicemail Extras: Bundle[{android.telecom.extra.SUPPORTS_VIDEO_CALLING_FALLBACK=true, android.telecom.extra.SORT_ORDER=0}] GroupId: ***] with handle: ComponentInfo{com.android.phone/com.android.services.telephony.TelephonyConnectionService}, ***, UserHandle{0}
06-08 10:58:41.294 2546 2546 I Telephony: PstnIncomingCallNotifier: Registering: slot 0, Handler (com.qualcomm.qti.internal.telephony.QtiGsmCdmaPhone) {938666c}
06-08 10:58:41.296 2546 2546 I Telephony: TelecomAccountRegistry: setupAccounts: Phone with subscription id: -1 slotId: 1 provisionStatus: -2
06-08 10:58:41.338 2546 2546 I Telephony: PstnIncomingCallNotifier: Unregistering: slot 0, Handler (com.qualcomm.qti.internal.telephony.QtiGsmCdmaPhone) {938666c}
06-08 10:58:41.343 2546 2546 I Telephony: TelecomAccountRegistry: Unregistering phone account ComponentInfo{com.android.phone/com.android.services.telephony.TelephonyConnectionService}, ***, UserHandle{0}.
06-08 10:58:41.345 2546 2546 I Telephony: TelecomAccountRegistry: setupAccounts: Found 2 phones. Attempting to register.
06-08 10:58:41.345 2546 2546 I Telephony: TelecomAccountRegistry: setupAccounts: Phone with subscription id: 1 slotId: 0 provisionStatus: 1
06-08 10:58:41.362 2546 2546 I Telephony: AccountEntry: Registered phoneAccount: [[ ] PhoneAccount: ComponentInfo{com.android.phone/com.android.services.telephony.TelephonyConnectionService}, ***, UserHandle{0} Capabilities: CallProvider MultiUser PlaceEmerg SimSub Audio Routes: BESW Schemes: tel voicemail Extras: Bundle[{android.telecom.extra.SUPPORTS_VIDEO_CALLING_FALLBACK=true, android.telecom.extra.SORT_ORDER=0}] GroupId: ***] with handle: ComponentInfo{com.android.phone/com.android.services.telephony.TelephonyConnectionService}, ***, UserHandle{0}
06-08 10:58:41.362 2546 2546 I Telephony: PstnIncomingCallNotifier: Registering: slot 0, Handler (com.qualcomm.qti.internal.telephony.QtiGsmCdmaPhone) {938666c}
06-08 10:58:41.366 2546 2546 I Telephony: TelecomAccountRegistry: setupAccounts: Phone with subscription id: -1 slotId: 1 provisionStatus: -2
06-08 10:58:41.434 826 911 W EventThreadInspector: slow VSync-sf on display(19261101167563905), count=1, avg=202 ms, max=202 ms.
06-08 10:58:41.453 17685 24003 W BpBinder: Slow Binder: BpBinder transact took 219ms, interface=com.android.internal.telephony.ISms, code=14 oneway=false
06-08 10:58:41.455 2546 2546 I Telephony: PstnPhoneCapabilitiesNotifier: handleVideoCapabilitesChanged. Video capability - false
06-08 10:58:41.459 2546 2546 I Telephony: PstnPhoneCapabilitiesNotifier: handleVideoCapabilitesChanged. Video capability - false
06-08 10:58:41.487 1757 9191 I chatty : uid=1000(system) Binder:1757_18 expire 3 lines
06-08 10:58:49.407 826 911 W EventThreadInspector: slow VSync-sf on display(19261101167563905), count=3, avg=29 ms, max=31 ms.
06-08 10:58:50.033 826 910 W EventThreadInspector: slow VSync-app on display(19261101167563905), count=59, avg=29 ms, max=32 ms.
06-08 10:58:52.011 826 910 W EventThreadInspector: slow VSync-app on display(19261101167563905), count=60, avg=30 ms, max=32 ms.
06-08 10:58:53.165 826 911 W EventThreadInspector: slow VSync-sf on display(19261101167563905), count=60, avg=31 ms, max=32 ms.
06-08 10:58:53.988 826 910 W EventThreadInspector: slow VSync-app on display(19261101167563905), count=60, avg=30 ms, max=32 ms.
06-08 10:58:54.765 1757 2957 I chatty : uid=1000(system) Binder:1757_A expire 3 lines
06-08 10:58:54.771 1757 2272 I chatty : uid=1000(system) ConnectivitySer expire 10 lines
06-08 10:58:54.784 1757 9230 I chatty : uid=1000(system) Binder:1757_1F expire 1 line
06-08 10:58:54.789 1757 2860 I chatty : uid=1000(system) Binder:1757_9 expire 1 line
06-08 10:58:54.796 1757 8942 I chatty : uid=1000(system) Binder:1757_15 expire 1 line
06-08 10:58:54.942 2353 2767 D NetworkController.MobileSignalController(1): onServiceStateChanged slotId=0 subId=1 voiceState=0 dataState=0 FiveGConnected= false dataType= 13
06-08 10:58:55.007 1757 1957 I chatty : uid=1000(system) ActivityManager expire 6 lines
06-08 10:58:55.142 826 911 W EventThreadInspector: slow VSync-sf on display(19261101167563905), count=60, avg=32 ms, max=32 ms.
06-08 10:58:55.966 826 910 W EventThreadInspector: slow VSync-app on display(19261101167563905), count=60, avg=29 ms, max=37 ms.
06-08 10:58:57.119 826 911 W EventThreadInspector: slow VSync-sf on display(19261101167563905), count=60, avg=32 ms, max=38 ms.
06-08 10:58:57.976 826 910 W EventThreadInspector: slow VSync-app on display(19261101167563905), count=60, avg=30 ms, max=32 ms.
06-08 10:59:00.183 826 911 W EventThreadInspector: slow VSync-sf on display(19261101167563905), count=34, avg=31 ms, max=32 ms.
06-08 10:59:11.809 1757 1971 I chatty : uid=1000(system) batterystats-wo expire 10 lines
06-08 10:59:46.493 1757 2328 I chatty : uid=1000(system) PhotonicModulat expire 7 lines
06-08 10:59:46.493 1757 1924 I chatty : uid=1000(system) android.display expire 10 lines
06-08 10:59:46.524 2353 2767 D NetworkController.MobileSignalController(1): onServiceStateChanged slotId=0 subId=1 voiceState=0 dataState=0 FiveGConnected= false dataType= 3
06-08 10:59:46.699 826 911 W EventThreadInspector: slow VSync-sf on display(19261101167563905), count=1, avg=31 ms, max=31 ms.
06-08 10:59:57.877 2353 2767 D NetworkController.MobileSignalController(1): onServiceStateChanged slotId=0 subId=1 voiceState=0 dataState=0 FiveGConnected= false dataType= 13
06-08 11:00:00.041 826 911 W EventThreadInspector: slow VSync-sf on display(19261101167563905), count=1, avg=46 ms, max=46 ms.
06-08 11:00:01.292 826 910 W EventThreadInspector: slow VSync-app on display(19261101167563905), count=60, avg=29 ms, max=38 ms.
06-08 11:00:10.064 826 826 W SurfaceFlingerInspector: Slow frame composition: xiaomi f4 41 prepareFrame took 251 ms
06-08 11:01:01.266 1757 2328 I chatty : uid=1000(system) PhotonicModulat expire 12 lines
06-08 11:01:48.093 826 826 W SurfaceFlingerInspector: Slow frame composition: xiaomi f4 41 prepareFrame took 217 ms
06-08 11:02:02.534 826 910 W EventThreadInspector: slow VSync-app on display(19261101167563905), count=59, avg=30 ms, max=31 ms.
06-08 11:02:40.040 826 826 W SurfaceFlingerInspector: Slow frame composition: xiaomi f4 41 prepareFrame took 186 ms
06-08 11:02:40.172 1757 1957 I chatty : uid=1000(system) ActivityManager expire 10 lines
06-08 11:02:40.380 1757 9191 I chatty : uid=1000(system) Binder:1757_18 expire 10 lines
06-08 11:02:41.769 24255 24255 W Looper : Slow Looper main: Long Msg: seq=2 plan=11:02:40.227 late=5ms wall=1537ms running=1099ms runnable=151ms h=android.app.ActivityThread$H w=110
06-08 11:02:43.974 1757 3835 I chatty : uid=1000(system) Binder:1757_D expire 6 lines
06-08 11:02:44.363 1757 1924 I chatty : uid=1000(system) android.display expire 10 lines
06-08 11:02:44.613 826 911 W EventThreadInspector: slow VSync-sf on display(19261101167563905), count=58, avg=35 ms, max=211 ms.
06-08 11:02:45.174 1757 2272 I chatty : uid=1000(system) ConnectivitySer expire 7 lines
06-08 11:02:58.336 1757 1971 I chatty : uid=1000(system) batterystats-wo expire 16 lines
06-08 11:02:58.998 1757 9190 I chatty : uid=1000(system) Binder:1757_17 expire 6 lines
06-08 11:04:01.308 826 911 W EventThreadInspector: slow VSync-sf on display(19261101167563905), count=8, avg=23 ms, max=34 ms.
06-08 11:04:01.838 1757 8942 I chatty : uid=1000(system) Binder:1757_15 expire 6 lines
06-08 11:04:01.844 1757 2223 I chatty : uid=1000(system) Binder:1757_3 expire 3 lines
06-08 11:04:02.596 826 910 W EventThreadInspector: slow VSync-app on display(19261101167563905), count=60, avg=30 ms, max=35 ms.
06-08 11:04:14.165 826 826 W SurfaceFlingerInspector: Slow frame composition: xiaomi f4 41 prepareFrame took 292 ms
06-08 11:06:01.124 826 911 W EventThreadInspector: slow VSync-sf on display(19261101167563905), count=3, avg=106 ms, max=276 ms.
06-08 11:06:01.294 826 911 W EventThreadInspector: slow VSync-sf on display(19261101167563905), count=1, avg=35 ms, max=35 ms.
06-08 11:06:02.741 1757 2328 I chatty : uid=1000(system) PhotonicModulat expire 11 lines
06-08 11:06:28.110 826 826 W SurfaceFlingerInspector: Slow frame composition: xiaomi f4 41 prepareFrame took 220 ms
06-08 11:06:28.147 2353 2353 I MiuiGxzwViewIcon: detect device put up
06-08 11:06:28.147 2353 2353 I MiuiGxzwViewIcon: setGxzwIconOpaque
06-08 11:06:28.150 1757 1924 I chatty : uid=1000(system) android.display expire 10 lines
06-08 11:06:28.201 826 910 W EventThreadInspector: slow VSync-app on display(19261101167563905), count=60, avg=29 ms, max=34 ms.
06-08 11:06:31.159 2353 2353 I MiuiGxzwViewIcon: setGxzwIconTransparent
06-08 11:06:31.186 2353 2353 I MiuiGxzwViewIcon: turnOffScreen
06-08 11:06:36.438 826 826 W SurfaceFlingerInspector: Slow frame composition: xiaomi f4 41 prepareFrame took 203 ms
06-08 11:06:36.478 2353 2353 I MiuiGxzwViewIcon: detect device put up
06-08 11:06:36.478 2353 2353 I MiuiGxzwViewIcon: setGxzwIconOpaque
06-08 11:06:37.989 1757 2248 I chatty : uid=1000(system) InputReader expire 10 lines
06-08 11:06:38.597 1757 1757 I chatty : uid=1000 system_server expire 12 lines
06-08 11:06:39.507 2353 2353 I MiuiGxzwViewIcon: setGxzwIconTransparent
06-08 11:06:39.516 2353 2353 I MiuiGxzwViewIcon: turnOffScreen
06-08 11:06:40.169 2353 2353 I MiuiGxzwViewIcon: detect device put up
06-08 11:06:40.169 2353 2353 I MiuiGxzwViewIcon: setGxzwIconOpaque
06-08 11:06:43.184 2353 2353 I MiuiGxzwViewIcon: setGxzwIconTransparent
06-08 11:06:43.206 1757 2328 I chatty : uid=1000(system) PhotonicModulat expire 9 lines
06-08 11:06:43.207 1757 1924 I chatty : uid=1000(system) android.display expire 11 lines
06-08 11:06:43.224 2353 2353 I MiuiGxzwViewIcon: turnOffScreen
06-08 11:07:01.086 2546 2546 W BpBinder: Slow Binder: BpBinder transact took 274ms, interface=android.os.IPowerManager, code=1 oneway=false
06-08 11:07:04.622 4340 5183 W BpBinder: Slow Binder: BpBinder transact took 206ms, interface=android.content.pm.IPackageManager, code=37 oneway=false
06-08 11:07:31.729 2353 2353 I MiuiGxzwViewIcon: detect device put up
06-08 11:07:31.729 2353 2353 I MiuiGxzwViewIcon: setGxzwIconOpaque
06-08 11:07:31.765 1757 1971 I chatty : uid=1000(system) batterystats-wo expire 1 line
06-08 11:07:31.934 826 910 W EventThreadInspector: slow VSync-app on display(19261101167563905), count=60, avg=30 ms, max=43 ms.
06-08 11:07:32.165 2353 2353 I MiuiGxzwViewIcon: onKeycodeGoto
06-08 11:07:32.369 2353 2353 I MiuiGxzwViewIcon: onKeycodeGoto
06-08 11:07:34.568 2353 2353 I MiuiGxzwTouchHelper: onTouch: originalAction = ACTION_DOWN, action = ACTION_DOWN, x = 130,000000, y = 150,000000, pressure = 2048,000000, area = 12,000000
06-08 11:07:34.569 826 911 W EventThreadInspector: slow VSync-sf on display(19261101167563905), count=37, avg=40 ms, max=219 ms.
06-08 11:07:34.573 2353 2353 I MiuiGxzwHightlightContainer: show highlight view
06-08 11:07:34.574 2353 2353 I MiuiGxzwOverlayView: upldate overlay view alpha: 0.657
06-08 11:07:34.637 1757 2732 I chatty : uid=1000(system) Binder:1757_7 expire 2 lines
06-08 11:07:34.700 826 910 W EventThreadInspector: slow VSync-app on display(19261101167563905), count=4, avg=31 ms, max=31 ms.
06-08 11:07:34.701 826 826 W SurfaceFlingerInspector: Slow frame composition: xiaomi f4 41 doComposition took 64 ms
06-08 11:07:34.882 826 910 W EventThreadInspector: slow VSync-app on display(19261101167563905), count=1, avg=30 ms, max=30 ms.
06-08 11:07:34.912 2353 2353 I MiuiGxzwTouchHelper: onTouch: originalAction = ACTION_UP, action = ACTION_UP, x = 161,000000, y = 146,000000, pressure = 2048,000000, area = 12,000000
06-08 11:07:34.913 2353 2353 I MiuiGxzwOverlayView: upldate overlay view alpha: 0.0
06-08 11:07:34.915 826 911 W EventThreadInspector: slow VSync-sf on display(19261101167563905), count=7, avg=29 ms, max=33 ms.
06-08 11:07:34.916 2353 2353 I MiuiGxzwHightlightContainer: dismiss highlight view
06-08 11:07:35.286 2353 2353 I miui_keyguard_fingerprint: onAuthenticationSucceeded: authUserId = 0
06-08 11:07:35.310 520 24709 D vold : The trim thread is not running
06-08 11:07:35.310 520 24709 D vold : idle maintenance stopped
06-08 11:07:35.315 1757 2036 I chatty : uid=1000(system) PowerManagerSer expire 17 lines
06-08 11:07:35.325 1112 1112 I wificond: Pno scan stopped
06-08 11:07:35.326 1757 1757 I chatty : uid=1000 system_server expire 6 lines
06-08 11:07:35.345 1757 1921 I chatty : uid=1000(system) android.fg expire 3 lines
06-08 11:07:35.371 2353 2353 E miui_face: start face unlock fail because device has unlocked
06-08 11:07:35.372 2353 2353 I MiuiGxzwOverlayView: upldate overlay view alpha: 0.657
06-08 11:07:35.388 1757 2617 I chatty : uid=1000(system) Binder:1757_6 expire 5 lines
06-08 11:07:35.390 3203 3203 V DreamService[DozeService]: wakeUp(): fromSystem=true, mWaking=false, mFinished=false
06-08 11:07:35.390 3203 3203 V DreamService[DozeService]: finish(): mFinished=false
06-08 11:07:35.396 3203 3203 V DreamService[DozeService]: detach(): Calling onDreamingStopped()
06-08 11:07:35.396 3203 3203 V DreamService[DozeService]: onDreamingStopped()
06-08 11:07:35.406 1757 2377 I chatty : uid=1000(system) Binder:1757_5 expire 5 lines
06-08 11:07:35.408 2353 3726 I KeyguardViewMediator: call fw keyguardGoingAway: flags = 8
06-08 11:07:35.411 2353 2353 I MiuiGxzwOverlayView: remove overlay view
06-08 11:07:35.416 2353 3156 D DisplayFeatureManager: setScreenEffect mode=17 value=0 cookie=1
06-08 11:07:35.434 1757 1925 I chatty : uid=1000(system) android.anim expire 12 lines
06-08 11:07:35.445 3203 3203 V DreamService[DozeService]: finish(): mFinished=true
06-08 11:07:35.445 3203 3203 V DreamService[DozeService]: onDestroy()
06-08 11:07:35.447 1757 9222 I chatty : uid=1000(system) Binder:1757_1C expire 2 lines
06-08 11:07:35.451 1757 1922 I chatty : uid=1000(system) android.ui expire 1 line
06-08 11:07:35.466 1757 2957 I chatty : uid=1000(system) Binder:1757_A expire 5 lines
06-08 11:07:35.491 1757 8943 I chatty : uid=1000(system) Binder:1757_16 expire 10 lines
06-08 11:07:35.514 1757 1957 I chatty : uid=1000(system) ActivityManager expire 8 lines
06-08 11:07:35.555 2353 2353 I KeyguardViewMediator: handleStartKeyguardExitAnimation startTime=2847397 fadeoutDuration=300
06-08 11:07:35.563 1757 1924 I chatty : uid=1000(system) android.display expire 11 lines
06-08 11:07:35.586 2353 2353 V KeyguardDisplayManager: hide
06-08 11:07:35.587 2353 2353 I miui_keyguard_fingerprint: fingerprint unlock time: wait fw call startKeyguardExitAnimation = 172 ms total = 272 ms
06-08 11:07:35.610 2353 2767 D NetworkController.MobileSignalController(1): onServiceStateChanged slotId=0 subId=1 voiceState=0 dataState=0 FiveGConnected= false dataType= 13
06-08 11:07:35.702 3746 3746 W BpBinder: Slow Binder: BpBinder transact took 318ms, interface=android.media.IAudioFlinger, code=2 oneway=false
06-08 11:07:35.718 4030 4030 D miui.face.FaceService: lock screen passed
06-08 11:07:35.718 4030 4121 D miui.face.FaceService: FaceAuthenHelper mReleaseIfAuthenticated Runnable run ... ...
06-08 11:07:35.718 4030 4121 D miui.face.FaceService: release memory... ...
06-08 11:07:35.718 1757 1956 I chatty : uid=1000(system) ActivityManager expire 5 lines
06-08 11:07:35.719 5199 5330 D PowerKeeper.AppStandby: disable standby chain
06-08 11:07:35.732 2560 2719 E ActivityThread: Failed to find provider info for com.android.thememanager.set_lockwallpaper
06-08 11:07:35.736 1757 1955 I chatty : uid=1000(system) android.bg expire 1 line
06-08 11:07:35.793 24727 24727 I SystemConfig: Adding association: com.google.android.as <- com.android.providers.contacts
06-08 11:07:35.793 24727 24727 I SystemConfig: Adding association: com.google.android.as <- com.android.providers.media
06-08 11:07:35.793 24727 24727 I SystemConfig: Adding association: com.google.android.as <- com.android.providers.telephony
06-08 11:07:35.793 24727 24727 I SystemConfig: Adding association: com.google.android.as <- com.android.systemui
06-08 11:07:35.793 24727 24727 I SystemConfig: Adding association: com.google.android.as <- com.google.android.gms
06-08 11:07:35.793 24727 24727 I SystemConfig: Adding association: com.google.android.as <- com.google.android.gsf
06-08 11:07:35.802 24727 24727 W SystemConfig: No directory /product_services/etc/sysconfig, skipping
06-08 11:07:35.802 24727 24727 W SystemConfig: No directory /product_services/etc/permissions, skipping
06-08 11:07:35.818 2560 2818 W BpBinder: Slow Binder: BpBinder transact took 353ms, interface=android.app.IActivityManager, code=20 oneway=false
06-08 11:07:35.959 3746 4100 W BpBinder: Slow Binder: BpBinder transact took 254ms, interface=android.media.IAudioRecord, code=1 oneway=false
06-08 11:07:38.846 2560 2560 I Timeline: Timeline: Activity_launch_request time:2850689
06-08 11:07:38.879 2560 2560 W ActivityThread: SCHED: com.miui.home/.launcher.Launcher [69, r=186ms, a=82ms, w=3421ms]
06-08 11:07:39.118 2353 2767 D NetworkController.MobileSignalController(1): onServiceStateChanged slotId=0 subId=1 voiceState=0 dataState=0 FiveGConnected= false dataType= 13
06-08 11:07:39.171 2353 2767 D NetworkController.MobileSignalController(1): onServiceStateChanged slotId=0 subId=1 voiceState=0 dataState=0 FiveGConnected= false dataType= 13
06-08 11:07:39.234 1757 9230 I chatty : uid=1000(system) Binder:1757_1F expire 3 lines
06-08 11:07:39.300 24780 24780 W Looper : Slow Looper main: Activity com.google.android.dialer/.extensions.GoogleDialtactsActivity is 329ms late (wall=0ms running=0ms ClientTransaction{ callbacks=[android.app.servertransaction.TopResumedActivityChangeItem] }) because of 2 msg, msg 1 took 100ms (seq=2 running=61ms runnable=15ms late=3ms h=android.app.ActivityThread$H w=110), msg 2 took 239ms (seq=3 running=115ms runnable=19ms late=91ms h=android.app.ActivityThread$H w=159)
06-08 11:07:46.280 24780 24780 I Timeline: Timeline: Activity_launch_request time:2858123
06-08 11:07:46.314 24780 24780 W ActivityThread: SCHED: com.google.android.dialer/.extensions.GoogleDialtactsActivity [79, r=242ms, a=61ms, w=7087ms]
06-08 11:07:46.402 24780 24780 W ActivityThread: SCHED: com.google.android.dialer/com.android.dialer.precall.impl.PreCallActivity [85, r=12ms, a=2ms, w=51ms]
06-08 11:07:46.627 24876 24876 I SystemConfig: Adding association: com.google.android.as <- com.android.providers.contacts
06-08 11:07:46.627 24876 24876 I SystemConfig: Adding association: com.google.android.as <- com.android.providers.media
06-08 11:07:46.627 24876 24876 I SystemConfig: Adding association: com.google.android.as <- com.android.providers.telephony
06-08 11:07:46.627 24876 24876 I SystemConfig: Adding association: com.google.android.as <- com.android.systemui
06-08 11:07:46.627 24876 24876 I SystemConfig: Adding association: com.google.android.as <- com.google.android.gms
06-08 11:07:46.627 24876 24876 I SystemConfig: Adding association: com.google.android.as <- com.google.android.gsf
06-08 11:07:46.633 24876 24876 W SystemConfig: No directory /product_services/etc/sysconfig, skipping
06-08 11:07:46.633 24876 24876 W SystemConfig: No directory /product_services/etc/permissions, skipping
06-08 11:07:46.708 1757 2293 I chatty : uid=1000(system) miui.fg expire 1 line
06-08 11:07:46.741 24780 24780 I Timeline: Timeline: Activity_launch_request time:2858584
06-08 11:07:46.757 24780 24780 E AndroidRuntime: FATAL EXCEPTION: main
06-08 11:07:46.757 24780 24780 E AndroidRuntime: Process: com.google.android.dialer, PID: 24780
06-08 11:07:46.757 24780 24780 E AndroidRuntime: java.lang.RuntimeException: Unable to resume activity {com.google.android.dialer/com.android.dialer.precall.impl.PreCallActivity}: java.lang.SecurityException: Package com.google.android.dialer is not allowed to place phone calls
06-08 11:07:46.757 24780 24780 E AndroidRuntime: at android.app.ActivityThread.performResumeActivity(Unknown Source:195)
06-08 11:07:46.757 24780 24780 E AndroidRuntime: at android.app.ActivityThread.handleResumeActivity(Unknown Source:6)
06-08 11:07:46.757 24780 24780 E AndroidRuntime: at android.app.servertransaction.ResumeActivityItem.execute(Unknown Source:12)
06-08 11:07:46.757 24780 24780 E AndroidRuntime: at android.app.servertransaction.TransactionExecutor.executeLifecycleState(Unknown Source:32)
06-08 11:07:46.757 24780 24780 E AndroidRuntime: at android.app.servertransaction.TransactionExecutor.execute(Unknown Source:76)
06-08 11:07:46.757 24780 24780 E AndroidRuntime: at android.app.ActivityThread$H.handleMessage(Unknown Source:43)
06-08 11:07:46.757 24780 24780 E AndroidRuntime: at android.os.Handler.dispatchMessage(Unknown Source:19)
06-08 11:07:46.757 24780 24780 E AndroidRuntime: at android.os.Looper.loop(Unknown Source:242)
06-08 11:07:46.757 24780 24780 E AndroidRuntime: at android.app.ActivityThread.main(Unknown Source:98)
06-08 11:07:46.757 24780 24780 E AndroidRuntime: at java.lang.reflect.Method.invoke(Native Method)
06-08 11:07:46.757 24780 24780 E AndroidRuntime: at com.android.internal.os.RuntimeInit$MethodAndArgsCaller.run(Unknown Source:11)
06-08 11:07:46.757 24780 24780 E AndroidRuntime: at com.android.internal.os.ZygoteInit.main(Unknown Source:275)
06-08 11:07:46.757 24780 24780 E AndroidRuntime: Caused by: java.lang.SecurityException: Package com.google.android.dialer is not allowed to place phone calls
06-08 11:07:46.757 24780 24780 E AndroidRuntime: at android.os.Parcel.createException(Unknown Source:36)
06-08 11:07:46.757 24780 24780 E AndroidRuntime: at android.os.Parcel.readException(Unknown Source:11)
06-08 11:07:46.757 24780 24780 E AndroidRuntime: at android.os.Parcel.readException(Unknown Source:10)
06-08 11:07:46.757 24780 24780 E AndroidRuntime: at com.android.internal.telecom.ITelecomService$Stub$Proxy.placeCall(Unknown Source:72)
06-08 11:07:46.757 24780 24780 E AndroidRuntime: at android.telecom.TelecomManager.placeCall(Unknown Source:32)
06-08 11:07:46.757 24780 24780 E AndroidRuntime: at gpw.a(PG:14)
06-08 11:07:46.757 24780 24780 E AndroidRuntime: at ews.c(PG:3)
06-08 11:07:46.757 24780 24780 E AndroidRuntime: at ews.d(PG:2)
06-08 11:07:46.757 24780 24780 E AndroidRuntime: at ews.c(PG:6)
06-08 11:07:46.757 24780 24780 E AndroidRuntime: at ews.d(PG:2)
06-08 11:07:46.757 24780 24780 E AndroidRuntime: at ews.c(PG:6)
06-08 11:07:46.757 24780 24780 E AndroidRuntime: at ews.d(PG:2)
06-08 11:07:46.757 24780 24780 E AndroidRuntime: at ews.c(PG:6)
06-08 11:07:46.757 24780 24780 E AndroidRuntime: at ews.d(PG:2)
06-08 11:07:46.757 24780 24780 E AndroidRuntime: at ews.c(PG:6)
06-08 11:07:46.757 24780 24780 E AndroidRuntime: at ews.d(PG:2)
06-08 11:07:46.757 24780 24780 E AndroidRuntime: at ews.c(PG:6)
06-08 11:07:46.757 24780 24780 E AndroidRuntime: at ews.d(PG:2)
06-08 11:07:46.757 24780 24780 E AndroidRuntime: at ews.c(PG:6)
06-08 11:07:46.757 24780 24780 E AndroidRuntime: at com.android.dialer.precall.impl.PreCallActivity.onResume(PG:2)
06-08 11:07:46.757 24780 24780 E AndroidRuntime: at android.app.Instrumentation.callActivityOnResume(Unknown Source:3)
06-08 11:07:46.757 24780 24780 E AndroidRuntime: at android.app.Activity.performResume(Unknown Source:32)
06-08 11:07:46.757 24780 24780 E AndroidRuntime: at android.app.ActivityThread.performResumeActivity(Unknown Source:123)
06-08 11:07:46.757 24780 24780 E AndroidRuntime: ... 11 more
06-08 11:07:46.757 24780 24780 E AndroidRuntime: Caused by: android.os.RemoteException: Remote stack trace:
06-08 11:07:46.757 24780 24780 E AndroidRuntime: at com.android.server.telecom.TelecomServiceImpl$1.placeCall(Unknown Source:263)
06-08 11:07:46.757 24780 24780 E AndroidRuntime: at com.android.internal.telecom.ITelecomService$Stub.onTransact(Unknown Source:381)
06-08 11:07:46.757 24780 24780 E AndroidRuntime: at android.os.Binder.execTransactInternal(Unknown Source:75)
06-08 11:07:46.757 24780 24780 E AndroidRuntime: at android.os.Binder.execTransact(Unknown Source:16)
06-08 11:07:46.757 24780 24780 E AndroidRuntime:
06-08 11:07:46.766 24780 24780 D OOMEventManagerFK: checkEventAndDumpForJE: 0
06-08 11:07:46.825 2353 9083 I KeyguardViewMediator: setOccluded true
06-08 11:07:46.836 1757 24934 I chatty : uid=1000 system_server expire 1 line
06-08 11:07:46.836 1757 7934 I chatty : uid=1000(system) Binder:1757_13 expire 3 lines
06-08 11:07:46.900 1757 3743 I chatty : uid=1000(system) Binder:1757_C expire 10 lines
06-08 11:07:46.925 1757 1924 I chatty : uid=1000(system) android.display expire 10 lines
06-08 11:07:47.171 1757 2223 I chatty : uid=1000(system) Binder:1757_3 expire 11 lines
06-08 11:07:47.174 1757 1956 I chatty : uid=1000(system) ActivityManager expire 12 lines
06-08 11:07:56.840 1757 2248 I chatty : uid=1000(system) InputReader expire 12 lines
06-08 11:07:56.841 1757 1757 I chatty : uid=1000 system_server expire 24 lines
06-08 11:07:56.954 4030 4147 D miui.face.FaceService: preInitAuth, com.android.systemui ok
06-08 11:07:56.958 4030 4147 D miui.face.FaceService: onPreInit curMonitor:com.miui.face.util.ClientMonitor@7b9e610 hasInit: true
06-08 11:07:57.000 2353 3156 D DisplayFeatureManager: setScreenEffect mode=17 value=1 cookie=1
06-08 11:07:57.050 2353 2353 I MiuiGxzwOverlayView: add overlay view: mLayoutParams.alpha = 0.657
06-08 11:07:57.298 2353 3156 D DisplayFeatureManager: setScreenEffect mode=17 value=1 cookie=1
06-08 11:07:57.310 1757 2036 I chatty : uid=1000(system) PowerManagerSer expire 27 lines
06-08 11:07:57.373 1757 2328 I chatty : uid=1000(system) PhotonicModulat expire 7 lines
06-08 11:07:57.402 1757 1957 I chatty : uid=1000(system) ActivityManager expire 8 lines
06-08 11:07:57.545 1757 1921 I chatty : uid=1000(system) android.fg expire 4 lines
06-08 11:07:57.558 3203 3203 V DreamService[DozeService]: onCreate()
06-08 11:07:57.574 3203 3203 V DreamService[DozeService]: onBind() intent = Intent { act=android.service.dreams.DreamService flg=0x800000 cmp=com.miui.aod/.doze.DozeService }
06-08 11:07:57.578 3203 3203 V DreamService[DozeService]: Calling onDreamingStarted()
06-08 11:07:57.578 3203 3203 V DreamService[DozeService]: onDreamingStarted()
06-08 11:07:57.607 1757 8942 I chatty : uid=1000(system) Binder:1757_15 expire 2 lines
06-08 11:07:57.624 1757 9230 I chatty : uid=1000(system) Binder:1757_1F expire 3 lines
06-08 11:07:57.776 1757 1971 I chatty : uid=1000(system) batterystats-wo expire 2 lines
06-08 11:07:57.956 2353 15269 W KeyguardViewMediator: notifyScreenOn
06-08 11:07:57.956 2353 2353 W KeyguardViewMediator: handleNotifyScreenTurningOn
06-08 11:07:57.956 2353 2353 W KeyguardViewMediator: notifyDrawn
06-08 11:07:57.957 1757 1922 I chatty : uid=1000(system) android.ui expire 10 lines
06-08 11:07:57.964 1757 1924 I chatty : uid=1000(system) android.display expire 18 lines
06-08 11:07:57.986 2353 2353 I MiuiGxzwOverlayView: upldate overlay view alpha: 0.0
06-08 11:07:58.163 1757 2303 I chatty : uid=1000(system) ScreenEffectThr expire 2 lines
06-08 11:07:58.192 24988 24988 W BpBinder: Slow Binder: BpBinder transact took 204ms, interface=android.app.IActivityTaskManager, code=15 oneway=false
06-08 11:07:58.191 2353 2353 W BpBinder: Slow Binder: BpBinder transact took 204ms, interface=android.view.IWindowSession, code=26 oneway=false
06-08 11:07:58.204 1757 9212 I chatty : uid=1000(system) Binder:1757_1A expire 7 lines
06-08 11:07:58.206 2353 15269 W KeyguardViewMediator: doKeyguard: showing the lock screen
06-08 11:07:58.211 24988 24988 W Activity: Slow Operation: Activity com.google.android.dialer/com.android.incallui.InCallActivity onStart took 467ms
06-08 11:07:58.215 24988 24988 W Looper : Slow Looper main: Activity com.google.android.dialer/com.android.incallui.InCallActivity is 780ms late (wall=0ms running=0ms ClientTransaction{ callbacks=[android.app.servertransaction.TopResumedActivityChangeItem] }) because of 3 msg, msg 2 took 179ms (seq=2 running=124ms runnable=17ms late=3ms h=android.app.ActivityThread$H w=110), msg 3 took 599ms (seq=3 running=248ms runnable=31ms io=26ms late=180ms h=android.app.ActivityThread$H w=159)
06-08 11:07:58.216 24988 24988 W Looper : Slow Looper main: Activity com.google.android.dialer/com.android.incallui.InCallActivity is 780ms late (wall=0ms running=1ms ClientTransaction{ callbacks=[android.app.servertransaction.TopResumedActivityChangeItem] }) because of 4 msg, msg 2 took 179ms (seq=2 running=124ms runnable=17ms late=3ms h=android.app.ActivityThread$H w=110), msg 3 took 599ms (seq=3 running=248ms runnable=31ms io=26ms late=180ms h=android.app.ActivityThread$H w=159)
06-08 11:07:58.222 2353 3046 I KeyguardViewMediator: setOccluded false
06-08 11:07:58.225 24988 24988 W Looper : Slow Looper main: Activity com.google.android.dialer/com.android.incallui.InCallActivity is 781ms late (wall=9ms running=1ms ClientTransaction{ lifecycleRequest=android.app.servertransaction.PauseActivityItem }) because of 5 msg, msg 2 took 179ms (seq=2 running=124ms runnable=17ms late=3ms h=android.app.ActivityThread$H w=110), msg 3 took 599ms (seq=3 running=248ms runnable=31ms io=26ms late=180ms h=android.app.ActivityThread$H w=159)
06-08 11:07:58.227 2353 2353 E miui_face: start face unlock fail, mKeyguardShowing=false;isDeviceInteractive=false
06-08 11:07:58.239 1112 1112 I wificond: Pno scan started for frequencies: 2412, 2417, 2422, 2427, 2432, 2437, 2447, 2452, 2457, 2462, 5180, 5200, 5220, 5240, 5745, 5765, 5785, 5805,
06-08 11:07:58.304 24988 24988 W Looper : Slow Looper main: doFrame is 352ms late because of 24 msg, msg 1 took 599ms (seq=3 running=248ms runnable=31ms io=26ms late=180ms h=android.app.ActivityThread$H w=159), msg 24 took 61ms (seq=26 running=9ms runnable=4ms late=291ms h=android.app.ActivityThread$H w=137)
06-08 11:07:58.336 1757 1925 I chatty : uid=1000(system) android.anim expire 11 lines
06-08 11:07:58.379 1757 1955 I chatty : uid=1000(system) android.bg expire 2 lines
06-08 11:07:58.409 826 826 W SurfaceFlingerInspector: Slow frame composition: xiaomi f4 41 doComposition took 76 ms
06-08 11:07:58.502 2353 2353 V KeyguardDisplayManager: show
06-08 11:07:58.548 1757 3838 I chatty : uid=1000(system) Binder:1757_F expire 6 lines
06-08 11:07:58.606 826 910 W EventThreadInspector: slow VSync-app on display(19261101167563905), count=1, avg=34 ms, max=34 ms.
06-08 11:07:58.980 1757 2301 I chatty : uid=1000(system) ProcessManager expire 1 line
06-08 11:07:59.265 826 910 W EventThreadInspector: slow VSync-app on display(19261101167563905), count=3, avg=25 ms, max=31 ms.
06-08 11:07:59.891 826 911 W EventThreadInspector: slow VSync-sf on display(19261101167563905), count=31, avg=31 ms, max=32 ms.
06-08 11:07:59.994 2353 2353 I MiuiGxzwViewIcon: setGxzwIconTransparent
06-08 11:08:00.015 2353 2353 I MiuiGxzwViewIcon: turnOffScreen
06-08 11:08:00.055 1757 2377 I chatty : uid=1000(system) Binder:1757_5 expire 10 lines
06-08 11:08:00.451 826 910 W EventThreadInspector: slow VSync-app on display(19261101167563905), count=30, avg=24 ms, max=32 ms.
06-08 11:08:00.517 826 911 W EventThreadInspector: slow VSync-sf on display(19261101167563905), count=6, avg=26 ms, max=32 ms.
06-08 11:08:00.569 2353 2353 I MiuiGxzwTouchHelper: onTouch: originalAction = ACTION_DOWN, action = ACTION_DOWN, x = 188,000000, y = 142,000000, pressure = 2048,000000, area = 9,000000
06-08 11:08:00.573 2353 2353 I MiuiGxzwViewIcon: setGxzwIconOpaque
06-08 11:08:00.589 2353 2353 I MiuiGxzwHightlightContainer: show highlight view
06-08 11:08:00.589 2353 2353 I MiuiGxzwOverlayView: upldate overlay view alpha: 0.657
06-08 11:08:00.648 826 910 W EventThreadInspector: slow VSync-app on display(19261101167563905), count=1, avg=30 ms, max=30 ms.
06-08 11:08:00.780 826 826 W SurfaceFlingerInspector: Slow frame composition: xiaomi f4 41 doComposition took 115 ms
06-08 11:08:00.896 826 911 W EventThreadInspector: slow VSync-sf on display(19261101167563905), count=4, avg=31 ms, max=31 ms.
06-08 11:08:01.118 2353 2353 I MiuiGxzwTouchHelper: onTouch: originalAction = ACTION_UP, action = ACTION_UP, x = 170,000000, y = 159,000000, pressure = 2048,000000, area = 12,000000
06-08 11:08:01.119 2353 2353 I MiuiGxzwOverlayView: upldate overlay view alpha: 0.0
06-08 11:08:01.122 2353 2353 I MiuiGxzwHightlightContainer: dismiss highlight view
06-08 11:08:01.263 2353 2353 I miui_keyguard_fingerprint: onAuthenticationSucceeded: authUserId = 0
06-08 11:08:01.291 520 25077 D vold : The trim thread is not running
06-08 11:08:01.292 520 25077 D vold : idle maintenance stopped
06-08 11:08:01.305 1112 1112 I wificond: Pno scan stopped
06-08 11:08:01.324 2353 2353 E miui_face: start face unlock fail because device has unlocked
06-08 11:08:01.325 2353 2353 I MiuiGxzwOverlayView: upldate overlay view alpha: 0.657
06-08 11:08:01.343 1757 2732 I chatty : uid=1000(system) Binder:1757_7 expire 3 lines
06-08 11:08:01.348 3203 3203 V DreamService[DozeService]: wakeUp(): fromSystem=true, mWaking=false, mFinished=false
06-08 11:08:01.348 3203 3203 V DreamService[DozeService]: finish(): mFinished=false
06-08 11:08:01.357 3203 3203 V DreamService[DozeService]: detach(): Calling onDreamingStopped()
06-08 11:08:01.357 3203 3203 V DreamService[DozeService]: onDreamingStopped()
06-08 11:08:01.372 2353 3726 I KeyguardViewMediator: call fw keyguardGoingAway: flags = 8
06-08 11:08:01.376 2353 2353 I MiuiGxzwOverlayView: remove overlay view
06-08 11:08:01.382 2353 3156 D DisplayFeatureManager: setScreenEffect mode=17 value=0 cookie=1
06-08 11:08:01.392 1757 7934 I chatty : uid=1000(system) Binder:1757_13 expire 3 lines
06-08 11:08:01.403 3203 3203 V DreamService[DozeService]: finish(): mFinished=true
06-08 11:08:01.403 3203 3203 V DreamService[DozeService]: onDestroy()
06-08 11:08:01.437 1757 9191 I chatty : uid=1000(system) Binder:1757_18 expire 1 line
06-08 11:08:01.521 2353 2353 I KeyguardViewMediator: handleStartKeyguardExitAnimation startTime=2873278 fadeoutDuration=300
06-08 11:08:01.544 2353 2353 V KeyguardDisplayManager: hide
06-08 11:08:01.545 2353 2353 I miui_keyguard_fingerprint: fingerprint unlock time: wait fw call startKeyguardExitAnimation = 82 ms total = 254 ms
06-08 11:08:01.706 2353 2767 D NetworkController.MobileSignalController(1): onServiceStateChanged slotId=0 subId=1 voiceState=0 dataState=0 FiveGConnected= false dataType= 13
06-08 11:08:01.772 4030 4030 D miui.face.FaceService: lock screen passed
06-08 11:08:01.773 4030 4121 D miui.face.FaceService: FaceAuthenHelper mReleaseIfAuthenticated Runnable run ... ...
06-08 11:08:01.773 4030 4121 D miui.face.FaceService: release memory... ...
06-08 11:08:01.799 2560 2712 E ActivityThread: Failed to find provider info for com.android.thememanager.set_lockwallpaper
06-08 11:08:01.879 1757 3562 I chatty : uid=1000(system) Binder:1757_B expire 3 lines
06-08 11:08:04.412 2560 2560 I Timeline: Timeline: Activity_launch_request time:2876255
06-08 11:08:04.440 2560 2560 W ActivityThread: SCHED: com.miui.home/.launcher.Launcher [55, r=58ms, a=46ms, w=3036ms]
06-08 11:08:08.010 24988 24988 I Timeline: Timeline: Activity_launch_request time:2879853
06-08 11:08:08.027 24988 24988 E AndroidRuntime: FATAL EXCEPTION: main
06-08 11:08:08.027 24988 24988 E AndroidRuntime: Process: com.google.android.dialer, PID: 24988
06-08 11:08:08.027 24988 24988 E AndroidRuntime: java.lang.SecurityException: Package com.google.android.dialer is not allowed to place phone calls
06-08 11:08:08.027 24988 24988 E AndroidRuntime: at android.os.Parcel.createException(Unknown Source:36)
06-08 11:08:08.027 24988 24988 E AndroidRuntime: at android.os.Parcel.readException(Unknown Source:11)
06-08 11:08:08.027 24988 24988 E AndroidRuntime: at android.os.Parcel.readException(Unknown Source:10)
06-08 11:08:08.027 24988 24988 E AndroidRuntime: at com.android.internal.telecom.ITelecomService$Stub$Proxy.placeCall(Unknown Source:72)
06-08 11:08:08.027 24988 24988 E AndroidRuntime: at android.telecom.TelecomManager.placeCall(Unknown Source:32)
06-08 11:08:08.027 24988 24988 E AndroidRuntime: at gpw.a(PG:14)
06-08 11:08:08.027 24988 24988 E AndroidRuntime: at gqy.b(PG:1)
06-08 11:08:08.027 24988 24988 E AndroidRuntime: at gqy.a(PG:18)
06-08 11:08:08.027 24988 24988 E AndroidRuntime: at gqy.a(PG:8)
06-08 11:08:08.027 24988 24988 E AndroidRuntime: at fbf.b(PG:3)
06-08 11:08:08.027 24988 24988 E AndroidRuntime: at gkj.a(PG:5)
06-08 11:08:08.027 24988 24988 E AndroidRuntime: at gjm.onClick(PG:6)
06-08 11:08:08.027 24988 24988 E AndroidRuntime: at android.view.View.performClick(Unknown Source:17)
06-08 11:08:08.027 24988 24988 E AndroidRuntime: at gly.onTouch(PG:14)
06-08 11:08:08.027 24988 24988 E AndroidRuntime: at android.view.View.dispatchTouchEvent(Unknown Source:77)
06-08 11:08:08.027 24988 24988 E AndroidRuntime: at android.view.ViewGroup.dispatchTransformedTouchEvent(Unknown Source:38)
06-08 11:08:08.027 24988 24988 E AndroidRuntime: at android.view.ViewGroup.dispatchTouchEvent(Unknown Source:495)
06-08 11:08:08.027 24988 24988 E AndroidRuntime: at android.view.ViewGroup.dispatchTransformedTouchEvent(Unknown Source:58)
06-08 11:08:08.027 24988 24988 E AndroidRuntime: at android.view.ViewGroup.dispatchTouchEvent(Unknown Source:533)
06-08 11:08:08.027 24988 24988 E AndroidRuntime: at android.view.ViewGroup.dispatchTransformedTouchEvent(Unknown Source:58)
06-08 11:08:08.027 24988 24988 E AndroidRuntime: at android.view.ViewGroup.dispatchTouchEvent(Unknown Source:533)
06-08 11:08:08.027 24988 24988 E AndroidRuntime: at android.view.ViewGroup.dispatchTransformedTouchEvent(Unknown Source:58)
06-08 11:08:08.027 24988 24988 E AndroidRuntime: at android.view.ViewGroup.dispatchTouchEvent(Unknown Source:533)
06-08 11:08:08.027 24988 24988 E AndroidRuntime: at android.view.ViewGroup.dispatchTransformedTouchEvent(Unknown Source:58)
06-08 11:08:08.027 24988 24988 E AndroidRuntime: at android.view.ViewGroup.dispatchTouchEvent(Unknown Source:533)
06-08 11:08:08.027 24988 24988 E AndroidRuntime: at android.view.ViewGroup.dispatchTransformedTouchEvent(Unknown Source:58)
06-08 11:08:08.027 24988 24988 E AndroidRuntime: at android.view.ViewGroup.dispatchTouchEvent(Unknown Source:533)
06-08 11:08:08.027 24988 24988 E AndroidRuntime: at android.view.ViewGroup.dispatchTransformedTouchEvent(Unknown Source:58)
06-08 11:08:08.027 24988 24988 E AndroidRuntime: at android.view.ViewGroup.dispatchTouchEvent(Unknown Source:533)
06-08 11:08:08.027 24988 24988 E AndroidRuntime: at android.view.ViewGroup.dispatchTransformedTouchEvent(Unknown Source:58)
06-08 11:08:08.027 24988 24988 E AndroidRuntime: at android.view.ViewGroup.dispatchTouchEvent(Unknown Source:533)
06-08 11:08:08.027 24988 24988 E AndroidRuntime: at android.view.ViewGroup.dispatchTransformedTouchEvent(Unknown Source:58)
06-08 11:08:08.027 24988 24988 E AndroidRuntime: at android.view.ViewGroup.dispatchTouchEvent(Unknown Source:533)
06-08 11:08:08.027 24988 24988 E AndroidRuntime: at android.view.ViewGroup.dispatchTransformedTouchEvent(Unknown Source:58)
06-08 11:08:08.027 24988 24988 E AndroidRuntime: at android.view.ViewGroup.dispatchTouchEvent(Unknown Source:533)
06-08 11:08:08.027 24988 24988 E AndroidRuntime: at android.view.ViewGroup.dispatchTransformedTouchEvent(Unknown Source:58)
06-08 11:08:08.027 24988 24988 E AndroidRuntime: at android.view.ViewGroup.dispatchTouchEvent(Unknown Source:533)
06-08 11:08:08.027 24988 24988 E AndroidRuntime: at android.view.ViewGroup.dispatchTransformedTouchEvent(Unknown Source:58)
06-08 11:08:08.027 24988 24988 E AndroidRuntime: at android.view.ViewGroup.dispatchTouchEvent(Unknown Source:533)
06-08 11:08:08.027 24988 24988 E AndroidRuntime: at com.android.internal.policy.DecorView.superDispatchTouchEvent(Unknown Source:0)
06-08 11:08:08.027 24988 24988 E AndroidRuntime: at com.android.internal.policy.PhoneWindow.superDispatchTouchEvent(Unknown Source:2)
06-08 11:08:08.027 24988 24988 E AndroidRuntime: at android.app.Activity.dispatchTouchEvent(Unknown Source:13)
06-08 11:08:08.027 24988 24988 E AndroidRuntime: at qu.dispatchTouchEvent(Unknown Source:2)
06-08 11:08:08.027 24988 24988 E AndroidRuntime: at qu.dispatchTouchEvent(Unknown Source:2)
06-08 11:08:08.027 24988 24988 E AndroidRuntime: at com.android.internal.policy.DecorView.dispatchTouchEvent(Unknown Source:20)
06-08 11:08:08.027 24988 24988 E AndroidRuntime: at android.view.View.dispatchPointerEvent(Unknown Source:9)
06-08 11:08:08.027 24988 24988 E AndroidRuntime: at android.view.ViewRootImpl$ViewPostImeInputStage.processPointerEvent(Unknown Source:96)
06-08 11:08:08.027 24988 24988 E AndroidRuntime: at android.view.ViewRootImpl$ViewPostImeInputStage.onProcess(Unknown Source:21)
06-08 11:08:08.027 24988 24988 E AndroidRuntime: at android.view.ViewRootImpl$InputStage.deliver(Unknown Source:21)
06-08 11:08:08.027 24988 24988 E AndroidRuntime: at android.view.ViewRootImpl$InputStage.onDeliverToNext(Unknown Source:4)
06-08 11:08:08.027 24988 24988 E AndroidRuntime: at android.view.ViewRootImpl$InputStage.forward(Unknown Source:0)
06-08 11:08:08.027 24988 24988 E AndroidRuntime: at android.view.ViewRootImpl$AsyncInputStage.forward(Unknown Source:10)
06-08 11:08:08.027 24988 24988 E AndroidRuntime: at android.view.ViewRootImpl$InputStage.apply(Unknown Source:2)
06-08 11:08:08.027 24988 24988 E AndroidRuntime: at android.view.ViewRootImpl$AsyncInputStage.apply(Unknown Source:7)
06-08 11:08:08.027 24988 24988 E AndroidRuntime: at android.view.ViewRootImpl$InputStage.deliver(Unknown Source:25)
06-08 11:08:08.027 24988 24988 E AndroidRuntime: at android.view.ViewRootImpl$InputStage.onDeliverToNext(Unknown Source:4)
06-08 11:08:08.027 24988 24988 E AndroidRuntime: at android.view.ViewRootImpl$InputStage.forward(Unknown Source:0)
06-08 11:08:08.027 24988 24988 E AndroidRuntime: at android.view.ViewRootImpl$InputStage.apply(Unknown Source:2)
06-08 11:08:08.027 24988 24988 E AndroidRuntime: at android.view.ViewRootImpl$InputStage.deliver(Unknown Source:25)
06-08 11:08:08.027 24988 24988 E AndroidRuntime: at android.view.ViewRootImpl.deliverInputEvent(Unknown Source:63)
06-08 11:08:08.027 24988 24988 E AndroidRuntime: at android.view.ViewRootImpl.doProcessInputEvents(Unknown Source:69)
06-08 11:08:08.027 24988 24988 E AndroidRuntime: at android.view.ViewRootImpl.enqueueInputEvent(Unknown Source:34)
06-08 11:08:08.027 24988 24988 E AndroidRuntime: at android.view.ViewRootImpl$WindowInputEventReceiver.onInputEvent(Unknown Source:65)
06-08 11:08:08.027 24988 24988 E AndroidRuntime: at android.view.InputEventReceiver.dispatchInputEvent(Unknown Source:202)
06-08 11:08:08.027 24988 24988 E AndroidRuntime: at android.os.MessageQueue.nativePollOnce(Native Method)
06-08 11:08:08.027 24988 24988 E AndroidRuntime: at android.os.MessageQueue.next(Unknown Source:17)
06-08 11:08:08.027 24988 24988 E AndroidRuntime: at android.os.Looper.loop(Unknown Source:65)
06-08 11:08:08.027 24988 24988 E AndroidRuntime: at android.app.ActivityThread.main(Unknown Source:98)
06-08 11:08:08.027 24988 24988 E AndroidRuntime: at java.lang.reflect.Method.invoke(Native Method)
06-08 11:08:08.027 24988 24988 E AndroidRuntime: at com.android.internal.os.RuntimeInit$MethodAndArgsCaller.run(Unknown Source:11)
06-08 11:08:08.027 24988 24988 E AndroidRuntime: at com.android.internal.os.ZygoteInit.main(Unknown Source:275)
06-08 11:08:08.027 24988 24988 E AndroidRuntime: Caused by: android.os.RemoteException: Remote stack trace:
06-08 11:08:08.027 24988 24988 E AndroidRuntime: at com.android.server.telecom.TelecomServiceImpl$1.placeCall(Unknown Source:263)
06-08 11:08:08.027 24988 24988 E AndroidRuntime: at com.android.internal.telecom.ITelecomService$Stub.onTransact(Unknown Source:381)
06-08 11:08:08.027 24988 24988 E AndroidRuntime: at android.os.Binder.execTransactInternal(Unknown Source:75)
06-08 11:08:08.027 24988 24988 E AndroidRuntime: at android.os.Binder.execTransact(Unknown Source:16)
06-08 11:08:08.027 24988 24988 E AndroidRuntime:
06-08 11:08:08.033 24988 24988 D OOMEventManagerFK: checkEventAndDumpForJE: 0
06-08 11:08:08.090 1757 25138 I chatty : uid=1000 system_server expire 1 line
06-08 11:08:08.519 1757 1924 I chatty : uid=1000(system) android.display expire 17 lines
06-08 11:08:08.526 2353 3046 I KeyguardViewMediator: setOccluded true
06-08 11:08:13.134 1757 1922 I chatty : uid=1000(system) android.ui expire 1 line
06-08 11:08:13.135 24988 24988 W BpBinder: Slow Binder: BpBinder transact took 5046ms, interface=android.app.IActivityManager, code=6 oneway=false
06-08 11:08:13.201 1757 3743 I chatty : uid=1000(system) Binder:1757_C expire 8 lines
06-08 11:08:13.599 25148 25148 W Activity: Slow Operation: Activity com.google.android.dialer/com.android.incallui.InCallActivity onStart took 122ms
06-08 11:08:13.605 2353 3046 I KeyguardViewMediator: setOccluded false
06-08 11:08:13.610 1757 1925 I chatty : uid=1000(system) android.anim expire 9 lines
06-08 11:08:13.613 2353 2353 E miui_face: start face unlock fail, mKeyguardShowing=false;isDeviceInteractive=true
06-08 11:08:15.651 2560 2560 I Timeline: Timeline: Activity_launch_request time:2887493
06-08 11:08:15.686 2560 2560 W ActivityThread: SCHED: com.miui.home/.launcher.Launcher [75, r=74ms, a=24ms, w=2049ms]
06-08 11:08:15.693 1757 4296 I chatty : uid=1000(system) Binder:1757_10 expire 2 lines
06-08 11:08:16.088 1757 2377 I chatty : uid=1000(system) Binder:1757_5 expire 3 lines
06-08 11:08:17.392 1757 1956 I chatty : uid=1000(system) ActivityManager expire 1 line
06-08 11:08:19.595 1757 2272 I chatty : uid=1000(system) ConnectivitySer expire 2 lines
06-08 11:08:19.628 2353 2767 D NetworkController.MobileSignalController(1): onServiceStateChanged slotId=0 subId=1 voiceState=0 dataState=0 FiveGConnected= false dataType= 13
06-08 11:08:19.717 25208 25208 I Timeline: Timeline: Activity_launch_request time:2891560
06-08 11:08:19.742 25208 25208 W ActivityThread: SCHED: com.android.contacts/.activities.TwelveKeyDialer [85, r=535ms, a=91ms, w=3779ms]
06-08 11:08:19.762 1757 1924 I chatty : uid=1000(system) android.display expire 11 lines
06-08 11:08:19.804 25261 25261 I TelecomFramework: UserCallIntentProcessor: sendIntentToDestination: trampoline to Telecom.: UCA.oC@AAA
06-08 11:08:19.804 1757 3743 I chatty : uid=1000(system) Binder:1757_C expire 11 lines
06-08 11:08:19.816 1757 1757 I chatty : uid=1000 system_server expire 42 lines
06-08 11:08:19.817 25261 25261 I TelecomFramework: UserCallActivity: onCreate done
06-08 11:08:19.846 1757 9212 I chatty : uid=1000(system) Binder:1757_1A expire 6 lines
06-08 11:08:19.864 1757 2871 I chatty : uid=1000(system) uteStateMachine expire 18 lines
06-08 11:08:19.865 1757 2875 I chatty : uid=1000(system) CallAudioModeSt expire 8 lines
06-08 11:08:19.869 20883 20883 I InCall_sys: InCallPresenteronCallListChange oldState= NO_CALLS newState=NO_CALLS switching to NO_CALLS
06-08 11:08:19.917 20883 20883 I Timeline: Timeline: Activity_launch_request time:2891760
06-08 11:08:19.932 20883 20883 I InCall_sys: InCallPresenteronCallListChange oldState= NO_CALLS newState=PENDING_OUTGOING switching to PENDING_OUTGOING
06-08 11:08:19.953 1757 4296 I chatty : uid=1000(system) Binder:1757_10 expire 8 lines
06-08 11:08:19.960 1757 25304 I chatty : uid=1000(system) ContactsAsyncWo expire 1 line
06-08 11:08:19.977 25208 25208 W ActivityThread: SCHED: com.android.contacts/.activities.TwelveKeyDialer [78, r=52ms, a=14ms, w=134ms]
06-08 11:08:19.989 1757 1809 I chatty : uid=1000(system) Binder:1757_2 expire 2 lines
06-08 11:08:20.004 1757 1957 I chatty : uid=1000(system) ActivityManager expire 6 lines
06-08 11:08:20.021 20883 20883 I InCall_sys: InCallActivityInCallActivity onCreate()... this = com.android.incallui.InCallActivity@c537cdc
06-08 11:08:20.038 20883 20883 I InCall_sys: InCallActivityInCallActivity onStart()...
06-08 11:08:20.042 20883 20883 I InCall_sys: InCallActivityInCallActivity onResume()...
06-08 11:08:20.053 2353 9083 I KeyguardViewMediator: setOccluded true
06-08 11:08:20.055 20883 20883 I InCall_sys: InCallPresenteronCallListChange oldState= PENDING_OUTGOING newState=PENDING_OUTGOING switching to PENDING_OUTGOING
06-08 11:08:20.087 1757 9222 I chatty : uid=1000(system) Binder:1757_1C expire 5 lines
06-08 11:08:20.091 1757 3562 I chatty : uid=1000(system) Binder:1757_B expire 10 lines
06-08 11:08:20.221 1757 1925 I chatty : uid=1000(system) android.anim expire 2 lines
06-08 11:08:20.313 1757 1956 I chatty : uid=1000(system) ActivityManager expire 9 lines
06-08 11:08:20.469 1757 2223 I chatty : uid=1000(system) Binder:1757_3 expire 29 lines
06-08 11:08:20.484 1757 20880 I chatty : uid=1000(system) tonegenerator-d expire 1 line
06-08 11:08:20.484 1757 2377 I chatty : uid=1000(system) Binder:1757_5 expire 2 lines
06-08 11:08:20.485 2353 2674 W BpBinder: Slow Binder: BpBinder transact took 570ms, interface=android.media.session.ISessionController, code=10 oneway=false
06-08 11:08:20.533 1757 2876 I chatty : uid=1000(system) ConnectionSvrFo expire 1 line
06-08 11:08:20.565 2546 2546 I Telephony: TelephonyConnectionService: onCreateOutgoingConnection, request: ConnectionRequest xxxxxxxxxxxxxx Bundle[slot_id=-1, is_privileged_dialer=false, subscription_id=-1, phone_id=-1, android.telecom.extra.START_CALL_WITH_VIDEO_STATE=0, com.android.phone.IS_IPCALL=false, android.telecom.extra.CALL_TELECOM_ROUTING_END_TIME_MILLIS=5707894, telecomm.POST_DIAL_STRING=***, is_launch_incallui=true, com.android.phone.ORIGINAL_SIM_ID=1, android.telecom.extra.CALL_TELECOM_ROUTING_START_TIME_MILLIS=5707894, ]: (SBC.oSC)->CS.crCo->H.CS.crCo->H.CS.crCo.pICR@E-BmI
