06-08 13:11:51.926 2353 3040 I miui_face: authenCallback, onAuthenticationHelp helpCode:5 helpString:未检测到人脸
06-08 13:11:51.927 2353 2353 D miui_face: onHelp=Αδυναμία αναγνώρισης
06-08 13:11:51.983 2353 3040 I miui_face: authenCallback, onAuthenticationHelp helpCode:5 helpString:未检测到人脸
06-08 13:11:51.983 2353 2353 D miui_face: onHelp=Αδυναμία αναγνώρισης
06-08 13:11:52.055 2353 3040 I miui_face: authenCallback, onAuthenticationHelp helpCode:5 helpString:未检测到人脸
06-08 13:11:52.056 2353 2353 D miui_face: onHelp=Αδυναμία αναγνώρισης
06-08 13:11:52.125 2353 3040 I miui_face: authenCallback, onAuthenticationHelp helpCode:5 helpString:未检测到人脸
06-08 13:11:52.125 2353 2353 D miui_face: onHelp=Αδυναμία αναγνώρισης
06-08 13:11:52.209 2353 3040 I miui_face: authenCallback, onAuthenticationHelp helpCode:5 helpString:未检测到人脸
06-08 13:11:52.209 2353 2353 D miui_face: onHelp=Αδυναμία αναγνώρισης
06-08 13:11:52.256 2353 3040 I miui_face: authenCallback, onAuthenticationHelp helpCode:5 helpString:未检测到人脸
06-08 13:11:52.256 2353 2353 D miui_face: onHelp=Αδυναμία αναγνώρισης
06-08 13:11:52.315 1757 2036 I chatty : uid=1000(system) PowerManagerSer expire 12 lines
06-08 13:11:52.327 2353 3040 I miui_face: authenCallback, onAuthenticationHelp helpCode:5 helpString:未检测到人脸
06-08 13:11:52.327 2353 2353 D miui_face: onHelp=Αδυναμία αναγνώρισης
06-08 13:11:52.392 2353 3040 I miui_face: authenCallback, onAuthenticationHelp helpCode:5 helpString:未检测到人脸
06-08 13:11:52.393 2353 2353 D miui_face: onHelp=Αδυναμία αναγνώρισης
06-08 13:11:52.469 2353 3040 I miui_face: authenCallback, onAuthenticationHelp helpCode:5 helpString:未检测到人脸
06-08 13:11:52.470 2353 2353 D miui_face: onHelp=Αδυναμία αναγνώρισης
06-08 13:11:52.519 2353 3040 I miui_face: authenCallback, onAuthenticationHelp helpCode:5 helpString:未检测到人脸
06-08 13:11:52.520 2353 2353 D miui_face: onHelp=Αδυναμία αναγνώρισης
06-08 13:11:52.596 2353 3040 I miui_face: authenCallback, onAuthenticationHelp helpCode:5 helpString:未检测到人脸
06-08 13:11:52.597 2353 2353 D miui_face: onHelp=Αδυναμία αναγνώρισης
06-08 13:11:52.661 2353 3040 I miui_face: authenCallback, onAuthenticationHelp helpCode:5 helpString:未检测到人脸
06-08 13:11:52.661 2353 2353 D miui_face: onHelp=Αδυναμία αναγνώρισης
06-08 13:11:52.725 2353 3040 I miui_face: authenCallback, onAuthenticationHelp helpCode:5 helpString:未检测到人脸
06-08 13:11:52.725 2353 2353 D miui_face: onHelp=Αδυναμία αναγνώρισης
06-08 13:11:52.793 2353 3040 I miui_face: authenCallback, onAuthenticationHelp helpCode:5 helpString:未检测到人脸
06-08 13:11:52.793 2353 2353 D miui_face: onHelp=Αδυναμία αναγνώρισης
06-08 13:11:52.856 2353 3040 I miui_face: authenCallback, onAuthenticationHelp helpCode:5 helpString:未检测到人脸
06-08 13:11:52.857 2353 2353 D miui_face: onHelp=Αδυναμία αναγνώρισης
06-08 13:11:52.917 2353 3040 I miui_face: authenCallback, onAuthenticationHelp helpCode:5 helpString:未检测到人脸
06-08 13:11:52.918 2353 2353 D miui_face: onHelp=Αδυναμία αναγνώρισης
06-08 13:11:52.989 2353 3040 I miui_face: authenCallback, onAuthenticationHelp helpCode:5 helpString:未检测到人脸
06-08 13:11:52.990 2353 2353 D miui_face: onHelp=Αδυναμία αναγνώρισης
06-08 13:11:53.055 2353 3040 I miui_face: authenCallback, onAuthenticationHelp helpCode:5 helpString:未检测到人脸
06-08 13:11:53.056 2353 2353 D miui_face: onHelp=Αδυναμία αναγνώρισης
06-08 13:11:53.125 2353 3040 I miui_face: authenCallback, onAuthenticationHelp helpCode:5 helpString:未检测到人脸
06-08 13:11:53.126 2353 2353 D miui_face: onHelp=Αδυναμία αναγνώρισης
06-08 13:11:53.189 2353 3040 I miui_face: authenCallback, onAuthenticationHelp helpCode:5 helpString:未检测到人脸
06-08 13:11:53.189 2353 2353 D miui_face: onHelp=Αδυναμία αναγνώρισης
06-08 13:11:53.272 2353 3040 I miui_face: authenCallback, onAuthenticationHelp helpCode:5 helpString:未检测到人脸
06-08 13:11:53.273 2353 2353 D miui_face: onHelp=Αδυναμία αναγνώρισης
06-08 13:11:53.318 2353 3040 I miui_face: authenCallback, onAuthenticationHelp helpCode:5 helpString:未检测到人脸
06-08 13:11:53.319 2353 2353 D miui_face: onHelp=Αδυναμία αναγνώρισης
06-08 13:11:53.401 2353 3040 I miui_face: authenCallback, onAuthenticationHelp helpCode:5 helpString:未检测到人脸
06-08 13:11:53.411 2353 2353 D miui_face: onHelp=Αδυναμία αναγνώρισης
06-08 13:11:53.453 2353 3040 I miui_face: authenCallback, onAuthenticationHelp helpCode:5 helpString:未检测到人脸
06-08 13:11:53.454 2353 2353 D miui_face: onHelp=Αδυναμία αναγνώρισης
06-08 13:11:53.528 2353 3040 I miui_face: authenCallback, onAuthenticationHelp helpCode:5 helpString:未检测到人脸
06-08 13:11:53.528 2353 2353 D miui_face: onHelp=Αδυναμία αναγνώρισης
06-08 13:11:53.586 2353 3040 I miui_face: authenCallback, onAuthenticationHelp helpCode:5 helpString:未检测到人脸
06-08 13:11:53.587 2353 2353 D miui_face: onHelp=Αδυναμία αναγνώρισης
06-08 13:11:53.656 2353 3040 I miui_face: authenCallback, onAuthenticationHelp helpCode:5 helpString:未检测到人脸
06-08 13:11:53.656 2353 2353 D miui_face: onHelp=Αδυναμία αναγνώρισης
06-08 13:11:53.721 2353 3040 I miui_face: authenCallback, onAuthenticationHelp helpCode:5 helpString:未检测到人脸
06-08 13:11:53.722 2353 2353 D miui_face: onHelp=Αδυναμία αναγνώρισης
06-08 13:11:53.796 2353 3040 I miui_face: authenCallback, onAuthenticationHelp helpCode:5 helpString:未检测到人脸
06-08 13:11:53.797 2353 2353 D miui_face: onHelp=Αδυναμία αναγνώρισης
06-08 13:11:53.865 2353 3040 I miui_face: authenCallback, onAuthenticationHelp helpCode:5 helpString:未检测到人脸
06-08 13:11:53.868 2353 2353 D miui_face: onHelp=Αδυναμία αναγνώρισης
06-08 13:11:53.926 2353 3040 I miui_face: authenCallback, onAuthenticationHelp helpCode:5 helpString:未检测到人脸
06-08 13:11:53.926 2353 2353 D miui_face: onHelp=Αδυναμία αναγνώρισης
06-08 13:11:53.991 2353 3040 I miui_face: authenCallback, onAuthenticationHelp helpCode:5 helpString:未检测到人脸
06-08 13:11:53.991 2353 2353 D miui_face: onHelp=Αδυναμία αναγνώρισης
06-08 13:11:54.055 2353 3040 I miui_face: authenCallback, onAuthenticationHelp helpCode:5 helpString:未检测到人脸
06-08 13:11:54.055 2353 2353 D miui_face: onHelp=Αδυναμία αναγνώρισης
06-08 13:11:54.123 2353 3040 I miui_face: authenCallback, onAuthenticationHelp helpCode:5 helpString:未检测到人脸
06-08 13:11:54.123 2353 2353 D miui_face: onHelp=Αδυναμία αναγνώρισης
06-08 13:11:54.253 4030 4147 D miui.face.FaceService: miui.face.timeline, onAuthenticate All Time:4144 , id:123456
06-08 13:11:54.253 4030 4121 D miui.face.FaceService: FaceAuthenHelper mReleaseIfAuthenticated Runnable run ... ...
06-08 13:11:54.253 4030 4121 D miui.face.FaceService: release memory... ...
06-08 13:11:54.254 2353 3040 I miui_face: authenCallback, onAuthenticationSucceeded time=4145
06-08 13:11:54.254 2353 3040 D FaceManagerImpl_client: cancelAuthentication
06-08 13:11:54.254 2353 2353 D miui_face: onFaceAuthenticated
06-08 13:11:54.255 4030 4147 D miui.face.FaceService: Done with client: com.android.systemui
06-08 13:11:54.255 4030 4147 D miui.face.FaceService: cancelAuthenticate, packName: com.android.systemui
06-08 13:11:54.429 4030 4121 D miui.face.transplant: Camera2Util, close camera
06-08 13:11:59.927 2353 2353 I MiuiGxzwTouchHelper: onTouch: originalAction = ACTION_DOWN, action = ACTION_DOWN, x = 154,000000, y = 132,000000, pressure = 2048,000000, area = 0,000000
06-08 13:11:59.936 1757 1757 I chatty : uid=1000 system_server expire 17 lines
06-08 13:11:59.948 2353 2353 I MiuiGxzwTouchHelper: onTouch: originalAction = ACTION_MOVE, action = ACTION_MOVE, x = 154,000000, y = 132,000000, pressure = 2048,000000, area = 12,000000
06-08 13:11:59.951 2353 2353 I MiuiGxzwHightlightContainer: show highlight view
06-08 13:12:00.036 2353 2353 I MiuiGxzwTouchHelper: onTouch: originalAction = ACTION_UP, action = ACTION_UP, x = 156,000000, y = 132,000000, pressure = 2048,000000, area = 16,000000
06-08 13:12:00.038 2353 2353 I MiuiGxzwHightlightContainer: dismiss highlight view
06-08 13:12:00.677 2353 2353 I MiuiGxzwTouchHelper: onTouch: originalAction = ACTION_DOWN, action = ACTION_DOWN, x = 146,000000, y = 140,000000, pressure = 2048,000000, area = 0,000000
06-08 13:12:00.690 2353 2353 I MiuiGxzwTouchHelper: onTouch: originalAction = ACTION_MOVE, action = ACTION_MOVE, x = 146,000000, y = 140,000000, pressure = 2048,000000, area = 12,000000
06-08 13:12:00.694 2353 2353 I MiuiGxzwHightlightContainer: show highlight view
06-08 13:12:00.968 2353 2353 I miui_keyguard_fingerprint: onAuthenticationSucceeded: authUserId = 0
06-08 13:12:00.987 2353 2353 I MiuiGxzwHightlightContainer: dismiss highlight view
06-08 13:12:00.999 2353 2353 I MiuiGxzwOverlayView: remove overlay view
06-08 13:12:01.009 2353 3726 I KeyguardViewMediator: call fw keyguardGoingAway: flags = 8
06-08 13:12:01.013 1757 2377 I chatty : uid=1000(system) Binder:1757_5 expire 9 lines
06-08 13:12:01.024 2353 2353 I MiuiGxzwTouchHelper: onTouch: originalAction = ACTION_MOVE, action = ACTION_MOVE, x = 139,530029, y = 151,000000, pressure = 2048,000000, area = 12,000000
06-08 13:12:01.028 1757 1809 I chatty : uid=1000(system) Binder:1757_2 expire 9 lines
06-08 13:12:01.039 2353 3156 D DisplayFeatureManager: setScreenEffect mode=17 value=0 cookie=1
06-08 13:12:01.052 2353 2353 I MiuiGxzwTouchHelper: onTouch: originalAction = ACTION_MOVE, action = ACTION_MOVE, x = 138,504395, y = 151,000000, pressure = 2048,000000, area = 12,000000
06-08 13:12:01.082 2353 2353 I KeyguardViewMediator: handleStartKeyguardExitAnimation startTime=5274274 fadeoutDuration=300
06-08 13:12:01.099 2353 2353 V KeyguardDisplayManager: hide
06-08 13:12:01.099 2353 2353 I miui_keyguard_fingerprint: fingerprint unlock time: wait fw call startKeyguardExitAnimation = 99 ms total = 128 ms
06-08 13:12:01.108 2353 2353 I MiuiGxzwTouchHelper: onTouch: originalAction = ACTION_MOVE, action = ACTION_MOVE, x = 136,000000, y = 152,000000, pressure = 2048,000000, area = 12,000000
06-08 13:12:01.128 4030 4030 D miui.face.FaceService: lock screen passed
06-08 13:12:01.129 5199 5330 D PowerKeeper.AppStandby: disable standby chain
06-08 13:12:01.158 2560 2719 E ActivityThread: Failed to find provider info for com.android.thememanager.set_lockwallpaper
06-08 13:12:01.168 2353 2353 I MiuiGxzwTouchHelper: onTouch: originalAction = ACTION_MOVE, action = ACTION_MOVE, x = 136,000000, y = 153,000000, pressure = 2048,000000, area = 12,000000
06-08 13:12:01.324 2353 2353 I MiuiGxzwTouchHelper: onTouch: originalAction = ACTION_UP, action = ACTION_UP, x = 136,000000, y = 153,000000, pressure = 2048,000000, area = 12,000000
06-08 13:12:01.373 1757 7934 I chatty : uid=1000(system) Binder:1757_13 expire 5 lines
06-08 13:12:01.406 1757 2223 I chatty : uid=1000(system) Binder:1757_3 expire 1 line
06-08 13:12:03.179 3777 3801 W MiuiPerfServiceClient: interceptAndQueuing:2353|com.android.systemui|475|55|unknown|null|StatusBar|5274755719599|Slow handle animation|19
06-08 13:12:03.490 1757 1971 I chatty : uid=1000(system) batterystats-wo expire 2 lines
06-08 13:12:04.137 1757 2293 I chatty : uid=1000(system) miui.fg expire 6 lines
06-08 13:12:04.165 3777 3801 W MiuiPerfServiceClient: interceptAndQueuing:2560|com.miui.home|678|54|unknown|null|com.miui.home/com.miui.home.launcher.Launcher|5275106649130|Slow issue draw commands|36
06-08 13:12:04.230 2560 2560 I Timeline: Timeline: Activity_launch_request time:5277427
06-08 13:12:04.268 2560 2560 W ActivityThread: SCHED: com.miui.home/.launcher.Launcher [86, r=178ms, a=27ms, w=3244ms]
06-08 13:12:04.963 20448 20448 W Looper : Slow Looper main: Activity com.android.vending/.AssetBrowserActivity is 424ms late (wall=217ms running=91ms ClientTransaction{ callbacks=[android.app.servertransaction.LaunchActivityItem] lifecycleRequest=android.app.servertransaction.ResumeActivityItem }) because of 2 msg, msg 2 took 424ms (seq=2 running=72ms runnable=14ms io=26ms late=3ms h=android.app.ActivityThread$H w=110)
06-08 13:12:04.964 20448 20448 W Looper : Slow Looper main: Activity com.android.vending/.AssetBrowserActivity is 640ms late (wall=0ms running=0ms ClientTransaction{ callbacks=[android.app.servertransaction.TopResumedActivityChangeItem] }) because of 2 msg, msg 1 took 424ms (seq=2 running=72ms runnable=14ms io=26ms late=3ms h=android.app.ActivityThread$H w=110), msg 2 took 217ms (seq=3 running=91ms runnable=21ms io=60ms late=424ms h=android.app.ActivityThread$H w=159)
06-08 13:12:15.443 1757 1957 I chatty : uid=1000(system) ActivityManager expire 6 lines
06-08 13:12:17.774 1757 4962 I chatty : uid=1000(system) first_use_threa expire 1 line
06-08 13:12:27.851 1757 2036 I chatty : uid=1000(system) PowerManagerSer expire 13 lines
06-08 13:12:31.585 3777 3801 W MiuiPerfServiceClient: interceptAndQueuing:20448|com.android.vending|464|112|unknown|null|com.android.vending/com.android.vending.AssetBrowserActivity|5303053821359|Slow handle traversal|4
06-08 13:12:40.275 1757 3838 I chatty : uid=1000(system) Binder:1757_F expire 1 line
06-08 13:12:42.010 1757 1757 I chatty : uid=1000 system_server expire 5 lines
06-08 13:12:47.627 2353 2767 D NetworkController.MobileSignalController(1): onServiceStateChanged slotId=0 subId=1 voiceState=0 dataState=0 FiveGConnected= false dataType= 13
06-08 13:12:47.731 2353 2767 D NetworkController.MobileSignalController(1): onServiceStateChanged slotId=0 subId=1 voiceState=0 dataState=0 FiveGConnected= false dataType= 13
06-08 13:12:47.864 20908 20985 E ActivityThread: Failed to find provider info for com.facebook.katana.provider.AttributionIdProvider
06-08 13:12:52.870 20908 21095 E ActivityThread: Failed to find provider info for com.facebook.katana.provider.AttributionIdProvider
06-08 13:13:02.754 20448 20565 W BpBinder: Slow Binder: BpBinder transact took 644ms, interface=android.content.pm.IPackageInstaller, code=1 oneway=false
06-08 13:13:03.758 2353 2767 D NetworkController.MobileSignalController(1): onServiceStateChanged slotId=0 subId=1 voiceState=0 dataState=0 FiveGConnected= false dataType= 13
06-08 13:13:04.442 1757 2056 I chatty : uid=1000(system) PackageManager expire 41 lines
06-08 13:13:04.737 1757 3838 I chatty : uid=1000(system) Binder:1757_F expire 4 lines
06-08 13:13:05.173 1757 3741 I chatty : uid=1000(system) backup-0 expire 16 lines
06-08 13:13:05.267 1757 1757 I chatty : uid=1000 system_server expire 14 lines
06-08 13:13:06.223 1757 2293 I chatty : uid=1000(system) miui.fg expire 1 line
06-08 13:13:06.224 1757 21288 I chatty : uid=1000 system_server expire 2 lines
06-08 13:13:06.226 1757 2282 I chatty : uid=1000(system) LocationPolicy expire 1 line
06-08 13:13:06.251 1757 1956 I chatty : uid=1000(system) ActivityManager expire 17 lines
06-08 13:13:06.299 1757 1957 I chatty : uid=1000(system) ActivityManager expire 16 lines
06-08 13:13:06.404 4340 4340 I Timeline: Timeline: Activity_launch_request time:5339600
06-08 13:13:06.405 1757 5166 I chatty : uid=1000(system) Binder:1757_12 expire 2 lines
06-08 13:13:06.469 1757 21366 I chatty : uid=1000 system_server expire 1 line
06-08 13:13:06.517 1757 1921 I chatty : uid=1000(system) android.fg expire 2 lines
06-08 13:13:06.672 21294 21383 I SystemConfig: Adding association: com.google.android.as <- com.android.providers.contacts
06-08 13:13:06.672 21294 21383 I SystemConfig: Adding association: com.google.android.as <- com.android.providers.media
06-08 13:13:06.672 21294 21383 I SystemConfig: Adding association: com.google.android.as <- com.android.providers.telephony
06-08 13:13:06.672 21294 21383 I SystemConfig: Adding association: com.google.android.as <- com.android.systemui
06-08 13:13:06.672 21294 21383 I SystemConfig: Adding association: com.google.android.as <- com.google.android.gms
06-08 13:13:06.672 21294 21383 I SystemConfig: Adding association: com.google.android.as <- com.google.android.gsf
06-08 13:13:06.680 21294 21383 W SystemConfig: No directory /product_services/etc/sysconfig, skipping
06-08 13:13:06.680 21294 21383 W SystemConfig: No directory /product_services/etc/permissions, skipping
06-08 13:13:06.802 1757 1809 I chatty : uid=1000(system) Binder:1757_2 expire 12 lines
06-08 13:13:07.138 21398 21398 I SystemConfig: Adding association: com.google.android.as <- com.android.providers.contacts
06-08 13:13:07.138 21398 21398 I SystemConfig: Adding association: com.google.android.as <- com.android.providers.media
06-08 13:13:07.138 21398 21398 I SystemConfig: Adding association: com.google.android.as <- com.android.providers.telephony
06-08 13:13:07.139 21398 21398 I SystemConfig: Adding association: com.google.android.as <- com.android.systemui
06-08 13:13:07.139 21398 21398 I SystemConfig: Adding association: com.google.android.as <- com.google.android.gms
06-08 13:13:07.139 21398 21398 I SystemConfig: Adding association: com.google.android.as <- com.google.android.gsf
06-08 13:13:07.155 21398 21398 W SystemConfig: No directory /product_services/etc/sysconfig, skipping
06-08 13:13:07.155 21398 21398 W SystemConfig: No directory /product_services/etc/permissions, skipping
06-08 13:13:07.258 1757 1955 I chatty : uid=1000(system) android.bg expire 20 lines
06-08 13:13:07.373 1757 9222 I chatty : uid=1000(system) Binder:1757_1C expire 7 lines
06-08 13:13:07.614 1757 1971 I chatty : uid=1000(system) batterystats-wo expire 7 lines
06-08 13:13:07.737 1757 8942 I chatty : uid=1000(system) Binder:1757_15 expire 16 lines
06-08 13:13:08.053 21431 21431 I SystemConfig: Adding association: com.google.android.as <- com.android.providers.contacts
06-08 13:13:08.053 21431 21431 I SystemConfig: Adding association: com.google.android.as <- com.android.providers.media
06-08 13:13:08.053 21431 21431 I SystemConfig: Adding association: com.google.android.as <- com.android.providers.telephony
06-08 13:13:08.053 21431 21431 I SystemConfig: Adding association: com.google.android.as <- com.android.systemui
06-08 13:13:08.054 21431 21431 I SystemConfig: Adding association: com.google.android.as <- com.google.android.gms
06-08 13:13:08.054 21431 21431 I SystemConfig: Adding association: com.google.android.as <- com.google.android.gsf
06-08 13:13:08.068 21431 21431 W SystemConfig: No directory /product_services/etc/sysconfig, skipping
06-08 13:13:08.068 21431 21431 W SystemConfig: No directory /product_services/etc/permissions, skipping
06-08 13:13:08.293 1757 2860 I chatty : uid=1000(system) Binder:1757_9 expire 5 lines
06-08 13:13:08.591 1757 2617 I chatty : uid=1000(system) Binder:1757_6 expire 2 lines
06-08 13:13:10.126 3777 3801 W MiuiPerfServiceClient: interceptAndQueuing:20448|com.android.vending|344|273|unknown|null|com.android.vending/com.android.vending.AssetBrowserActivity|5339802887022|Slow main thread|2
06-08 13:13:10.131 20448 20448 I Timeline: Timeline: Activity_launch_request time:5343327
06-08 13:13:10.133 1757 7934 I chatty : uid=1000(system) Binder:1757_13 expire 8 lines
06-08 13:13:10.157 20448 20448 W ActivityThread: SCHED: com.android.vending/.AssetBrowserActivity [72, r=6035ms, a=2266ms, w=65214ms]
06-08 13:13:10.177 1757 1924 I chatty : uid=1000(system) android.display expire 8 lines
06-08 13:13:10.267 1757 1925 I chatty : uid=1000(system) android.anim expire 11 lines
06-08 13:13:10.777 1757 4962 I chatty : uid=1000(system) first_use_threa expire 3 lines
06-08 13:13:10.904 21504 21504 W Activity: Slow Operation: Activity com.pa.caller/.ui.TalkerUI onCreate took 534ms
06-08 13:13:10.908 1757 9212 I chatty : uid=1000(system) Binder:1757_1A expire 4 lines
06-08 13:13:10.954 21504 21504 W Looper : Slow Looper main: Activity com.pa.caller/.ui.TalkerUI is 701ms late (wall=0ms running=0ms ClientTransaction{ callbacks=[android.app.servertransaction.TopResumedActivityChangeItem] }) because of 3 msg, msg 2 took 90ms (seq=2 running=54ms runnable=14ms late=3ms h=android.app.ActivityThread$H w=110), msg 3 took 611ms (seq=3 running=406ms runnable=43ms io=6ms late=92ms h=android.app.ActivityThread$H w=159)
06-08 13:13:11.052 1757 9228 I chatty : uid=1000(system) Binder:1757_1D expire 2 lines
06-08 13:13:11.111 21504 21504 W ActivityThread: SCHED: com.pa.caller/.ui.TalkerUI [81, r=104ms, a=24ms, w=181ms]
06-08 13:13:11.304 21685 21685 I SystemConfig: Adding association: com.google.android.as <- com.android.providers.contacts
06-08 13:13:11.304 21685 21685 I SystemConfig: Adding association: com.google.android.as <- com.android.providers.media
06-08 13:13:11.304 21685 21685 I SystemConfig: Adding association: com.google.android.as <- com.android.providers.telephony
06-08 13:13:11.304 21685 21685 I SystemConfig: Adding association: com.google.android.as <- com.android.systemui
06-08 13:13:11.304 21685 21685 I SystemConfig: Adding association: com.google.android.as <- com.google.android.gms
06-08 13:13:11.304 21685 21685 I SystemConfig: Adding association: com.google.android.as <- com.google.android.gsf
06-08 13:13:11.311 21685 21685 W SystemConfig: No directory /product_services/etc/sysconfig, skipping
06-08 13:13:11.311 21685 21685 W SystemConfig: No directory /product_services/etc/permissions, skipping
06-08 13:13:11.396 2353 5026 I KeyguardViewMediator: setOccluded true
06-08 13:13:11.431 21504 21504 W Looper : Slow Looper main: doFrame is 307ms late because of 20 msg, msg 1 took 264ms (seq=20 running=109ms runnable=12ms io=1ms late=179ms h=android.view.Choreographer$FrameHandler c=android.view.Choreographer$FrameDisplayEventReceiver)
06-08 13:13:14.537 1757 2733 I chatty : uid=1000(system) Binder:1757_8 expire 5 lines
06-08 13:13:14.978 21685 21685 W ActivityThread: SCHED: com.lbe.security.miui/com.android.packageinstaller.permission.ui.GrantPermissionsActivity [70, r=57ms, a=24ms, w=3596ms]
06-08 13:13:14.984 2353 3563 I KeyguardViewMediator: setOccluded false
06-08 13:13:14.988 2353 2353 E miui_face: start face unlock fail, mKeyguardShowing=false;isDeviceInteractive=true
06-08 13:13:24.320 2353 2767 D NetworkController.MobileSignalController(1): onServiceStateChanged slotId=0 subId=1 voiceState=0 dataState=0 FiveGConnected= false dataType= 13
06-08 13:13:25.342 1757 1809 I chatty : uid=1000(system) Binder:1757_2 expire 3 lines
06-08 13:13:32.811 1757 9199 I chatty : uid=1000(system) Binder:1757_19 expire 1 line
06-08 13:13:36.237 1757 2301 I chatty : uid=1000(system) ProcessManager expire 4 lines
06-08 13:13:40.561 1757 1957 I chatty : uid=1000(system) ActivityManager expire 4 lines
06-08 13:13:41.796 21863 21863 W Looper : Slow Looper main: Long Msg: seq=2 plan=13:13:40.612 late=3ms wall=1180ms running=782ms runnable=78ms io=116ms h=android.app.ActivityThread$H w=110
06-08 13:13:41.834 1757 1955 I chatty : uid=1000(system) android.bg expire 6 lines
06-08 13:13:44.235 1757 2272 I chatty : uid=1000(system) ConnectivitySer expire 8 lines
06-08 13:13:49.076 1757 8939 I chatty : uid=1000(system) Binder:1757_14 expire 1 line
06-08 13:13:53.278 1757 9190 I chatty : uid=1000(system) Binder:1757_17 expire 2 lines
06-08 13:14:07.092 2353 2767 D NetworkController.MobileSignalController(1): onServiceStateChanged slotId=0 subId=1 voiceState=0 dataState=0 FiveGConnected= false dataType= 13
06-08 13:14:10.191 2353 2353 I MiuiChargeManager: notifyBatteryStatusChanged: status: 3 isPlugged: 0 level: 87 wireState: -1 chargeSpeed: 0 mWiredChargeType: 0 mWirelessChargeType: 0 chargeDeviceType: -1
06-08 13:14:10.196 5199 5199 D PowerChecker_Service: battery status = 3 plug = 0 level = 87
06-08 13:14:13.819 1757 2036 I chatty : uid=1000(system) PowerManagerSer expire 10 lines
06-08 13:14:13.830 1757 1757 I chatty : uid=1000 system_server expire 4 lines
06-08 13:14:20.735 2353 2767 D NetworkController.MobileSignalController(1): onServiceStateChanged slotId=0 subId=1 voiceState=0 dataState=0 FiveGConnected= false dataType= 13
06-08 13:14:40.474 1757 3562 I chatty : uid=1000(system) Binder:1757_B expire 1 line
06-08 13:14:55.484 1757 2223 I chatty : uid=1000(system) Binder:1757_3 expire 2 lines
06-08 13:15:04.951 1757 3743 I chatty : uid=1000(system) Binder:1757_C expire 2 lines
06-08 13:15:14.580 3777 3801 W MiuiPerfServiceClient: interceptAndQueuing:21504|com.pa.caller|234|144|unknown|null|com.pa.caller/com.pa.caller.ui.TalkerUI|5467454879838|Slow issue draw commands|3
06-08 13:15:14.790 3777 3801 W MiuiPerfServiceClient: interceptAndQueuing:21504|com.pa.caller|186|186|unknown|null|com.pa.caller/com.pa.caller.ui.TalkerUI|5467456279838|Slow main thread|1
06-08 13:15:15.528 1757 2287 I chatty : uid=1000(system) Binder:1757_4 expire 5 lines
06-08 13:15:17.803 2353 2767 D NetworkController.MobileSignalController(1): onServiceStateChanged slotId=0 subId=1 voiceState=0 dataState=0 FiveGConnected= false dataType= 13
06-08 13:15:19.556 2353 2767 D NetworkController.MobileSignalController(1): onServiceStateChanged slotId=0 subId=1 voiceState=0 dataState=0 FiveGConnected= false dataType= 13
06-08 13:15:19.787 2353 2767 D NetworkController.MobileSignalController(1): onServiceStateChanged slotId=0 subId=1 voiceState=0 dataState=0 FiveGConnected= false dataType= 13
06-08 13:15:24.149 1757 1757 I chatty : uid=1000 system_server expire 14 lines
06-08 13:15:25.048 1757 3743 I chatty : uid=1000(system) Binder:1757_C expire 11 lines
06-08 13:15:28.643 1757 2036 I chatty : uid=1000(system) PowerManagerSer expire 18 lines
06-08 13:15:28.694 4030 4147 D miui.face.FaceService: preInitAuth, com.android.systemui ok
06-08 13:15:28.695 4030 4147 D miui.face.FaceService: onPreInit curMonitor:com.miui.face.util.ClientMonitor@fa6911e hasInit: true
06-08 13:15:28.774 1757 1924 I chatty : uid=1000(system) android.display expire 18 lines
06-08 13:15:28.792 2353 3156 D DisplayFeatureManager: setScreenEffect mode=17 value=1 cookie=1
06-08 13:15:28.839 2353 2353 I MiuiGxzwOverlayView: add overlay view: mLayoutParams.alpha = 0.657
06-08 13:15:29.114 21504 21504 W ActivityThread: SCHED: com.pa.caller/.ui.TalkerUI [69, r=2140ms, a=950ms, w=134127ms]
06-08 13:15:29.122 2353 3156 D DisplayFeatureManager: setScreenEffect mode=17 value=1 cookie=1
06-08 13:15:29.129 1757 9222 I chatty : uid=1000(system) Binder:1757_1C expire 1 line
06-08 13:15:29.131 1757 2328 I chatty : uid=1000(system) PhotonicModulat expire 15 lines
06-08 13:15:29.132 3777 3801 W MiuiPerfServiceClient: interceptAndQueuing:2353|com.android.systemui|320|201|unknown|null|StatusBar|5482203624988|Slow handle traversal|3
06-08 13:15:29.329 1757 1921 I chatty : uid=1000(system) android.fg expire 4 lines
06-08 13:15:29.338 3203 3203 V DreamService[DozeService]: onCreate()
06-08 13:15:29.362 3203 3203 V DreamService[DozeService]: onBind() intent = Intent { act=android.service.dreams.DreamService flg=0x800000 cmp=com.miui.aod/.doze.DozeService }
06-08 13:15:29.365 3203 3203 V DreamService[DozeService]: Calling onDreamingStarted()
06-08 13:15:29.365 3203 3203 V DreamService[DozeService]: onDreamingStarted()
06-08 13:15:29.382 1757 7934 I chatty : uid=1000(system) Binder:1757_13 expire 8 lines
06-08 13:15:29.748 2353 3046 W KeyguardViewMediator: notifyScreenOn
06-08 13:15:29.748 2353 2353 W KeyguardViewMediator: handleNotifyScreenTurningOn
06-08 13:15:29.748 2353 2353 W KeyguardViewMediator: notifyDrawn
06-08 13:15:29.752 1757 1922 I chatty : uid=1000(system) android.ui expire 6 lines
06-08 13:15:29.791 2353 2353 I MiuiGxzwOverlayView: upldate overlay view alpha: 0.0
06-08 13:15:29.958 1757 2303 I chatty : uid=1000(system) ScreenEffectThr expire 2 lines
06-08 13:15:29.977 2353 3046 W KeyguardViewMediator: doKeyguard: showing the lock screen
06-08 13:15:29.993 1112 1112 I wificond: Pno scan started for frequencies: 2412, 2417, 2422, 2427, 2432, 2437, 2447, 2452, 2457, 2462, 5180, 5200, 5220, 5240, 5745, 5765, 5785, 5805,
06-08 13:15:30.027 1757 9221 I chatty : uid=1000(system) Binder:1757_1B expire 7 lines
06-08 13:15:30.062 1757 1955 I chatty : uid=1000(system) android.bg expire 26 lines
06-08 13:15:30.082 2353 2353 V KeyguardDisplayManager: show
06-08 13:15:30.188 1757 9212 I chatty : uid=1000(system) Binder:1757_1A expire 4 lines
06-08 13:15:30.206 1757 9229 I chatty : uid=1000(system) Binder:1757_1E expire 7 lines
06-08 13:15:30.400 826 910 W EventThreadInspector: slow VSync-app on display(19261101167563905), count=1, avg=37 ms, max=37 ms.
06-08 13:15:30.663 1757 2301 I chatty : uid=1000(system) ProcessManager expire 6 lines
06-08 13:15:31.057 826 910 W EventThreadInspector: slow VSync-app on display(19261101167563905), count=1, avg=31 ms, max=31 ms.
06-08 13:15:31.320 826 911 W EventThreadInspector: slow VSync-sf on display(19261101167563905), count=27, avg=32 ms, max=46 ms.
06-08 13:15:31.583 826 910 W EventThreadInspector: slow VSync-app on display(19261101167563905), count=11, avg=24 ms, max=32 ms.
06-08 13:15:31.790 2353 2353 I MiuiGxzwViewIcon: setGxzwIconTransparent
06-08 13:15:31.795 2353 2353 I MiuiGxzwViewIcon: turnOffScreen
06-08 13:15:32.174 826 910 W EventThreadInspector: slow VSync-app on display(19261101167563905), count=13, avg=25 ms, max=31 ms.
06-08 13:15:32.502 826 910 W EventThreadInspector: slow VSync-app on display(19261101167563905), count=4, avg=30 ms, max=31 ms.
06-08 13:15:32.798 826 910 W EventThreadInspector: slow VSync-app on display(19261101167563905), count=4, avg=30 ms, max=31 ms.
06-08 13:15:33.258 826 911 W EventThreadInspector: slow VSync-sf on display(19261101167563905), count=1, avg=30 ms, max=30 ms.
06-08 13:15:33.755 1757 2733 I chatty : uid=1000(system) Binder:1757_8 expire 1 line
06-08 13:15:40.444 1757 1971 I chatty : uid=1000(system) batterystats-wo expire 1 line
06-08 13:15:42.471 1757 2957 I chatty : uid=1000(system) Binder:1757_A expire 2 lines
06-08 13:15:59.551 2353 2353 I MiuiGxzwTouchHelper: onTouch: originalAction = ACTION_DOWN, action = ACTION_DOWN, x = 165,000000, y = 8,000000, pressure = 2048,000000, area = 12,000000
06-08 13:15:59.552 2353 2353 I MiuiGxzwViewIcon: setGxzwIconOpaque
06-08 13:15:59.557 2353 2353 I MiuiGxzwHightlightContainer: show highlight view
06-08 13:15:59.557 2353 2353 I MiuiGxzwOverlayView: upldate overlay view alpha: 0.657
06-08 13:15:59.559 2353 2353 I MiuiGxzwTouchHelper: onTouch: originalAction = ACTION_UP, action = ACTION_UP, x = 160,000000, y = 7,000000, pressure = 2048,000000, area = 12,000000
06-08 13:15:59.560 2353 2353 I MiuiGxzwOverlayView: upldate overlay view alpha: 0.0
06-08 13:15:59.561 2353 2353 I MiuiGxzwHightlightContainer: dismiss highlight view
06-08 13:15:59.905 1757 2328 I chatty : uid=1000(system) PhotonicModulat expire 5 lines
06-08 13:15:59.906 1757 1924 I chatty : uid=1000(system) android.display expire 9 lines
06-08 13:16:00.076 826 911 W EventThreadInspector: slow VSync-sf on display(19261101167563905), count=6, avg=24 ms, max=31 ms.
06-08 13:16:00.882 1757 1757 I chatty : uid=1000 system_server expire 17 lines
06-08 13:16:00.907 2353 2353 I MiuiGxzwTouchHelper: onTouch: originalAction = ACTION_DOWN, action = ACTION_DOWN, x = 145,000000, y = 185,000000, pressure = 2048,000000, area = 12,000000
06-08 13:16:00.910 2353 2353 I MiuiGxzwHightlightContainer: show highlight view
06-08 13:16:00.911 2353 2353 I MiuiGxzwOverlayView: upldate overlay view alpha: 0.657
06-08 13:16:01.028 826 910 W EventThreadInspector: slow VSync-app on display(19261101167563905), count=25, avg=27 ms, max=32 ms.
06-08 13:16:01.060 826 826 W SurfaceFlingerInspector: Slow frame composition: xiaomi f4 41 doComposition took 63 ms
06-08 13:16:01.225 826 911 W EventThreadInspector: slow VSync-sf on display(19261101167563905), count=5, avg=28 ms, max=32 ms.
06-08 13:16:01.311 2353 2353 I miui_keyguard_fingerprint: onAuthenticationSucceeded: authUserId = 0
06-08 13:16:01.317 1757 9190 I chatty : uid=1000(system) Binder:1757_17 expire 5 lines
06-08 13:16:01.358 1757 2036 I chatty : uid=1000(system) PowerManagerSer expire 15 lines
06-08 13:16:01.361 520 22597 D vold : The trim thread is not running
06-08 13:16:01.361 520 22597 D vold : idle maintenance stopped
06-08 13:16:01.377 1112 1112 I wificond: Pno scan stopped
06-08 13:16:01.379 2353 2353 I MiuiGxzwTouchHelper: onTouch: originalAction = ACTION_UP, action = ACTION_UP, x = 146,000000, y = 175,000000, pressure = 2048,000000, area = 12,000000
06-08 13:16:01.380 2353 2353 I MiuiGxzwOverlayView: upldate overlay view alpha: 0.0
06-08 13:16:01.381 2353 2353 I MiuiGxzwHightlightContainer: dismiss highlight view
06-08 13:16:01.429 3203 3203 V DreamService[DozeService]: wakeUp(): fromSystem=true, mWaking=false, mFinished=false
06-08 13:16:01.429 3203 3203 V DreamService[DozeService]: finish(): mFinished=false
06-08 13:16:01.437 3203 3203 V DreamService[DozeService]: detach(): Calling onDreamingStopped()
06-08 13:16:01.437 3203 3203 V DreamService[DozeService]: onDreamingStopped()
06-08 13:16:01.442 2353 2353 E miui_face: start face unlock fail because device has unlocked
06-08 13:16:01.450 2353 2353 I MiuiGxzwOverlayView: upldate overlay view alpha: 0.657
06-08 13:16:01.454 3203 3203 V DreamService[DozeService]: finish(): mFinished=true
06-08 13:16:01.454 3203 3203 V DreamService[DozeService]: onDestroy()
06-08 13:16:01.471 2353 3726 I KeyguardViewMediator: call fw keyguardGoingAway: flags = 8
06-08 13:16:01.472 2353 2353 I MiuiGxzwOverlayView: remove overlay view
06-08 13:16:01.473 1757 1925 I chatty : uid=1000(system) android.anim expire 5 lines
06-08 13:16:01.479 2353 3156 D DisplayFeatureManager: setScreenEffect mode=17 value=0 cookie=1
06-08 13:16:01.543 1757 2223 I chatty : uid=1000(system) Binder:1757_3 expire 1 line
06-08 13:16:01.575 1757 2272 I chatty : uid=1000(system) ConnectivitySer expire 3 lines
06-08 13:16:01.603 2353 2353 I KeyguardViewMediator: handleStartKeyguardExitAnimation startTime=5493057 fadeoutDuration=300
06-08 13:16:01.636 2353 2353 V KeyguardDisplayManager: hide
06-08 13:16:01.637 2353 2353 I miui_keyguard_fingerprint: fingerprint unlock time: wait fw call startKeyguardExitAnimation = 100 ms total = 272 ms
06-08 13:16:01.711 3746 3746 W BpBinder: Slow Binder: BpBinder transact took 213ms, interface=android.media.IAudioFlinger, code=2 oneway=false
06-08 13:16:01.747 1757 1956 I chatty : uid=1000(system) ActivityManager expire 5 lines
06-08 13:16:01.748 4030 4030 D miui.face.FaceService: lock screen passed
06-08 13:16:01.749 4030 4121 D miui.face.FaceService: FaceAuthenHelper mReleaseIfAuthenticated Runnable run ... ...
06-08 13:16:01.749 4030 4121 D miui.face.FaceService: release memory... ...
06-08 13:16:01.813 2560 2698 E ActivityThread: Failed to find provider info for com.android.thememanager.set_lockwallpaper
06-08 13:16:02.049 3746 4100 W BpBinder: Slow Binder: BpBinder transact took 333ms, interface=android.media.IAudioRecord, code=1 oneway=false
06-08 13:16:02.049 21504 22622 W BpBinder: Slow Binder: BpBinder transact took 280ms, interface=android.media.IAudioService, code=15 oneway=false
06-08 13:16:02.665 3777 3801 W MiuiPerfServiceClient: interceptAndQueuing:2353|com.android.systemui|671|145|unknown|null|StatusBar|5493540475036|Slow main thread|14
06-08 13:16:02.903 2353 2767 D NetworkController.MobileSignalController(1): onServiceStateChanged slotId=0 subId=1 voiceState=0 dataState=0 FiveGConnected= false dataType= 13
06-08 13:16:04.216 1757 3838 I chatty : uid=1000(system) Binder:1757_F expire 2 lines
06-08 13:16:13.941 2353 2767 D NetworkController.MobileSignalController(1): onServiceStateChanged slotId=0 subId=1 voiceState=0 dataState=0 FiveGConnected= false dataType= 13
06-08 13:16:14.047 2353 2767 D NetworkController.MobileSignalController(1): onServiceStateChanged slotId=0 subId=1 voiceState=0 dataState=0 FiveGConnected= false dataType= 13
06-08 13:16:18.311 2353 2767 D NetworkController.MobileSignalController(1): onServiceStateChanged slotId=0 subId=1 voiceState=0 dataState=0 FiveGConnected= false dataType= 13
06-08 13:16:18.342 2353 2767 I chatty : uid=1000(system) SysUiNetBg identical 1 line
06-08 13:16:18.409 2353 2767 D NetworkController.MobileSignalController(1): onServiceStateChanged slotId=0 subId=1 voiceState=0 dataState=0 FiveGConnected= false dataType= 13
06-08 13:16:23.061 1757 2036 I chatty : uid=1000(system) PowerManagerSer expire 4 lines
06-08 13:16:23.068 1757 1757 I chatty : uid=1000 system_server expire 2 lines
06-08 13:16:24.243 1757 4296 I chatty : uid=1000(system) Binder:1757_10 expire 2 lines
06-08 13:16:27.112 1757 3743 I chatty : uid=1000(system) Binder:1757_C expire 1 line
06-08 13:16:45.649 1757 1957 I chatty : uid=1000(system) ActivityManager expire 4 lines
06-08 13:16:50.566 21504 21504 W Looper : Slow Looper main: Long Msg: seq=3064 plan=13:16:46.107 late=1ms wall=4458ms running=98ms runnable=12ms io=5ms h=android.os.AsyncTask$InternalHandler w=1
06-08 13:16:50.566 21504 21504 W Looper : Slow Looper main: MotionEvent is 1153ms late (event_seq=324, action=ACTION_DOWN) because of 1 msg, msg 1 took 4458ms (seq=3064 running=98ms runnable=12ms io=5ms late=1ms h=android.os.AsyncTask$InternalHandler w=1)
06-08 13:16:50.566 21504 21504 W InputEventReceiver: App Input: 1153ms before dispatchInputEvent (MotionEvent: event_seq=324, seq=32537, action=ACTION_DOWN)
06-08 13:16:50.567 21504 21504 W InputEventReceiver: App Input: 1052ms before dispatchInputEvent (MotionEvent: event_seq=326, seq=32539, action=ACTION_UP)
06-08 13:16:50.575 21504 21504 W Looper : Slow Looper main: doFrame is 4454ms late because of 1 msg, msg 1 took 4458ms (seq=3064 running=98ms runnable=12ms io=5ms late=1ms h=android.os.AsyncTask$InternalHandler w=1)
06-08 13:16:51.066 21504 21504 W Looper : Slow Looper main: doFrame is 389ms late because of 6 msg, msg 1 took 402ms (seq=3096 running=89ms runnable=127ms io=20ms late=10ms h=android.os.AsyncTask$InternalHandler w=1)
06-08 13:16:51.262 1757 9231 I chatty : uid=1000(system) Binder:1757_20 expire 1 line
06-08 13:16:51.294 3777 3801 W MiuiPerfServiceClient: interceptAndQueuing:21504|com.pa.caller|4517|4463|unknown|null|com.pa.caller/com.pa.caller.ui.TalkerUI|5542126852882|Slow main thread|2
06-08 13:16:51.295 3777 3801 W MiuiPerfServiceClient: interceptAndQueuing:21504|com.pa.caller|397|397|unknown|null|com.pa.caller/com.pa.caller.ui.TalkerUI|5542563772778|Slow main thread|1
06-08 13:16:51.621 22784 22930 W BpBinder: Slow Binder: BpBinder transact took 397ms, interface=com.android.vending.billing.IInAppBillingService, code=2 oneway=false
06-08 13:16:51.627 1757 4531 I chatty : uid=1000(system) Binder:1757_11 expire 1 line
06-08 13:16:52.039 22784 22930 W BpBinder: Slow Binder: BpBinder transact took 215ms, interface=com.android.vending.billing.IInAppBillingService, code=2 oneway=false
06-08 13:16:52.241 22784 22930 W BpBinder: Slow Binder: BpBinder transact took 201ms, interface=com.android.vending.billing.IInAppBillingService, code=2 oneway=false
06-08 13:16:52.482 22784 22930 W BpBinder: Slow Binder: BpBinder transact took 239ms, interface=com.android.vending.billing.IInAppBillingService, code=2 oneway=false
06-08 13:16:52.723 22784 22930 W BpBinder: Slow Binder: BpBinder transact took 238ms, interface=com.android.vending.billing.IInAppBillingService, code=2 oneway=false
06-08 13:16:53.125 22784 22930 W BpBinder: Slow Binder: BpBinder transact took 206ms, interface=com.android.vending.billing.IInAppBillingService, code=2 oneway=false
06-08 13:16:53.533 22784 22930 W BpBinder: Slow Binder: BpBinder transact took 225ms, interface=com.android.vending.billing.IInAppBillingService, code=2 oneway=false
06-08 13:16:53.769 22784 22930 W BpBinder: Slow Binder: BpBinder transact took 235ms, interface=com.android.vending.billing.IInAppBillingService, code=2 oneway=false
06-08 13:16:53.991 22784 22930 W BpBinder: Slow Binder: BpBinder transact took 221ms, interface=com.android.vending.billing.IInAppBillingService, code=2 oneway=false
06-08 13:16:54.233 22784 22930 W BpBinder: Slow Binder: BpBinder transact took 241ms, interface=com.android.vending.billing.IInAppBillingService, code=2 oneway=false
06-08 13:16:54.468 22784 22930 W BpBinder: Slow Binder: BpBinder transact took 235ms, interface=com.android.vending.billing.IInAppBillingService, code=2 oneway=false
06-08 13:16:57.106 1757 9191 I chatty : uid=1000(system) Binder:1757_18 expire 1 line
06-08 13:17:00.646 21504 21504 W Looper : Slow Looper main: Long Msg: seq=3568 plan=13:16:56.440 late=0ms wall=4205ms running=78ms runnable=10ms h=android.os.AsyncTask$InternalHandler w=1
06-08 13:17:00.646 21504 21504 W InputEventReceiver: App Input: 2869ms before dispatchInputEvent (MotionEvent: event_seq=336, seq=32557, action=ACTION_OUTSIDE)
06-08 13:17:00.646 21504 21504 W Looper : Slow Looper main: MotionEvent is 2869ms late (event_seq=337, action=ACTION_DOWN) because of 1 msg, msg 1 took 4205ms (seq=3568 running=78ms runnable=10ms h=android.os.AsyncTask$InternalHandler w=1)
06-08 13:17:00.646 21504 21504 W InputEventReceiver: App Input: 2869ms before dispatchInputEvent (MotionEvent: event_seq=337, seq=32558, action=ACTION_DOWN)
06-08 13:17:00.646 21504 21504 W InputEventReceiver: App Input: 2829ms before dispatchInputEvent (MotionEvent: event_seq=339, seq=32560, action=ACTION_UP)
06-08 13:17:00.659 21504 21504 W Looper : Slow Looper main: doFrame is 4202ms late because of 1 msg, msg 1 took 4205ms (seq=3568 running=78ms runnable=10ms h=android.os.AsyncTask$InternalHandler w=1)
06-08 13:17:00.880 1757 8943 I chatty : uid=1000(system) Binder:1757_16 expire 6 lines
06-08 13:17:00.881 3777 3801 W MiuiPerfServiceClient: interceptAndQueuing:21504|com.pa.caller|4214|4214|unknown|null|com.pa.caller/com.pa.caller.ui.TalkerUI|5552154655534|Slow main thread|1
06-08 13:17:05.344 1757 2860 I chatty : uid=1000(system) Binder:1757_9 expire 3 lines
06-08 13:17:05.547 1757 1955 I chatty : uid=1000(system) android.bg expire 2 lines
06-08 13:17:07.176 1757 5166 I chatty : uid=1000(system) Binder:1757_12 expire 3 lines
06-08 13:17:18.113 21504 21504 W ActivityThread: SCHED: com.pa.caller/.ui.TalkerUI [67, r=3324ms, a=1608ms, w=76587ms]
06-08 13:17:18.128 1757 2293 I chatty : uid=1000(system) miui.fg expire 1 line
06-08 13:17:18.132 1757 8939 I chatty : uid=1000(system) Binder:1757_14 expire 1 line
06-08 13:17:18.150 1757 2617 I chatty : uid=1000(system) Binder:1757_6 expire 5 lines
06-08 13:17:18.170 1757 8939 I chatty : uid=1000(system) Binder:1757_14 expire 10 lines
06-08 13:17:18.205 1757 1925 I chatty : uid=1000(system) android.anim expire 11 lines
06-08 13:17:18.936 21504 21504 E ActivityThread: Activity com.pa.caller.ui.TalkerUI has leaked ServiceConnection android.speech.tts.TextToSpeech$Connection@279fb8c that was originally bound here
06-08 13:17:18.936 21504 21504 E ActivityThread: android.app.ServiceConnectionLeaked: Activity com.pa.caller.ui.TalkerUI has leaked ServiceConnection android.speech.tts.TextToSpeech$Connection@279fb8c that was originally bound here
06-08 13:17:18.936 21504 21504 E ActivityThread: at android.app.LoadedApk$ServiceDispatcher.(Unknown Source:35)
06-08 13:17:18.936 21504 21504 E ActivityThread: at android.app.LoadedApk.getServiceDispatcherCommon(Unknown Source:34)
06-08 13:17:18.936 21504 21504 E ActivityThread: at android.app.LoadedApk.getServiceDispatcher(Unknown Source:6)
06-08 13:17:18.936 21504 21504 E ActivityThread: at android.app.ContextImpl.bindServiceCommon(Unknown Source:48)
06-08 13:17:18.936 21504 21504 E ActivityThread: at android.app.ContextImpl.bindService(Unknown Source:19)
06-08 13:17:18.936 21504 21504 E ActivityThread: at android.content.ContextWrapper.bindService(Unknown Source:2)
06-08 13:17:18.936 21504 21504 E ActivityThread: at android.speech.tts.TextToSpeech.connectToEngine(Unknown Source:19)
06-08 13:17:18.936 21504 21504 E ActivityThread: at android.speech.tts.TextToSpeech.initTts(Unknown Source:86)
06-08 13:17:18.936 21504 21504 E ActivityThread: at android.speech.tts.TextToSpeech.(Unknown Source:53)
06-08 13:17:18.936 21504 21504 E ActivityThread: at android.speech.tts.TextToSpeech.(Unknown Source:6)
06-08 13:17:18.936 21504 21504 E ActivityThread: at android.speech.tts.TextToSpeech.(Unknown Source:1)
06-08 13:17:18.936 21504 21504 E ActivityThread: at c.b.a.g.h.a(Unknown Source:4)
06-08 13:17:18.936 21504 21504 E ActivityThread: at c.b.a.f.l.onViewCreated(Unknown Source:32)
06-08 13:17:18.936 21504 21504 E ActivityThread: at android.app.FragmentManagerImpl.moveToState(Unknown Source:603)
06-08 13:17:18.936 21504 21504 E ActivityThread: at android.app.FragmentManagerImpl.addAddedFragments(Unknown Source:46)
06-08 13:17:18.936 21504 21504 E ActivityThread: at android.app.FragmentManagerImpl.executeOpsTogether(Unknown Source:129)
06-08 13:17:18.936 21504 21504 E ActivityThread: at android.app.FragmentManagerImpl.removeRedundantOperationsAndExecute(Unknown Source:99)
06-08 13:17:18.936 21504 21504 E ActivityThread: at android.app.FragmentManagerImpl.execPendingActions(Unknown Source:21)
06-08 13:17:18.936 21504 21504 E ActivityThread: at android.app.FragmentManagerImpl$1.run(Unknown Source:2)
06-08 13:17:18.936 21504 21504 E ActivityThread: at android.os.Handler.handleCallback(Unknown Source:2)
06-08 13:17:18.936 21504 21504 E ActivityThread: at android.os.Handler.dispatchMessage(Unknown Source:4)
06-08 13:17:18.936 21504 21504 E ActivityThread: at android.os.Looper.loop(Unknown Source:242)
06-08 13:17:18.936 21504 21504 E ActivityThread: at android.app.ActivityThread.main(Unknown Source:98)
06-08 13:17:18.936 21504 21504 E ActivityThread: at java.lang.reflect.Method.invoke(Native Method)
06-08 13:17:18.936 21504 21504 E ActivityThread: at com.android.internal.os.RuntimeInit$MethodAndArgsCaller.run(Unknown Source:11)
06-08 13:17:18.936 21504 21504 E ActivityThread: at com.android.internal.os.ZygoteInit.main(Unknown Source:275)
06-08 13:17:18.946 1757 4296 I chatty : uid=1000(system) Binder:1757_10 expire 3 lines
06-08 13:17:18.950 21504 21504 E ActivityThread: Activity com.pa.caller.ui.TalkerUI has leaked ServiceConnection android.speech.tts.TextToSpeech$Connection@9cf4c73 that was originally bound here
06-08 13:17:18.950 21504 21504 E ActivityThread: android.app.ServiceConnectionLeaked: Activity com.pa.caller.ui.TalkerUI has leaked ServiceConnection android.speech.tts.TextToSpeech$Connection@9cf4c73 that was originally bound here
06-08 13:17:18.950 21504 21504 E ActivityThread: at android.app.LoadedApk$ServiceDispatcher.(Unknown Source:35)
06-08 13:17:18.950 21504 21504 E ActivityThread: at android.app.LoadedApk.getServiceDispatcherCommon(Unknown Source:34)
06-08 13:17:18.950 21504 21504 E ActivityThread: at android.app.LoadedApk.getServiceDispatcher(Unknown Source:6)
06-08 13:17:18.950 21504 21504 E ActivityThread: at android.app.ContextImpl.bindServiceCommon(Unknown Source:48)
06-08 13:17:18.950 21504 21504 E ActivityThread: at android.app.ContextImpl.bindService(Unknown Source:19)
06-08 13:17:18.950 21504 21504 E ActivityThread: at android.content.ContextWrapper.bindService(Unknown Source:2)
06-08 13:17:18.950 21504 21504 E ActivityThread: at android.speech.tts.TextToSpeech.connectToEngine(Unknown Source:19)
06-08 13:17:18.950 21504 21504 E ActivityThread: at android.speech.tts.TextToSpeech.initTts(Unknown Source:17)
06-08 13:17:18.950 21504 21504 E ActivityThread: at android.speech.tts.TextToSpeech.(Unknown Source:53)
06-08 13:17:18.950 21504 21504 E ActivityThread: at android.speech.tts.TextToSpeech.(Unknown Source:6)
06-08 13:17:18.950 21504 21504 E ActivityThread: at c.b.a.g.h.a(Unknown Source:4)
06-08 13:17:18.950 21504 21504 E ActivityThread: at c.b.a.f.l$f.onItemSelected(Unknown Source:149)
06-08 13:17:18.950 21504 21504 E ActivityThread: at android.widget.AdapterView.fireOnSelected(Unknown Source:28)
06-08 13:17:18.950 21504 21504 E ActivityThread: at android.widget.AdapterView.dispatchOnItemSelected(Unknown Source:0)
06-08 13:17:18.950 21504 21504 E ActivityThread: at android.widget.AdapterView.access$300(Unknown Source:0)
06-08 13:17:18.950 21504 21504 E ActivityThread: at android.widget.AdapterView$SelectionNotifier.run(Unknown Source:48)
06-08 13:17:18.950 21504 21504 E ActivityThread: at android.os.Handler.handleCallback(Unknown Source:2)
06-08 13:17:18.950 21504 21504 E ActivityThread: at android.os.Handler.dispatchMessage(Unknown Source:4)
06-08 13:17:18.950 21504 21504 E ActivityThread: at android.os.Looper.loop(Unknown Source:242)
06-08 13:17:18.950 21504 21504 E ActivityThread: at android.app.ActivityThread.main(Unknown Source:98)
06-08 13:17:18.950 21504 21504 E ActivityThread: at java.lang.reflect.Method.invoke(Native Method)
06-08 13:17:18.950 21504 21504 E ActivityThread: at com.android.internal.os.RuntimeInit$MethodAndArgsCaller.run(Unknown Source:11)
06-08 13:17:18.950 21504 21504 E ActivityThread: at com.android.internal.os.ZygoteInit.main(Unknown Source:275)
06-08 13:17:18.950 1757 2860 I chatty : uid=1000(system) Binder:1757_9 expire 10 lines
06-08 13:17:22.114 20448 20448 I Timeline: Timeline: Activity_launch_request time:5573610
06-08 13:17:22.116 1757 5166 I chatty : uid=1000(system) Binder:1757_12 expire 13 lines
06-08 13:17:22.155 20448 20448 W ActivityThread: SCHED: com.android.vending/.AssetBrowserActivity [76, r=30ms, a=9ms, w=3991ms]
06-08 13:17:22.156 1757 9229 I chatty : uid=1000(system) Binder:1757_1E expire 8 lines
06-08 13:17:22.160 1757 8942 I chatty : uid=1000(system) Binder:1757_15 expire 8 lines
06-08 13:17:22.174 1757 1924 I chatty : uid=1000(system) android.display expire 10 lines
06-08 13:17:22.187 1757 1971 I chatty : uid=1000(system) batterystats-wo expire 4 lines
06-08 13:17:22.213 2353 2767 D NetworkController.MobileSignalController(1): onServiceStateChanged slotId=0 subId=1 voiceState=0 dataState=0 FiveGConnected= false dataType= 13
06-08 13:17:22.246 1757 2272 I chatty : uid=1000(system) ConnectivitySer expire 7 lines
06-08 13:17:22.731 2353 2767 D NetworkController.MobileSignalController(1): onServiceStateChanged slotId=0 subId=1 voiceState=0 dataState=0 FiveGConnected= false dataType= 13
06-08 13:17:38.547 21504 21504 W ActivityThread: SCHED: com.pa.caller/.ui.TalkerUI [77, r=572ms, a=163ms, w=16264ms]
06-08 13:17:46.301 1757 2247 I chatty : uid=1000(system) InputDispatcher expire 2 lines
06-08 13:17:46.331 20448 20448 W ActivityThread: SCHED: com.android.vending/.AssetBrowserActivity [87, r=185ms, a=26ms, w=7726ms]
06-08 13:17:46.334 1757 1925 I chatty : uid=1000(system) android.anim expire 7 lines
06-08 13:17:51.658 1757 2036 I chatty : uid=1000(system) PowerManagerSer expire 11 lines
06-08 13:17:51.662 1757 1757 I chatty : uid=1000 system_server expire 10 lines
