06-08 15:43:30.821 1757 1971 W NetworkStatsFactorySysApp: [0] iface=rmnet_data1 nameOrHashs=2463678812787075199 rxBytes=30464 rxPackets=119 txBytes=30464 txPackets=119 [1] iface=rmnet_data1 nameOrHashs=15360284826224562093 rxBytes=25335 rxPackets=66 txBytes=11171 txPackets=78 [2] iface=rmnet_data1 nameOrHashs=12147314186442659468 rxBytes=48385 rxPackets=135 txBytes=35013 txPackets=207 [3] iface=rmnet_data1 nameOrHashs=4859101771987231424 rxBytes=2484 rxPackets=19 txBytes=2719 txPackets=30 [4] iface=rmnet_data1 nameOrHashs=13413145894021867311 rxBytes=224132 rxPackets=295 txBytes=53336 txPackets=331 [5] iface=rmnet_data2 nameOrHashs=5381 rxBytes=840 rxPackets=10 txBytes=1090 txPackets=10 [6] iface=rmnet_data1 nameOrHashs=13203530503623258350 rxBytes=4728 rxPackets=15 txBytes=2118 txPackets=20 [7] iface=rmnet_data1 nameOrHashs=18446744073709551615 rxBytes=1512 rxPackets=3 txBytes=52 txPackets=1 [8] iface=rmnet_data1 nameOrHashs=5381 rxBytes=33109 rxPackets=149 txBytes=24709 txPackets=190
06-08 15:44:00.007 1757 2328 D LocalDisplayAdapter: setDisplayState(id=19261101167563905, state=DOZE)
06-08 15:44:00.012 1757 1924 I DisplayManagerService: Display device changed state: "Ενσωματωμένη οθόνη", DOZE
06-08 15:44:00.173 1757 2328 D LocalDisplayAdapter: setDisplayState(id=19261101167563905, state=DOZE_SUSPEND)
06-08 15:44:00.174 1757 1924 I DisplayManagerService: Display device changed state: "Ενσωματωμένη οθόνη", DOZE_SUSPEND
06-08 15:44:04.529 2353 2353 I MiuiGxzwViewIcon: detect device put up
06-08 15:44:04.529 2353 2353 I MiuiGxzwViewIcon: setGxzwIconOpaque
06-08 15:44:04.533 1757 2328 D LocalDisplayAdapter: setDisplayState(id=19261101167563905, state=DOZE)
06-08 15:44:04.533 1757 1924 I DisplayManagerService: Display device changed state: "Ενσωματωμένη οθόνη", DOZE
06-08 15:44:04.836 826 910 W EventThreadInspector: slow VSync-app on display(19261101167563905), count=60, avg=29 ms, max=40 ms.
06-08 15:44:04.844 1757 2328 D LocalDisplayAdapter: setDisplayState(id=19261101167563905, state=DOZE_SUSPEND)
06-08 15:44:04.844 1757 1924 I DisplayManagerService: Display device changed state: "Ενσωματωμένη οθόνη", DOZE_SUSPEND
06-08 15:44:07.569 2353 2353 I MiuiGxzwViewIcon: setGxzwIconTransparent
06-08 15:44:07.596 1757 1924 I DisplayManagerService: Display device changed state: "Ενσωματωμένη οθόνη", DOZE
06-08 15:44:07.602 2353 2353 I MiuiGxzwViewIcon: turnOffScreen
06-08 15:44:07.603 1757 2328 D LocalDisplayAdapter: setDisplayState(id=19261101167563905, state=DOZE)
06-08 15:44:07.695 2353 2353 I MiuiChargeManager: notifyBatteryStatusChanged: status: 3 isPlugged: 0 level: 82 wireState: -1 chargeSpeed: 0 mWiredChargeType: 0 mWirelessChargeType: 0 chargeDeviceType: -1
06-08 15:44:07.697 5199 5199 D PowerChecker_Service: battery status = 3 plug = 0 level = 82
06-08 15:44:07.728 826 910 W EventThreadInspector: slow VSync-app on display(19261101167563905), count=1, avg=31 ms, max=31 ms.
06-08 15:44:07.903 1757 2328 D LocalDisplayAdapter: setDisplayState(id=19261101167563905, state=DOZE_SUSPEND)
06-08 15:44:07.904 1757 1924 I DisplayManagerService: Display device changed state: "Ενσωματωμένη οθόνη", DOZE_SUSPEND
06-08 15:44:07.959 826 911 W EventThreadInspector: slow VSync-sf on display(19261101167563905), count=14, avg=23 ms, max=39 ms.
06-08 15:44:08.209 2353 2353 I MiuiGxzwViewIcon: detect device put up
06-08 15:44:08.209 2353 2353 I MiuiGxzwViewIcon: setGxzwIconOpaque
06-08 15:44:08.215 1757 2328 D LocalDisplayAdapter: setDisplayState(id=19261101167563905, state=DOZE)
06-08 15:44:08.216 1757 1924 I DisplayManagerService: Display device changed state: "Ενσωματωμένη οθόνη", DOZE
06-08 15:44:08.521 1757 2328 D LocalDisplayAdapter: setDisplayState(id=19261101167563905, state=DOZE_SUSPEND)
06-08 15:44:08.521 1757 1924 I DisplayManagerService: Display device changed state: "Ενσωματωμένη οθόνη", DOZE_SUSPEND
06-08 15:44:11.223 2353 2353 I MiuiGxzwViewIcon: setGxzwIconTransparent
06-08 15:44:11.248 1757 2328 D LocalDisplayAdapter: setDisplayState(id=19261101167563905, state=DOZE)
06-08 15:44:11.250 1757 1924 I DisplayManagerService: Display device changed state: "Ενσωματωμένη οθόνη", DOZE
06-08 15:44:11.257 2353 2353 I MiuiGxzwViewIcon: turnOffScreen
06-08 15:44:11.555 1757 2328 D LocalDisplayAdapter: setDisplayState(id=19261101167563905, state=DOZE_SUSPEND)
06-08 15:44:11.555 1757 1924 I DisplayManagerService: Display device changed state: "Ενσωματωμένη οθόνη", DOZE_SUSPEND
06-08 15:44:21.982 1757 2328 D LocalDisplayAdapter: setDisplayState(id=19261101167563905, state=DOZE)
06-08 15:44:21.982 1757 1924 I DisplayManagerService: Display device changed state: "Ενσωματωμένη οθόνη", DOZE
06-08 15:44:22.003 1757 1971 W NetworkStatsFactorySysApp: stats=NetworkStatsSysApp: elapsedRealtime=22270492
06-08 15:44:22.003 1757 1971 W NetworkStatsFactorySysApp: [0] iface=rmnet_data1 nameOrHashs=2463678812787075199 rxBytes=30464 rxPackets=119 txBytes=30464 txPackets=119 [1] iface=rmnet_data1 nameOrHashs=15360284826224562093 rxBytes=25335 rxPackets=66 txBytes=11171 txPackets=78 [2] iface=rmnet_data1 nameOrHashs=12147314186442659468 rxBytes=48385 rxPackets=135 txBytes=35013 txPackets=207 [3] iface=rmnet_data1 nameOrHashs=4859101771987231424 rxBytes=2484 rxPackets=19 txBytes=2719 txPackets=30 [4] iface=rmnet_data1 nameOrHashs=13413145894021867311 rxBytes=224252 rxPackets=297 txBytes=54008 txPackets=339 [5] iface=rmnet_data2 nameOrHashs=5381 rxBytes=840 rxPackets=10 txBytes=1090 txPackets=10 [6] iface=rmnet_data1 nameOrHashs=13203530503623258350 rxBytes=4728 rxPackets=15 txBytes=2118 txPackets=20 [7] iface=rmnet_data1 nameOrHashs=18446744073709551615 rxBytes=1512 rxPackets=3 txBytes=52 txPackets=1 [8] iface=rmnet_data1 nameOrHashs=5381 rxBytes=33109 rxPackets=149 txBytes=24709 txPackets=190
06-08 15:44:22.058 2353 2767 D NetworkController.MobileSignalController(1): onServiceStateChanged slotId=0 subId=1 voiceState=0 dataState=0 FiveGConnected= false dataType= 3
06-08 15:44:22.086 1757 2272 D ConnectivityService: NetworkAgentInfo [MOBILE (UMTS) - 106] EVENT_NETWORK_INFO_CHANGED, going from CONNECTED to CONNECTED
06-08 15:44:22.098 1757 2272 E Nat464Xlat: getConfig: For config := persist.vendor.net.doxlat returned value := true
06-08 15:44:22.215 1757 2328 D LocalDisplayAdapter: setDisplayState(id=19261101167563905, state=DOZE_SUSPEND)
06-08 15:44:22.215 1757 1924 I DisplayManagerService: Display device changed state: "Ενσωματωμένη οθόνη", DOZE_SUSPEND
06-08 15:44:22.290 826 911 W EventThreadInspector: slow VSync-sf on display(19261101167563905), count=9, avg=25 ms, max=35 ms.
06-08 15:44:26.957 2353 2353 I MiuiGxzwViewIcon: detect device put up
06-08 15:44:26.958 2353 2353 I MiuiGxzwViewIcon: setGxzwIconOpaque
06-08 15:44:26.983 1757 2328 D LocalDisplayAdapter: setDisplayState(id=19261101167563905, state=DOZE)
06-08 15:44:26.984 1757 1924 I DisplayManagerService: Display device changed state: "Ενσωματωμένη οθόνη", DOZE
06-08 15:44:27.290 1757 2328 D LocalDisplayAdapter: setDisplayState(id=19261101167563905, state=DOZE_SUSPEND)
06-08 15:44:27.291 1757 1924 I DisplayManagerService: Display device changed state: "Ενσωματωμένη οθόνη", DOZE_SUSPEND
06-08 15:44:29.874 1757 1757 D FingerprintService: finger down, 6 22
06-08 15:44:29.874 1757 1757 V FingerprintService: Acquired: 6 22
06-08 15:44:29.878 2353 2353 I MiuiGxzwTouchHelper: onTouch: originalAction = ACTION_DOWN, action = ACTION_DOWN, x = 117,000000, y = 148,000000, pressure = 2048,000000, area = 12,000000
06-08 15:44:29.893 1757 2328 D LocalDisplayAdapter: setDisplayState(id=19261101167563905, state=DOZE)
06-08 15:44:29.893 1757 1924 I DisplayManagerService: Display device changed state: "Ενσωματωμένη οθόνη", DOZE
06-08 15:44:29.893 2353 2353 I MiuiGxzwHightlightContainer: show highlight view
06-08 15:44:29.894 2353 2353 I MiuiGxzwOverlayView: upldate overlay view alpha: 0.657
06-08 15:44:29.952 1757 2223 D PerfShielderService: com.android.systemui|com.android.systemui-gxz1598495682|1001|6788516356364|173|5|27
06-08 15:44:30.015 826 910 W EventThreadInspector: slow VSync-app on display(19261101167563905), count=38, avg=29 ms, max=42 ms.
06-08 15:44:30.015 826 826 W SurfaceFlingerInspector: Slow frame composition: xiaomi f4 41 doComposition took 63 ms
06-08 15:44:30.196 826 910 W EventThreadInspector: slow VSync-app on display(19261101167563905), count=2, avg=31 ms, max=31 ms.
06-08 15:44:30.245 826 911 W EventThreadInspector: slow VSync-sf on display(19261101167563905), count=12, avg=26 ms, max=41 ms.
06-08 15:44:30.272 1757 1757 V FingerprintService: Acquired: 0 0
06-08 15:44:30.275 1757 1757 I FingerprintService: fodCallBack cmd: CMD_VENDOR_AUTHENTICATED , -1083293021 , backRes:1 touchStatus:0 writeRes:true
06-08 15:44:30.276 1757 1757 V BiometricStats: Authentication latency: 4
06-08 15:44:30.277 1757 1757 V FingerprintService: onAuthenticated(true), ID:-1083293021, Owner: com.android.systemui, isBP: false, listener: com.android.server.biometrics.fingerprint.FingerprintService$ServiceListenerImpl@fd2049d, requireConfirmation: false, user: 0
06-08 15:44:30.280 1757 1757 V FingerprintService: Done with client: com.android.systemui
06-08 15:44:30.281 2353 2353 I miui_keyguard_fingerprint: onAuthenticationSucceeded: authUserId = 0
06-08 15:44:30.282 1757 1809 I PowerManagerService: Waking up from Dozing (uid=1000, reason=WAKE_REASON_UNKNOWN, details=android.policy:FINGERPRINT)...
06-08 15:44:30.285 1757 1757 W UsageStatsService: Event reported without a package name, eventType:15
06-08 15:44:30.288 1757 1757 I WindowManager: Started waking up... (why=ON_BECAUSE_OF_UNKNOWN)
06-08 15:44:30.316 1757 2036 D AutomaticBrightnessControllerInjector: setLightSensorEnabled: false
06-08 15:44:30.316 1757 2036 D AutomaticBrightnessControllerInjector: res: 3913.0
06-08 15:44:30.318 1757 2036 D AutomaticBrightnessControllerInjector: AmbientLux=3913.0, mAmbientDarkeningThreshold=1956.5, mAmbientBrighteningThreshold=4513.0, angle_xy2horizon=3.0280194
06-08 15:44:30.318 1757 2036 D AutomaticBrightnessController: updateAutoBrightness: mScreenAutoBrightness=-1, newScreenAutoBrightness=2047
06-08 15:44:30.318 1757 2036 D AutomaticBrightnessControllerInjector: skip debounce!
06-08 15:44:30.318 1757 2036 D AutomaticBrightnessControllerInjector: AmbientLux=3913.0, mAmbientDarkeningThreshold=1956.5, mAmbientBrighteningThreshold=4513.0, angle_xy2horizon=3.0280194
06-08 15:44:30.318 1757 2036 D AutomaticBrightnessControllerInjector: setAccSensorEnabled enable
06-08 15:44:30.327 1757 1757 D StorageManagerService: Get the action of screen on
06-08 15:44:30.331 520 30510 D vold : The trim thread is not running
06-08 15:44:30.332 520 30510 D vold : idle maintenance stopped
06-08 15:44:30.341 2353 2353 I MiuiGxzwOverlayView: upldate overlay view alpha: 0.0
06-08 15:44:30.342 1757 2036 D AutomaticBrightnessControllerInjector: setMotionSensorEnabled enable
06-08 15:44:30.345 1757 9229 I Timeline: Timeline: App_transition_ready time:6819004
06-08 15:44:30.348 2353 3726 I KeyguardViewMediator: call fw keyguardGoingAway: flags = 8
06-08 15:44:30.348 1757 1925 I Timeline: Timeline: App_transition_ready time:6819008
06-08 15:44:30.353 1112 1112 I wificond: Pno scan stopped
06-08 15:44:30.359 2353 2353 I MiuiGxzwHightlightContainer: dismiss highlight view
06-08 15:44:30.371 1757 9222 I Timeline: Timeline: App_transition_ready time:6819031
06-08 15:44:30.374 1757 1925 I Timeline: Timeline: App_transition_ready time:6819034
06-08 15:44:30.377 1757 2223 I Timeline: Timeline: App_transition_ready time:6819037
06-08 15:44:30.381 1757 2036 D AutomaticBrightnessTouchHelper: touch pointer listener has registered!
06-08 15:44:30.382 1757 2036 V DisplayPowerController: Brightness [2047] reason changing to: 'automatic', previous reason: 'doze'.
06-08 15:44:30.384 1757 2328 D LocalDisplayAdapter: setDisplayState(id=19261101167563905, state=ON)
06-08 15:44:30.390 1757 1925 I Timeline: Timeline: App_transition_ready time:6819049
06-08 15:44:30.391 1757 2223 I Timeline: Timeline: App_transition_ready time:6819051
06-08 15:44:30.395 1757 1809 I Timeline: Timeline: App_transition_ready time:6819055
06-08 15:44:30.395 1757 1809 I MiuiKnockGestureService: gamemode close knock feature
06-08 15:44:30.395 1757 1809 I MiuiKnockGestureService: native feature not merge
06-08 15:44:30.396 1757 1809 I Timeline: Timeline: App_transition_ready time:6819056
06-08 15:44:30.402 1757 1924 I DisplayManagerService: Display device changed state: "Ενσωματωμένη οθόνη", ON
06-08 15:44:30.403 1757 1757 V SettingsProvider: Notifying for 0: content://settings/system/screen_brightness
06-08 15:44:30.406 2353 2353 I MiuiGxzwOverlayView: remove overlay view
06-08 15:44:30.406 1757 1925 I Timeline: Timeline: App_transition_ready time:6819066
06-08 15:44:30.410 1757 1925 I Timeline: Timeline: App_transition_ready time:6819070
06-08 15:44:30.416 1757 1757 V LocationPolicy: Screen state changed
06-08 15:44:30.421 2353 3156 D DisplayFeatureManager: setScreenEffect mode=17 value=0 cookie=1
06-08 15:44:30.422 1757 9222 I Timeline: Timeline: App_transition_ready time:6819082
06-08 15:44:30.423 1757 1922 D ActivityTaskManager: Top Process State changed to PROCESS_STATE_TOP
06-08 15:44:30.427 1757 2036 I DreamManagerService: Gently waking up from dream.
06-08 15:44:30.428 1757 1921 I DreamManagerService: Performing gentle wake from dream.
06-08 15:44:30.428 1757 1757 I WindowManager: Finished waking up... (why=ON_BECAUSE_OF_UNKNOWN)
06-08 15:44:30.428 3203 3203 V DreamService[DozeService]: wakeUp(): fromSystem=true, mWaking=false, mFinished=false
06-08 15:44:30.428 3203 3203 V DreamService[DozeService]: finish(): mFinished=false
06-08 15:44:30.428 1757 9229 I DreamManagerService: Leaving dreamland.
06-08 15:44:30.429 1757 1925 I Timeline: Timeline: App_transition_ready time:6819088
06-08 15:44:30.429 1757 1921 I DreamManagerService: Performing gentle wake from dream.
06-08 15:44:30.430 1757 1921 I DreamController: Stopping dream: name=ComponentInfo{com.miui.aod/com.miui.aod.doze.DozeService}, isTest=false, canDoze=true, userId=0
06-08 15:44:30.438 1757 9229 I Timeline: Timeline: App_transition_ready time:6819097
06-08 15:44:30.443 1757 9229 I Timeline: Timeline: App_transition_ready time:6819103
06-08 15:44:30.447 3203 3203 V DreamService[DozeService]: detach(): Calling onDreamingStopped()
06-08 15:44:30.447 3203 3203 V DreamService[DozeService]: onDreamingStopped()
06-08 15:44:30.448 1757 2733 I Timeline: Timeline: App_transition_ready time:6819107
06-08 15:44:30.451 1757 1924 I set_top_app: success /proc/2560/top_app:1
06-08 15:44:30.452 1757 1924 I set_top_app: success /proc/2725/top_app:2
06-08 15:44:30.478 1757 9229 I Timeline: Timeline: App_transition_ready time:6819137
06-08 15:44:30.491 3203 3203 V DreamService[DozeService]: finish(): mFinished=true
06-08 15:44:30.491 3203 3203 V DreamService[DozeService]: onDestroy()
06-08 15:44:30.498 1757 1957 D Boost : hostingType=content provider, hostingName={com.miui.weather2/com.miui.weather2.providers.WeatherProvider}, callerPackage=com.miui.home, isSystem=true, isBoostNeeded=false.
06-08 15:44:30.507 1757 1957 I ActivityManager: Start proc 30518:com.miui.weather2/u0a103 for content provider {com.miui.weather2/com.miui.weather2.providers.WeatherProvider} caller=com.miui.home
06-08 15:44:30.509 2353 2353 E miui_face: start face unlock fail because device has unlocked
06-08 15:44:30.517 2353 2353 I MiuiGxzwTouchHelper: onTouch: originalAction = ACTION_MOVE, action = ACTION_MOVE, x = 146,000000, y = 141,000000, pressure = 2048,000000, area = 16,000000
06-08 15:44:30.518 2353 2353 I MiuiGxzwTouchHelper: onTouch: originalAction = ACTION_UP, action = ACTION_UP, x = 146,000000, y = 141,000000, pressure = 2048,000000, area = 16,000000
06-08 15:44:30.569 2353 2353 I KeyguardViewMediator: handleStartKeyguardExitAnimation startTime=6819136 fadeoutDuration=300
06-08 15:44:30.574 1757 1924 W UsageStatsService: Event reported without a package name, eventType:18
06-08 15:44:30.580 1757 1924 I WindowManager: updateContrastOverlay, darkmode: true isContrastEnabled: true alpha: 0.0
06-08 15:44:30.586 2353 2353 V KeyguardDisplayManager: hide
06-08 15:44:30.587 2353 2353 I miui_keyguard_fingerprint: fingerprint unlock time: wait fw call startKeyguardExitAnimation = 166 ms total = 270 ms
06-08 15:44:30.613 1757 9230 I MiuiKnockGestureService: knock feature changed notify native state:true
06-08 15:44:30.614 1757 9230 I MiuiKnockGestureService: native feature not merge
06-08 15:44:30.644 1757 1757 V SettingsProvider: Notifying for 0: content://settings/system/is_fingerprint_unlock
06-08 15:44:30.648 1757 1956 W BroadcastQueue: Background execution not allowed: receiving Intent { act=android.intent.action.USER_PRESENT flg=0x24200010 } to com.google.android.gms/.auth.setup.devicesignals.LockScreenReceiver
06-08 15:44:30.648 1757 1956 W BroadcastQueue: Background execution not allowed: receiving Intent { act=android.intent.action.USER_PRESENT flg=0x24200010 } to com.google.android.gms/.trustagent.UserPresentBroadcastReceiver
06-08 15:44:30.648 1757 1956 W BroadcastQueue: Background execution not allowed: receiving Intent { act=android.intent.action.USER_PRESENT flg=0x24200010 } to com.google.android.gms/.chimera.GmsIntentOperationService$PersistentTrustedReceiver
06-08 15:44:30.648 1757 1956 W BroadcastQueue: Background execution not allowed: receiving Intent { act=android.intent.action.USER_PRESENT flg=0x24200010 } to com.mi.health/services.sleeps.SleepTraceReceiver
06-08 15:44:30.648 1757 1956 W BroadcastQueue: Background execution not allowed: receiving Intent { act=android.intent.action.USER_PRESENT flg=0x24200010 } to com.gstarmc.android/com.taobao.accs.EventReceiver
06-08 15:44:30.651 4030 4030 D miui.face.FaceService: lock screen passed
06-08 15:44:30.652 4030 4121 D miui.face.FaceService: FaceAuthenHelper mReleaseIfAuthenticated Runnable run ... ...
06-08 15:44:30.652 4030 4121 D miui.face.FaceService: release memory... ...
06-08 15:44:30.653 5199 5330 D PowerKeeper.AppStandby: disable standby chain
06-08 15:44:30.684 2560 2772 E ActivityThread: Failed to find provider info for com.android.thememanager.set_lockwallpaper
06-08 15:44:30.715 1757 1971 E BatteryExternalStatsWorker: no controller energy info supplied for bluetooth
06-08 15:44:30.762 1757 1971 W NetworkStatsFactorySysApp: stats=NetworkStatsSysApp: elapsedRealtime=22279248
06-08 15:44:30.762 1757 1971 W NetworkStatsFactorySysApp: [0] iface=wlan0 nameOrHashs=12147314186442659468 rxBytes=13696 rxPackets=41 txBytes=11669 txPackets=60 [1] iface=wlan0 nameOrHashs=15360284826224562093 rxBytes=3994 rxPackets=9 txBytes=1539 txPackets=11 [2] iface=wlan0 nameOrHashs=18446744073709551615 rxBytes=232 rxPackets=5 txBytes=232 txPackets=5 [3] iface=wlan0 nameOrHashs=13413145894021867311 rxBytes=323264 rxPackets=398 txBytes=64023 txPackets=393 [4] iface=wlan0 nameOrHashs=3518763049745578179 rxBytes=4369 rxPackets=8 txBytes=1866 txPackets=13 [5] iface=wlan0 nameOrHashs=16020371398875508808 rxBytes=146230 rxPackets=92 txBytes=5421 txPackets=94 [6] iface=wlan0 nameOrHashs=5381 rxBytes=8048 rxPackets=52 txBytes=10406 txPackets=52 [7] iface=wlan0 nameOrHashs=2463678812787075199 rxBytes=3072 rxPackets=12 txBytes=3072 txPackets=12
06-08 15:44:30.774 1757 1971 W NetworkStatsFactorySysApp: stats=NetworkStatsSysApp: elapsedRealtime=22279263
06-08 15:44:30.774 1757 1971 W NetworkStatsFactorySysApp: [0] iface=rmnet_data1 nameOrHashs=2463678812787075199 rxBytes=30464 rxPackets=119 txBytes=30464 txPackets=119 [1] iface=rmnet_data1 nameOrHashs=15360284826224562093 rxBytes=25335 rxPackets=66 txBytes=11171 txPackets=78 [2] iface=rmnet_data1 nameOrHashs=12147314186442659468 rxBytes=48385 rxPackets=135 txBytes=35013 txPackets=207 [3] iface=rmnet_data1 nameOrHashs=4859101771987231424 rxBytes=2484 rxPackets=19 txBytes=2719 txPackets=30 [4] iface=rmnet_data1 nameOrHashs=13413145894021867311 rxBytes=224252 rxPackets=297 txBytes=54248 txPackets=342 [5] iface=rmnet_data2 nameOrHashs=5381 rxBytes=840 rxPackets=10 txBytes=1090 txPackets=10 [6] iface=rmnet_data1 nameOrHashs=13203530503623258350 rxBytes=4728 rxPackets=15 txBytes=2118 txPackets=20 [7] iface=rmnet_data1 nameOrHashs=18446744073709551615 rxBytes=1512 rxPackets=3 txBytes=52 txPackets=1 [8] iface=rmnet_data1 nameOrHashs=5381 rxBytes=33109 rxPackets=149 txBytes=24709 txPackets=190
06-08 15:44:30.783 1757 9190 I set_top_app: success /proc/2353/top_app:0
06-08 15:44:30.783 1757 9190 I set_top_app: success /proc/2748/top_app:0
06-08 15:44:30.814 1757 1925 I Timeline: Timeline: Activity_windows_visible id: ActivityRecord{85a0842 u0 com.miui.home/.launcher.Launcher t1} time:6819473
06-08 15:44:30.817 1757 1925 I Timeline: Timeline: App_transition_stopped time:6819477
06-08 15:44:30.958 30518 30518 I SystemConfig: Adding association: com.google.android.as <- com.android.providers.contacts
06-08 15:44:30.958 30518 30518 I SystemConfig: Adding association: com.google.android.as <- com.android.providers.media
06-08 15:44:30.958 30518 30518 I SystemConfig: Adding association: com.google.android.as <- com.android.providers.telephony
06-08 15:44:30.958 30518 30518 I SystemConfig: Adding association: com.google.android.as <- com.android.systemui
06-08 15:44:30.958 30518 30518 I SystemConfig: Adding association: com.google.android.as <- com.google.android.gms
06-08 15:44:30.958 30518 30518 I SystemConfig: Adding association: com.google.android.as <- com.google.android.gsf
06-08 15:44:31.000 30518 30518 W SystemConfig: No directory /product_services/etc/sysconfig, skipping
06-08 15:44:31.001 30518 30518 W SystemConfig: No directory /product_services/etc/permissions, skipping
06-08 15:44:31.014 2560 2818 W BpBinder: Slow Binder: BpBinder transact took 592ms, interface=android.app.IActivityManager, code=20 oneway=false
06-08 15:44:31.097 1757 2223 E NotificationService: Error creating vibration waveform with pattern: [0]
06-08 15:44:31.324 1757 1955 D ProcessManager: add audio active uid : 10189
06-08 15:44:31.578 23537 30570 W BpBinder: Slow Binder: BpBinder transact took 214ms, interface=android.content.IContentProvider, code=1 oneway=false
06-08 15:44:31.651 1757 2036 D AutomaticBrightnessControllerInjector: skip debounce!
06-08 15:44:31.651 1757 2036 D AutomaticBrightnessControllerInjector: AmbientLux=4002.6755, mAmbientDarkeningThreshold=2001.3378, mAmbientBrighteningThreshold=5002.676, angle_xy2horizon=24.555216
06-08 15:44:31.664 2353 2767 D NetworkController.MobileSignalController(1): onServiceStateChanged slotId=0 subId=1 voiceState=0 dataState=0 FiveGConnected= false dataType= 15
06-08 15:44:31.674 1757 2272 D ConnectivityService: NetworkAgentInfo [MOBILE (HSPA+) - 106] EVENT_NETWORK_INFO_CHANGED, going from CONNECTED to CONNECTED
06-08 15:44:31.709 1757 1803 D PerfShielderService: com.android.systemui|StatusBar|1073|6820044216664|122|0|32
06-08 15:44:31.710 3777 3801 W MiuiPerfServiceClient: interceptAndQueuing:2353|com.android.systemui|1073|122|unknown|null|StatusBar|6820044216664|Slow main thread|32
06-08 15:44:32.651 1757 2036 D AutomaticBrightnessControllerInjector: skip debounce!
06-08 15:44:32.652 1757 2036 D AutomaticBrightnessControllerInjector: AmbientLux=4041.3896, mAmbientDarkeningThreshold=2020.6948, mAmbientBrighteningThreshold=5041.3896, angle_xy2horizon=21.678469
06-08 15:44:33.211 2560 2560 I Timeline: Timeline: Activity_launch_request time:6821871
06-08 15:44:33.214 1757 2860 I ActivityTaskManager: START u0 {act=miui.intent.action.CHECK_ACCESS_CONTROL flg=0x18800000 pkg=com.miui.securitycenter cmp=com.miui.securitycenter/com.miui.applicationlock.ConfirmAccessControl (has extras)} from uid 10085
06-08 15:44:33.227 1757 2223 E WifiService: Permission violation - getScanResults not allowed for uid=10181, packageName=com.google.android.gms, reason=java.lang.SecurityException: Location mode is disabled for the device
06-08 15:44:33.235 2560 2560 W ActivityThread: SCHED: com.miui.home/.launcher.Launcher [61, r=193ms, a=121ms, w=2832ms]
06-08 15:44:33.238 1757 1803 I ActivityTaskManager: The Process com.miui.securitycenter Already Exists in BG. So sending its PID: 6955
06-08 15:44:33.242 1757 1803 I Timeline: Timeline: App_transition_ready time:6821902
06-08 15:44:33.245 1757 1924 I set_top_app: success /proc/6955/top_app:1
06-08 15:44:33.245 1757 1924 I set_top_app: success /proc/14268/top_app:2
06-08 15:44:33.248 1757 9212 I NotificationService: cancelToast pkg=com.miui.home callback=android.app.ITransientNotification$Stub$Proxy@479aa8e
06-08 15:44:33.248 1757 9212 W NotificationService: Toast already cancelled. pkg=com.miui.home callback=android.app.ITransientNotification$Stub$Proxy@479aa8e
06-08 15:44:33.253 1757 1924 I set_top_app: success /proc/2560/top_app:0
06-08 15:44:33.253 1757 1924 I set_top_app: success /proc/2725/top_app:0
06-08 15:44:33.267 1757 1925 I Timeline: Timeline: App_transition_ready time:6821926
06-08 15:44:33.268 1757 1925 I Timeline: Timeline: App_transition_ready time:6821927
06-08 15:44:33.288 1757 1757 V FingerprintService: startAuthentication(com.miui.securitycenter)
06-08 15:44:33.290 1757 1925 I Timeline: Timeline: App_transition_ready time:6821950
06-08 15:44:33.290 1757 1757 I FingerprintService: fodCallBack cmd: CMD_APP_AUTHEN , 1 , com.miui.securitycenter backRes:1 touchStatus:1 writeRes:true
06-08 15:44:33.290 1757 1757 V FingerprintService: starting client AuthenticationClientImpl(com.miui.securitycenter) cookie: 0/0 mPreviousClient: com.android.systemui
06-08 15:44:33.295 2353 3156 D DisplayFeatureManager: setScreenEffect mode=17 value=1 cookie=1
06-08 15:44:33.296 1757 1757 W FingerprintService: client com.miui.securitycenter is authenticating...
06-08 15:44:33.298 1757 1757 V FingerprintService: Acquired: 6 21
06-08 15:44:33.300 1757 1924 I WindowManager: updateContrastOverlay, darkmode: false isContrastEnabled: true alpha: 0.0
06-08 15:44:33.301 1757 1924 I WindowManager: hideContrastOverlay
06-08 15:44:33.307 6955 14271 D FaceManagerImpl_client: authenticate mServiceReceiver:android.hardware.miuiface.MiuiFaceManagerImpl$2@f4a4206
06-08 15:44:33.307 4030 4147 D miui.face.FaceService: authenticate, packName: com.miui.securitycenter receiver:android.os.BinderProxy@67e008c timeout:5000
06-08 15:44:33.308 4030 4121 D miui.face.transplant: FaceUnlockManager setRunOutTime timeout:5000
06-08 15:44:33.308 4030 4121 D miui.face.FaceService: authen mFaceUnlockView:android.view.TextureView{1913d5 V.ED..... ........ 0,0-0,0} texture:android.graphics.SurfaceTexture@a7687ea
06-08 15:44:33.309 4030 4121 D miui.face.transplant: sdk version=sensetime_3.3.22.729-pro-d8376db
06-08 15:44:33.309 4030 4121 D miui.face.FaceService: miui.face.timeline, onFaceStart, ServicePrepareTime:2
06-08 15:44:33.320 2353 3156 D DisplayFeatureManager: setScreenEffect mode=17 value=1 cookie=1
06-08 15:44:33.325 4030 4121 D miui.face.transplant: miui.face.timeline, open camera succeed time=16
06-08 15:44:33.327 2353 2353 I MiuiGxzwOverlayView: add overlay view: mLayoutParams.alpha = 0.1406515
06-08 15:44:33.333 1757 9191 I MiuiKnockGestureService: knock feature changed notify native state:true
06-08 15:44:33.334 1757 9191 I MiuiKnockGestureService: native feature not merge
06-08 15:44:33.466 1757 2272 D ConnectivityService: NetworkAgentInfo [MOBILE (HSPA+) - 106] EVENT_NETWORK_INFO_CHANGED, going from CONNECTED to CONNECTED
06-08 15:44:33.790 1757 1809 I Timeline: Timeline: Activity_windows_visible id: ActivityRecord{f65e919 u0 com.miui.securitycenter/com.miui.applicationlock.ConfirmAccessControl t1185} time:6822449
06-08 15:44:33.792 1757 1925 I Timeline: Timeline: App_transition_stopped time:6822452
06-08 15:44:33.798 1757 1924 I set_top_app: success /proc/2560/top_app:0
06-08 15:44:33.798 1757 1924 I set_top_app: success /proc/2725/top_app:0
06-08 15:44:34.146 4030 4147 D miui.face.FaceService: miui.face.timeline, onAuthenticate All Time:839 , id:123456
06-08 15:44:34.146 4030 4121 D miui.face.FaceService: FaceAuthenHelper mReleaseIfAuthenticated Runnable run ... ...
06-08 15:44:34.146 4030 4121 D miui.face.FaceService: release memory... ...
06-08 15:44:34.147 4030 4147 D miui.face.FaceService: Done with client: com.miui.securitycenter
06-08 15:44:34.148 6955 6955 I Timeline: Timeline: Activity_launch_request time:6822808
06-08 15:44:34.148 1757 1757 V FingerprintService: Stopping client com.miui.securitycenter, fromClient: true
06-08 15:44:34.149 1757 9212 I ActivityTaskManager: START u0 {act=android.intent.action.MAIN cat=[android.intent.category.LAUNCHER] flg=0x91200000 cmp=com.viber.voip/.WelcomeActivity bnds=[89,1075][242,1228] (has extras)} from uid 1000
06-08 15:44:34.150 1757 1757 I FingerprintService: fodCallBack cmd: CMD_APP_CANCEL_AUTHEN , 0 , backRes:1 touchStatus:0 writeRes:true
06-08 15:44:34.159 2353 2353 I MiuiGxzwOverlayView: remove overlay view
06-08 15:44:34.161 2353 3156 D DisplayFeatureManager: setScreenEffect mode=17 value=0 cookie=1
06-08 15:44:34.165 1757 1757 W FingerprintService: client com.miui.securitycenter is no longer authenticating
06-08 15:44:34.170 1757 1757 I FingerprintService: fodCallBack cmd: CMD_VENDOR_ERROR , 5 , backRes:1 touchStatus:0 writeRes:true
06-08 15:44:34.170 1757 1757 V FingerprintService: handleError(client=com.miui.securitycenter, error = 5)
06-08 15:44:34.170 1757 1757 V FingerprintService: Done with client: com.miui.securitycenter
06-08 15:44:34.170 1757 1924 I WindowManager: updateContrastOverlay, darkmode: true isContrastEnabled: true alpha: 0.0
06-08 15:44:34.181 6955 6955 W ActivityThread: SCHED: com.miui.securitycenter/com.miui.applicationlock.ConfirmAccessControl [68, r=20ms, a=9ms, w=879ms]
06-08 15:44:34.196 1757 1924 I set_top_app: success /proc/6955/top_app:0
06-08 15:44:34.196 1757 1924 I set_top_app: success /proc/14268/top_app:0
06-08 15:44:34.225 1757 1957 D Boost : hostingType=activity, hostingName={com.viber.voip/com.viber.voip.WelcomeActivity}, callerPackage=com.miui.securitycenter, isSystem=true, isBoostNeeded=false.
06-08 15:44:34.225 1757 1957 I ActivityManager: Start proc 30614:com.viber.voip/u0a209 for activity {com.viber.voip/com.viber.voip.WelcomeActivity} caller=com.miui.securitycenter
06-08 15:44:34.253 1757 9230 V LocationPolicy: writePolicyLocked()
06-08 15:44:34.268 1757 1925 I Timeline: Timeline: App_transition_ready time:6822927
06-08 15:44:34.273 1757 1924 I set_top_app: success /proc/30614/top_app:1
06-08 15:44:34.315 4030 4121 D miui.face.transplant: Camera2Util, close camera
06-08 15:44:34.373 1757 2377 D PerfShielderService: com.android.systemui|StatusBar|645|6822598175882|151|3|30
06-08 15:44:34.374 3777 3801 W MiuiPerfServiceClient: interceptAndQueuing:2353|com.android.systemui|645|151|unknown|null|StatusBar|6822598175882|Slow handle traversal|30
06-08 15:44:34.444 30614 30614 I Timeline: Timeline: Activity_launch_request time:6823104
06-08 15:44:34.445 1757 9230 I ActivityTaskManager: START u0 {act=android.intent.action.MAIN cat=[android.intent.category.LAUNCHER] cmp=com.viber.voip/.HomeActivity bnds=[89,1075][242,1228] (has extras)} from uid 10209
06-08 15:44:34.484 1757 1809 I ActivityTaskManager: The Process com.viber.voip Already Exists in BG. So sending its PID: 30614
06-08 15:44:34.491 1757 1809 I Timeline: Timeline: App_transition_ready time:6823151
06-08 15:44:34.506 1757 9230 D ConnectivityService: Returning UNBLOCKED NetworkInfo to uid=10209
06-08 15:44:34.525 1757 9230 W BluetoothManagerService: bindBluetoothProfileService:Trying to bind to profile: 1, while Bluetooth is disabled
06-08 15:44:34.629 1757 1925 I Timeline: Timeline: App_transition_stopped time:6823289
06-08 15:44:34.650 1757 2860 D ConnectivityService: requestNetwork for uid/pid:10209/30614 NetworkRequest [ TRACK_DEFAULT id=168, [ Capabilities: INTERNET&NOT_RESTRICTED&TRUSTED Uid: 10209] ]
06-08 15:44:34.676 1757 1957 D Boost : hostingType=service, hostingName={com.android.vending/com.google.android.finsky.installservice.DevTriggeredUpdateService}, callerPackage=com.viber.voip, isSystem=false, isBoostNeeded=false.
06-08 15:44:34.677 1757 1957 I ActivityManager: Start proc 30700:com.android.vending/u0a184 for service {com.android.vending/com.google.android.finsky.installservice.DevTriggeredUpdateService} caller=com.viber.voip
06-08 15:44:34.719 1757 2860 E NotificationService: Error creating vibration waveform with pattern: [0]
06-08 15:44:34.822 30614 30725 E ActivityThread: Failed to find provider info for com.facebook.katana.provider.AttributionIdProvider
06-08 15:44:34.825 1757 9212 I MiuiKnockGestureService: gamemode close knock feature
06-08 15:44:34.825 1757 9212 I MiuiKnockGestureService: native feature not merge
06-08 15:44:34.891 1757 1925 I Timeline: Timeline: Activity_windows_visible id: ActivityRecord{3fa4f1a u0 com.viber.voip/.HomeActivity t1186} time:6823550
06-08 15:44:34.893 1757 2272 D ConnectivityService: releasing NetworkRequest [ TRACK_DEFAULT id=168, [ Capabilities: INTERNET&NOT_RESTRICTED&TRUSTED Uid: 10209] ] (release request)
06-08 15:44:35.083 1757 9212 D ConnectivityService: requestNetwork for uid/pid:10184/30700 NetworkRequest [ TRACK_DEFAULT id=169, [ Capabilities: INTERNET&NOT_RESTRICTED&TRUSTED Uid: 10184] ]
06-08 15:44:35.132 1757 1757 D NotificationListeners: is mask intercept: com.miui.aod.util
06-08 15:44:35.229 1757 9222 D ConnectivityService: Returning UNBLOCKED NetworkInfo to uid=10184
06-08 15:44:35.677 30614 30614 W Looper : Slow Looper main: doFrame is 585ms late because of 2 msg, msg 1 took 600ms (seq=109 running=480ms runnable=49ms late=1ms h=android.view.Choreographer$FrameHandler c=android.view.Choreographer$FrameDisplayEventReceiver)
06-08 15:44:36.889 1757 4962 D com.android.server.pm.PackageManagerServiceInjector: Run dexopt on: /data/user/0/com.viber.voip/cache/1584479576572.jar, because top-app{com.viber.voip} loading it. Dexopt result: DEX_OPT_PERFORMED
06-08 15:44:36.947 1757 1957 D Boost : hostingType=, hostingName={com.viber.voip/org.chromium.content.app.SandboxedProcessService0:0}, callerPackage=com.viber.voip, isSystem=false, isBoostNeeded=false.
06-08 15:44:36.948 1757 1957 I ActivityManager: Start proc 30925:com.google.android.webview:sandboxed_process0:org.chromium.content.app.SandboxedProcessService0:0/u0i42 for {com.viber.voip/org.chromium.content.app.SandboxedProcessService0:0} caller=com.viber.voip
06-08 15:44:36.972 1757 1803 D ConnectivityService: requestNetwork for uid/pid:10209/30614 NetworkRequest [ TRACK_DEFAULT id=171, [ Capabilities: INTERNET&NOT_RESTRICTED&TRUSTED Uid: 10209] ]
06-08 15:44:37.338 30614 30614 I Timeline: Timeline: Activity_launch_request time:6825998
06-08 15:44:37.340 1757 9212 I ActivityTaskManager: START u0 {act=com.viber.voip.action.CONVERSATION pkg=com.viber.voip cmp=com.viber.voip/.messages.ui.ConversationActivity (has extras)} from uid 10209
06-08 15:44:37.360 30614 30614 W ActivityThread: SCHED: com.viber.voip/.HomeActivity [88, r=1095ms, a=140ms, w=2658ms]
06-08 15:44:37.364 1757 2733 I ActivityTaskManager: The Process com.viber.voip Already Exists in BG. So sending its PID: 30614
06-08 15:44:37.369 1757 2733 I Timeline: Timeline: App_transition_ready time:6826029
06-08 15:44:37.566 1757 2733 I Timeline: Timeline: App_transition_ready time:6826226
06-08 15:44:37.569 1757 2733 I Timeline: Timeline: App_transition_ready time:6826228
06-08 15:44:37.587 1757 9190 W AlarmManager: Suspiciously short interval 30000 millis; expanding to 60 seconds
06-08 15:44:37.632 1757 9228 I Timeline: Timeline: App_transition_ready time:6826292
06-08 15:44:37.789 1757 1925 I Timeline: Timeline: App_transition_ready time:6826448
06-08 15:44:37.959 1757 1925 I Timeline: Timeline: Activity_windows_visible id: ActivityRecord{6fa886e u0 com.viber.voip/.messages.ui.ConversationActivity t1186} time:6826619
06-08 15:44:37.962 1757 1925 I Timeline: Timeline: App_transition_stopped time:6826621
06-08 15:44:38.854 1757 1956 W BroadcastQueue: Background execution not allowed: receiving Intent { act=miui.intent.action.AI_APP_PREDICT flg=0x10 (has extras) } to com.miui.powerkeeper/.ai.AIEventReceiver
06-08 15:44:39.504 30614 31041 E ActivityThread: Failed to find provider info for com.facebook.katana.provider.AttributionIdProvider
06-08 15:44:39.559 1757 9228 D PerfShielderService: com.viber.voip|com.viber.voip/com.viber.voip.messages.ui.ConversationActivity|201|6827988255151|119|3|2
06-08 15:44:39.559 3777 3801 W MiuiPerfServiceClient: interceptAndQueuing:30614|com.viber.voip|201|119|unknown|null|com.viber.voip/com.viber.voip.messages.ui.ConversationActivity|6827988255151|Slow handle traversal|2
06-08 15:44:44.725 1757 9228 E NotificationService: Error creating vibration waveform with pattern: [0]
06-08 15:44:45.548 1757 1957 D Boost : hostingType=service, hostingName={com.android.vending/com.google.android.finsky.downloadservice.DownloadService}, callerPackage=com.android.vending, isSystem=true, isBoostNeeded=false.
06-08 15:44:45.549 1757 1957 I ActivityManager: Start proc 31079:com.android.vending:download_service/u0a184 for service {com.android.vending/com.google.android.finsky.downloadservice.DownloadService} caller=com.android.vending
06-08 15:44:45.793 1757 9228 D ConnectivityService: requestNetwork for uid/pid:10184/31079 NetworkRequest [ TRACK_DEFAULT id=173, [ Capabilities: INTERNET&NOT_RESTRICTED&TRUSTED Uid: 10184] ]
06-08 15:44:53.230 1757 9228 E WifiService: Permission violation - getScanResults not allowed for uid=10181, packageName=com.google.android.gms, reason=java.lang.SecurityException: Location mode is disabled for the device
06-08 15:44:53.668 1757 9228 W BaseMiuiPhoneWindowManager: keyCode:4 down:true eventTime:6842326 downTime:6842326 policyFlags:2b000002 flags:48 deviceId:-1 isScreenOn:true keyguardActive:false repeatCount:0
06-08 15:44:53.757 1757 9228 W BaseMiuiPhoneWindowManager: keyCode:4 down:false eventTime:6842416 downTime:6842326 policyFlags:2b000002 flags:48 deviceId:-1 isScreenOn:true keyguardActive:false repeatCount:0
06-08 15:44:53.762 30614 30614 I Timeline: Timeline: Activity_launch_request time:6842422
06-08 15:44:53.764 1757 9228 I ActivityTaskManager: START u0 {act=com.viber.voip.action.MESSAGES cmp=com.viber.voip/.WelcomeActivity} from uid 10209
06-08 15:44:53.786 30614 30614 W ActivityThread: SCHED: com.viber.voip/.messages.ui.ConversationActivity [85, r=807ms, a=136ms, w=16243ms]
06-08 15:44:53.795 1757 9228 I ActivityTaskManager: The Process com.viber.voip Already Exists in BG. So sending its PID: 30614
06-08 15:44:53.800 1757 9228 I Timeline: Timeline: App_transition_ready time:6842460
06-08 15:44:53.803 1757 9228 I Timeline: Timeline: App_transition_ready time:6842463
06-08 15:44:53.813 30614 30614 I Timeline: Timeline: Activity_launch_request time:6842473
06-08 15:44:53.814 1757 9228 I ActivityTaskManager: START u0 {act=com.viber.voip.action.MESSAGES cmp=com.viber.voip/.HomeActivity (has extras)} from uid 10209
06-08 15:44:53.819 1757 9222 W ActivityTaskManager: Duplicate finish request for ActivityRecord{34544d9 u0 com.viber.voip/.WelcomeActivity t1186 f}
06-08 15:44:53.831 1757 9228 I Timeline: Timeline: App_transition_ready time:6842490
06-08 15:44:53.832 1757 1925 I Timeline: Timeline: App_transition_ready time:6842492
06-08 15:44:53.853 1757 2733 I Timeline: Timeline: App_transition_ready time:6842513
06-08 15:44:53.871 30614 31128 E ActivityThread: Failed to find provider info for com.facebook.katana.provider.AttributionIdProvider
06-08 15:44:53.874 30614 31127 E ActivityThread: Failed to find provider info for com.facebook.katana.provider.AttributionIdProvider
06-08 15:44:53.944 1757 1925 I Timeline: Timeline: App_transition_ready time:6842604
06-08 15:44:54.113 1757 1925 I Timeline: Timeline: Activity_windows_visible id: ActivityRecord{3fa4f1a u0 com.viber.voip/.HomeActivity t1186} time:6842772
06-08 15:44:54.114 1757 1925 I Timeline: Timeline: App_transition_stopped time:6842774
06-08 15:44:56.149 1757 9222 W BaseMiuiPhoneWindowManager: keyCode:4 down:true eventTime:6844807 downTime:6844807 policyFlags:2b000002 flags:48 deviceId:-1 isScreenOn:true keyguardActive:false repeatCount:0
06-08 15:44:56.257 1757 9222 W BaseMiuiPhoneWindowManager: keyCode:4 down:false eventTime:6844916 downTime:6844807 policyFlags:2b000002 flags:48 deviceId:-1 isScreenOn:true keyguardActive:false repeatCount:0
06-08 15:44:56.277 30614 30614 W ActivityThread: SCHED: com.viber.voip/.HomeActivity [80, r=181ms, a=45ms, w=2437ms]
06-08 15:44:56.292 1757 2733 I Timeline: Timeline: App_transition_ready time:6844952
06-08 15:44:56.295 1757 1925 I Timeline: Timeline: App_transition_ready time:6844954
06-08 15:44:56.300 1757 9222 I Timeline: Timeline: App_transition_ready time:6844960
06-08 15:44:56.302 1757 1925 I Timeline: Timeline: App_transition_ready time:6844962
06-08 15:44:56.307 1757 1924 I set_top_app: success /proc/2560/top_app:1
06-08 15:44:56.307 1757 1924 I set_top_app: success /proc/2725/top_app:2
06-08 15:44:56.308 1757 1924 I set_top_app: success /proc/30614/top_app:0
06-08 15:44:56.309 1757 1924 I set_top_app: success /proc/30677/top_app:0
06-08 15:44:56.312 1757 2733 I Timeline: Timeline: App_transition_ready time:6844972
06-08 15:44:56.314 1757 1924 I set_top_app: success /proc/30925/top_app:0
06-08 15:44:56.323 1757 1925 I Timeline: Timeline: App_transition_ready time:6844983
06-08 15:44:56.327 1757 1925 I Timeline: Timeline: App_transition_ready time:6844986
06-08 15:44:56.332 1757 9228 I Timeline: Timeline: App_transition_ready time:6844992
06-08 15:44:56.333 1757 9228 I MiuiKnockGestureService: knock feature changed notify native state:true
06-08 15:44:56.333 1757 9228 I MiuiKnockGestureService: native feature not merge
06-08 15:44:56.341 1757 1925 I Timeline: Timeline: App_transition_ready time:6845000
06-08 15:44:56.365 1757 1925 I Timeline: Timeline: App_transition_ready time:6845024
06-08 15:44:56.835 1757 9212 I Timeline: Timeline: Activity_windows_visible id: ActivityRecord{85a0842 u0 com.miui.home/.launcher.Launcher t1} time:6845495
06-08 15:44:56.840 1757 1925 I Timeline: Timeline: App_transition_stopped time:6845500
06-08 15:44:59.774 1757 2733 E NotificationService: Error creating vibration waveform with pattern: [0]
06-08 15:45:00.793 1757 2733 W BaseMiuiPhoneWindowManager: keyCode:4 down:true eventTime:6849452 downTime:6849452 policyFlags:2b000002 flags:48 deviceId:-1 isScreenOn:true keyguardActive:false repeatCount:0
06-08 15:45:00.936 1757 2733 W BaseMiuiPhoneWindowManager: keyCode:4 down:false eventTime:6849595 downTime:6849452 policyFlags:2b000002 flags:48 deviceId:-1 isScreenOn:true keyguardActive:false repeatCount:0
06-08 15:45:02.030 2560 2560 I Timeline: Timeline: Activity_launch_request time:6850689
06-08 15:45:02.032 1757 9228 I ActivityTaskManager: START u0 {act=android.intent.action.MAIN cat=[android.intent.category.LAUNCHER] flg=0x10200000 cmp=com.viber.voip/.WelcomeActivity bnds=[87,1072][240,1225] (has extras)} from uid 10085
06-08 15:45:02.058 2560 2560 W ActivityThread: SCHED: com.miui.home/.launcher.Launcher [70, r=335ms, a=141ms, w=5742ms]
06-08 15:45:02.061 1757 9228 I ActivityTaskManager: The Process com.viber.voip Already Exists in BG. So sending its PID: 30614
06-08 15:45:02.064 1757 9228 W ActivityTaskManager: Request to remove task ignored for non-existent task 1185
06-08 15:45:02.066 1757 9228 I Timeline: Timeline: App_transition_ready time:6850726
06-08 15:45:02.071 1757 2733 I NotificationService: cancelToast pkg=com.miui.home callback=android.app.ITransientNotification$Stub$Proxy@7b64db0
06-08 15:45:02.071 1757 2733 W NotificationService: Toast already cancelled. pkg=com.miui.home callback=android.app.ITransientNotification$Stub$Proxy@7b64db0
06-08 15:45:02.073 1757 1924 I set_top_app: success /proc/30614/top_app:1
06-08 15:45:02.073 1757 1924 I set_top_app: success /proc/30677/top_app:2
06-08 15:45:02.073 1757 1924 I set_top_app: success /proc/2560/top_app:0
06-08 15:45:02.074 1757 1924 I set_top_app: success /proc/2725/top_app:0
06-08 15:45:02.081 1757 1925 I Timeline: Timeline: App_transition_ready time:6850740
06-08 15:45:02.082 1757 1925 I Timeline: Timeline: App_transition_ready time:6850742
06-08 15:45:02.109 1757 1925 I Timeline: Timeline: App_transition_ready time:6850768
06-08 15:45:02.111 30614 30614 I Timeline: Timeline: Activity_launch_request time:6850771
06-08 15:45:02.117 1757 9228 I ActivityTaskManager: START u0 {act=android.intent.action.MAIN cat=[android.intent.category.LAUNCHER] cmp=com.viber.voip/.HomeActivity bnds=[87,1072][240,1225] (has extras)} from uid 10209
06-08 15:45:02.135 1757 2733 I ActivityTaskManager: The Process com.viber.voip Already Exists in BG. So sending its PID: 30614
06-08 15:45:02.141 1757 2733 I Timeline: Timeline: App_transition_ready time:6850800
06-08 15:45:02.145 1757 2272 D ConnectivityService: NetworkAgentInfo [MOBILE (HSPA+) - 106] EVENT_NETWORK_INFO_CHANGED, going from CONNECTED to CONNECTED
06-08 15:45:02.241 1757 1803 I MiuiKnockGestureService: gamemode close knock feature
06-08 15:45:02.241 1757 1803 I MiuiKnockGestureService: native feature not merge
06-08 15:45:02.607 1757 9212 I Timeline: Timeline: Activity_windows_visible id: ActivityRecord{25ce912 u0 com.viber.voip/.HomeActivity t1187} time:6851266
06-08 15:45:02.609 1757 1925 I Timeline: Timeline: App_transition_stopped time:6851269
06-08 15:45:02.613 1757 1924 I set_top_app: success /proc/2560/top_app:0
06-08 15:45:02.614 1757 1924 I set_top_app: success /proc/2725/top_app:0
06-08 15:45:03.055 2353 2767 D NetworkController.MobileSignalController(1): onServiceStateChanged slotId=0 subId=1 voiceState=0 dataState=0 FiveGConnected= false dataType= 15
06-08 15:45:03.061 2353 2767 D NetworkController.MobileSignalController(1): onServiceStateChanged slotId=0 subId=1 voiceState=0 dataState=0 FiveGConnected= false dataType= 15
06-08 15:45:03.129 2353 2767 D NetworkController.MobileSignalController(1): onServiceStateChanged slotId=0 subId=1 voiceState=0 dataState=0 FiveGConnected= false dataType= 13
06-08 15:45:03.135 1757 2272 D ConnectivityService: NetworkAgentInfo [MOBILE (LTE) - 106] EVENT_NETWORK_INFO_CHANGED, going from CONNECTED to CONNECTED
06-08 15:45:03.142 1757 2272 E Nat464Xlat: getConfig: For config := persist.vendor.net.doxlat returned value := true
06-08 15:45:03.469 30614 30614 I Timeline: Timeline: Activity_launch_request time:6852128
06-08 15:45:03.470 1757 9212 I ActivityTaskManager: START u0 {act=com.viber.voip.action.CONVERSATION pkg=com.viber.voip cmp=com.viber.voip/.messages.ui.ConversationActivity (has extras)} from uid 10209
06-08 15:45:03.482 30614 30614 W ActivityThread: SCHED: com.viber.voip/.HomeActivity [87, r=204ms, a=29ms, w=1282ms]
06-08 15:45:03.484 1757 9229 I ActivityTaskManager: The Process com.viber.voip Already Exists in BG. So sending its PID: 30614
06-08 15:45:03.490 1757 9229 I Timeline: Timeline: App_transition_ready time:6852149
06-08 15:45:03.594 1757 9229 I Timeline: Timeline: App_transition_ready time:6852253
06-08 15:45:03.595 1757 9229 I Timeline: Timeline: App_transition_ready time:6852255
06-08 15:45:03.634 1757 9229 I Timeline: Timeline: App_transition_ready time:6852293
06-08 15:45:03.762 1757 1925 I Timeline: Timeline: App_transition_ready time:6852422
06-08 15:45:03.944 1757 1925 I Timeline: Timeline: Activity_windows_visible id: ActivityRecord{3b5b639 u0 com.viber.voip/.messages.ui.ConversationActivity t1187} time:6852604
06-08 15:45:03.947 1757 1925 I Timeline: Timeline: App_transition_stopped time:6852606
06-08 15:45:05.567 1757 9229 D PerfShielderService: com.viber.voip|com.viber.voip/com.viber.voip.messages.ui.ConversationActivity|174|6853963697641|108|3|2
06-08 15:45:05.568 3777 3801 W MiuiPerfServiceClient: interceptAndQueuing:30614|com.viber.voip|174|108|unknown|null|com.viber.voip/com.viber.voip.messages.ui.ConversationActivity|6853963697641|Slow handle traversal|2
06-08 15:45:06.188 1757 9229 I WindowManager: input method visible height changed 870
06-08 15:45:06.669 1757 1956 W BroadcastQueue: Background execution not allowed: receiving Intent { act=miui.intent.action.AI_APP_PREDICT flg=0x10 (has extras) } to com.miui.powerkeeper/.ai.AIEventReceiver
06-08 15:45:07.360 1757 1955 D ProcessManager: add audio active uid : 10207
06-08 15:45:07.564 1757 1955 D ProcessManager: add temp remove audio inactive uid : 10207
06-08 15:45:08.167 1757 2301 D ProcessManager: real remove inactive uid : 10207 flag : 1
06-08 15:45:08.573 1757 1955 D ProcessManager: add audio active uid : 10207
06-08 15:45:08.682 1757 1955 D ProcessManager: add temp remove audio inactive uid : 10207
06-08 15:45:09.083 1757 1955 D ProcessManager: remove temp audio active uid : 10207
06-08 15:45:09.183 1757 1955 D ProcessManager: add temp remove audio inactive uid : 10207
06-08 15:45:09.542 1757 1955 D ProcessManager: remove temp audio active uid : 10207
06-08 15:45:09.643 1757 1955 D ProcessManager: add temp remove audio inactive uid : 10207
06-08 15:45:10.163 1757 1955 D ProcessManager: remove temp audio active uid : 10207
06-08 15:45:10.263 1757 1955 D ProcessManager: add temp remove audio inactive uid : 10207
06-08 15:45:10.781 1757 1955 D ProcessManager: remove temp audio active uid : 10207
06-08 15:45:10.882 1757 1955 D ProcessManager: add temp remove audio inactive uid : 10207
06-08 15:45:11.164 1757 1955 D ProcessManager: remove temp audio active uid : 10207
06-08 15:45:11.262 1757 1955 D ProcessManager: add temp remove audio inactive uid : 10207
06-08 15:45:11.743 1757 1955 D ProcessManager: remove temp audio active uid : 10207
06-08 15:45:11.844 1757 1955 D ProcessManager: add temp remove audio inactive uid : 10207
06-08 15:45:12.444 1757 2301 D ProcessManager: real remove inactive uid : 10207 flag : 1
06-08 15:45:12.461 1757 1955 D ProcessManager: add audio active uid : 10207
06-08 15:45:12.562 1757 1955 D ProcessManager: add temp remove audio inactive uid : 10207
06-08 15:45:12.911 1757 1955 D ProcessManager: remove temp audio active uid : 10207
06-08 15:45:13.002 1757 1955 D ProcessManager: add temp remove audio inactive uid : 10207
06-08 15:45:13.141 1757 1955 D ProcessManager: remove temp audio active uid : 10207
