06-08 10:49:43.954 2546 2546 I Telephony: AccountEntry: Registered phoneAccount: [[ ] PhoneAccount: ComponentInfo{com.android.phone/com.android.services.telephony.TelephonyConnectionService}, ***, UserHandle{0} Capabilities: CallProvider MultiUser PlaceEmerg SimSub Audio Routes: BESW Schemes: tel voicemail Extras: Bundle[{android.telecom.extra.SUPPORTS_VIDEO_CALLING_FALLBACK=true, android.telecom.extra.SORT_ORDER=0}] GroupId: ***] with handle: ComponentInfo{com.android.phone/com.android.services.telephony.TelephonyConnectionService}, ***, UserHandle{0}
06-08 10:49:43.954 2546 2546 I Telephony: PstnIncomingCallNotifier: Registering: slot 0, Handler (com.qualcomm.qti.internal.telephony.QtiGsmCdmaPhone) {938666c}
06-08 10:49:43.959 2546 2546 I Telephony: TelecomAccountRegistry: setupAccounts: Phone with subscription id: -1 slotId: 1 provisionStatus: -2
06-08 10:49:43.978 2546 2546 I Telephony: PstnIncomingCallNotifier: Unregistering: slot 0, Handler (com.qualcomm.qti.internal.telephony.QtiGsmCdmaPhone) {938666c}
06-08 10:49:43.981 2546 2546 I Telephony: TelecomAccountRegistry: Unregistering phone account ComponentInfo{com.android.phone/com.android.services.telephony.TelephonyConnectionService}, ***, UserHandle{0}.
06-08 10:49:43.983 2546 2546 I Telephony: TelecomAccountRegistry: setupAccounts: Found 2 phones. Attempting to register.
06-08 10:49:43.984 2546 2546 I Telephony: TelecomAccountRegistry: setupAccounts: Phone with subscription id: 1 slotId: 0 provisionStatus: 1
06-08 10:49:43.991 1757 2377 I chatty : uid=1000(system) Binder:1757_5 expire 3 lines
06-08 10:49:43.996 2546 2546 I Telephony: AccountEntry: Registered phoneAccount: [[ ] PhoneAccount: ComponentInfo{com.android.phone/com.android.services.telephony.TelephonyConnectionService}, ***, UserHandle{0} Capabilities: CallProvider MultiUser PlaceEmerg SimSub Audio Routes: BESW Schemes: tel voicemail Extras: Bundle[{android.telecom.extra.SUPPORTS_VIDEO_CALLING_FALLBACK=true, android.telecom.extra.SORT_ORDER=0}] GroupId: ***] with handle: ComponentInfo{com.android.phone/com.android.services.telephony.TelephonyConnectionService}, ***, UserHandle{0}
06-08 10:49:43.996 2546 2546 I Telephony: PstnIncomingCallNotifier: Registering: slot 0, Handler (com.qualcomm.qti.internal.telephony.QtiGsmCdmaPhone) {938666c}
06-08 10:49:43.998 2546 2546 I Telephony: TelecomAccountRegistry: setupAccounts: Phone with subscription id: -1 slotId: 1 provisionStatus: -2
06-08 10:49:44.010 1757 5166 I chatty : uid=1000(system) Binder:1757_12 expire 7 lines
06-08 10:49:44.046 1757 2328 I chatty : uid=1000(system) PhotonicModulat expire 9 lines
06-08 10:49:44.047 1757 1924 I chatty : uid=1000(system) android.display expire 8 lines
06-08 10:49:44.063 2546 2546 I Telephony: PstnPhoneCapabilitiesNotifier: handleVideoCapabilitesChanged. Video capability - false
06-08 10:49:44.065 2546 2546 I Telephony: PstnPhoneCapabilitiesNotifier: handleVideoCapabilitesChanged. Video capability - false
06-08 10:49:44.079 1757 9222 I chatty : uid=1000(system) Binder:1757_1C expire 2 lines
06-08 10:50:00.413 826 910 W EventThreadInspector: slow VSync-app on display(19261101167563905), count=60, avg=27 ms, max=32 ms.
06-08 10:50:13.024 2353 2767 D NetworkController.MobileSignalController(1): onServiceStateChanged slotId=0 subId=1 voiceState=1 dataState=1 FiveGConnected= false dataType= 0
06-08 10:50:13.101 2546 2546 I Telephony: : onSubscriptionsChanged - update accounts
06-08 10:50:13.101 2546 2546 I Telephony: PstnIncomingCallNotifier: Unregistering: slot 0, Handler (com.qualcomm.qti.internal.telephony.QtiGsmCdmaPhone) {938666c}
06-08 10:50:13.106 2546 2546 I Telephony: TelecomAccountRegistry: Unregistering phone account ComponentInfo{com.android.phone/com.android.services.telephony.TelephonyConnectionService}, ***, UserHandle{0}.
06-08 10:50:13.111 2546 2546 I Telephony: TelecomAccountRegistry: setupAccounts: Found 2 phones. Attempting to register.
06-08 10:50:13.112 2546 2546 I Telephony: TelecomAccountRegistry: setupAccounts: Phone with subscription id: 1 slotId: 0 provisionStatus: 1
06-08 10:50:13.130 1757 9221 I chatty : uid=1000(system) Binder:1757_1B expire 9 lines
06-08 10:50:13.134 2546 2546 I Telephony: AccountEntry: Registered phoneAccount: [[ ] PhoneAccount: ComponentInfo{com.android.phone/com.android.services.telephony.TelephonyConnectionService}, ***, UserHandle{0} Capabilities: CallProvider MultiUser PlaceEmerg SimSub Audio Routes: BESW Schemes: tel voicemail Extras: Bundle[{android.telecom.extra.SUPPORTS_VIDEO_CALLING_FALLBACK=true, android.telecom.extra.SORT_ORDER=0}] GroupId: ***] with handle: ComponentInfo{com.android.phone/com.android.services.telephony.TelephonyConnectionService}, ***, UserHandle{0}
06-08 10:50:13.134 2546 2546 I Telephony: PstnIncomingCallNotifier: Registering: slot 0, Handler (com.qualcomm.qti.internal.telephony.QtiGsmCdmaPhone) {938666c}
06-08 10:50:13.137 2546 2546 I Telephony: TelecomAccountRegistry: setupAccounts: Phone with subscription id: -1 slotId: 1 provisionStatus: -2
06-08 10:50:13.164 2546 2546 I Telephony: PstnPhoneCapabilitiesNotifier: handleVideoCapabilitesChanged. Video capability - false
06-08 10:50:13.282 826 911 W EventThreadInspector: slow VSync-sf on display(19261101167563905), count=60, avg=31 ms, max=192 ms.
06-08 10:50:16.757 2353 2767 D NetworkController.MobileSignalController(1): onServiceStateChanged slotId=0 subId=1 voiceState=1 dataState=1 FiveGConnected= false dataType= 0
06-08 10:50:16.779 2546 2546 I Telephony: TelecomAccountRegistry: Phone Id: 1 Service State: 1
06-08 10:50:16.779 2546 2546 I Telephony: PstnIncomingCallNotifier: Unregistering: slot 0, Handler (com.qualcomm.qti.internal.telephony.QtiGsmCdmaPhone) {938666c}
06-08 10:50:16.791 2546 2546 I Telephony: TelecomAccountRegistry: Unregistering phone account ComponentInfo{com.android.phone/com.android.services.telephony.TelephonyConnectionService}, ***, UserHandle{0}.
06-08 10:50:16.794 1757 9212 I chatty : uid=1000(system) Binder:1757_1A expire 2 lines
06-08 10:50:16.796 2546 2546 I Telephony: TelecomAccountRegistry: setupAccounts: Found 2 phones. Attempting to register.
06-08 10:50:16.797 2546 2546 I Telephony: TelecomAccountRegistry: setupAccounts: Phone with subscription id: 1 slotId: 0 provisionStatus: 1
06-08 10:50:16.837 2546 2546 I Telephony: AccountEntry: Registered phoneAccount: [[ ] PhoneAccount: ComponentInfo{com.android.phone/com.android.services.telephony.TelephonyConnectionService}, ***, UserHandle{0} Capabilities: CallProvider MultiUser PlaceEmerg SimSub Audio Routes: BESW Schemes: tel voicemail Extras: Bundle[{android.telecom.extra.SUPPORTS_VIDEO_CALLING_FALLBACK=true, android.telecom.extra.SORT_ORDER=0}] GroupId: ***] with handle: ComponentInfo{com.android.phone/com.android.services.telephony.TelephonyConnectionService}, ***, UserHandle{0}
06-08 10:50:16.837 2546 2546 I Telephony: PstnIncomingCallNotifier: Registering: slot 0, Handler (com.qualcomm.qti.internal.telephony.QtiGsmCdmaPhone) {938666c}
06-08 10:50:16.843 2546 2546 I Telephony: TelecomAccountRegistry: setupAccounts: Phone with subscription id: -1 slotId: 1 provisionStatus: -2
06-08 10:50:16.877 2546 2546 I Telephony: : onSubscriptionsChanged - update accounts
06-08 10:50:16.877 2546 2546 I Telephony: PstnIncomingCallNotifier: Unregistering: slot 0, Handler (com.qualcomm.qti.internal.telephony.QtiGsmCdmaPhone) {938666c}
06-08 10:50:16.879 2546 2546 I Telephony: TelecomAccountRegistry: Unregistering phone account ComponentInfo{com.android.phone/com.android.services.telephony.TelephonyConnectionService}, ***, UserHandle{0}.
06-08 10:50:16.880 2546 2546 I Telephony: TelecomAccountRegistry: setupAccounts: Found 2 phones. Attempting to register.
06-08 10:50:16.881 2546 2546 I Telephony: TelecomAccountRegistry: setupAccounts: Phone with subscription id: 1 slotId: 0 provisionStatus: 1
06-08 10:50:16.891 2546 2546 I Telephony: AccountEntry: Registered phoneAccount: [[ ] PhoneAccount: ComponentInfo{com.android.phone/com.android.services.telephony.TelephonyConnectionService}, ***, UserHandle{0} Capabilities: CallProvider MultiUser PlaceEmerg SimSub Audio Routes: BESW Schemes: tel voicemail Extras: Bundle[{android.telecom.extra.SUPPORTS_VIDEO_CALLING_FALLBACK=true, android.telecom.extra.SORT_ORDER=0}] GroupId: ***] with handle: ComponentInfo{com.android.phone/com.android.services.telephony.TelephonyConnectionService}, ***, UserHandle{0}
06-08 10:50:16.891 2546 2546 I Telephony: PstnIncomingCallNotifier: Registering: slot 0, Handler (com.qualcomm.qti.internal.telephony.QtiGsmCdmaPhone) {938666c}
06-08 10:50:16.893 2546 2546 I Telephony: TelecomAccountRegistry: setupAccounts: Phone with subscription id: -1 slotId: 1 provisionStatus: -2
06-08 10:50:16.903 1757 1757 I chatty : uid=1000 system_server expire 1 line
06-08 10:50:16.919 2546 2546 I Telephony: PstnPhoneCapabilitiesNotifier: handleVideoCapabilitesChanged. Video capability - false
06-08 10:50:16.923 2546 2546 I Telephony: PstnPhoneCapabilitiesNotifier: handleVideoCapabilitesChanged. Video capability - false
06-08 10:50:16.956 1757 2860 I chatty : uid=1000(system) Binder:1757_9 expire 2 lines
06-08 10:50:16.973 1757 1924 I chatty : uid=1000(system) android.display expire 10 lines
06-08 10:50:17.001 826 911 W EventThreadInspector: slow VSync-sf on display(19261101167563905), count=1, avg=31 ms, max=31 ms.
06-08 10:50:20.178 1757 8939 I chatty : uid=1000(system) Binder:1757_14 expire 1 line
06-08 10:50:20.207 2353 2767 D NetworkController.MobileSignalController(1): onServiceStateChanged slotId=0 subId=1 voiceState=0 dataState=0 FiveGConnected= false dataType= 2
06-08 10:50:20.244 1757 1757 I chatty : uid=1000 system_server expire 10 lines
06-08 10:50:20.251 1757 2272 I chatty : uid=1000(system) ConnectivitySer expire 10 lines
06-08 10:50:20.294 2546 2546 I Telephony: : onSubscriptionsChanged - update accounts
06-08 10:50:20.294 2546 2546 I Telephony: PstnIncomingCallNotifier: Unregistering: slot 0, Handler (com.qualcomm.qti.internal.telephony.QtiGsmCdmaPhone) {938666c}
06-08 10:50:20.301 2546 2546 I Telephony: TelecomAccountRegistry: Unregistering phone account ComponentInfo{com.android.phone/com.android.services.telephony.TelephonyConnectionService}, ***, UserHandle{0}.
06-08 10:50:20.303 1757 5166 I chatty : uid=1000(system) Binder:1757_12 expire 2 lines
06-08 10:50:20.305 2546 2546 I Telephony: TelecomAccountRegistry: setupAccounts: Found 2 phones. Attempting to register.
06-08 10:50:20.308 2546 2546 I Telephony: TelecomAccountRegistry: setupAccounts: Phone with subscription id: 1 slotId: 0 provisionStatus: 1
06-08 10:50:20.320 1757 2328 I chatty : uid=1000(system) PhotonicModulat expire 10 lines
06-08 10:50:20.337 1757 3562 I chatty : uid=1000(system) Binder:1757_B expire 11 lines
06-08 10:50:20.343 2546 2546 I Telephony: AccountEntry: Registered phoneAccount: [[ ] PhoneAccount: ComponentInfo{com.android.phone/com.android.services.telephony.TelephonyConnectionService}, ***, UserHandle{0} Capabilities: CallProvider MultiUser PlaceEmerg SimSub Audio Routes: BESW Schemes: tel voicemail Extras: Bundle[{android.telecom.extra.SUPPORTS_VIDEO_CALLING_FALLBACK=true, android.telecom.extra.SORT_ORDER=0}] GroupId: ***] with handle: ComponentInfo{com.android.phone/com.android.services.telephony.TelephonyConnectionService}, ***, UserHandle{0}
06-08 10:50:20.343 2546 2546 I Telephony: PstnIncomingCallNotifier: Registering: slot 0, Handler (com.qualcomm.qti.internal.telephony.QtiGsmCdmaPhone) {938666c}
06-08 10:50:20.348 2546 2546 I Telephony: TelecomAccountRegistry: setupAccounts: Phone with subscription id: -1 slotId: 1 provisionStatus: -2
06-08 10:50:20.370 2546 2546 I Telephony: PstnIncomingCallNotifier: Unregistering: slot 0, Handler (com.qualcomm.qti.internal.telephony.QtiGsmCdmaPhone) {938666c}
06-08 10:50:20.373 2546 2546 I Telephony: TelecomAccountRegistry: Unregistering phone account ComponentInfo{com.android.phone/com.android.services.telephony.TelephonyConnectionService}, ***, UserHandle{0}.
06-08 10:50:20.374 1757 1809 I chatty : uid=1000(system) Binder:1757_2 expire 5 lines
06-08 10:50:20.375 2546 2546 I Telephony: TelecomAccountRegistry: setupAccounts: Found 2 phones. Attempting to register.
06-08 10:50:20.375 2546 2546 I Telephony: TelecomAccountRegistry: setupAccounts: Phone with subscription id: 1 slotId: 0 provisionStatus: 1
06-08 10:50:20.383 2546 2546 I Telephony: AccountEntry: Registered phoneAccount: [[ ] PhoneAccount: ComponentInfo{com.android.phone/com.android.services.telephony.TelephonyConnectionService}, ***, UserHandle{0} Capabilities: CallProvider MultiUser PlaceEmerg SimSub Audio Routes: BESW Schemes: tel voicemail Extras: Bundle[{android.telecom.extra.SUPPORTS_VIDEO_CALLING_FALLBACK=true, android.telecom.extra.SORT_ORDER=0}] GroupId: ***] with handle: ComponentInfo{com.android.phone/com.android.services.telephony.TelephonyConnectionService}, ***, UserHandle{0}
06-08 10:50:20.383 2546 2546 I Telephony: PstnIncomingCallNotifier: Registering: slot 0, Handler (com.qualcomm.qti.internal.telephony.QtiGsmCdmaPhone) {938666c}
06-08 10:50:20.386 2546 2546 I Telephony: TelecomAccountRegistry: setupAccounts: Phone with subscription id: -1 slotId: 1 provisionStatus: -2
06-08 10:50:20.437 2546 2546 I Telephony: PstnPhoneCapabilitiesNotifier: handleVideoCapabilitesChanged. Video capability - false
06-08 10:50:20.444 2546 2546 I Telephony: PstnPhoneCapabilitiesNotifier: handleVideoCapabilitesChanged. Video capability - false
06-08 10:50:24.116 1757 1956 I chatty : uid=1000(system) ActivityManager expire 2 lines
06-08 10:50:42.618 1757 1971 I chatty : uid=1000(system) batterystats-wo expire 10 lines
06-08 10:50:45.841 2353 2767 D NetworkController.MobileSignalController(1): onServiceStateChanged slotId=0 subId=1 voiceState=0 dataState=0 FiveGConnected= false dataType= 3
06-08 10:50:45.897 826 910 W EventThreadInspector: slow VSync-app on display(19261101167563905), count=60, avg=29 ms, max=46 ms.
06-08 10:50:46.201 1757 4296 I chatty : uid=1000(system) Binder:1757_10 expire 1 line
06-08 10:50:46.240 1757 3743 I chatty : uid=1000(system) Binder:1757_C expire 1 line
06-08 10:51:01.233 1757 2223 I chatty : uid=1000(system) Binder:1757_3 expire 16 lines
06-08 10:51:43.093 2353 2353 W BpBinder: Slow Binder: BpBinder transact took 243ms, interface=android.hardware.display.IDisplayManager, code=1 oneway=false
06-08 10:51:43.093 4364 4364 W BpBinder: Slow Binder: BpBinder transact took 248ms, interface=android.hardware.display.IDisplayManager, code=1 oneway=false
06-08 10:51:43.093 3304 3304 W BpBinder: Slow Binder: BpBinder transact took 251ms, interface=android.hardware.display.IDisplayManager, code=1 oneway=false
06-08 10:51:43.094 1071 1071 W BpBinder: Slow Binder: BpBinder transact took 233ms, interface=, code=2 oneway=false
06-08 10:51:43.095 1757 2617 I chatty : uid=1000(system) Binder:1757_6 expire 6 lines
06-08 10:51:43.094 22068 22068 W BpBinder: Slow Binder: BpBinder transact took 247ms, interface=android.hardware.display.IDisplayManager, code=1 oneway=false
06-08 10:51:43.097 1757 3836 I chatty : uid=1000(system) Binder:1757_E expire 5 lines
06-08 10:51:43.097 2560 2560 W BpBinder: Slow Binder: BpBinder transact took 255ms, interface=android.hardware.display.IDisplayManager, code=1 oneway=false
06-08 10:51:43.113 1757 2223 I chatty : uid=1000(system) Binder:1757_3 expire 10 lines
06-08 10:51:43.113 4340 5183 W BpBinder: Slow Binder: BpBinder transact took 349ms, interface=com.android.internal.app.IBatteryStats, code=18 oneway=false
06-08 10:51:43.115 1757 1922 I chatty : uid=1000(system) android.ui expire 3 lines
06-08 10:51:43.115 4340 4340 W BpBinder: Slow Binder: BpBinder transact took 374ms, interface=miui.IProcessManager, code=2 oneway=false
06-08 10:51:43.116 5199 5330 W BpBinder: Slow Binder: BpBinder transact took 288ms, interface=miui.IProcessManager, code=17 oneway=false
06-08 10:51:43.117 816 2943 W BpBinder: Slow Binder: BpBinder transact took 283ms, interface=android.app.IActivityManager, code=4 oneway=false
06-08 10:51:43.131 1757 2732 I chatty : uid=1000(system) Binder:1757_7 expire 8 lines
06-08 10:51:50.683 1757 3838 I chatty : uid=1000(system) Binder:1757_F expire 4 lines
06-08 10:51:50.692 2353 2767 D NetworkController.MobileSignalController(1): onServiceStateChanged slotId=0 subId=1 voiceState=1 dataState=1 FiveGConnected= false dataType= 0
06-08 10:51:50.777 2546 2546 I Telephony: : onSubscriptionsChanged - update accounts
06-08 10:51:50.777 2546 2546 I Telephony: PstnIncomingCallNotifier: Unregistering: slot 0, Handler (com.qualcomm.qti.internal.telephony.QtiGsmCdmaPhone) {938666c}
06-08 10:51:50.783 2546 2546 I Telephony: TelecomAccountRegistry: Unregistering phone account ComponentInfo{com.android.phone/com.android.services.telephony.TelephonyConnectionService}, ***, UserHandle{0}.
06-08 10:51:50.784 1757 9212 I chatty : uid=1000(system) Binder:1757_1A expire 11 lines
06-08 10:51:50.785 2546 2546 I Telephony: TelecomAccountRegistry: setupAccounts: Found 2 phones. Attempting to register.
06-08 10:51:50.786 2546 2546 I Telephony: TelecomAccountRegistry: setupAccounts: Phone with subscription id: 1 slotId: 0 provisionStatus: 1
06-08 10:51:50.803 1757 2272 I chatty : uid=1000(system) ConnectivitySer expire 11 lines
06-08 10:51:50.806 2546 2546 I Telephony: AccountEntry: Registered phoneAccount: [[ ] PhoneAccount: ComponentInfo{com.android.phone/com.android.services.telephony.TelephonyConnectionService}, ***, UserHandle{0} Capabilities: CallProvider MultiUser PlaceEmerg SimSub Audio Routes: BESW Schemes: tel voicemail Extras: Bundle[{android.telecom.extra.SUPPORTS_VIDEO_CALLING_FALLBACK=true, android.telecom.extra.SORT_ORDER=0}] GroupId: ***] with handle: ComponentInfo{com.android.phone/com.android.services.telephony.TelephonyConnectionService}, ***, UserHandle{0}
06-08 10:51:50.806 2546 2546 I Telephony: PstnIncomingCallNotifier: Registering: slot 0, Handler (com.qualcomm.qti.internal.telephony.QtiGsmCdmaPhone) {938666c}
06-08 10:51:50.812 2546 2546 I Telephony: TelecomAccountRegistry: setupAccounts: Phone with subscription id: -1 slotId: 1 provisionStatus: -2
06-08 10:51:50.850 2546 2546 I Telephony: PstnPhoneCapabilitiesNotifier: handleVideoCapabilitesChanged. Video capability - false
06-08 10:51:50.957 826 911 W EventThreadInspector: slow VSync-sf on display(19261101167563905), count=24, avg=31 ms, max=263 ms.
06-08 10:52:01.104 1757 1924 I chatty : uid=1000(system) android.display expire 10 lines
06-08 10:52:01.330 826 911 W EventThreadInspector: slow VSync-sf on display(19261101167563905), count=2, avg=38 ms, max=45 ms.
06-08 10:52:02.649 826 910 W EventThreadInspector: slow VSync-app on display(19261101167563905), count=60, avg=30 ms, max=45 ms.
06-08 10:52:02.885 826 826 W SurfaceFlingerInspector: Slow frame composition: xiaomi f4 41 prepareFrame took 70 ms
06-08 10:52:08.364 2353 2767 D NetworkController.MobileSignalController(1): onServiceStateChanged slotId=0 subId=1 voiceState=1 dataState=1 FiveGConnected= false dataType= 0
06-08 10:52:19.978 1757 1971 I chatty : uid=1000(system) batterystats-wo expire 4 lines
06-08 10:52:20.998 2353 2767 D NetworkController.MobileSignalController(1): onServiceStateChanged slotId=0 subId=1 voiceState=1 dataState=1 FiveGConnected= false dataType= 0
06-08 10:52:55.067 2353 2767 D NetworkController.MobileSignalController(1): onServiceStateChanged slotId=0 subId=1 voiceState=1 dataState=1 FiveGConnected= false dataType= 0
06-08 10:53:01.118 1757 2328 I chatty : uid=1000(system) PhotonicModulat expire 10 lines
06-08 10:53:27.387 2353 2767 D NetworkController.MobileSignalController(1): onServiceStateChanged slotId=0 subId=1 voiceState=1 dataState=1 FiveGConnected= false dataType= 0
06-08 10:53:31.040 2353 2767 D NetworkController.MobileSignalController(1): onServiceStateChanged slotId=0 subId=1 voiceState=1 dataState=1 FiveGConnected= false dataType= 0
06-08 10:53:31.071 2546 2546 I Telephony: TelecomAccountRegistry: Phone Id: 1 Service State: 1
06-08 10:53:31.071 2546 2546 I Telephony: PstnIncomingCallNotifier: Unregistering: slot 0, Handler (com.qualcomm.qti.internal.telephony.QtiGsmCdmaPhone) {938666c}
06-08 10:53:31.078 2546 2546 I Telephony: TelecomAccountRegistry: Unregistering phone account ComponentInfo{com.android.phone/com.android.services.telephony.TelephonyConnectionService}, ***, UserHandle{0}.
06-08 10:53:31.087 1757 9190 I chatty : uid=1000(system) Binder:1757_17 expire 5 lines
06-08 10:53:31.088 2546 2546 I Telephony: TelecomAccountRegistry: setupAccounts: Found 2 phones. Attempting to register.
06-08 10:53:31.090 2546 2546 I Telephony: TelecomAccountRegistry: setupAccounts: Phone with subscription id: 1 slotId: 0 provisionStatus: 1
06-08 10:53:31.111 2546 2546 I Telephony: AccountEntry: Registered phoneAccount: [[ ] PhoneAccount: ComponentInfo{com.android.phone/com.android.services.telephony.TelephonyConnectionService}, ***, UserHandle{0} Capabilities: CallProvider MultiUser PlaceEmerg SimSub Audio Routes: BESW Schemes: tel voicemail Extras: Bundle[{android.telecom.extra.SUPPORTS_VIDEO_CALLING_FALLBACK=true, android.telecom.extra.SORT_ORDER=0}] GroupId: ***] with handle: ComponentInfo{com.android.phone/com.android.services.telephony.TelephonyConnectionService}, ***, UserHandle{0}
06-08 10:53:31.112 2546 2546 I Telephony: PstnIncomingCallNotifier: Registering: slot 0, Handler (com.qualcomm.qti.internal.telephony.QtiGsmCdmaPhone) {938666c}
06-08 10:53:31.116 2546 2546 I Telephony: TelecomAccountRegistry: setupAccounts: Phone with subscription id: -1 slotId: 1 provisionStatus: -2
06-08 10:53:31.124 1757 1803 I chatty : uid=1000(system) Binder:1757_1 expire 8 lines
06-08 10:53:31.156 2546 2546 I Telephony: : onSubscriptionsChanged - update accounts
06-08 10:53:31.156 2546 2546 I Telephony: PstnIncomingCallNotifier: Unregistering: slot 0, Handler (com.qualcomm.qti.internal.telephony.QtiGsmCdmaPhone) {938666c}
06-08 10:53:31.160 2546 2546 I Telephony: TelecomAccountRegistry: Unregistering phone account ComponentInfo{com.android.phone/com.android.services.telephony.TelephonyConnectionService}, ***, UserHandle{0}.
06-08 10:53:31.164 2546 2546 I Telephony: TelecomAccountRegistry: setupAccounts: Found 2 phones. Attempting to register.
06-08 10:53:31.165 2546 2546 I Telephony: TelecomAccountRegistry: setupAccounts: Phone with subscription id: 1 slotId: 0 provisionStatus: 1
06-08 10:53:31.185 2546 2546 I Telephony: AccountEntry: Registered phoneAccount: [[ ] PhoneAccount: ComponentInfo{com.android.phone/com.android.services.telephony.TelephonyConnectionService}, ***, UserHandle{0} Capabilities: CallProvider MultiUser PlaceEmerg SimSub Audio Routes: BESW Schemes: tel voicemail Extras: Bundle[{android.telecom.extra.SUPPORTS_VIDEO_CALLING_FALLBACK=true, android.telecom.extra.SORT_ORDER=0}] GroupId: ***] with handle: ComponentInfo{com.android.phone/com.android.services.telephony.TelephonyConnectionService}, ***, UserHandle{0}
06-08 10:53:31.185 2546 2546 I Telephony: PstnIncomingCallNotifier: Registering: slot 0, Handler (com.qualcomm.qti.internal.telephony.QtiGsmCdmaPhone) {938666c}
06-08 10:53:31.188 2546 2546 I Telephony: TelecomAccountRegistry: setupAccounts: Phone with subscription id: -1 slotId: 1 provisionStatus: -2
06-08 10:53:31.223 2546 2546 I Telephony: PstnPhoneCapabilitiesNotifier: handleVideoCapabilitesChanged. Video capability - false
06-08 10:53:31.227 2546 2546 I Telephony: PstnPhoneCapabilitiesNotifier: handleVideoCapabilitesChanged. Video capability - false
06-08 10:54:01.283 826 911 W EventThreadInspector: slow VSync-sf on display(19261101167563905), count=12, avg=57 ms, max=227 ms.
06-08 10:54:02.700 826 910 W EventThreadInspector: slow VSync-app on display(19261101167563905), count=60, avg=29 ms, max=34 ms.
06-08 10:54:08.783 826 826 W SurfaceFlingerInspector: Slow frame composition: xiaomi f4 41 prepareFrame took 239 ms
06-08 10:54:08.869 2353 2767 D NetworkController.MobileSignalController(1): onServiceStateChanged slotId=0 subId=1 voiceState=1 dataState=1 FiveGConnected= false dataType= 0
06-08 10:54:23.830 2546 2546 I Telephony: : onSubscriptionsChanged - update accounts
06-08 10:54:23.830 2546 2546 I Telephony: PstnIncomingCallNotifier: Unregistering: slot 0, Handler (com.qualcomm.qti.internal.telephony.QtiGsmCdmaPhone) {938666c}
06-08 10:54:23.834 2546 2546 I Telephony: TelecomAccountRegistry: Unregistering phone account ComponentInfo{com.android.phone/com.android.services.telephony.TelephonyConnectionService}, ***, UserHandle{0}.
06-08 10:54:23.837 1757 9221 I chatty : uid=1000(system) Binder:1757_1B expire 5 lines
06-08 10:54:23.838 2546 2546 I Telephony: TelecomAccountRegistry: setupAccounts: Found 2 phones. Attempting to register.
06-08 10:54:23.839 2546 2546 I Telephony: TelecomAccountRegistry: setupAccounts: Phone with subscription id: 1 slotId: 0 provisionStatus: 1
06-08 10:54:23.850 2353 2767 D NetworkController.MobileSignalController(1): onServiceStateChanged slotId=0 subId=1 voiceState=1 dataState=1 FiveGConnected= false dataType= 0
06-08 10:54:23.867 1757 9191 I chatty : uid=1000(system) Binder:1757_18 expire 7 lines
06-08 10:54:23.873 2546 2546 I Telephony: AccountEntry: Registered phoneAccount: [[ ] PhoneAccount: ComponentInfo{com.android.phone/com.android.services.telephony.TelephonyConnectionService}, ***, UserHandle{0} Capabilities: CallProvider MultiUser PlaceEmerg SimSub Audio Routes: BESW Schemes: tel voicemail Extras: Bundle[{android.telecom.extra.SUPPORTS_VIDEO_CALLING_FALLBACK=true, android.telecom.extra.SORT_ORDER=0}] GroupId: ***] with handle: ComponentInfo{com.android.phone/com.android.services.telephony.TelephonyConnectionService}, ***, UserHandle{0}
06-08 10:54:23.873 2546 2546 I Telephony: PstnIncomingCallNotifier: Registering: slot 0, Handler (com.qualcomm.qti.internal.telephony.QtiGsmCdmaPhone) {938666c}
06-08 10:54:23.878 2546 2546 I Telephony: TelecomAccountRegistry: setupAccounts: Phone with subscription id: -1 slotId: 1 provisionStatus: -2
06-08 10:54:23.894 2546 2546 I Telephony: PstnPhoneCapabilitiesNotifier: handleVideoCapabilitesChanged. Video capability - false
06-08 10:54:38.383 2353 2767 D NetworkController.MobileSignalController(1): onServiceStateChanged slotId=0 subId=1 voiceState=1 dataState=1 FiveGConnected= false dataType= 0
06-08 10:54:38.412 2546 2546 I Telephony: TelecomAccountRegistry: Phone Id: 1 Service State: 1
06-08 10:54:38.413 2546 2546 I Telephony: PstnIncomingCallNotifier: Unregistering: slot 0, Handler (com.qualcomm.qti.internal.telephony.QtiGsmCdmaPhone) {938666c}
06-08 10:54:38.423 2546 2546 I Telephony: TelecomAccountRegistry: Unregistering phone account ComponentInfo{com.android.phone/com.android.services.telephony.TelephonyConnectionService}, ***, UserHandle{0}.
06-08 10:54:38.427 2546 2546 I Telephony: TelecomAccountRegistry: setupAccounts: Found 2 phones. Attempting to register.
06-08 10:54:38.428 2546 2546 I Telephony: TelecomAccountRegistry: setupAccounts: Phone with subscription id: 1 slotId: 0 provisionStatus: 1
06-08 10:54:38.457 1757 1924 I chatty : uid=1000(system) android.display expire 10 lines
06-08 10:54:38.465 2546 2546 I Telephony: AccountEntry: Registered phoneAccount: [[ ] PhoneAccount: ComponentInfo{com.android.phone/com.android.services.telephony.TelephonyConnectionService}, ***, UserHandle{0} Capabilities: CallProvider MultiUser PlaceEmerg SimSub Audio Routes: BESW Schemes: tel voicemail Extras: Bundle[{android.telecom.extra.SUPPORTS_VIDEO_CALLING_FALLBACK=true, android.telecom.extra.SORT_ORDER=0}] GroupId: ***] with handle: ComponentInfo{com.android.phone/com.android.services.telephony.TelephonyConnectionService}, ***, UserHandle{0}
06-08 10:54:38.465 2546 2546 I Telephony: PstnIncomingCallNotifier: Registering: slot 0, Handler (com.qualcomm.qti.internal.telephony.QtiGsmCdmaPhone) {938666c}
06-08 10:54:38.470 2546 2546 I Telephony: TelecomAccountRegistry: setupAccounts: Phone with subscription id: -1 slotId: 1 provisionStatus: -2
06-08 10:54:38.506 2546 2546 I Telephony: : onSubscriptionsChanged - update accounts
06-08 10:54:38.506 2546 2546 I Telephony: PstnIncomingCallNotifier: Unregistering: slot 0, Handler (com.qualcomm.qti.internal.telephony.QtiGsmCdmaPhone) {938666c}
06-08 10:54:38.509 2546 2546 I Telephony: TelecomAccountRegistry: Unregistering phone account ComponentInfo{com.android.phone/com.android.services.telephony.TelephonyConnectionService}, ***, UserHandle{0}.
06-08 10:54:38.512 2546 2546 I Telephony: TelecomAccountRegistry: setupAccounts: Found 2 phones. Attempting to register.
06-08 10:54:38.514 2546 2546 I Telephony: TelecomAccountRegistry: setupAccounts: Phone with subscription id: 1 slotId: 0 provisionStatus: 1
06-08 10:54:38.539 2546 2546 I Telephony: AccountEntry: Registered phoneAccount: [[ ] PhoneAccount: ComponentInfo{com.android.phone/com.android.services.telephony.TelephonyConnectionService}, ***, UserHandle{0} Capabilities: CallProvider MultiUser PlaceEmerg SimSub Audio Routes: BESW Schemes: tel voicemail Extras: Bundle[{android.telecom.extra.SUPPORTS_VIDEO_CALLING_FALLBACK=true, android.telecom.extra.SORT_ORDER=0}] GroupId: ***] with handle: ComponentInfo{com.android.phone/com.android.services.telephony.TelephonyConnectionService}, ***, UserHandle{0}
06-08 10:54:38.539 2546 2546 I Telephony: PstnIncomingCallNotifier: Registering: slot 0, Handler (com.qualcomm.qti.internal.telephony.QtiGsmCdmaPhone) {938666c}
06-08 10:54:38.547 2546 2546 I Telephony: TelecomAccountRegistry: setupAccounts: Phone with subscription id: -1 slotId: 1 provisionStatus: -2
06-08 10:54:38.600 2546 2546 I Telephony: PstnPhoneCapabilitiesNotifier: handleVideoCapabilitesChanged. Video capability - false
06-08 10:54:38.603 2546 2546 I Telephony: PstnPhoneCapabilitiesNotifier: handleVideoCapabilitesChanged. Video capability - false
06-08 10:54:57.439 1757 2223 I chatty : uid=1000(system) Binder:1757_3 expire 6 lines
06-08 10:55:01.101 1757 2328 I chatty : uid=1000(system) PhotonicModulat expire 11 lines
06-08 10:55:05.168 2353 2767 D NetworkController.MobileSignalController(1): onServiceStateChanged slotId=0 subId=1 voiceState=1 dataState=1 FiveGConnected= false dataType= 0
06-08 10:55:08.986 2353 2767 D NetworkController.MobileSignalController(1): onServiceStateChanged slotId=0 subId=1 voiceState=0 dataState=1 FiveGConnected= false dataType= 0
06-08 10:55:09.015 1757 1757 I chatty : uid=1000 system_server expire 7 lines
06-08 10:55:09.016 2546 2546 I Telephony: PstnIncomingCallNotifier: Unregistering: slot 0, Handler (com.qualcomm.qti.internal.telephony.QtiGsmCdmaPhone) {938666c}
06-08 10:55:09.021 2546 2546 I Telephony: TelecomAccountRegistry: Unregistering phone account ComponentInfo{com.android.phone/com.android.services.telephony.TelephonyConnectionService}, ***, UserHandle{0}.
06-08 10:55:09.029 2546 2546 I Telephony: TelecomAccountRegistry: setupAccounts: Found 2 phones. Attempting to register.
06-08 10:55:09.032 2546 2546 I Telephony: TelecomAccountRegistry: setupAccounts: Phone with subscription id: 1 slotId: 0 provisionStatus: 1
06-08 10:55:09.067 2546 2546 I Telephony: AccountEntry: Registered phoneAccount: [[ ] PhoneAccount: ComponentInfo{com.android.phone/com.android.services.telephony.TelephonyConnectionService}, ***, UserHandle{0} Capabilities: CallProvider MultiUser PlaceEmerg SimSub Audio Routes: BESW Schemes: tel voicemail Extras: Bundle[{android.telecom.extra.SUPPORTS_VIDEO_CALLING_FALLBACK=true, android.telecom.extra.SORT_ORDER=0}] GroupId: ***] with handle: ComponentInfo{com.android.phone/com.android.services.telephony.TelephonyConnectionService}, ***, UserHandle{0}
06-08 10:55:09.067 2546 2546 I Telephony: PstnIncomingCallNotifier: Registering: slot 0, Handler (com.qualcomm.qti.internal.telephony.QtiGsmCdmaPhone) {938666c}
06-08 10:55:09.071 2546 2546 I Telephony: TelecomAccountRegistry: setupAccounts: Phone with subscription id: -1 slotId: 1 provisionStatus: -2
06-08 10:55:09.092 2546 2546 I Telephony: : onSubscriptionsChanged - update accounts
06-08 10:55:09.092 2546 2546 I Telephony: PstnIncomingCallNotifier: Unregistering: slot 0, Handler (com.qualcomm.qti.internal.telephony.QtiGsmCdmaPhone) {938666c}
06-08 10:55:09.093 2546 2546 I Telephony: TelecomAccountRegistry: Unregistering phone account ComponentInfo{com.android.phone/com.android.services.telephony.TelephonyConnectionService}, ***, UserHandle{0}.
06-08 10:55:09.094 2546 2546 I Telephony: TelecomAccountRegistry: setupAccounts: Found 2 phones. Attempting to register.
06-08 10:55:09.095 2546 2546 I Telephony: TelecomAccountRegistry: setupAccounts: Phone with subscription id: 1 slotId: 0 provisionStatus: 1
06-08 10:55:09.100 1757 9212 I chatty : uid=1000(system) Binder:1757_1A expire 3 lines
06-08 10:55:09.102 2546 2546 I Telephony: AccountEntry: Registered phoneAccount: [[ ] PhoneAccount: ComponentInfo{com.android.phone/com.android.services.telephony.TelephonyConnectionService}, ***, UserHandle{0} Capabilities: CallProvider MultiUser PlaceEmerg SimSub Audio Routes: BESW Schemes: tel voicemail Extras: Bundle[{android.telecom.extra.SUPPORTS_VIDEO_CALLING_FALLBACK=true, android.telecom.extra.SORT_ORDER=0}] GroupId: ***] with handle: ComponentInfo{com.android.phone/com.android.services.telephony.TelephonyConnectionService}, ***, UserHandle{0}
06-08 10:55:09.102 2546 2546 I Telephony: PstnIncomingCallNotifier: Registering: slot 0, Handler (com.qualcomm.qti.internal.telephony.QtiGsmCdmaPhone) {938666c}
06-08 10:55:09.105 2546 2546 I Telephony: TelecomAccountRegistry: setupAccounts: Phone with subscription id: -1 slotId: 1 provisionStatus: -2
06-08 10:55:09.130 2546 2546 I Telephony: PstnPhoneCapabilitiesNotifier: handleVideoCapabilitesChanged. Video capability - false
06-08 10:55:09.134 2546 2546 I Telephony: PstnPhoneCapabilitiesNotifier: handleVideoCapabilitesChanged. Video capability - false
06-08 10:55:11.478 2353 2767 D NetworkController.MobileSignalController(1): onServiceStateChanged slotId=0 subId=1 voiceState=0 dataState=0 FiveGConnected= false dataType= 2
06-08 10:55:20.876 1071 1071 W BpBinder: Slow Binder: BpBinder transact took 210ms, interface=, code=2 oneway=false
06-08 10:55:20.877 1757 3835 I chatty : uid=1000(system) Binder:1757_D expire 7 lines
06-08 10:55:20.902 21036 21103 W BpBinder: Slow Binder: BpBinder transact took 239ms, interface=android.app.job.IJobScheduler, code=1 oneway=false
06-08 10:56:01.100 826 911 W EventThreadInspector: slow VSync-sf on display(19261101167563905), count=21, avg=56 ms, max=246 ms.
06-08 10:56:01.308 826 911 W EventThreadInspector: slow VSync-sf on display(19261101167563905), count=2, avg=35 ms, max=39 ms.
06-08 10:56:02.396 826 910 W EventThreadInspector: slow VSync-app on display(19261101167563905), count=60, avg=29 ms, max=37 ms.
06-08 10:56:03.273 826 826 W SurfaceFlingerInspector: Slow frame composition: xiaomi f4 41 prepareFrame took 202 ms
06-08 10:56:03.368 1757 1924 I chatty : uid=1000(system) android.display expire 3 lines
06-08 10:56:03.419 2353 2767 D NetworkController.MobileSignalController(1): onServiceStateChanged slotId=0 subId=1 voiceState=1 dataState=1 FiveGConnected= false dataType= 0
06-08 10:56:03.454 1757 2272 I chatty : uid=1000(system) ConnectivitySer expire 8 lines
06-08 10:56:03.503 2546 2546 I Telephony: : onSubscriptionsChanged - update accounts
06-08 10:56:03.503 2546 2546 I Telephony: PstnIncomingCallNotifier: Unregistering: slot 0, Handler (com.qualcomm.qti.internal.telephony.QtiGsmCdmaPhone) {938666c}
06-08 10:56:03.508 2546 2546 I Telephony: TelecomAccountRegistry: Unregistering phone account ComponentInfo{com.android.phone/com.android.services.telephony.TelephonyConnectionService}, ***, UserHandle{0}.
06-08 10:56:03.512 2546 2546 I Telephony: TelecomAccountRegistry: setupAccounts: Found 2 phones. Attempting to register.
06-08 10:56:03.513 2546 2546 I Telephony: TelecomAccountRegistry: setupAccounts: Phone with subscription id: 1 slotId: 0 provisionStatus: 1
06-08 10:56:03.533 2546 2546 I Telephony: AccountEntry: Registered phoneAccount: [[ ] PhoneAccount: ComponentInfo{com.android.phone/com.android.services.telephony.TelephonyConnectionService}, ***, UserHandle{0} Capabilities: CallProvider MultiUser PlaceEmerg SimSub Audio Routes: BESW Schemes: tel voicemail Extras: Bundle[{android.telecom.extra.SUPPORTS_VIDEO_CALLING_FALLBACK=true, android.telecom.extra.SORT_ORDER=0}] GroupId: ***] with handle: ComponentInfo{com.android.phone/com.android.services.telephony.TelephonyConnectionService}, ***, UserHandle{0}
06-08 10:56:03.533 2546 2546 I Telephony: PstnIncomingCallNotifier: Registering: slot 0, Handler (com.qualcomm.qti.internal.telephony.QtiGsmCdmaPhone) {938666c}
06-08 10:56:03.536 2546 2546 I Telephony: TelecomAccountRegistry: setupAccounts: Phone with subscription id: -1 slotId: 1 provisionStatus: -2
06-08 10:56:03.576 2546 2546 I Telephony: PstnPhoneCapabilitiesNotifier: handleVideoCapabilitesChanged. Video capability - false
06-08 10:56:03.609 1757 8942 I chatty : uid=1000(system) Binder:1757_15 expire 2 lines
06-08 10:56:06.113 2353 2767 D NetworkController.MobileSignalController(1): onServiceStateChanged slotId=0 subId=1 voiceState=0 dataState=0 FiveGConnected= false dataType= 2
06-08 10:56:06.117 2546 2546 I Telephony: : onSubscriptionsChanged - update accounts
06-08 10:56:06.117 2546 2546 I Telephony: PstnIncomingCallNotifier: Unregistering: slot 0, Handler (com.qualcomm.qti.internal.telephony.QtiGsmCdmaPhone) {938666c}
06-08 10:56:06.124 2546 2546 I Telephony: TelecomAccountRegistry: Unregistering phone account ComponentInfo{com.android.phone/com.android.services.telephony.TelephonyConnectionService}, ***, UserHandle{0}.
06-08 10:56:06.125 1757 2287 I chatty : uid=1000(system) Binder:1757_4 expire 5 lines
06-08 10:56:06.126 2546 2546 I Telephony: TelecomAccountRegistry: setupAccounts: Found 2 phones. Attempting to register.
06-08 10:56:06.126 2546 2546 I Telephony: TelecomAccountRegistry: setupAccounts: Phone with subscription id: 1 slotId: 0 provisionStatus: 1
06-08 10:56:06.140 2546 2546 I Telephony: AccountEntry: Registered phoneAccount: [[ ] PhoneAccount: ComponentInfo{com.android.phone/com.android.services.telephony.TelephonyConnectionService}, ***, UserHandle{0} Capabilities: CallProvider MultiUser PlaceEmerg SimSub Audio Routes: BESW Schemes: tel voicemail Extras: Bundle[{android.telecom.extra.SUPPORTS_VIDEO_CALLING_FALLBACK=true, android.telecom.extra.SORT_ORDER=0}] GroupId: ***] with handle: ComponentInfo{com.android.phone/com.android.services.telephony.TelephonyConnectionService}, ***, UserHandle{0}
06-08 10:56:06.140 2546 2546 I Telephony: PstnIncomingCallNotifier: Registering: slot 0, Handler (com.qualcomm.qti.internal.telephony.QtiGsmCdmaPhone) {938666c}
06-08 10:56:06.144 2546 2546 I Telephony: TelecomAccountRegistry: setupAccounts: Phone with subscription id: -1 slotId: 1 provisionStatus: -2
06-08 10:56:06.164 2546 2546 I Telephony: PstnIncomingCallNotifier: Unregistering: slot 0, Handler (com.qualcomm.qti.internal.telephony.QtiGsmCdmaPhone) {938666c}
06-08 10:56:06.169 2546 2546 I Telephony: TelecomAccountRegistry: Unregistering phone account ComponentInfo{com.android.phone/com.android.services.telephony.TelephonyConnectionService}, ***, UserHandle{0}.
06-08 10:56:06.171 2546 2546 I Telephony: TelecomAccountRegistry: setupAccounts: Found 2 phones. Attempting to register.
06-08 10:56:06.174 2546 2546 I Telephony: TelecomAccountRegistry: setupAccounts: Phone with subscription id: 1 slotId: 0 provisionStatus: 1
06-08 10:56:06.196 1757 2223 I chatty : uid=1000(system) Binder:1757_3 expire 8 lines
06-08 10:56:06.198 2546 2546 I Telephony: AccountEntry: Registered phoneAccount: [[ ] PhoneAccount: ComponentInfo{com.android.phone/com.android.services.telephony.TelephonyConnectionService}, ***, UserHandle{0} Capabilities: CallProvider MultiUser PlaceEmerg SimSub Audio Routes: BESW Schemes: tel voicemail Extras: Bundle[{android.telecom.extra.SUPPORTS_VIDEO_CALLING_FALLBACK=true, android.telecom.extra.SORT_ORDER=0}] GroupId: ***] with handle: ComponentInfo{com.android.phone/com.android.services.telephony.TelephonyConnectionService}, ***, UserHandle{0}
06-08 10:56:06.198 2546 2546 I Telephony: PstnIncomingCallNotifier: Registering: slot 0, Handler (com.qualcomm.qti.internal.telephony.QtiGsmCdmaPhone) {938666c}
06-08 10:56:06.207 2546 2546 I Telephony: TelecomAccountRegistry: setupAccounts: Phone with subscription id: -1 slotId: 1 provisionStatus: -2
06-08 10:56:06.222 1757 2328 I chatty : uid=1000(system) PhotonicModulat expire 10 lines
06-08 10:56:06.223 1757 1924 I chatty : uid=1000(system) android.display expire 10 lines
06-08 10:56:06.245 1757 5166 I chatty : uid=1000(system) Binder:1757_12 expire 5 lines
06-08 10:56:06.256 1757 1757 I chatty : uid=1000 system_server expire 9 lines
06-08 10:56:06.321 2546 2546 I Telephony: PstnPhoneCapabilitiesNotifier: handleVideoCapabilitesChanged. Video capability - false
06-08 10:56:06.323 17685 23921 W BpBinder: Slow Binder: BpBinder transact took 217ms, interface=com.android.internal.telephony.ISms, code=14 oneway=false
06-08 10:56:06.327 2546 2546 I Telephony: PstnPhoneCapabilitiesNotifier: handleVideoCapabilitesChanged. Video capability - false
06-08 10:56:06.544 826 911 W EventThreadInspector: slow VSync-sf on display(19261101167563905), count=11, avg=37 ms, max=189 ms.
06-08 10:56:09.827 2353 2353 I MiuiChargeManager: notifyBatteryStatusChanged: status: 3 isPlugged: 0 level: 97 wireState: -1 chargeSpeed: 0 mWiredChargeType: 0 mWirelessChargeType: 0 chargeDeviceType: -1
06-08 10:56:09.831 5199 5199 D PowerChecker_Service: battery status = 3 plug = 0 level = 97
06-08 10:56:11.159 1757 3836 I chatty : uid=1000(system) Binder:1757_E expire 3 lines
06-08 10:56:17.403 1757 9222 I chatty : uid=1000(system) Binder:1757_1C expire 6 lines
06-08 10:56:17.409 2353 2767 D NetworkController.MobileSignalController(1): onServiceStateChanged slotId=0 subId=1 voiceState=1 dataState=1 FiveGConnected= false dataType= 0
06-08 10:56:17.439 1757 2272 I chatty : uid=1000(system) ConnectivitySer expire 12 lines
06-08 10:56:17.476 2546 2546 I Telephony: : onSubscriptionsChanged - update accounts
06-08 10:56:17.476 2546 2546 I Telephony: PstnIncomingCallNotifier: Unregistering: slot 0, Handler (com.qualcomm.qti.internal.telephony.QtiGsmCdmaPhone) {938666c}
06-08 10:56:17.478 2546 2546 I Telephony: TelecomAccountRegistry: Unregistering phone account ComponentInfo{com.android.phone/com.android.services.telephony.TelephonyConnectionService}, ***, UserHandle{0}.
06-08 10:56:17.479 1757 3562 I chatty : uid=1000(system) Binder:1757_B expire 3 lines
06-08 10:56:17.481 2546 2546 I Telephony: TelecomAccountRegistry: setupAccounts: Found 2 phones. Attempting to register.
06-08 10:56:17.482 2546 2546 I Telephony: TelecomAccountRegistry: setupAccounts: Phone with subscription id: 1 slotId: 0 provisionStatus: 1
06-08 10:56:17.508 2546 2546 I Telephony: AccountEntry: Registered phoneAccount: [[ ] PhoneAccount: ComponentInfo{com.android.phone/com.android.services.telephony.TelephonyConnectionService}, ***, UserHandle{0} Capabilities: CallProvider MultiUser PlaceEmerg SimSub Audio Routes: BESW Schemes: tel voicemail Extras: Bundle[{android.telecom.extra.SUPPORTS_VIDEO_CALLING_FALLBACK=true, android.telecom.extra.SORT_ORDER=0}] GroupId: ***] with handle: ComponentInfo{com.android.phone/com.android.services.telephony.TelephonyConnectionService}, ***, UserHandle{0}
06-08 10:56:17.508 2546 2546 I Telephony: PstnIncomingCallNotifier: Registering: slot 0, Handler (com.qualcomm.qti.internal.telephony.QtiGsmCdmaPhone) {938666c}
06-08 10:56:17.514 2546 2546 I Telephony: TelecomAccountRegistry: setupAccounts: Phone with subscription id: -1 slotId: 1 provisionStatus: -2
06-08 10:56:17.534 2546 2546 I Telephony: PstnPhoneCapabilitiesNotifier: handleVideoCapabilitesChanged. Video capability - false
06-08 10:56:17.541 826 911 W EventThreadInspector: slow VSync-sf on display(19261101167563905), count=1, avg=30 ms, max=30 ms.
06-08 10:56:34.504 1757 1971 I chatty : uid=1000(system) batterystats-wo expire 10 lines
06-08 10:56:34.519 2353 2767 D NetworkController.MobileSignalController(1): onServiceStateChanged slotId=0 subId=1 voiceState=1 dataState=1 FiveGConnected= false dataType= 0
06-08 10:56:55.410 1757 9190 I chatty : uid=1000(system) Binder:1757_17 expire 5 lines
06-08 10:56:55.440 1757 1956 I chatty : uid=1000(system) ActivityManager expire 9 lines
06-08 10:56:57.937 1112 1112 I wificond: Unexpected empty scan result!
06-08 10:56:57.953 1757 2617 I chatty : uid=1000(system) Binder:1757_6 expire 7 lines
06-08 10:57:01.338 2353 2767 D NetworkController.MobileSignalController(1): onServiceStateChanged slotId=0 subId=1 voiceState=1 dataState=1 FiveGConnected= false dataType= 0
06-08 10:57:19.227 2353 2767 D NetworkController.MobileSignalController(1): onServiceStateChanged slotId=0 subId=1 voiceState=1 dataState=1 FiveGConnected= false dataType= 0
06-08 10:57:19.252 1757 2272 I chatty : uid=1000(system) ConnectivitySer expire 13 lines
06-08 10:57:19.305 2546 2546 I Telephony: : onSubscriptionsChanged - update accounts
06-08 10:57:19.305 2546 2546 I Telephony: PstnIncomingCallNotifier: Unregistering: slot 0, Handler (com.qualcomm.qti.internal.telephony.QtiGsmCdmaPhone) {938666c}
06-08 10:57:19.310 2546 2546 I Telephony: TelecomAccountRegistry: Unregistering phone account ComponentInfo{com.android.phone/com.android.services.telephony.TelephonyConnectionService}, ***, UserHandle{0}.
06-08 10:57:19.312 1757 3838 I chatty : uid=1000(system) Binder:1757_F expire 3 lines
06-08 10:57:19.313 2546 2546 I Telephony: TelecomAccountRegistry: setupAccounts: Found 2 phones. Attempting to register.
06-08 10:57:19.313 2546 2546 I Telephony: TelecomAccountRegistry: setupAccounts: Phone with subscription id: 1 slotId: 0 provisionStatus: 1
06-08 10:57:19.338 2546 2546 I Telephony: AccountEntry: Registered phoneAccount: [[ ] PhoneAccount: ComponentInfo{com.android.phone/com.android.services.telephony.TelephonyConnectionService}, ***, UserHandle{0} Capabilities: CallProvider MultiUser PlaceEmerg SimSub Audio Routes: BESW Schemes: tel voicemail Extras: Bundle[{android.telecom.extra.SUPPORTS_VIDEO_CALLING_FALLBACK=true, android.telecom.extra.SORT_ORDER=0}] GroupId: ***] with handle: ComponentInfo{com.android.phone/com.android.services.telephony.TelephonyConnectionService}, ***, UserHandle{0}
06-08 10:57:19.338 2546 2546 I Telephony: PstnIncomingCallNotifier: Registering: slot 0, Handler (com.qualcomm.qti.internal.telephony.QtiGsmCdmaPhone) {938666c}
06-08 10:57:19.345 2546 2546 I Telephony: TelecomAccountRegistry: setupAccounts: Phone with subscription id: -1 slotId: 1 provisionStatus: -2
06-08 10:57:19.357 1757 2377 I chatty : uid=1000(system) Binder:1757_5 expire 5 lines
06-08 10:57:19.369 2546 2546 I Telephony: TelecomAccountRegistry: Phone Id: 1 Service State: 1
06-08 10:57:19.369 2546 2546 I Telephony: PstnIncomingCallNotifier: Unregistering: slot 0, Handler (com.qualcomm.qti.internal.telephony.QtiGsmCdmaPhone) {938666c}
06-08 10:57:19.371 2546 2546 I Telephony: TelecomAccountRegistry: Unregistering phone account ComponentInfo{com.android.phone/com.android.services.telephony.TelephonyConnectionService}, ***, UserHandle{0}.
06-08 10:57:19.372 1757 9221 I chatty : uid=1000(system) Binder:1757_1B expire 9 lines
06-08 10:57:19.372 2546 2546 I Telephony: TelecomAccountRegistry: setupAccounts: Found 2 phones. Attempting to register.
06-08 10:57:19.373 2546 2546 I Telephony: TelecomAccountRegistry: setupAccounts: Phone with subscription id: 1 slotId: 0 provisionStatus: 1
06-08 10:57:19.380 2546 2546 I Telephony: AccountEntry: Registered phoneAccount: [[ ] PhoneAccount: ComponentInfo{com.android.phone/com.android.services.telephony.TelephonyConnectionService}, ***, UserHandle{0} Capabilities: CallProvider MultiUser PlaceEmerg SimSub Audio Routes: BESW Schemes: tel voicemail Extras: Bundle[{android.telecom.extra.SUPPORTS_VIDEO_CALLING_FALLBACK=true, android.telecom.extra.SORT_ORDER=0}] GroupId: ***] with handle: ComponentInfo{com.android.phone/com.android.services.telephony.TelephonyConnectionService}, ***, UserHandle{0}
06-08 10:57:19.381 2546 2546 I Telephony: PstnIncomingCallNotifier: Registering: slot 0, Handler (com.qualcomm.qti.internal.telephony.QtiGsmCdmaPhone) {938666c}
06-08 10:57:19.384 2546 2546 I Telephony: TelecomAccountRegistry: setupAccounts: Phone with subscription id: -1 slotId: 1 provisionStatus: -2
06-08 10:57:19.401 2546 2546 I Telephony: PstnPhoneCapabilitiesNotifier: handleVideoCapabilitesChanged. Video capability - false
06-08 10:57:19.403 2546 2546 I Telephony: PstnPhoneCapabilitiesNotifier: handleVideoCapabilitesChanged. Video capability - false
06-08 10:57:19.455 1757 2328 I chatty : uid=1000(system) PhotonicModulat expire 11 lines
06-08 10:57:19.455 1757 1924 I chatty : uid=1000(system) android.display expire 11 lines
06-08 10:58:01.301 826 911 W EventThreadInspector: slow VSync-sf on display(19261101167563905), count=12, avg=33 ms, max=132 ms.
06-08 10:58:01.663 826 910 W EventThreadInspector: slow VSync-app on display(19261101167563905), count=59, avg=27 ms, max=44 ms.
06-08 10:58:14.479 826 826 W SurfaceFlingerInspector: Slow frame composition: xiaomi f4 41 doComposition took 202 ms
06-08 10:58:14.481 1757 3835 I chatty : uid=1000(system) Binder:1757_D expire 8 lines
06-08 10:58:39.547 2353 2767 D NetworkController.MobileSignalController(1): onServiceStateChanged slotId=0 subId=1 voiceState=1 dataState=1 FiveGConnected= false dataType= 0
06-08 10:58:41.050 1757 2732 I chatty : uid=1000(system) Binder:1757_7 expire 46 lines
06-08 10:58:41.153 2353 2767 D NetworkController.MobileSignalController(1): onServiceStateChanged slotId=0 subId=1 voiceState=0 dataState=0 FiveGConnected= false dataType= 3
06-08 10:58:41.205 2546 2546 I Telephony: : onSubscriptionsChanged - update accounts
06-08 10:58:41.205 2546 2546 I Telephony: PstnIncomingCallNotifier: Unregistering: slot 0, Handler (com.qualcomm.qti.internal.telephony.QtiGsmCdmaPhone) {938666c}
