06-08 15:30:55.638 1757 1757 V SettingsProvider: Notifying for 0: content://settings/global/multi_sim_voice_call
06-08 15:30:55.657 1757 2328 D LocalDisplayAdapter: setDisplayState(id=19261101167563905, state=DOZE_SUSPEND)
06-08 15:30:55.657 1757 1924 I DisplayManagerService: Display device changed state: "Ενσωματωμένη οθόνη", DOZE_SUSPEND
06-08 15:30:55.685 2546 2546 I Telephony: PstnPhoneCapabilitiesNotifier: handleVideoCapabilitesChanged. Video capability - false
06-08 15:30:55.687 2546 2546 I Telephony: PstnPhoneCapabilitiesNotifier: handleVideoCapabilitesChanged. Video capability - false
06-08 15:30:55.698 1757 2328 D LocalDisplayAdapter: setDisplayState(id=19261101167563905, state=DOZE)
06-08 15:30:55.698 1757 1924 I DisplayManagerService: Display device changed state: "Ενσωματωμένη οθόνη", DOZE
06-08 15:30:55.709 1757 9229 I Telecom : PhoneAccountRegistrar: Modify account: [ComponentInfo{com.android.phone/com.android.services.telephony.TelephonyConnectionService}, ***, UserHandle{0}]: TSI.rPA@CAY
06-08 15:30:55.711 1757 9229 I Telecom : MiuiCallsManager: handlePhoneAccountChanged: phoneAccount=[[X] PhoneAccount: ComponentInfo{com.android.phone/com.android.services.telephony.TelephonyConnectionService}, ***, UserHandle{0} Capabilities: CallProvider MultiUser PlaceEmerg SimSub Audio Routes: BESW Schemes: tel voicemail Extras: Bundle[{android.telecom.extra.SUPPORTS_VIDEO_CALLING_FALLBACK=true, android.telecom.extra.SORT_ORDER=0}] GroupId: ***]: TSI.rPA@CAY
06-08 15:30:55.821 1757 2328 D LocalDisplayAdapter: setDisplayState(id=19261101167563905, state=DOZE_SUSPEND)
06-08 15:30:55.821 1757 1924 I DisplayManagerService: Display device changed state: "Ενσωματωμένη οθόνη", DOZE_SUSPEND
06-08 15:30:55.840 826 911 W EventThreadInspector: slow VSync-sf on display(19261101167563905), count=1, avg=31 ms, max=31 ms.
06-08 15:30:56.150 1757 2272 D ConnectivityService: reportNetworkConnectivity(106, false) by 10181
06-08 15:30:56.364 1757 1956 W BroadcastQueue: Background execution not allowed: receiving Intent { act=android.net.conn.NETWORK_CONDITIONS_MEASURED flg=0x10 (has extras) } to com.google.android.gms/.chimera.GmsIntentOperationService$PersistentTrustedReceiver
06-08 15:30:56.367 1757 2272 D ConnectivityService: NetworkAgentInfo [MOBILE (LTE) - 106] validation passed
06-08 15:31:00.032 1757 2328 D LocalDisplayAdapter: setDisplayState(id=19261101167563905, state=DOZE)
06-08 15:31:00.033 1757 1924 I DisplayManagerService: Display device changed state: "Ενσωματωμένη οθόνη", DOZE
06-08 15:31:00.182 826 910 W EventThreadInspector: slow VSync-app on display(19261101167563905), count=60, avg=27 ms, max=51 ms.
06-08 15:31:00.248 826 911 W EventThreadInspector: slow VSync-sf on display(19261101167563905), count=2, avg=31 ms, max=31 ms.
06-08 15:31:01.692 1757 2328 D LocalDisplayAdapter: setDisplayState(id=19261101167563905, state=DOZE_SUSPEND)
06-08 15:31:01.693 1757 1924 I DisplayManagerService: Display device changed state: "Ενσωματωμένη οθόνη", DOZE_SUSPEND
06-08 15:31:14.711 1757 2328 D LocalDisplayAdapter: setDisplayState(id=19261101167563905, state=DOZE)
06-08 15:31:14.712 1757 1924 I DisplayManagerService: Display device changed state: "Ενσωματωμένη οθόνη", DOZE
06-08 15:31:14.738 1757 1971 W NetworkStatsFactorySysApp: stats=NetworkStatsSysApp: elapsedRealtime=21483227
06-08 15:31:14.738 1757 1971 W NetworkStatsFactorySysApp: [0] iface=rmnet_data1 nameOrHashs=2463678812787075199 rxBytes=29952 rxPackets=117 txBytes=29952 txPackets=117 [1] iface=rmnet_data1 nameOrHashs=15360284826224562093 rxBytes=25335 rxPackets=66 txBytes=11171 txPackets=78 [2] iface=rmnet_data1 nameOrHashs=12147314186442659468 rxBytes=48385 rxPackets=135 txBytes=35013 txPackets=207 [3] iface=rmnet_data1 nameOrHashs=4859101771987231424 rxBytes=2412 rxPackets=18 txBytes=2647 txPackets=29 [4] iface=rmnet_data1 nameOrHashs=13413145894021867311 rxBytes=224132 rxPackets=295 txBytes=53336 txPackets=331 [5] iface=rmnet_data2 nameOrHashs=5381 rxBytes=840 rxPackets=10 txBytes=1090 txPackets=10 [6] iface=rmnet_data1 nameOrHashs=13203530503623258350 rxBytes=4728 rxPackets=15 txBytes=2118 txPackets=20 [7] iface=rmnet_data1 nameOrHashs=18446744073709551615 rxBytes=1512 rxPackets=3 txBytes=52 txPackets=1 [8] iface=rmnet_data1 nameOrHashs=5381 rxBytes=32169 rxPackets=139 txBytes=23367 txPackets=178
06-08 15:31:14.778 2353 2767 D NetworkController.MobileSignalController(1): onServiceStateChanged slotId=0 subId=1 voiceState=0 dataState=0 FiveGConnected= false dataType= 3
06-08 15:31:14.795 1757 2272 D ConnectivityService: NetworkAgentInfo [MOBILE (UMTS) - 106] EVENT_NETWORK_INFO_CHANGED, going from CONNECTED to CONNECTED
06-08 15:31:14.802 1757 2272 E Nat464Xlat: getConfig: For config := persist.vendor.net.doxlat returned value := true
06-08 15:31:14.931 1757 2328 D LocalDisplayAdapter: setDisplayState(id=19261101167563905, state=DOZE_SUSPEND)
06-08 15:31:14.932 1757 1924 I DisplayManagerService: Display device changed state: "Ενσωματωμένη οθόνη", DOZE_SUSPEND
06-08 15:32:01.502 1757 2328 D LocalDisplayAdapter: setDisplayState(id=19261101167563905, state=DOZE)
06-08 15:32:01.502 1757 1924 I DisplayManagerService: Display device changed state: "Ενσωματωμένη οθόνη", DOZE
06-08 15:32:01.648 1757 2328 D LocalDisplayAdapter: setDisplayState(id=19261101167563905, state=DOZE_SUSPEND)
06-08 15:32:01.648 1757 1924 I DisplayManagerService: Display device changed state: "Ενσωματωμένη οθόνη", DOZE_SUSPEND
06-08 15:32:09.601 1071 1071 W BpBinder: Slow Binder: BpBinder transact took 211ms, interface=, code=2 oneway=false
06-08 15:32:09.606 4340 4701 W BpBinder: Slow Binder: BpBinder transact took 219ms, interface=android.ashmemd.IAshmemDeviceService, code=1 oneway=false
06-08 15:32:09.614 1757 3835 W GreezeManager: Slow Greezer: Receive frozen binder trans: dstUid=9999 dstPid=807 callerUid=1000 callerPid=4340 callerTid=4701 delay=233ms oneway=false
06-08 15:32:09.615 1757 3835 W GreezeManager: Slow Greezer: Receive frozen binder trans: dstUid=1000 dstPid=506 callerUid=0 callerPid=1071 callerTid=1071 delay=233ms oneway=false
06-08 15:32:10.674 1757 1971 W NetworkStatsFactorySysApp: stats=NetworkStatsSysApp: elapsedRealtime=21539163
06-08 15:32:10.674 1757 1971 W NetworkStatsFactorySysApp: [0] iface=rmnet_data1 nameOrHashs=2463678812787075199 rxBytes=29952 rxPackets=117 txBytes=29952 txPackets=117 [1] iface=rmnet_data1 nameOrHashs=15360284826224562093 rxBytes=25335 rxPackets=66 txBytes=11171 txPackets=78 [2] iface=rmnet_data1 nameOrHashs=12147314186442659468 rxBytes=48385 rxPackets=135 txBytes=35013 txPackets=207 [3] iface=rmnet_data1 nameOrHashs=4859101771987231424 rxBytes=2484 rxPackets=19 txBytes=2719 txPackets=30 [4] iface=rmnet_data1 nameOrHashs=13413145894021867311 rxBytes=224132 rxPackets=295 txBytes=53336 txPackets=331 [5] iface=rmnet_data2 nameOrHashs=5381 rxBytes=840 rxPackets=10 txBytes=1090 txPackets=10 [6] iface=rmnet_data1 nameOrHashs=13203530503623258350 rxBytes=4728 rxPackets=15 txBytes=2118 txPackets=20 [7] iface=rmnet_data1 nameOrHashs=18446744073709551615 rxBytes=1512 rxPackets=3 txBytes=52 txPackets=1 [8] iface=rmnet_data1 nameOrHashs=5381 rxBytes=32169 rxPackets=139 txBytes=23367 txPackets=178
06-08 15:32:11.084 1757 2328 D LocalDisplayAdapter: setDisplayState(id=19261101167563905, state=DOZE)
06-08 15:32:11.085 1757 1924 I DisplayManagerService: Display device changed state: "Ενσωματωμένη οθόνη", DOZE
06-08 15:32:11.104 826 911 W EventThreadInspector: slow VSync-sf on display(19261101167563905), count=9, avg=23 ms, max=32 ms.
06-08 15:32:11.140 2353 2767 D NetworkController.MobileSignalController(1): onServiceStateChanged slotId=0 subId=1 voiceState=0 dataState=0 FiveGConnected= false dataType= 13
06-08 15:32:11.168 1757 2272 D ConnectivityService: NetworkAgentInfo [MOBILE (LTE) - 106] EVENT_NETWORK_INFO_CHANGED, going from CONNECTED to CONNECTED
06-08 15:32:11.173 1757 2272 E Nat464Xlat: getConfig: For config := persist.vendor.net.doxlat returned value := true
06-08 15:32:11.235 826 910 W EventThreadInspector: slow VSync-app on display(19261101167563905), count=60, avg=29 ms, max=32 ms.
06-08 15:32:11.291 1757 2328 D LocalDisplayAdapter: setDisplayState(id=19261101167563905, state=DOZE_SUSPEND)
06-08 15:32:11.291 1757 1924 I DisplayManagerService: Display device changed state: "Ενσωματωμένη οθόνη", DOZE_SUSPEND
06-08 15:32:21.314 1757 1971 W NetworkStatsFactorySysApp: stats=NetworkStatsSysApp: elapsedRealtime=21549803
06-08 15:32:21.314 1757 1971 W NetworkStatsFactorySysApp: [0] iface=rmnet_data1 nameOrHashs=2463678812787075199 rxBytes=29952 rxPackets=117 txBytes=29952 txPackets=117 [1] iface=rmnet_data1 nameOrHashs=15360284826224562093 rxBytes=25335 rxPackets=66 txBytes=11171 txPackets=78 [2] iface=rmnet_data1 nameOrHashs=12147314186442659468 rxBytes=48385 rxPackets=135 txBytes=35013 txPackets=207 [3] iface=rmnet_data1 nameOrHashs=4859101771987231424 rxBytes=2484 rxPackets=19 txBytes=2719 txPackets=30 [4] iface=rmnet_data1 nameOrHashs=13413145894021867311 rxBytes=224132 rxPackets=295 txBytes=53336 txPackets=331 [5] iface=rmnet_data2 nameOrHashs=5381 rxBytes=840 rxPackets=10 txBytes=1090 txPackets=10 [6] iface=rmnet_data1 nameOrHashs=13203530503623258350 rxBytes=4728 rxPackets=15 txBytes=2118 txPackets=20 [7] iface=rmnet_data1 nameOrHashs=18446744073709551615 rxBytes=1512 rxPackets=3 txBytes=52 txPackets=1 [8] iface=rmnet_data1 nameOrHashs=5381 rxBytes=32169 rxPackets=139 txBytes=23367 txPackets=178
06-08 15:32:39.853 3078 29690 W BpBinder: Slow Binder: BpBinder transact took 290ms, interface=android.os.IPowerManager, code=1 oneway=false
06-08 15:32:39.868 1757 2272 D ConnectivityService: reportNetworkConnectivity(106, false) by 10181
06-08 15:32:40.184 1757 1956 W BroadcastQueue: Background execution not allowed: receiving Intent { act=android.net.conn.NETWORK_CONDITIONS_MEASURED flg=0x10 (has extras) } to com.google.android.gms/.chimera.GmsIntentOperationService$PersistentTrustedReceiver
06-08 15:32:40.185 1757 2272 D ConnectivityService: NetworkAgentInfo [MOBILE (LTE) - 106] validation passed
06-08 15:32:56.202 1757 1971 W NetworkStatsFactorySysApp: stats=NetworkStatsSysApp: elapsedRealtime=21584691
06-08 15:32:56.202 1757 1971 W NetworkStatsFactorySysApp: [0] iface=rmnet_data1 nameOrHashs=2463678812787075199 rxBytes=29952 rxPackets=117 txBytes=29952 txPackets=117 [1] iface=rmnet_data1 nameOrHashs=15360284826224562093 rxBytes=25335 rxPackets=66 txBytes=11171 txPackets=78 [2] iface=rmnet_data1 nameOrHashs=12147314186442659468 rxBytes=48385 rxPackets=135 txBytes=35013 txPackets=207 [3] iface=rmnet_data1 nameOrHashs=4859101771987231424 rxBytes=2484 rxPackets=19 txBytes=2719 txPackets=30 [4] iface=rmnet_data1 nameOrHashs=13413145894021867311 rxBytes=224132 rxPackets=295 txBytes=53336 txPackets=331 [5] iface=rmnet_data2 nameOrHashs=5381 rxBytes=840 rxPackets=10 txBytes=1090 txPackets=10 [6] iface=rmnet_data1 nameOrHashs=13203530503623258350 rxBytes=4728 rxPackets=15 txBytes=2118 txPackets=20 [7] iface=rmnet_data1 nameOrHashs=18446744073709551615 rxBytes=1512 rxPackets=3 txBytes=52 txPackets=1 [8] iface=rmnet_data1 nameOrHashs=5381 rxBytes=32639 rxPackets=144 txBytes=23962 txPackets=183
06-08 15:33:01.515 1757 2328 D LocalDisplayAdapter: setDisplayState(id=19261101167563905, state=DOZE)
06-08 15:33:01.519 1757 1924 I DisplayManagerService: Display device changed state: "Ενσωματωμένη οθόνη", DOZE
06-08 15:33:01.689 826 911 W EventThreadInspector: slow VSync-sf on display(19261101167563905), count=4, avg=23 ms, max=30 ms.
06-08 15:33:03.199 1757 2328 D LocalDisplayAdapter: setDisplayState(id=19261101167563905, state=DOZE_SUSPEND)
06-08 15:33:03.200 1757 1924 I DisplayManagerService: Display device changed state: "Ενσωματωμένη οθόνη", DOZE_SUSPEND
06-08 15:33:13.517 1757 1971 E BatteryExternalStatsWorker: no controller energy info supplied for bluetooth
06-08 15:33:13.557 1757 1971 W NetworkStatsFactorySysApp: stats=NetworkStatsSysApp: elapsedRealtime=21602046
06-08 15:33:13.557 1757 1971 W NetworkStatsFactorySysApp: [0] iface=wlan0 nameOrHashs=12147314186442659468 rxBytes=13696 rxPackets=41 txBytes=11669 txPackets=60 [1] iface=wlan0 nameOrHashs=15360284826224562093 rxBytes=3994 rxPackets=9 txBytes=1539 txPackets=11 [2] iface=wlan0 nameOrHashs=18446744073709551615 rxBytes=232 rxPackets=5 txBytes=232 txPackets=5 [3] iface=wlan0 nameOrHashs=13413145894021867311 rxBytes=323264 rxPackets=398 txBytes=64023 txPackets=393 [4] iface=wlan0 nameOrHashs=3518763049745578179 rxBytes=4369 rxPackets=8 txBytes=1866 txPackets=13 [5] iface=wlan0 nameOrHashs=16020371398875508808 rxBytes=146230 rxPackets=92 txBytes=5421 txPackets=94 [6] iface=wlan0 nameOrHashs=5381 rxBytes=8048 rxPackets=52 txBytes=10406 txPackets=52 [7] iface=wlan0 nameOrHashs=2463678812787075199 rxBytes=3072 rxPackets=12 txBytes=3072 txPackets=12
06-08 15:33:13.567 1757 1971 W NetworkStatsFactorySysApp: stats=NetworkStatsSysApp: elapsedRealtime=21602056
06-08 15:33:13.567 1757 1971 W NetworkStatsFactorySysApp: [0] iface=rmnet_data1 nameOrHashs=2463678812787075199 rxBytes=29952 rxPackets=117 txBytes=29952 txPackets=117 [1] iface=rmnet_data1 nameOrHashs=15360284826224562093 rxBytes=25335 rxPackets=66 txBytes=11171 txPackets=78 [2] iface=rmnet_data1 nameOrHashs=12147314186442659468 rxBytes=48385 rxPackets=135 txBytes=35013 txPackets=207 [3] iface=rmnet_data1 nameOrHashs=4859101771987231424 rxBytes=2484 rxPackets=19 txBytes=2719 txPackets=30 [4] iface=rmnet_data1 nameOrHashs=13413145894021867311 rxBytes=224132 rxPackets=295 txBytes=53336 txPackets=331 [5] iface=rmnet_data2 nameOrHashs=5381 rxBytes=840 rxPackets=10 txBytes=1090 txPackets=10 [6] iface=rmnet_data1 nameOrHashs=13203530503623258350 rxBytes=4728 rxPackets=15 txBytes=2118 txPackets=20 [7] iface=rmnet_data1 nameOrHashs=18446744073709551615 rxBytes=1512 rxPackets=3 txBytes=52 txPackets=1 [8] iface=rmnet_data1 nameOrHashs=5381 rxBytes=32639 rxPackets=144 txBytes=23962 txPackets=183
06-08 15:33:13.634 1757 1971 E BatteryExternalStatsWorker: no controller energy info supplied for bluetooth
06-08 15:33:13.672 1757 1971 W NetworkStatsFactorySysApp: stats=NetworkStatsSysApp: elapsedRealtime=21602161
06-08 15:33:13.672 1757 1971 W NetworkStatsFactorySysApp: [0] iface=wlan0 nameOrHashs=12147314186442659468 rxBytes=13696 rxPackets=41 txBytes=11669 txPackets=60 [1] iface=wlan0 nameOrHashs=15360284826224562093 rxBytes=3994 rxPackets=9 txBytes=1539 txPackets=11 [2] iface=wlan0 nameOrHashs=18446744073709551615 rxBytes=232 rxPackets=5 txBytes=232 txPackets=5 [3] iface=wlan0 nameOrHashs=13413145894021867311 rxBytes=323264 rxPackets=398 txBytes=64023 txPackets=393 [4] iface=wlan0 nameOrHashs=3518763049745578179 rxBytes=4369 rxPackets=8 txBytes=1866 txPackets=13 [5] iface=wlan0 nameOrHashs=16020371398875508808 rxBytes=146230 rxPackets=92 txBytes=5421 txPackets=94 [6] iface=wlan0 nameOrHashs=5381 rxBytes=8048 rxPackets=52 txBytes=10406 txPackets=52 [7] iface=wlan0 nameOrHashs=2463678812787075199 rxBytes=3072 rxPackets=12 txBytes=3072 txPackets=12
06-08 15:33:13.682 1757 1971 W NetworkStatsFactorySysApp: stats=NetworkStatsSysApp: elapsedRealtime=21602171
06-08 15:33:13.682 1757 1971 W NetworkStatsFactorySysApp: [0] iface=rmnet_data1 nameOrHashs=2463678812787075199 rxBytes=29952 rxPackets=117 txBytes=29952 txPackets=117 [1] iface=rmnet_data1 nameOrHashs=15360284826224562093 rxBytes=25335 rxPackets=66 txBytes=11171 txPackets=78 [2] iface=rmnet_data1 nameOrHashs=12147314186442659468 rxBytes=48385 rxPackets=135 txBytes=35013 txPackets=207 [3] iface=rmnet_data1 nameOrHashs=4859101771987231424 rxBytes=2484 rxPackets=19 txBytes=2719 txPackets=30 [4] iface=rmnet_data1 nameOrHashs=13413145894021867311 rxBytes=224132 rxPackets=295 txBytes=53336 txPackets=331 [5] iface=rmnet_data2 nameOrHashs=5381 rxBytes=840 rxPackets=10 txBytes=1090 txPackets=10 [6] iface=rmnet_data1 nameOrHashs=13203530503623258350 rxBytes=4728 rxPackets=15 txBytes=2118 txPackets=20 [7] iface=rmnet_data1 nameOrHashs=18446744073709551615 rxBytes=1512 rxPackets=3 txBytes=52 txPackets=1 [8] iface=rmnet_data1 nameOrHashs=5381 rxBytes=32639 rxPackets=144 txBytes=23962 txPackets=183
06-08 15:33:17.361 2353 2767 D NetworkController.MobileSignalController(1): onServiceStateChanged slotId=0 subId=1 voiceState=0 dataState=0 FiveGConnected= false dataType= 3
06-08 15:33:17.414 1757 2272 D ConnectivityService: NetworkAgentInfo [MOBILE (UMTS) - 106] EVENT_NETWORK_INFO_CHANGED, going from CONNECTED to CONNECTED
06-08 15:33:17.418 1757 2272 E Nat464Xlat: getConfig: For config := persist.vendor.net.doxlat returned value := true
06-08 15:33:17.420 1757 2328 D LocalDisplayAdapter: setDisplayState(id=19261101167563905, state=DOZE)
06-08 15:33:17.422 1757 1924 I DisplayManagerService: Display device changed state: "Ενσωματωμένη οθόνη", DOZE
06-08 15:33:17.542 1757 2328 D LocalDisplayAdapter: setDisplayState(id=19261101167563905, state=DOZE_SUSPEND)
06-08 15:33:17.543 1757 1924 I DisplayManagerService: Display device changed state: "Ενσωματωμένη οθόνη", DOZE_SUSPEND
06-08 15:33:40.536 1757 1971 W NetworkStatsFactorySysApp: stats=NetworkStatsSysApp: elapsedRealtime=21629025
06-08 15:33:40.536 1757 1971 W NetworkStatsFactorySysApp: [0] iface=rmnet_data1 nameOrHashs=2463678812787075199 rxBytes=29952 rxPackets=117 txBytes=29952 txPackets=117 [1] iface=rmnet_data1 nameOrHashs=15360284826224562093 rxBytes=25335 rxPackets=66 txBytes=11171 txPackets=78 [2] iface=rmnet_data1 nameOrHashs=12147314186442659468 rxBytes=48385 rxPackets=135 txBytes=35013 txPackets=207 [3] iface=rmnet_data1 nameOrHashs=4859101771987231424 rxBytes=2484 rxPackets=19 txBytes=2719 txPackets=30 [4] iface=rmnet_data1 nameOrHashs=13413145894021867311 rxBytes=224132 rxPackets=295 txBytes=53336 txPackets=331 [5] iface=rmnet_data2 nameOrHashs=5381 rxBytes=840 rxPackets=10 txBytes=1090 txPackets=10 [6] iface=rmnet_data1 nameOrHashs=13203530503623258350 rxBytes=4728 rxPackets=15 txBytes=2118 txPackets=20 [7] iface=rmnet_data1 nameOrHashs=18446744073709551615 rxBytes=1512 rxPackets=3 txBytes=52 txPackets=1 [8] iface=rmnet_data1 nameOrHashs=5381 rxBytes=32639 rxPackets=144 txBytes=23962 txPackets=183
06-08 15:34:01.516 1757 2328 D LocalDisplayAdapter: setDisplayState(id=19261101167563905, state=DOZE)
06-08 15:34:01.516 1757 1924 I DisplayManagerService: Display device changed state: "Ενσωματωμένη οθόνη", DOZE
06-08 15:34:01.652 1757 2328 D LocalDisplayAdapter: setDisplayState(id=19261101167563905, state=DOZE_SUSPEND)
06-08 15:34:01.653 1757 1924 I DisplayManagerService: Display device changed state: "Ενσωματωμένη οθόνη", DOZE_SUSPEND
06-08 15:35:01.534 1757 2328 D LocalDisplayAdapter: setDisplayState(id=19261101167563905, state=DOZE)
06-08 15:35:01.534 1757 1924 I DisplayManagerService: Display device changed state: "Ενσωματωμένη οθόνη", DOZE
06-08 15:35:01.601 826 910 W EventThreadInspector: slow VSync-app on display(19261101167563905), count=60, avg=30 ms, max=40 ms.
06-08 15:35:01.733 826 911 W EventThreadInspector: slow VSync-sf on display(19261101167563905), count=11, avg=56 ms, max=223 ms.
06-08 15:35:03.208 1757 2328 D LocalDisplayAdapter: setDisplayState(id=19261101167563905, state=DOZE_SUSPEND)
06-08 15:35:03.209 1757 1924 I DisplayManagerService: Display device changed state: "Ενσωματωμένη οθόνη", DOZE_SUSPEND
06-08 15:35:46.040 1757 1971 W NetworkStatsFactorySysApp: stats=NetworkStatsSysApp: elapsedRealtime=21754529
06-08 15:35:46.040 1757 1971 W NetworkStatsFactorySysApp: [0] iface=rmnet_data1 nameOrHashs=2463678812787075199 rxBytes=29952 rxPackets=117 txBytes=29952 txPackets=117 [1] iface=rmnet_data1 nameOrHashs=15360284826224562093 rxBytes=25335 rxPackets=66 txBytes=11171 txPackets=78 [2] iface=rmnet_data1 nameOrHashs=12147314186442659468 rxBytes=48385 rxPackets=135 txBytes=35013 txPackets=207 [3] iface=rmnet_data1 nameOrHashs=4859101771987231424 rxBytes=2484 rxPackets=19 txBytes=2719 txPackets=30 [4] iface=rmnet_data1 nameOrHashs=13413145894021867311 rxBytes=224132 rxPackets=295 txBytes=53336 txPackets=331 [5] iface=rmnet_data2 nameOrHashs=5381 rxBytes=840 rxPackets=10 txBytes=1090 txPackets=10 [6] iface=rmnet_data1 nameOrHashs=13203530503623258350 rxBytes=4728 rxPackets=15 txBytes=2118 txPackets=20 [7] iface=rmnet_data1 nameOrHashs=18446744073709551615 rxBytes=1512 rxPackets=3 txBytes=52 txPackets=1 [8] iface=rmnet_data1 nameOrHashs=5381 rxBytes=32639 rxPackets=144 txBytes=23962 txPackets=183
06-08 15:36:00.524 1757 2328 D LocalDisplayAdapter: setDisplayState(id=19261101167563905, state=DOZE)
06-08 15:36:00.525 1757 1924 I DisplayManagerService: Display device changed state: "Ενσωματωμένη οθόνη", DOZE
06-08 15:36:00.537 1757 2732 I ProcessManager: Kill reason AutoLockOffCleanByPriority from pid=5199
06-08 15:36:00.542 1757 2732 I ProcessManager: AutoLockOffCleanByPriority: kill com.android.mms Adj=945 State=20
06-08 15:36:00.543 1757 2732 I ActivityManager: Killing 29692:com.android.mms/u0a88 (adj 945): AutoLockOffCleanByPriority
06-08 15:36:00.546 1757 2732 I ProcessManager: AutoLockOffCleanByPriority: kill com.xiaomi.simactivate.service Adj=955 State=20
06-08 15:36:00.546 1757 2732 I ActivityManager: Killing 29728:com.xiaomi.simactivate.service/u0a159 (adj 955): AutoLockOffCleanByPriority
06-08 15:36:00.547 1757 2732 I ProcessManager: AutoLockOffCleanByPriority: kill com.google.process.gservices Adj=935 State=20
06-08 15:36:00.548 1757 2732 I ActivityManager: Killing 19689:com.google.process.gservices/u0a181 (adj 935): AutoLockOffCleanByPriority
06-08 15:36:00.548 1757 2732 I ProcessManager: AutoLockOffCleanByPriority: kill com.qualcomm.qti.workloadclassifier Adj=999 State=11
06-08 15:36:00.549 1757 2732 I ActivityManager: Killing 13969:com.qualcomm.qti.workloadclassifier/1000 (adj 999): AutoLockOffCleanByPriority
06-08 15:36:00.550 1757 2732 I ProcessManager: AutoLockOffCleanByPriority: kill com.miui.weather2 Adj=975 State=20
06-08 15:36:00.550 1757 2732 I ActivityManager: Killing 25386:com.miui.weather2/u0a103 (adj 975): AutoLockOffCleanByPriority
06-08 15:36:00.552 1757 2732 I ProcessManager: AutoLockOffCleanByPriority: kill com.google.process.gapps Adj=925 State=20
06-08 15:36:00.552 1757 2732 I ActivityManager: Killing 25044:com.google.process.gapps/u0a181 (adj 925): AutoLockOffCleanByPriority
06-08 15:36:00.626 1757 1809 D ProcessManager: skip restart com.miui.weather2 because of low mem!
06-08 15:36:00.643 1757 9230 D ProcessManager: skip restart com.qualcomm.qti.workloadclassifier because of low mem!
06-08 15:36:00.644 1757 2328 D LocalDisplayAdapter: setDisplayState(id=19261101167563905, state=DOZE_SUSPEND)
06-08 15:36:00.644 1757 1924 I DisplayManagerService: Display device changed state: "Ενσωματωμένη οθόνη", DOZE_SUSPEND
06-08 15:36:00.666 1757 9230 W ActivityManager: Scheduling restart of crashed service com.qualcomm.qti.workloadclassifier/.WLCService in 1000ms
06-08 15:36:00.672 1757 9231 D ProcessManager: skip restart com.google.process.gapps because of low mem!
06-08 15:36:00.677 1757 3743 D ProcessRecordInjector: Begin to report kill process events...
06-08 15:36:00.677 1757 3743 D ProcessManager: skip restart com.xiaomi.simactivate.service because of low mem!
06-08 15:36:00.686 1757 3838 D ProcessManager: skip restart com.android.mms because of low mem!
06-08 15:36:00.692 1757 9222 D ProcessManager: skip restart com.google.process.gservices because of low mem!
06-08 15:36:04.551 1757 1957 D Boost : hostingType=service, hostingName={com.qualcomm.qti.workloadclassifier/com.qualcomm.qti.workloadclassifier.WLCService}, callerPackage=com.qualcomm.qti.workloadclassifier, isSystem=true, isBoostNeeded=false.
06-08 15:36:04.552 1757 1957 I ActivityManager: Start proc 29984:com.qualcomm.qti.workloadclassifier/1000 for service {com.qualcomm.qti.workloadclassifier/com.qualcomm.qti.workloadclassifier.WLCService} caller=com.qualcomm.qti.workloadclassifier
06-08 15:36:06.899 29984 29984 W BpBinder: Slow Binder: BpBinder transact took 204ms, interface=android.content.pm.IPackageManager, code=13 oneway=false
06-08 15:36:06.901 1757 1809 W GreezeManager: Slow Greezer: Receive frozen binder trans: dstUid=1000 dstPid=1757 callerUid=1000 callerPid=29984 callerTid=29984 delay=208ms oneway=false
06-08 15:36:15.517 1757 1971 W NetworkStatsFactorySysApp: stats=NetworkStatsSysApp: elapsedRealtime=21784006
06-08 15:36:15.517 1757 1971 W NetworkStatsFactorySysApp: [0] iface=rmnet_data1 nameOrHashs=2463678812787075199 rxBytes=29952 rxPackets=117 txBytes=29952 txPackets=117 [1] iface=rmnet_data1 nameOrHashs=15360284826224562093 rxBytes=25335 rxPackets=66 txBytes=11171 txPackets=78 [2] iface=rmnet_data1 nameOrHashs=12147314186442659468 rxBytes=48385 rxPackets=135 txBytes=35013 txPackets=207 [3] iface=rmnet_data1 nameOrHashs=4859101771987231424 rxBytes=2484 rxPackets=19 txBytes=2719 txPackets=30 [4] iface=rmnet_data1 nameOrHashs=13413145894021867311 rxBytes=224132 rxPackets=295 txBytes=53336 txPackets=331 [5] iface=rmnet_data2 nameOrHashs=5381 rxBytes=840 rxPackets=10 txBytes=1090 txPackets=10 [6] iface=rmnet_data1 nameOrHashs=13203530503623258350 rxBytes=4728 rxPackets=15 txBytes=2118 txPackets=20 [7] iface=rmnet_data1 nameOrHashs=18446744073709551615 rxBytes=1512 rxPackets=3 txBytes=52 txPackets=1 [8] iface=rmnet_data1 nameOrHashs=5381 rxBytes=32639 rxPackets=144 txBytes=23962 txPackets=183
06-08 15:36:15.605 1757 1957 D Boost : hostingType=service, hostingName={com.xiaomi.finddevice/com.xiaomi.finddevice.v2.securitypush.SecurityContextPeriodicUpdateJob}, callerPackage=android, isSystem=true, isBoostNeeded=false.
06-08 15:36:15.606 1757 1957 I ActivityManager: Start proc 30015:com.xiaomi.finddevice:securitypush/9810 for service {com.xiaomi.finddevice/com.xiaomi.finddevice.v2.securitypush.SecurityContextPeriodicUpdateJob} caller=android
06-08 15:36:15.819 1757 1957 D Boost : hostingType=service, hostingName={com.miui.cloudservice/com.miui.cloudservice.securitypush.SecurityContextManager}, callerPackage=com.xiaomi.finddevice, isSystem=true, isBoostNeeded=false.
06-08 15:36:15.819 1757 1957 I ActivityManager: Start proc 30038:com.miui.cloudservice/u0a115 for service {com.miui.cloudservice/com.miui.cloudservice.securitypush.SecurityContextManager} caller=com.xiaomi.finddevice
06-08 15:36:16.106 30038 30038 I SystemConfig: Adding association: com.google.android.as <- com.android.providers.contacts
06-08 15:36:16.106 30038 30038 I SystemConfig: Adding association: com.google.android.as <- com.android.providers.media
06-08 15:36:16.107 30038 30038 I SystemConfig: Adding association: com.google.android.as <- com.android.providers.telephony
06-08 15:36:16.107 30038 30038 I SystemConfig: Adding association: com.google.android.as <- com.android.systemui
06-08 15:36:16.107 30038 30038 I SystemConfig: Adding association: com.google.android.as <- com.google.android.gms
06-08 15:36:16.107 30038 30038 I SystemConfig: Adding association: com.google.android.as <- com.google.android.gsf
06-08 15:36:16.121 30038 30038 W SystemConfig: No directory /product_services/etc/sysconfig, skipping
06-08 15:36:16.122 30038 30038 W SystemConfig: No directory /product_services/etc/permissions, skipping
06-08 15:36:16.276 1757 1957 D Boost : hostingType=service, hostingName={com.xiaomi.simactivate.service/com.xiaomi.activate.ActivateService}, callerPackage=com.miui.cloudservice, isSystem=true, isBoostNeeded=false.
06-08 15:36:16.277 1757 1957 I ActivityManager: Start proc 30066:com.xiaomi.simactivate.service/u0a159 for service {com.xiaomi.simactivate.service/com.xiaomi.activate.ActivateService} caller=com.miui.cloudservice
06-08 15:36:16.597 30066 30066 I SystemConfig: Adding association: com.google.android.as <- com.android.providers.contacts
06-08 15:36:16.597 30066 30066 I SystemConfig: Adding association: com.google.android.as <- com.android.providers.media
06-08 15:36:16.597 30066 30066 I SystemConfig: Adding association: com.google.android.as <- com.android.providers.telephony
06-08 15:36:16.597 30066 30066 I SystemConfig: Adding association: com.google.android.as <- com.android.systemui
06-08 15:36:16.597 30066 30066 I SystemConfig: Adding association: com.google.android.as <- com.google.android.gms
06-08 15:36:16.598 30066 30066 I SystemConfig: Adding association: com.google.android.as <- com.google.android.gsf
06-08 15:36:16.612 30066 30066 W SystemConfig: No directory /product_services/etc/sysconfig, skipping
06-08 15:36:16.612 30066 30066 W SystemConfig: No directory /product_services/etc/permissions, skipping
06-08 15:36:24.891 1757 2328 D LocalDisplayAdapter: setDisplayState(id=19261101167563905, state=DOZE)
06-08 15:36:24.892 1757 1924 I DisplayManagerService: Display device changed state: "Ενσωματωμένη οθόνη", DOZE
06-08 15:36:24.930 1757 1809 D timedetector.SimpleTimeDetectorStrategy: adjustAndSetDeviceSystemClock: Not setting system clock. New time and system clock are close enough. elapsedRealtimeMillis=21793420 newTime=TimestampedValue{mReferenceTimeMillis=21793408, mValue=1591619785000} reason=New time signal systemClockUpdateThreshold=2000 absTimeDifference=82
06-08 15:36:24.991 2353 2767 D NetworkController.MobileSignalController(1): onServiceStateChanged slotId=0 subId=1 voiceState=0 dataState=0 FiveGConnected= false dataType= 13
06-08 15:36:25.015 1757 2272 D ConnectivityService: NetworkAgentInfo [MOBILE (LTE) - 106] EVENT_NETWORK_INFO_CHANGED, going from CONNECTED to CONNECTED
06-08 15:36:25.026 1757 2272 E Nat464Xlat: getConfig: For config := persist.vendor.net.doxlat returned value := true
06-08 15:36:25.032 1757 2328 D LocalDisplayAdapter: setDisplayState(id=19261101167563905, state=DOZE_SUSPEND)
06-08 15:36:25.032 1757 1924 I DisplayManagerService: Display device changed state: "Ενσωματωμένη οθόνη", DOZE_SUSPEND
06-08 15:36:25.045 1757 2328 D LocalDisplayAdapter: setDisplayState(id=19261101167563905, state=DOZE)
06-08 15:36:25.051 1757 1924 I DisplayManagerService: Display device changed state: "Ενσωματωμένη οθόνη", DOZE
06-08 15:36:25.173 1757 2328 D LocalDisplayAdapter: setDisplayState(id=19261101167563905, state=DOZE_SUSPEND)
06-08 15:36:25.174 1757 1924 I DisplayManagerService: Display device changed state: "Ενσωματωμένη οθόνη", DOZE_SUSPEND
06-08 15:36:35.188 1757 1971 W NetworkStatsFactorySysApp: stats=NetworkStatsSysApp: elapsedRealtime=21803677
06-08 15:36:35.188 1757 1971 W NetworkStatsFactorySysApp: [0] iface=rmnet_data1 nameOrHashs=2463678812787075199 rxBytes=30208 rxPackets=118 txBytes=30208 txPackets=118 [1] iface=rmnet_data1 nameOrHashs=15360284826224562093 rxBytes=25335 rxPackets=66 txBytes=11171 txPackets=78 [2] iface=rmnet_data1 nameOrHashs=12147314186442659468 rxBytes=48385 rxPackets=135 txBytes=35013 txPackets=207 [3] iface=rmnet_data1 nameOrHashs=4859101771987231424 rxBytes=2484 rxPackets=19 txBytes=2719 txPackets=30 [4] iface=rmnet_data1 nameOrHashs=13413145894021867311 rxBytes=224132 rxPackets=295 txBytes=53336 txPackets=331 [5] iface=rmnet_data2 nameOrHashs=5381 rxBytes=840 rxPackets=10 txBytes=1090 txPackets=10 [6] iface=rmnet_data1 nameOrHashs=13203530503623258350 rxBytes=4728 rxPackets=15 txBytes=2118 txPackets=20 [7] iface=rmnet_data1 nameOrHashs=18446744073709551615 rxBytes=1512 rxPackets=3 txBytes=52 txPackets=1 [8] iface=rmnet_data1 nameOrHashs=5381 rxBytes=32639 rxPackets=144 txBytes=23962 txPackets=183
06-08 15:36:57.172 1757 1971 W NetworkStatsFactorySysApp: stats=NetworkStatsSysApp: elapsedRealtime=21825661
06-08 15:36:57.172 1757 1971 W NetworkStatsFactorySysApp: [0] iface=rmnet_data1 nameOrHashs=2463678812787075199 rxBytes=30208 rxPackets=118 txBytes=30208 txPackets=118 [1] iface=rmnet_data1 nameOrHashs=15360284826224562093 rxBytes=25335 rxPackets=66 txBytes=11171 txPackets=78 [2] iface=rmnet_data1 nameOrHashs=12147314186442659468 rxBytes=48385 rxPackets=135 txBytes=35013 txPackets=207 [3] iface=rmnet_data1 nameOrHashs=4859101771987231424 rxBytes=2484 rxPackets=19 txBytes=2719 txPackets=30 [4] iface=rmnet_data1 nameOrHashs=13413145894021867311 rxBytes=224132 rxPackets=295 txBytes=53336 txPackets=331 [5] iface=rmnet_data2 nameOrHashs=5381 rxBytes=840 rxPackets=10 txBytes=1090 txPackets=10 [6] iface=rmnet_data1 nameOrHashs=13203530503623258350 rxBytes=4728 rxPackets=15 txBytes=2118 txPackets=20 [7] iface=rmnet_data1 nameOrHashs=18446744073709551615 rxBytes=1512 rxPackets=3 txBytes=52 txPackets=1 [8] iface=rmnet_data1 nameOrHashs=5381 rxBytes=32639 rxPackets=144 txBytes=23962 txPackets=183
06-08 15:37:01.504 1757 2328 D LocalDisplayAdapter: setDisplayState(id=19261101167563905, state=DOZE)
06-08 15:37:01.504 1757 1924 I DisplayManagerService: Display device changed state: "Ενσωματωμένη οθόνη", DOZE
06-08 15:37:01.533 826 911 W EventThreadInspector: slow VSync-sf on display(19261101167563905), count=9, avg=21 ms, max=37 ms.
06-08 15:37:01.566 826 910 W EventThreadInspector: slow VSync-app on display(19261101167563905), count=59, avg=29 ms, max=35 ms.
06-08 15:37:01.698 826 911 W EventThreadInspector: slow VSync-sf on display(19261101167563905), count=1, avg=31 ms, max=31 ms.
06-08 15:37:03.175 1757 2328 D LocalDisplayAdapter: setDisplayState(id=19261101167563905, state=DOZE_SUSPEND)
06-08 15:37:03.175 1757 1924 I DisplayManagerService: Display device changed state: "Ενσωματωμένη οθόνη", DOZE_SUSPEND
06-08 15:37:49.690 826 826 W SurfaceFlingerInspector: Slow frame composition: xiaomi f4 41 prepareFrame took 203 ms
06-08 15:38:01.503 1757 2328 D LocalDisplayAdapter: setDisplayState(id=19261101167563905, state=DOZE)
06-08 15:38:01.503 1757 1924 I DisplayManagerService: Display device changed state: "Ενσωματωμένη οθόνη", DOZE
06-08 15:38:01.647 1757 2328 D LocalDisplayAdapter: setDisplayState(id=19261101167563905, state=DOZE_SUSPEND)
06-08 15:38:01.648 1757 1924 I DisplayManagerService: Display device changed state: "Ενσωματωμένη οθόνη", DOZE_SUSPEND
06-08 15:38:46.025 826 826 W SurfaceFlingerInspector: Slow frame composition: xiaomi f4 41 doComposition took 210 ms
06-08 15:38:46.028 1071 1071 W BpBinder: Slow Binder: BpBinder transact took 212ms, interface=, code=2 oneway=false
06-08 15:38:46.034 1757 9212 W GreezeManager: Slow Greezer: Receive frozen binder trans: dstUid=1000 dstPid=707 callerUid=1000 callerPid=826 callerTid=826 delay=216ms oneway=false
06-08 15:38:46.038 1757 9212 W GreezeManager: Slow Greezer: Receive frozen binder trans: dstUid=1000 dstPid=506 callerUid=0 callerPid=1071 callerTid=1071 delay=223ms oneway=false
06-08 15:38:46.099 1757 2328 D LocalDisplayAdapter: setDisplayState(id=19261101167563905, state=DOZE)
06-08 15:38:46.099 1757 1924 I DisplayManagerService: Display device changed state: "Ενσωματωμένη οθόνη", DOZE
06-08 15:38:46.161 2353 2767 D NetworkController.MobileSignalController(1): onServiceStateChanged slotId=0 subId=1 voiceState=0 dataState=0 FiveGConnected= false dataType= 2
06-08 15:38:46.189 1757 2272 D ConnectivityService: NetworkAgentInfo [MOBILE (EDGE) - 106] EVENT_NETWORK_INFO_CHANGED, going from CONNECTED to CONNECTED
06-08 15:38:46.195 1757 2272 E Nat464Xlat: getConfig: For config := persist.vendor.net.doxlat returned value := true
06-08 15:38:46.317 1757 2328 D LocalDisplayAdapter: setDisplayState(id=19261101167563905, state=DOZE_SUSPEND)
06-08 15:38:46.318 1757 1924 I DisplayManagerService: Display device changed state: "Ενσωματωμένη οθόνη", DOZE_SUSPEND
06-08 15:38:46.404 826 911 W EventThreadInspector: slow VSync-sf on display(19261101167563905), count=8, avg=68 ms, max=220 ms.
06-08 15:39:01.327 1757 2328 D LocalDisplayAdapter: setDisplayState(id=19261101167563905, state=DOZE)
06-08 15:39:01.334 1757 1924 I DisplayManagerService: Display device changed state: "Ενσωματωμένη οθόνη", DOZE
06-08 15:39:01.402 2353 2767 D NetworkController.MobileSignalController(1): onServiceStateChanged slotId=0 subId=1 voiceState=0 dataState=0 FiveGConnected= false dataType= 3
06-08 15:39:01.427 1757 2272 D ConnectivityService: NetworkAgentInfo [MOBILE (UMTS) - 106] EVENT_NETWORK_INFO_CHANGED, going from CONNECTED to CONNECTED
06-08 15:39:01.431 1757 2272 E Nat464Xlat: getConfig: For config := persist.vendor.net.doxlat returned value := true
06-08 15:39:01.433 826 910 W EventThreadInspector: slow VSync-app on display(19261101167563905), count=60, avg=30 ms, max=44 ms.
06-08 15:39:01.532 826 911 W EventThreadInspector: slow VSync-sf on display(19261101167563905), count=1, avg=30 ms, max=30 ms.
06-08 15:39:02.978 1757 2328 D LocalDisplayAdapter: setDisplayState(id=19261101167563905, state=DOZE_SUSPEND)
06-08 15:39:02.978 1757 1924 I DisplayManagerService: Display device changed state: "Ενσωματωμένη οθόνη", DOZE_SUSPEND
06-08 15:39:45.095 826 826 W SurfaceFlingerInspector: Slow frame composition: xiaomi f4 41 prepareFrame took 222 ms
06-08 15:40:00.507 1757 2328 D LocalDisplayAdapter: setDisplayState(id=19261101167563905, state=DOZE)
06-08 15:40:00.507 1757 1924 I DisplayManagerService: Display device changed state: "Ενσωματωμένη οθόνη", DOZE
06-08 15:40:00.630 1757 2328 D LocalDisplayAdapter: setDisplayState(id=19261101167563905, state=DOZE_SUSPEND)
06-08 15:40:00.631 1757 1924 I DisplayManagerService: Display device changed state: "Ενσωματωμένη οθόνη", DOZE_SUSPEND
06-08 15:41:00.491 1757 2328 D LocalDisplayAdapter: setDisplayState(id=19261101167563905, state=DOZE)
06-08 15:41:00.491 1757 1924 I DisplayManagerService: Display device changed state: "Ενσωματωμένη οθόνη", DOZE
06-08 15:41:00.510 1757 1971 W NetworkStatsFactorySysApp: stats=NetworkStatsSysApp: elapsedRealtime=22068999
06-08 15:41:00.510 1757 1971 W NetworkStatsFactorySysApp: [0] iface=rmnet_data1 nameOrHashs=2463678812787075199 rxBytes=30208 rxPackets=118 txBytes=30208 txPackets=118 [1] iface=rmnet_data1 nameOrHashs=15360284826224562093 rxBytes=25335 rxPackets=66 txBytes=11171 txPackets=78 [2] iface=rmnet_data1 nameOrHashs=12147314186442659468 rxBytes=48385 rxPackets=135 txBytes=35013 txPackets=207 [3] iface=rmnet_data1 nameOrHashs=4859101771987231424 rxBytes=2484 rxPackets=19 txBytes=2719 txPackets=30 [4] iface=rmnet_data1 nameOrHashs=13413145894021867311 rxBytes=224132 rxPackets=295 txBytes=53336 txPackets=331 [5] iface=rmnet_data2 nameOrHashs=5381 rxBytes=840 rxPackets=10 txBytes=1090 txPackets=10 [6] iface=rmnet_data1 nameOrHashs=13203530503623258350 rxBytes=4728 rxPackets=15 txBytes=2118 txPackets=20 [7] iface=rmnet_data1 nameOrHashs=18446744073709551615 rxBytes=1512 rxPackets=3 txBytes=52 txPackets=1 [8] iface=rmnet_data1 nameOrHashs=5381 rxBytes=32639 rxPackets=144 txBytes=23962 txPackets=183
06-08 15:41:00.694 826 911 W EventThreadInspector: slow VSync-sf on display(19261101167563905), count=8, avg=72 ms, max=215 ms.
06-08 15:41:00.892 826 910 W EventThreadInspector: slow VSync-app on display(19261101167563905), count=60, avg=29 ms, max=39 ms.
06-08 15:41:02.171 1757 2328 D LocalDisplayAdapter: setDisplayState(id=19261101167563905, state=DOZE_SUSPEND)
06-08 15:41:02.172 1757 1924 I DisplayManagerService: Display device changed state: "Ενσωματωμένη οθόνη", DOZE_SUSPEND
06-08 15:41:36.032 826 826 W SurfaceFlingerInspector: Slow frame composition: xiaomi f4 41 prepareFrame took 180 ms
06-08 15:41:36.076 1757 2248 W BaseMiuiPhoneWindowManager: keyCode:26 down:true eventTime:6768704 downTime:6768704 policyFlags:2000000 flags:8 deviceId:7 isScreenOn:false keyguardActive:true repeatCount:0
06-08 15:41:36.078 1757 2248 E systemui_boost: render-thread tid = 0, do not boost
06-08 15:41:36.079 1757 1757 I FingerprintService: onChange enter 1deal:false
06-08 15:41:36.083 1757 2248 I WindowManager: wakeup return eventTime: 6768704 result: 6768705
06-08 15:41:36.087 1757 2248 I PowerManagerService: Waking up from Dozing (uid=1000, reason=WAKE_REASON_POWER_BUTTON, details=android.policy:POWER)...
06-08 15:41:36.088 1757 1757 W UsageStatsService: Event reported without a package name, eventType:15
06-08 15:41:36.089 1757 1757 I WindowManager: Started waking up... (why=ON_BECAUSE_OF_USER)
06-08 15:41:36.096 1757 2248 W BaseMiuiPhoneWindowManager: keyCode:26 down:false eventTime:6768745 downTime:6768704 policyFlags:22000000 flags:8 deviceId:7 isScreenOn:true keyguardActive:true repeatCount:0
06-08 15:41:36.109 1757 1757 I FingerprintService: onChange enter 0deal:false
06-08 15:41:36.114 1757 1757 D StorageManagerService: Get the action of screen on
06-08 15:41:36.122 520 30195 D vold : The trim thread is not running
06-08 15:41:36.122 520 30195 D vold : idle maintenance stopped
06-08 15:41:36.126 1112 1112 I wificond: Pno scan stopped
06-08 15:41:36.133 1757 2036 D AutomaticBrightnessControllerInjector: setLightSensorEnabled: false
06-08 15:41:36.133 1757 2036 D AutomaticBrightnessControllerInjector: res: 1.5
06-08 15:41:36.134 1757 2036 D AutomaticBrightnessControllerInjector: AmbientLux=1.5, mAmbientDarkeningThreshold=0.14999999, mAmbientBrighteningThreshold=3.5, angle_xy2horizon=71.07599
06-08 15:41:36.134 1757 2036 D AutomaticBrightnessController: updateAutoBrightness: mScreenAutoBrightness=-1, newScreenAutoBrightness=60
06-08 15:41:36.134 1757 2036 D AutomaticBrightnessControllerInjector: skip debounce!
06-08 15:41:36.134 1757 2036 D AutomaticBrightnessControllerInjector: AmbientLux=1.5, mAmbientDarkeningThreshold=0.14999999, mAmbientBrighteningThreshold=3.5, angle_xy2horizon=71.07599
06-08 15:41:36.134 1757 2036 D AutomaticBrightnessControllerInjector: setAccSensorEnabled enable
06-08 15:41:36.146 1757 1757 V LocationPolicy: Screen state changed
06-08 15:41:36.146 1757 2036 D AutomaticBrightnessControllerInjector: setMotionSensorEnabled enable
06-08 15:41:36.153 2353 2353 I miui_face: start face unlock
06-08 15:41:36.154 2353 2353 I MiuiGxzwOverlayView: upldate overlay view alpha: 0.657
06-08 15:41:36.155 2353 2353 I MiuiGxzwViewIcon: setGxzwIconOpaque
06-08 15:41:36.164 1757 2036 D AutomaticBrightnessTouchHelper: touch pointer listener has registered!
06-08 15:41:36.165 1757 2036 V DisplayPowerController: Brightness [60] reason changing to: 'automatic', previous reason: 'doze'.
06-08 15:41:36.165 1757 1757 V SettingsProvider: Notifying for 0: content://settings/system/screen_brightness
06-08 15:41:36.166 1757 1757 V SettingsProvider: Notifying for 0: content://settings/system/contrast_alpha
06-08 15:41:36.166 1757 1924 D WindowManager: updateContrast : content://settings/system/contrast_alpha
06-08 15:41:36.166 1757 2328 D LocalDisplayAdapter: setDisplayState(id=19261101167563905, state=DOZE)
06-08 15:41:36.166 1757 1924 I WindowManager: updateContrastOverlay, darkmode: false isContrastEnabled: true alpha: 0.3441868
06-08 15:41:36.167 1757 1924 I DisplayManagerService: Display device changed state: "Ενσωματωμένη οθόνη", ON
06-08 15:41:36.172 2353 3040 I miui_face: start verify time=19
06-08 15:41:36.172 2353 3040 D FaceManagerImpl_client: authenticate mServiceReceiver:android.hardware.miuiface.MiuiFaceManagerImpl$2@5696c5f
06-08 15:41:36.172 4030 4147 D miui.face.FaceService: authenticate, packName: com.android.systemui receiver:android.os.BinderProxy@cb84e0 timeout:5000
06-08 15:41:36.173 4030 4121 D miui.face.transplant: FaceUnlockManager setRunOutTime timeout:5000
06-08 15:41:36.173 4030 4121 D miui.face.FaceService: authen mFaceUnlockView:android.view.TextureView{989c85c V.ED..... ........ 0,0-0,0} texture:android.graphics.SurfaceTexture@dde8765
06-08 15:41:36.173 4030 4121 D miui.face.transplant: sdk version=sensetime_3.3.22.729-pro-d8376db
06-08 15:41:36.173 4030 4121 D miui.face.FaceService: miui.face.timeline, onFaceStart, ServicePrepareTime:1
06-08 15:41:36.181 1757 2328 D LocalDisplayAdapter: setDisplayState(id=19261101167563905, state=ON)
06-08 15:41:36.210 4030 4121 D miui.face.transplant: miui.face.timeline, open camera succeed time=37
06-08 15:41:36.211 1757 2223 I MiuiKnockGestureService: gamemode close knock feature
06-08 15:41:36.211 1757 2223 I MiuiKnockGestureService: native feature not merge
06-08 15:41:36.229 2353 2353 D miui_face: onFaceAuthStart
06-08 15:41:36.245 1757 2036 W PowerManagerService: Screen on took 266 ms
06-08 15:41:36.245 1757 2036 I DreamManagerService: Gently waking up from dream.
06-08 15:41:36.246 1757 1921 I DreamManagerService: Performing gentle wake from dream.
06-08 15:41:36.247 3203 3203 V DreamService[DozeService]: wakeUp(): fromSystem=true, mWaking=false, mFinished=false
06-08 15:41:36.247 3203 3203 V DreamService[DozeService]: finish(): mFinished=false
06-08 15:41:36.248 1757 2223 I DreamManagerService: Leaving dreamland.
06-08 15:41:36.249 1757 1757 I WindowManager: Finished waking up... (why=ON_BECAUSE_OF_USER)
06-08 15:41:36.249 1757 1921 I DreamManagerService: Performing gentle wake from dream.
06-08 15:41:36.249 1757 1921 I DreamController: Stopping dream: name=ComponentInfo{com.miui.aod/com.miui.aod.doze.DozeService}, isTest=false, canDoze=true, userId=0
06-08 15:41:36.263 3203 3203 V DreamService[DozeService]: detach(): Calling onDreamingStopped()
06-08 15:41:36.263 3203 3203 V DreamService[DozeService]: onDreamingStopped()
06-08 15:41:36.279 826 911 W EventThreadInspector: slow VSync-sf on display(19261101167563905), count=3, avg=70 ms, max=179 ms.
06-08 15:41:36.279 826 910 W EventThreadInspector: slow VSync-app on display(19261101167563905), count=39, avg=30 ms, max=31 ms.
06-08 15:41:36.282 1757 2240 W ActivityManager: Background start not allowed: service Intent { flg=0x4 cmp=pl.zdunex25.updater/.ReminderService (has extras) } to pl.zdunex25.updater/.ReminderService from pid=-1 uid=10101 pkg=pl.zdunex25.updater startFg?=false
06-08 15:41:36.284 3203 3203 V DreamService[DozeService]: finish(): mFinished=true
06-08 15:41:36.284 3203 3203 V DreamService[DozeService]: onDestroy()
06-08 15:41:36.290 2353 2767 D NetworkController.MobileSignalController(1): onServiceStateChanged slotId=0 subId=1 voiceState=0 dataState=0 FiveGConnected= false dataType= 3
06-08 15:41:36.313 826 826 W SurfaceFlingerInspector: Slow frame composition: xiaomi f4 41 doComposition took 63 ms
06-08 15:41:36.336 2353 2767 D NetworkController.MobileSignalController(1): onServiceStateChanged slotId=0 subId=1 voiceState=0 dataState=0 FiveGConnected= false dataType= 3
06-08 15:41:36.389 1757 1955 D ProcessManager: add audio active uid : 10189
06-08 15:41:36.411 826 911 W EventThreadInspector: slow VSync-sf on display(19261101167563905), count=2, avg=30 ms, max=30 ms.
06-08 15:41:36.523 2353 3040 I miui_face: authenCallback, onAuthenticationHelp helpCode:5 helpString:未检测到人脸
06-08 15:41:36.529 2353 2353 D miui_face: onHelp=Αδυναμία αναγνώρισης
06-08 15:41:36.606 2353 3040 I miui_face: authenCallback, onAuthenticationHelp helpCode:5 helpString:未检测到人脸
06-08 15:41:36.612 2353 2353 D miui_face: onHelp=Αδυναμία αναγνώρισης
06-08 15:41:36.633 1757 2860 E NotificationService: Error creating vibration waveform with pattern: [0]
06-08 15:41:36.704 2353 3040 I miui_face: authenCallback, onAuthenticationHelp helpCode:5 helpString:未检测到人脸
06-08 15:41:36.709 2353 2353 D miui_face: onHelp=Αδυναμία αναγνώρισης
06-08 15:41:36.780 2353 2353 I KeyguardViewMediator: event.values[0]=0.0
06-08 15:41:36.780 2353 2353 I KeyguardViewMediator: keyguard_screen_off_reason:elliptic sensor too close
06-08 15:41:36.781 1757 2860 I PowerManagerService: Going to sleep due to application (uid 1000)...
06-08 15:41:36.781 1757 1757 W UsageStatsService: Event reported without a package name, eventType:16
06-08 15:41:36.782 1757 1757 I set_top_app: success /proc/2353/top_app:0
06-08 15:41:36.783 1757 1757 I set_top_app: success /proc/2748/top_app:0
06-08 15:41:36.783 1757 1757 I WindowManager: Started going to sleep... (why=OFF_BECAUSE_OF_USER)
06-08 15:41:36.790 1757 2036 E ColorFade: Unable to create surface.
06-08 15:41:36.790 1757 2036 E ColorFade: android.view.Surface$OutOfResourcesException
06-08 15:41:36.790 1757 2036 E ColorFade: at android.view.SurfaceControl.nativeCreate(Native Method)
06-08 15:41:36.790 1757 2036 E ColorFade: at android.view.SurfaceControl.(Unknown Source:166)
06-08 15:41:36.790 1757 2036 E ColorFade: at android.view.SurfaceControl.(Unknown Source:0)
06-08 15:41:36.790 1757 2036 E ColorFade: at android.view.SurfaceControl$Builder.build(Unknown Source:44)
06-08 15:41:36.790 1757 2036 E ColorFade: at com.android.server.display.ColorFade.createSurface(Unknown Source:49)
06-08 15:41:36.790 1757 2036 E ColorFade: at com.android.server.display.ColorFade.prepare(Unknown Source:26)
06-08 15:41:36.790 1757 2036 E ColorFade: at com.android.server.display.DisplayPowerState.prepareColorFade(Unknown Source:6)
06-08 15:41:36.790 1757 2036 E ColorFade: at com.android.server.display.DisplayPowerController.animateScreenStateChange(Unknown Source:340)
06-08 15:41:36.790 1757 2036 E ColorFade: at com.android.server.display.DisplayPowerController.updatePowerState(Unknown Source:220)
06-08 15:41:36.790 1757 2036 E ColorFade: at com.android.server.display.DisplayPowerController.access$600(Unknown Source:0)
06-08 15:41:36.790 1757 2036 E ColorFade: at com.android.server.display.DisplayPowerController$DisplayControllerHandler.handleMessage(Unknown Source:146)
06-08 15:41:36.790 1757 2036 E ColorFade: at android.os.Handler.dispatchMessage(Unknown Source:19)
06-08 15:41:36.790 1757 2036 E ColorFade: at android.os.Looper.loop(Unknown Source:242)
06-08 15:41:36.790 1757 2036 E ColorFade: at android.os.HandlerThread.run(Unknown Source:28)
06-08 15:41:36.790 1757 2036 E ColorFade: at com.android.server.ServiceThread.run(Unknown Source:12)
06-08 15:41:36.791 1757 2036 I DisplayPowerController: Blocking screen off
06-08 15:41:36.792 1757 2036 I DisplayPowerController: Unblocked screen off after 0 ms
06-08 15:41:36.804 1757 2036 I WindowManager: Screen turned off...
06-08 15:41:36.810 1757 2036 D AutomaticBrightnessControllerInjector: setLightSensorEnabled: true
06-08 15:41:36.811 1757 2036 D AutomaticBrightnessControllerInjector: res: 3.8249998
06-08 15:41:36.811 1757 2036 D AutomaticBrightnessControllerInjector: setAccSensorEnabled disable
06-08 15:41:36.813 1757 2036 D AutomaticBrightnessControllerInjector: setMotionSensorEnabled disable
06-08 15:41:36.815 2353 2353 I miui_face: stop face unlock
06-08 15:41:36.816 2353 3040 D FaceManagerImpl_client: cancelAuthentication
06-08 15:41:36.817 4030 4147 D miui.face.FaceService: cancelAuthenticate, packName: com.android.systemui
