06-08 10:07:45.751 2353 2353 I MiuiGxzwOverlayView: upldate overlay view alpha: 0.0
06-08 10:07:45.953 1757 2303 I chatty : uid=1000(system) ScreenEffectThr expire 2 lines
06-08 10:07:45.955 1757 1757 I chatty : uid=1000 system_server expire 2 lines
06-08 10:07:45.985 2353 6140 W KeyguardViewMediator: doKeyguard: showing the lock screen
06-08 10:07:46.074 1757 1955 I chatty : uid=1000(system) android.bg expire 2 lines
06-08 10:07:46.098 2353 2353 V KeyguardDisplayManager: show
06-08 10:07:46.743 1757 9212 I chatty : uid=1000(system) Binder:1757_1A expire 4 lines
06-08 10:07:46.761 1757 8943 I chatty : uid=1000(system) Binder:1757_16 expire 2 lines
06-08 10:07:46.771 1757 2957 I chatty : uid=1000(system) Binder:1757_A expire 1 line
06-08 10:07:46.790 1757 9221 I chatty : uid=1000(system) Binder:1757_1B expire 1 line
06-08 10:07:46.791 1757 2272 I chatty : uid=1000(system) ConnectivitySer expire 2 lines
06-08 10:07:46.805 1757 9199 I chatty : uid=1000(system) Binder:1757_19 expire 6 lines
06-08 10:07:46.815 1757 9190 I chatty : uid=1000(system) Binder:1757_17 expire 7 lines
06-08 10:07:46.879 1757 1924 I chatty : uid=1000(system) android.display expire 10 lines
06-08 10:07:46.931 1757 2860 I chatty : uid=1000(system) Binder:1757_9 expire 6 lines
06-08 10:07:47.482 826 910 W EventThreadInspector: slow VSync-app on display(19261101167563905), count=12, avg=20 ms, max=32 ms.
06-08 10:07:47.647 826 910 W EventThreadInspector: slow VSync-app on display(19261101167563905), count=1, avg=31 ms, max=31 ms.
06-08 10:07:47.681 2353 2353 I MiuiGxzwViewIcon: setGxzwIconTransparent
06-08 10:07:47.686 2353 2353 I MiuiGxzwViewIcon: turnOffScreen
06-08 10:07:48.305 826 910 W EventThreadInspector: slow VSync-app on display(19261101167563905), count=12, avg=22 ms, max=31 ms.
06-08 10:07:48.371 826 911 W EventThreadInspector: slow VSync-sf on display(19261101167563905), count=60, avg=29 ms, max=48 ms.
06-08 10:07:48.535 826 911 W EventThreadInspector: slow VSync-sf on display(19261101167563905), count=2, avg=31 ms, max=32 ms.
06-08 10:07:48.535 826 910 W EventThreadInspector: slow VSync-app on display(19261101167563905), count=2, avg=31 ms, max=31 ms.
06-08 10:07:48.865 826 910 W EventThreadInspector: slow VSync-app on display(19261101167563905), count=1, avg=31 ms, max=31 ms.
06-08 10:07:49.194 826 911 W EventThreadInspector: slow VSync-sf on display(19261101167563905), count=13, avg=27 ms, max=32 ms.
06-08 10:07:49.259 826 910 W EventThreadInspector: slow VSync-app on display(19261101167563905), count=8, avg=27 ms, max=32 ms.
06-08 10:07:49.261 1757 1957 I chatty : uid=1000(system) ActivityManager expire 17 lines
06-08 10:07:49.556 826 910 W EventThreadInspector: slow VSync-app on display(19261101167563905), count=1, avg=32 ms, max=32 ms.
06-08 10:07:49.774 1757 8942 I chatty : uid=1000(system) Binder:1757_15 expire 9 lines
06-08 10:07:50.148 826 910 W EventThreadInspector: slow VSync-app on display(19261101167563905), count=13, avg=30 ms, max=32 ms.
06-08 10:07:51.266 826 911 W EventThreadInspector: slow VSync-sf on display(19261101167563905), count=60, avg=32 ms, max=32 ms.
06-08 10:07:51.433 1757 2056 I chatty : uid=1000(system) PackageManager expire 84 lines
06-08 10:07:52.188 826 910 W EventThreadInspector: slow VSync-app on display(19261101167563905), count=60, avg=30 ms, max=32 ms.
06-08 10:07:53.066 1757 3741 I chatty : uid=1000(system) backup-0 expire 18 lines
06-08 10:07:53.192 1757 1757 I chatty : uid=1000 system_server expire 17 lines
06-08 10:07:53.240 826 911 W EventThreadInspector: slow VSync-sf on display(19261101167563905), count=60, avg=32 ms, max=32 ms.
06-08 10:07:53.981 520 520 D vold : Remounting 10236 as mode default
06-08 10:07:54.032 1757 2282 I chatty : uid=1000(system) LocationPolicy expire 1 line
06-08 10:07:54.035 1757 2293 I chatty : uid=1000(system) miui.fg expire 1 line
06-08 10:07:54.037 1757 1956 I chatty : uid=1000(system) ActivityManager expire 15 lines
06-08 10:07:54.046 1757 16893 I chatty : uid=1000 system_server expire 2 lines
06-08 10:07:54.161 826 910 W EventThreadInspector: slow VSync-app on display(19261101167563905), count=60, avg=30 ms, max=33 ms.
06-08 10:07:54.178 1757 1923 I chatty : uid=1000(system) android.io expire 1 line
06-08 10:07:54.219 1757 1922 I chatty : uid=1000(system) android.ui expire 1 line
06-08 10:07:54.224 1757 1921 I chatty : uid=1000(system) android.fg expire 3 lines
06-08 10:07:54.293 826 910 W EventThreadInspector: slow VSync-app on display(19261101167563905), count=1, avg=31 ms, max=31 ms.
06-08 10:07:54.323 1757 16937 I chatty : uid=1000 system_server expire 1 line
06-08 10:07:54.326 4340 4340 I Timeline: Timeline: Activity_launch_request time:1672915
06-08 10:07:54.327 1757 2732 I chatty : uid=1000(system) Binder:1757_7 expire 3 lines
06-08 10:07:54.760 1757 2223 I chatty : uid=1000(system) Binder:1757_3 expire 1 line
06-08 10:07:54.833 16875 16955 I SystemConfig: Adding association: com.google.android.as <- com.android.providers.contacts
06-08 10:07:54.833 16875 16955 I SystemConfig: Adding association: com.google.android.as <- com.android.providers.media
06-08 10:07:54.833 16875 16955 I SystemConfig: Adding association: com.google.android.as <- com.android.providers.telephony
06-08 10:07:54.833 16875 16955 I SystemConfig: Adding association: com.google.android.as <- com.android.systemui
06-08 10:07:54.833 16875 16955 I SystemConfig: Adding association: com.google.android.as <- com.google.android.gms
06-08 10:07:54.833 16875 16955 I SystemConfig: Adding association: com.google.android.as <- com.google.android.gsf
06-08 10:07:54.928 16875 16955 W SystemConfig: No directory /product_services/etc/sysconfig, skipping
06-08 10:07:54.928 16875 16955 W SystemConfig: No directory /product_services/etc/permissions, skipping
06-08 10:07:55.240 1757 2328 I chatty : uid=1000(system) PhotonicModulat expire 10 lines
06-08 10:07:55.252 16979 16979 I SystemConfig: Adding association: com.google.android.as <- com.android.providers.contacts
06-08 10:07:55.252 16979 16979 I SystemConfig: Adding association: com.google.android.as <- com.android.providers.media
06-08 10:07:55.252 16979 16979 I SystemConfig: Adding association: com.google.android.as <- com.android.providers.telephony
06-08 10:07:55.252 16979 16979 I SystemConfig: Adding association: com.google.android.as <- com.android.systemui
06-08 10:07:55.252 16979 16979 I SystemConfig: Adding association: com.google.android.as <- com.google.android.gms
06-08 10:07:55.253 16979 16979 I SystemConfig: Adding association: com.google.android.as <- com.google.android.gsf
06-08 10:07:55.281 16979 16979 W SystemConfig: No directory /product_services/etc/sysconfig, skipping
06-08 10:07:55.281 16979 16979 W SystemConfig: No directory /product_services/etc/permissions, skipping
06-08 10:07:55.283 1757 9228 I chatty : uid=1000(system) Binder:1757_1D expire 14 lines
06-08 10:07:55.312 826 911 W EventThreadInspector: slow VSync-sf on display(19261101167563905), count=59, avg=31 ms, max=32 ms.
06-08 10:07:55.659 1757 9230 I chatty : uid=1000(system) Binder:1757_1F expire 6 lines
06-08 10:07:56.170 17012 17012 I SystemConfig: Adding association: com.google.android.as <- com.android.providers.contacts
06-08 10:07:56.170 17012 17012 I SystemConfig: Adding association: com.google.android.as <- com.android.providers.media
06-08 10:07:56.170 17012 17012 I SystemConfig: Adding association: com.google.android.as <- com.android.providers.telephony
06-08 10:07:56.170 17012 17012 I SystemConfig: Adding association: com.google.android.as <- com.android.systemui
06-08 10:07:56.170 17012 17012 I SystemConfig: Adding association: com.google.android.as <- com.google.android.gms
06-08 10:07:56.170 17012 17012 I SystemConfig: Adding association: com.google.android.as <- com.google.android.gsf
06-08 10:07:56.189 17012 17012 W SystemConfig: No directory /product_services/etc/sysconfig, skipping
06-08 10:07:56.189 17012 17012 W SystemConfig: No directory /product_services/etc/permissions, skipping
06-08 10:07:58.998 1757 2733 I chatty : uid=1000(system) Binder:1757_8 expire 3 lines
06-08 10:07:59.030 826 911 W EventThreadInspector: slow VSync-sf on display(19261101167563905), count=27, avg=31 ms, max=32 ms.
06-08 10:08:00.245 826 910 W EventThreadInspector: slow VSync-app on display(19261101167563905), count=60, avg=27 ms, max=32 ms.
06-08 10:08:00.532 1757 7934 I chatty : uid=1000(system) Binder:1757_13 expire 1 line
06-08 10:08:03.880 1757 1957 I chatty : uid=1000(system) ActivityManager expire 2 lines
06-08 10:08:20.245 2353 2353 I MiuiGxzwViewIcon: detect device put up
06-08 10:08:20.245 2353 2353 I MiuiGxzwViewIcon: setGxzwIconOpaque
06-08 10:08:20.267 1757 1924 I chatty : uid=1000(system) android.display expire 4 lines
06-08 10:08:22.141 1757 1757 I chatty : uid=1000 system_server expire 7 lines
06-08 10:08:22.143 2353 2353 I MiuiGxzwTouchHelper: onTouch: originalAction = ACTION_DOWN, action = ACTION_DOWN, x = 86,000000, y = 187,000000, pressure = 2048,000000, area = 9,000000
06-08 10:08:22.179 2353 2353 I MiuiGxzwHightlightContainer: show highlight view
06-08 10:08:22.180 2353 2353 I MiuiGxzwOverlayView: upldate overlay view alpha: 0.657
06-08 10:08:22.305 826 910 W EventThreadInspector: slow VSync-app on display(19261101167563905), count=59, avg=30 ms, max=38 ms.
06-08 10:08:22.306 826 826 W SurfaceFlingerInspector: Slow frame composition: xiaomi f4 41 doComposition took 63 ms
06-08 10:08:22.519 826 911 W EventThreadInspector: slow VSync-sf on display(19261101167563905), count=18, avg=35 ms, max=212 ms.
06-08 10:08:22.601 2353 2353 I MiuiGxzwTouchHelper: onTouch: originalAction = ACTION_UP, action = ACTION_UP, x = 69,000000, y = 204,000000, pressure = 2048,000000, area = 6,000000
06-08 10:08:22.603 2353 2353 I MiuiGxzwOverlayView: upldate overlay view alpha: 0.0
06-08 10:08:22.607 2353 2353 I MiuiGxzwHightlightContainer: dismiss highlight view
06-08 10:08:22.942 1757 2328 I chatty : uid=1000(system) PhotonicModulat expire 3 lines
06-08 10:08:23.091 2353 2353 I miui_keyguard_fingerprint: onAuthenticationSucceeded: authUserId = 0
06-08 10:08:23.096 1757 1757 I chatty : uid=1000 system_server expire 10 lines
06-08 10:08:23.169 520 17247 D vold : The trim thread is not running
06-08 10:08:23.170 520 17247 D vold : idle maintenance stopped
06-08 10:08:23.186 1757 7934 I chatty : uid=1000(system) Binder:1757_13 expire 8 lines
06-08 10:08:23.187 2353 3726 I KeyguardViewMediator: call fw keyguardGoingAway: flags = 8
06-08 10:08:23.187 1757 2036 I chatty : uid=1000(system) PowerManagerSer expire 13 lines
06-08 10:08:23.191 2353 2353 I MiuiGxzwOverlayView: remove overlay view
06-08 10:08:23.194 1757 1925 I chatty : uid=1000(system) android.anim expire 11 lines
06-08 10:08:23.195 2353 3156 D DisplayFeatureManager: setScreenEffect mode=17 value=0 cookie=1
06-08 10:08:23.222 1757 9191 I chatty : uid=1000(system) Binder:1757_18 expire 3 lines
06-08 10:08:23.230 1757 9229 I chatty : uid=1000(system) Binder:1757_1E expire 2 lines
06-08 10:08:23.231 1757 1922 I chatty : uid=1000(system) android.ui expire 1 line
06-08 10:08:23.239 1757 1924 I chatty : uid=1000(system) android.display expire 14 lines
06-08 10:08:23.246 1757 8939 I chatty : uid=1000(system) Binder:1757_14 expire 11 lines
06-08 10:08:23.248 1757 1921 I chatty : uid=1000(system) android.fg expire 3 lines
06-08 10:08:23.254 1757 9228 I chatty : uid=1000(system) Binder:1757_1D expire 6 lines
06-08 10:08:23.265 2353 2353 E miui_face: start face unlock fail because device has unlocked
06-08 10:08:23.271 3203 3203 V DreamService[DozeService]: wakeUp(): fromSystem=true, mWaking=false, mFinished=false
06-08 10:08:23.271 3203 3203 V DreamService[DozeService]: finish(): mFinished=false
06-08 10:08:23.290 3203 3203 V DreamService[DozeService]: detach(): Calling onDreamingStopped()
06-08 10:08:23.290 3203 3203 V DreamService[DozeService]: onDreamingStopped()
06-08 10:08:23.301 1757 2617 I chatty : uid=1000(system) Binder:1757_6 expire 13 lines
06-08 10:08:23.309 1757 4531 I chatty : uid=1000(system) Binder:1757_11 expire 3 lines
06-08 10:08:23.323 3203 3203 V DreamService[DozeService]: finish(): mFinished=true
06-08 10:08:23.323 3203 3203 V DreamService[DozeService]: onDestroy()
06-08 10:08:23.339 1757 9230 I chatty : uid=1000(system) Binder:1757_1F expire 1 line
06-08 10:08:23.360 2353 2353 I KeyguardViewMediator: handleStartKeyguardExitAnimation startTime=1689200 fadeoutDuration=300
06-08 10:08:23.403 2353 2353 V KeyguardDisplayManager: hide
06-08 10:08:23.404 2353 2353 I miui_keyguard_fingerprint: fingerprint unlock time: wait fw call startKeyguardExitAnimation = 179 ms total = 249 ms
06-08 10:08:23.408 1757 1956 I chatty : uid=1000(system) ActivityManager expire 7 lines
06-08 10:08:23.408 1757 9221 I chatty : uid=1000(system) Binder:1757_1B expire 14 lines
06-08 10:08:23.411 4030 4030 D miui.face.FaceService: lock screen passed
06-08 10:08:23.412 4030 4121 D miui.face.FaceService: FaceAuthenHelper mReleaseIfAuthenticated Runnable run ... ...
06-08 10:08:23.412 4030 4121 D miui.face.FaceService: release memory... ...
06-08 10:08:23.466 2560 2698 E ActivityThread: Failed to find provider info for com.android.thememanager.set_lockwallpaper
06-08 10:08:23.550 1757 1955 I chatty : uid=1000(system) android.bg expire 2 lines
06-08 10:08:23.889 1757 1957 I chatty : uid=1000(system) ActivityManager expire 6 lines
06-08 10:08:24.081 1757 9199 I chatty : uid=1000(system) Binder:1757_19 expire 9 lines
06-08 10:08:26.334 1757 2266 I chatty : uid=1000(system) ClientModeImpl expire 10 lines
06-08 10:08:28.119 1757 1971 I chatty : uid=1000(system) batterystats-wo expire 4 lines
06-08 10:08:29.177 2560 2560 W ActivityThread: SCHED: com.miui.home/.launcher.Launcher [75, r=203ms, a=67ms, w=5894ms]
06-08 10:08:43.307 17072 17072 W ActivityThread: SCHED: com.android.vending/.AssetBrowserActivity [82, r=1267ms, a=264ms, w=13920ms]
06-08 10:08:43.315 1757 2293 I chatty : uid=1000(system) miui.fg expire 1 line
06-08 10:08:43.319 1757 1925 I chatty : uid=1000(system) android.anim expire 13 lines
06-08 10:08:43.349 1757 2617 I chatty : uid=1000(system) Binder:1757_6 expire 7 lines
06-08 10:08:48.147 2560 2560 I Timeline: Timeline: Activity_launch_request time:1713996
06-08 10:08:48.175 2560 2560 W ActivityThread: SCHED: com.miui.home/.launcher.Launcher [70, r=267ms, a=113ms, w=4832ms]
06-08 10:08:48.260 1757 1924 I chatty : uid=1000(system) android.display expire 14 lines
06-08 10:08:48.461 1757 2377 I chatty : uid=1000(system) Binder:1757_5 expire 14 lines
06-08 10:08:48.716 17395 17395 W Looper : Slow Looper main: Activity com.google.android.dialer/.extensions.GoogleDialtactsActivity is 463ms late (wall=0ms running=0ms ClientTransaction{ callbacks=[android.app.servertransaction.TopResumedActivityChangeItem] }) because of 3 msg, msg 2 took 174ms (seq=2 running=97ms runnable=17ms io=6ms late=3ms h=android.app.ActivityThread$H w=110), msg 3 took 287ms (seq=3 running=177ms runnable=21ms io=18ms late=176ms h=android.app.ActivityThread$H w=159)
06-08 10:08:48.974 1757 2272 I chatty : uid=1000(system) ConnectivitySer expire 1 line
06-08 10:08:49.409 1757 1757 I chatty : uid=1000 system_server expire 13 lines
06-08 10:08:50.960 17395 17395 W ActivityThread: SCHED: com.google.android.dialer/.extensions.GoogleDialtactsActivity [85, r=122ms, a=21ms, w=2298ms]
06-08 10:08:51.210 17483 17483 I SystemConfig: Adding association: com.google.android.as <- com.android.providers.contacts
06-08 10:08:51.210 17483 17483 I SystemConfig: Adding association: com.google.android.as <- com.android.providers.media
06-08 10:08:51.210 17483 17483 I SystemConfig: Adding association: com.google.android.as <- com.android.providers.telephony
06-08 10:08:51.210 17483 17483 I SystemConfig: Adding association: com.google.android.as <- com.android.systemui
06-08 10:08:51.210 17483 17483 I SystemConfig: Adding association: com.google.android.as <- com.google.android.gms
06-08 10:08:51.210 17483 17483 I SystemConfig: Adding association: com.google.android.as <- com.google.android.gsf
06-08 10:08:51.216 17483 17483 W SystemConfig: No directory /product_services/etc/sysconfig, skipping
06-08 10:08:51.216 17483 17483 W SystemConfig: No directory /product_services/etc/permissions, skipping
06-08 10:08:51.302 2353 15269 I KeyguardViewMediator: setOccluded true
06-08 10:08:54.016 17483 17483 W ActivityThread: SCHED: com.lbe.security.miui/com.android.packageinstaller.permission.ui.GrantPermissionsActivity [53, r=63ms, a=54ms, w=2727ms]
06-08 10:08:54.024 2353 2371 I KeyguardViewMediator: setOccluded false
06-08 10:08:54.026 2353 2353 E miui_face: start face unlock fail, mKeyguardShowing=false;isDeviceInteractive=true
06-08 10:08:56.733 1757 2266 I chatty : uid=1000(system) ClientModeImpl expire 7 lines
06-08 10:09:02.974 1757 3562 I chatty : uid=1000(system) Binder:1757_B expire 4 lines
06-08 10:09:03.110 1757 1803 I chatty : uid=1000(system) Binder:1757_1 expire 2 lines
06-08 10:09:03.117 1757 8939 I chatty : uid=1000(system) Binder:1757_14 expire 2 lines
06-08 10:09:03.149 1757 2860 I chatty : uid=1000(system) Binder:1757_9 expire 3 lines
06-08 10:09:03.368 1757 4962 I chatty : uid=1000(system) first_use_threa expire 2 lines
06-08 10:09:12.729 1757 2036 I chatty : uid=1000(system) PowerManagerSer expire 15 lines
06-08 10:09:17.277 4030 4147 D miui.face.FaceService: preInitAuth, com.android.systemui ok
06-08 10:09:17.278 4030 4147 D miui.face.FaceService: onPreInit curMonitor:com.miui.face.util.ClientMonitor@5dee4c8 hasInit: true
06-08 10:09:17.317 1757 1924 I chatty : uid=1000(system) android.display expire 12 lines
06-08 10:09:17.329 2353 3156 D DisplayFeatureManager: setScreenEffect mode=17 value=1 cookie=1
06-08 10:09:17.446 2353 2353 I MiuiGxzwOverlayView: add overlay view: mLayoutParams.alpha = 0.657
06-08 10:09:17.629 2353 3156 D DisplayFeatureManager: setScreenEffect mode=17 value=1 cookie=1
06-08 10:09:17.673 17395 17395 W ActivityThread: SCHED: com.google.android.dialer/.extensions.GoogleDialtactsActivity [86, r=249ms, a=39ms, w=23635ms]
06-08 10:09:17.880 1757 1921 I chatty : uid=1000(system) android.fg expire 4 lines
06-08 10:09:17.912 3203 3203 V DreamService[DozeService]: onCreate()
06-08 10:09:17.936 3203 3203 V DreamService[DozeService]: onBind() intent = Intent { act=android.service.dreams.DreamService flg=0x800000 cmp=com.miui.aod/.doze.DozeService }
06-08 10:09:17.940 3203 3203 V DreamService[DozeService]: Calling onDreamingStarted()
06-08 10:09:17.940 3203 3203 V DreamService[DozeService]: onDreamingStarted()
06-08 10:09:17.992 1757 2860 I chatty : uid=1000(system) Binder:1757_9 expire 8 lines
06-08 10:09:18.071 1757 2266 I chatty : uid=1000(system) ClientModeImpl expire 13 lines
06-08 10:09:18.323 1757 2036 I chatty : uid=1000(system) PowerManagerSer expire 12 lines
06-08 10:09:18.324 2353 2369 W KeyguardViewMediator: notifyScreenOn
06-08 10:09:18.324 2353 2353 W KeyguardViewMediator: handleNotifyScreenTurningOn
06-08 10:09:18.325 2353 2353 W KeyguardViewMediator: notifyDrawn
06-08 10:09:18.325 1757 1803 I chatty : uid=1000(system) Binder:1757_1 expire 6 lines
06-08 10:09:18.325 1757 1922 I chatty : uid=1000(system) android.ui expire 6 lines
06-08 10:09:18.331 1757 2328 I chatty : uid=1000(system) PhotonicModulat expire 8 lines
06-08 10:09:18.368 2353 2353 I MiuiGxzwOverlayView: upldate overlay view alpha: 0.0
06-08 10:09:18.531 1757 2303 I chatty : uid=1000(system) ScreenEffectThr expire 2 lines
06-08 10:09:18.533 1757 1757 I chatty : uid=1000 system_server expire 13 lines
06-08 10:09:18.553 2353 2371 W KeyguardViewMediator: doKeyguard: showing the lock screen
06-08 10:09:18.619 1757 7934 I chatty : uid=1000(system) Binder:1757_13 expire 2 lines
06-08 10:09:18.625 1757 1955 I chatty : uid=1000(system) android.bg expire 4 lines
06-08 10:09:18.689 2353 2353 V KeyguardDisplayManager: show
06-08 10:09:18.758 1757 4531 I chatty : uid=1000(system) Binder:1757_11 expire 10 lines
06-08 10:09:18.858 1757 9230 I chatty : uid=1000(system) Binder:1757_1F expire 3 lines
06-08 10:09:19.225 1757 2301 I chatty : uid=1000(system) ProcessManager expire 2 lines
06-08 10:09:20.153 1757 4296 I chatty : uid=1000(system) Binder:1757_10 expire 8 lines
06-08 10:09:20.329 2353 2353 I MiuiGxzwViewIcon: setGxzwIconTransparent
06-08 10:09:20.336 2353 2353 I MiuiGxzwViewIcon: turnOffScreen
06-08 10:09:43.317 826 911 W EventThreadInspector: slow VSync-sf on display(19261101167563905), count=5, avg=24 ms, max=43 ms.
06-08 10:09:43.343 1757 1924 I chatty : uid=1000(system) android.display expire 12 lines
06-08 10:09:43.346 2353 2353 I MiuiGxzwTouchHelper: onTouch: originalAction = ACTION_DOWN, action = ACTION_DOWN, x = 133,000000, y = 65,000000, pressure = 2048,000000, area = 12,000000
06-08 10:09:43.351 2353 2353 I MiuiGxzwViewIcon: setGxzwIconOpaque
06-08 10:09:43.357 2353 2353 I MiuiGxzwHightlightContainer: show highlight view
06-08 10:09:43.357 2353 2353 I MiuiGxzwOverlayView: upldate overlay view alpha: 0.657
06-08 10:09:43.359 2353 2353 I MiuiGxzwTouchHelper: onTouch: originalAction = ACTION_UP, action = ACTION_UP, x = 123,000000, y = 72,000000, pressure = 2048,000000, area = 9,000000
06-08 10:09:43.360 2353 2353 I MiuiGxzwOverlayView: upldate overlay view alpha: 0.0
06-08 10:09:43.360 2353 2353 I MiuiGxzwHightlightContainer: dismiss highlight view
06-08 10:09:43.367 1757 1971 I chatty : uid=1000(system) batterystats-wo expire 2 lines
06-08 10:09:43.371 1757 5166 I chatty : uid=1000(system) Binder:1757_12 expire 4 lines
06-08 10:09:44.785 2353 2353 I MiuiGxzwTouchHelper: onTouch: originalAction = ACTION_DOWN, action = ACTION_DOWN, x = 163,000000, y = 184,000000, pressure = 2048,000000, area = 9,000000
06-08 10:09:44.789 2353 2353 I MiuiGxzwHightlightContainer: show highlight view
06-08 10:09:44.790 2353 2353 I MiuiGxzwOverlayView: upldate overlay view alpha: 0.657
06-08 10:09:44.809 826 911 W EventThreadInspector: slow VSync-sf on display(19261101167563905), count=5, avg=28 ms, max=43 ms.
06-08 10:09:44.908 826 826 W SurfaceFlingerInspector: Slow frame composition: xiaomi f4 41 doComposition took 63 ms
06-08 10:09:44.908 826 910 W EventThreadInspector: slow VSync-app on display(19261101167563905), count=26, avg=26 ms, max=48 ms.
06-08 10:09:45.056 826 910 W EventThreadInspector: slow VSync-app on display(19261101167563905), count=1, avg=31 ms, max=31 ms.
06-08 10:09:45.089 826 911 W EventThreadInspector: slow VSync-sf on display(19261101167563905), count=5, avg=28 ms, max=32 ms.
06-08 10:09:45.159 2353 2353 I MiuiGxzwTouchHelper: onTouch: originalAction = ACTION_UP, action = ACTION_UP, x = 146,000000, y = 184,000000, pressure = 2048,000000, area = 6,000000
06-08 10:09:45.160 2353 2353 I MiuiGxzwOverlayView: upldate overlay view alpha: 0.0
06-08 10:09:45.164 2353 2353 I MiuiGxzwHightlightContainer: dismiss highlight view
06-08 10:09:45.192 2353 2353 I miui_keyguard_fingerprint: onAuthenticationSucceeded: authUserId = 0
06-08 10:09:45.193 1757 8942 I chatty : uid=1000(system) Binder:1757_15 expire 13 lines
06-08 10:09:45.193 1757 1757 I chatty : uid=1000 system_server expire 7 lines
06-08 10:09:45.226 520 17663 D vold : The trim thread is not running
06-08 10:09:45.226 520 17663 D vold : idle maintenance stopped
06-08 10:09:45.240 1757 2036 I chatty : uid=1000(system) PowerManagerSer expire 3 lines
06-08 10:09:45.292 2353 2353 E miui_face: start face unlock fail because device has unlocked
06-08 10:09:45.293 3203 3203 V DreamService[DozeService]: wakeUp(): fromSystem=true, mWaking=false, mFinished=false
06-08 10:09:45.293 3203 3203 V DreamService[DozeService]: finish(): mFinished=false
06-08 10:09:45.294 2353 2353 I MiuiGxzwOverlayView: upldate overlay view alpha: 0.657
06-08 10:09:45.335 2353 3726 I KeyguardViewMediator: call fw keyguardGoingAway: flags = 8
06-08 10:09:45.338 1757 9231 I chatty : uid=1000(system) Binder:1757_20 expire 10 lines
06-08 10:09:45.340 1757 1925 I chatty : uid=1000(system) android.anim expire 10 lines
06-08 10:09:45.342 1757 2617 I chatty : uid=1000(system) Binder:1757_6 expire 2 lines
06-08 10:09:45.350 3203 3203 V DreamService[DozeService]: detach(): Calling onDreamingStopped()
06-08 10:09:45.350 3203 3203 V DreamService[DozeService]: onDreamingStopped()
06-08 10:09:45.357 2353 2353 I MiuiGxzwOverlayView: remove overlay view
06-08 10:09:45.363 3203 3203 V DreamService[DozeService]: finish(): mFinished=true
06-08 10:09:45.363 3203 3203 V DreamService[DozeService]: onDestroy()
06-08 10:09:45.364 2353 3156 D DisplayFeatureManager: setScreenEffect mode=17 value=0 cookie=1
06-08 10:09:45.373 1757 8939 I chatty : uid=1000(system) Binder:1757_14 expire 4 lines
06-08 10:09:45.388 1757 2377 I chatty : uid=1000(system) Binder:1757_5 expire 4 lines
06-08 10:09:45.419 1757 1809 I chatty : uid=1000(system) Binder:1757_2 expire 1 line
06-08 10:09:45.431 2353 2767 D NetworkController.MobileSignalController(1): onServiceStateChanged slotId=0 subId=1 voiceState=0 dataState=0 FiveGConnected= false dataType= 13
06-08 10:09:45.454 2353 2353 I KeyguardViewMediator: handleStartKeyguardExitAnimation startTime=1750146 fadeoutDuration=300
06-08 10:09:45.524 2353 2353 V KeyguardDisplayManager: hide
06-08 10:09:45.526 2353 2353 I miui_keyguard_fingerprint: fingerprint unlock time: wait fw call startKeyguardExitAnimation = 148 ms total = 280 ms
06-08 10:09:45.533 1757 9199 I chatty : uid=1000(system) Binder:1757_19 expire 2 lines
06-08 10:09:45.551 4030 4030 D miui.face.FaceService: lock screen passed
06-08 10:09:45.556 4030 4121 D miui.face.FaceService: FaceAuthenHelper mReleaseIfAuthenticated Runnable run ... ...
06-08 10:09:45.556 4030 4121 D miui.face.FaceService: release memory... ...
06-08 10:09:45.560 2560 2772 E ActivityThread: Failed to find provider info for com.android.thememanager.set_lockwallpaper
06-08 10:09:45.575 1757 1957 I chatty : uid=1000(system) ActivityManager expire 10 lines
06-08 10:09:45.605 2353 2767 D NetworkController.MobileSignalController(1): onServiceStateChanged slotId=0 subId=1 voiceState=0 dataState=0 FiveGConnected= false dataType= 13
06-08 10:09:45.949 1757 2732 I chatty : uid=1000(system) Binder:1757_7 expire 1 line
06-08 10:09:45.951 1757 1956 I chatty : uid=1000(system) ActivityManager expire 10 lines
06-08 10:09:48.335 3777 3805 W MiuiPerfServiceClient: interceptAndQueuing:2353|com.android.systemui|807|144|unknown|null|StatusBar|1750741921309|Slow main thread|25
06-08 10:09:53.328 17395 17395 I Timeline: Timeline: Activity_launch_request time:1758024
06-08 10:09:53.376 1757 9228 I chatty : uid=1000(system) Binder:1757_1D expire 9 lines
06-08 10:09:53.389 17395 17395 W ActivityThread: SCHED: com.google.android.dialer/.extensions.GoogleDialtactsActivity [77, r=128ms, a=37ms, w=7986ms]
06-08 10:09:58.899 17727 17727 W ActivityThread: SCHED: android/com.android.internal.app.ResolverActivity [90, r=822ms, a=91ms, w=5280ms]
06-08 10:09:59.110 1757 1925 I chatty : uid=1000(system) android.anim expire 10 lines
06-08 10:10:03.765 17777 17777 E LoadedApk: Unable to instantiate appComponentFactory
06-08 10:10:03.765 17777 17777 E LoadedApk: java.lang.ClassNotFoundException: Didn't find class "androidx.core.app.CoreComponentFactory" on path: DexPathList[[zip file "/data/app/com.facebook.orca-KdDU1f0ycqQXI6q3CPqygw==/base.apk"],nativeLibraryDirectories=[/data/app/com.facebook.orca-KdDU1f0ycqQXI6q3CPqygw==/lib/arm64, /data/app/com.facebook.orca-KdDU1f0ycqQXI6q3CPqygw==/base.apk!/lib/arm64-v8a, /system/lib64, /system/product/lib64]]
06-08 10:10:03.765 17777 17777 E LoadedApk: at dalvik.system.BaseDexClassLoader.findClass(BaseDexClassLoader.java:230)
06-08 10:10:03.765 17777 17777 E LoadedApk: at java.lang.ClassLoader.loadClass(ClassLoader.java:379)
06-08 10:10:03.765 17777 17777 E LoadedApk: at java.lang.ClassLoader.loadClass(ClassLoader.java:312)
06-08 10:10:03.765 17777 17777 E LoadedApk: at android.app.LoadedApk.createAppFactory(Unknown Source:8)
06-08 10:10:03.765 17777 17777 E LoadedApk: at android.app.LoadedApk.createOrUpdateClassLoaderLocked(Unknown Source:425)
06-08 10:10:03.765 17777 17777 E LoadedApk: at android.app.LoadedApk.getClassLoader(Unknown Source:6)
06-08 10:10:03.765 17777 17777 E LoadedApk: at android.app.LoadedApk.getResources(Unknown Source:29)
06-08 10:10:03.765 17777 17777 E LoadedApk: at android.app.ContextImpl.createAppContext(Unknown Source:17)
06-08 10:10:03.765 17777 17777 E LoadedApk: at android.app.ContextImpl.createAppContext(Unknown Source:1)
06-08 10:10:03.765 17777 17777 E LoadedApk: at android.app.ActivityThread.handleBindApplication(Unknown Source:790)
06-08 10:10:03.765 17777 17777 E LoadedApk: at android.app.ActivityThread.access$1400(Unknown Source:0)
06-08 10:10:03.765 17777 17777 E LoadedApk: at android.app.ActivityThread$H.handleMessage(Unknown Source:710)
06-08 10:10:03.765 17777 17777 E LoadedApk: at android.os.Handler.dispatchMessage(Unknown Source:19)
06-08 10:10:03.765 17777 17777 E LoadedApk: at android.os.Looper.loop(Unknown Source:242)
06-08 10:10:03.765 17777 17777 E LoadedApk: at android.app.ActivityThread.main(Unknown Source:98)
06-08 10:10:03.765 17777 17777 E LoadedApk: at java.lang.reflect.Method.invoke(Native Method)
06-08 10:10:03.765 17777 17777 E LoadedApk: at com.android.internal.os.RuntimeInit$MethodAndArgsCaller.run(Unknown Source:11)
06-08 10:10:03.765 17777 17777 E LoadedApk: at com.android.internal.os.ZygoteInit.main(Unknown Source:275)
06-08 10:10:04.599 17777 17777 W Looper : Slow Looper main: Long Msg: seq=2 plan=10:10:03.585 late=4ms wall=1010ms running=238ms runnable=22ms io=109ms h=android.app.ActivityThread$H w=110
06-08 10:10:05.502 10800 10800 W ActivityThread: SCHED: com.google.android.contacts/com.google.android.apps.contacts.quickcontact.QuickContactActivity [83, r=314ms, a=64ms, w=6454ms]
06-08 10:10:05.514 1757 4531 I chatty : uid=1000(system) Binder:1757_11 expire 1 line
06-08 10:10:05.521 1757 8942 I chatty : uid=1000(system) Binder:1757_15 expire 9 lines
06-08 10:10:10.051 17395 17395 W ActivityThread: SCHED: com.google.android.dialer/.extensions.GoogleDialtactsActivity [74, r=58ms, a=20ms, w=4505ms]
06-08 10:10:10.080 1757 1924 I chatty : uid=1000(system) android.display expire 9 lines
06-08 10:10:20.721 1757 3562 I chatty : uid=1000(system) Binder:1757_B expire 3 lines
06-08 10:10:24.688 2560 2560 I Timeline: Timeline: Activity_launch_request time:1789384
06-08 10:10:24.717 2560 2560 W ActivityThread: SCHED: com.miui.home/.launcher.Launcher [76, r=856ms, a=264ms, w=14645ms]
06-08 10:10:24.750 1757 2266 I chatty : uid=1000(system) ClientModeImpl expire 3 lines
06-08 10:10:24.765 1757 1957 I chatty : uid=1000(system) ActivityManager expire 4 lines
06-08 10:10:24.794 1757 1925 I chatty : uid=1000(system) android.anim expire 10 lines
06-08 10:10:25.130 17952 17952 W Looper : Slow Looper main: Activity com.android.contacts/.activities.TwelveKeyDialer is 340ms late (wall=0ms running=0ms ClientTransaction{ callbacks=[android.app.servertransaction.TopResumedActivityChangeItem] }) because of 3 msg, msg 2 took 151ms (seq=2 running=75ms runnable=8ms io=56ms late=5ms h=android.app.ActivityThread$H w=110), msg 3 took 185ms (seq=3 running=70ms runnable=8ms io=18ms late=156ms h=android.app.ActivityThread$H w=159)
06-08 10:10:32.845 17952 17952 W ActivityThread: SCHED: com.android.contacts/.activities.TwelveKeyDialer [89, r=921ms, a=112ms, w=7732ms]
06-08 10:10:32.857 1757 3562 I chatty : uid=1000(system) Binder:1757_B expire 10 lines
06-08 10:10:32.859 1757 1924 I chatty : uid=1000(system) android.display expire 14 lines
06-08 10:10:32.879 1757 9230 I chatty : uid=1000(system) Binder:1757_1F expire 11 lines
06-08 10:10:32.892 1757 9231 I chatty : uid=1000(system) Binder:1757_20 expire 4 lines
06-08 10:10:33.469 1757 1956 I chatty : uid=1000(system) ActivityManager expire 31 lines
06-08 10:10:33.859 1757 2266 I chatty : uid=1000(system) ClientModeImpl expire 11 lines
06-08 10:10:35.391 1757 1971 I chatty : uid=1000(system) batterystats-wo expire 8 lines
06-08 10:10:35.549 2560 2560 I Timeline: Timeline: Activity_launch_request time:1800245
06-08 10:10:35.570 2560 2560 W ActivityThread: SCHED: com.miui.home/.launcher.Launcher [64, r=100ms, a=56ms, w=2700ms]
06-08 10:10:35.582 1757 1925 I chatty : uid=1000(system) android.anim expire 12 lines
06-08 10:10:35.642 1757 9221 I chatty : uid=1000(system) Binder:1757_1B expire 3 lines
06-08 10:10:36.081 1757 3835 I chatty : uid=1000(system) Binder:1757_D expire 5 lines
06-08 10:10:36.962 17952 17952 W ActivityThread: SCHED: com.android.contacts/.activities.TwelveKeyDialer [71, r=206ms, a=82ms, w=1334ms]
06-08 10:10:43.920 717 717 E android.hardware.wifi@1.0-service: Error deleting file: Permission denied
06-08 10:10:43.920 717 717 I chatty : uid=1010 wifi@1.0-servic identical 1 line
06-08 10:10:43.920 717 717 E android.hardware.wifi@1.0-service: Error deleting file: Permission denied
06-08 10:10:43.920 717 717 E android.hardware.wifi@1.0-service: Error occurred while deleting old tombstone files
06-08 10:10:43.920 717 717 E android.hardware.wifi@1.0-service: Error writing files to flash
06-08 10:10:43.958 1757 2272 I chatty : uid=1000(system) ConnectivitySer expire 54 lines
06-08 10:10:43.995 1757 9222 I chatty : uid=1000(system) Binder:1757_1C expire 1 line
06-08 10:10:44.577 602 1387 E NetlinkEvent: NetlinkEvent::FindParam(): Parameter 'INTERFACE' not found
06-08 10:10:44.577 602 1387 E NetlinkEvent: NetlinkEvent::FindParam(): Parameter 'STATE' not found
06-08 10:10:44.577 602 1387 E NetlinkEvent: NetlinkEvent::FindParam(): Parameter 'TIME_NS' not found
06-08 10:10:44.577 602 1387 E NetlinkEvent: NetlinkEvent::FindParam(): Parameter 'UID' not found
06-08 10:10:44.675 1757 2860 I chatty : uid=1000(system) Binder:1757_9 expire 1 line
06-08 10:10:45.033 2353 2767 D NetworkController.MobileSignalController(1): onServiceStateChanged slotId=0 subId=1 voiceState=0 dataState=0 FiveGConnected= false dataType= 13
06-08 10:10:45.890 1757 9199 I chatty : uid=1000(system) Binder:1757_19 expire 2 lines
06-08 10:10:46.219 1757 1955 I chatty : uid=1000(system) android.bg expire 4 lines
06-08 10:10:46.862 1112 1112 W wificond: Scan is not started. Ignore abort request
06-08 10:10:46.885 1757 9228 I chatty : uid=1000(system) Binder:1757_1D expire 4 lines
06-08 10:10:49.119 1757 1809 I chatty : uid=1000(system) Binder:1757_2 expire 1 line
06-08 10:10:49.140 602 1387 E NetlinkEvent: NetlinkEvent::FindParam(): Parameter 'INTERFACE' not found
06-08 10:10:49.140 602 1387 E NetlinkEvent: NetlinkEvent::FindParam(): Parameter 'STATE' not found
06-08 10:10:49.140 602 1387 E NetlinkEvent: NetlinkEvent::FindParam(): Parameter 'TIME_NS' not found
06-08 10:10:49.140 602 1387 E NetlinkEvent: NetlinkEvent::FindParam(): Parameter 'UID' not found
06-08 10:10:51.345 1757 1924 I chatty : uid=1000(system) android.display expire 5 lines
06-08 10:10:51.585 1757 2056 I chatty : uid=1000(system) PackageManager expire 3 lines
06-08 10:10:51.619 1757 1757 I chatty : uid=1000 system_server expire 10 lines
06-08 10:10:51.666 1757 1921 I chatty : uid=1000(system) android.fg expire 4 lines
06-08 10:10:51.669 1757 2287 I chatty : uid=1000(system) Binder:1757_4 expire 3 lines
06-08 10:10:51.672 1757 9190 I chatty : uid=1000(system) Binder:1757_17 expire 1 line
06-08 10:10:51.771 1757 1957 I chatty : uid=1000(system) ActivityManager expire 10 lines
06-08 10:10:51.784 1757 2282 I chatty : uid=1000(system) LocationPolicy expire 2 lines
06-08 10:10:51.788 1757 18256 I chatty : uid=1000 system_server expire 1 line
06-08 10:10:51.855 1757 4296 I chatty : uid=1000(system) Binder:1757_10 expire 1 line
06-08 10:10:52.650 1757 2301 I chatty : uid=1000(system) ProcessManager expire 1 line
06-08 10:10:54.331 1757 3562 I chatty : uid=1000(system) Binder:1757_B expire 12 lines
06-08 10:11:01.095 2353 2353 I MiuiChargeManager: notifyBatteryStatusChanged: status: 3 isPlugged: 0 level: 99 wireState: -1 chargeSpeed: 0 mWiredChargeType: 0 mWirelessChargeType: 0 chargeDeviceType: -1
06-08 10:11:01.105 5199 5199 D PowerChecker_Service: battery status = 3 plug = 0 level = 99
06-08 10:11:01.270 1757 2957 I chatty : uid=1000(system) Binder:1757_A expire 1 line
06-08 10:11:02.212 1757 2266 I chatty : uid=1000(system) ClientModeImpl expire 12 lines
06-08 10:11:12.835 2353 2767 D NetworkController.MobileSignalController(1): onServiceStateChanged slotId=0 subId=1 voiceState=0 dataState=0 FiveGConnected= false dataType= 13
06-08 10:11:25.507 1757 1956 I chatty : uid=1000(system) ActivityManager expire 1 line
06-08 10:11:28.652 1757 2036 I chatty : uid=1000(system) PowerManagerSer expire 3 lines
06-08 10:11:29.743 1757 1757 I chatty : uid=1000 system_server expire 4 lines
06-08 10:11:30.834 1757 8939 I chatty : uid=1000(system) Binder:1757_14 expire 1 line
06-08 10:11:37.150 17777 18654 I Timeline: Timeline: Activity_launch_request time:1861846
06-08 10:11:37.177 2560 2560 W ActivityThread: SCHED: com.miui.home/.launcher.Launcher [77, r=1733ms, a=517ms, w=60189ms]
06-08 10:11:37.238 17777 17777 I Timeline: Timeline: Activity_launch_request time:1861934
06-08 10:11:37.271 17777 17777 I Timeline: Timeline: Activity_launch_request time:1861967
06-08 10:11:37.313 1757 3838 I chatty : uid=1000(system) Binder:1757_F expire 13 lines
06-08 10:11:37.313 17777 17777 W ActivityThread: SCHED: com.facebook.orca/com.facebook.messenger.intents.SecureIntentHandlerActivity [65, r=13ms, a=7ms, w=43ms]
06-08 10:11:37.405 1757 1757 I chatty : uid=1000 system_server expire 12 lines
06-08 10:11:37.405 1757 1924 I chatty : uid=1000(system) android.display expire 11 lines
06-08 10:11:37.420 6955 14271 D FaceManagerImpl_client: authenticate mServiceReceiver:android.hardware.miuiface.MiuiFaceManagerImpl$2@f4a4206
06-08 10:11:37.420 4030 4147 D miui.face.FaceService: authenticate, packName: com.miui.securitycenter receiver:android.os.BinderProxy@f7841f1 timeout:5000
06-08 10:11:37.421 4030 4121 D miui.face.transplant: FaceUnlockManager setRunOutTime timeout:5000
06-08 10:11:37.421 4030 4121 D miui.face.FaceService: authen mFaceUnlockView:android.view.TextureView{44c8961 V.ED..... ........ 0,0-0,0} texture:android.graphics.SurfaceTexture@8783c86
06-08 10:11:37.422 2353 3156 D DisplayFeatureManager: setScreenEffect mode=17 value=1 cookie=1
06-08 10:11:37.425 4030 4121 D miui.face.transplant: sdk version=sensetime_3.3.22.729-pro-d8376db
06-08 10:11:37.425 4030 4121 D miui.face.FaceService: miui.face.timeline, onFaceStart, ServicePrepareTime:5
06-08 10:11:37.430 2353 3156 D DisplayFeatureManager: setScreenEffect mode=17 value=1 cookie=1
06-08 10:11:37.446 1757 9230 I chatty : uid=1000(system) Binder:1757_1F expire 12 lines
06-08 10:11:37.504 2353 2353 I MiuiGxzwOverlayView: add overlay view: mLayoutParams.alpha = 0.1406515
06-08 10:11:37.519 4030 4121 D miui.face.transplant: miui.face.timeline, open camera succeed time=94
06-08 10:11:37.624 1757 1957 I chatty : uid=1000(system) ActivityManager expire 10 lines
06-08 10:11:37.728 18698 18698 E LoadedApk: Unable to instantiate appComponentFactory
06-08 10:11:37.728 18698 18698 E LoadedApk: java.lang.ClassNotFoundException: Didn't find class "androidx.core.app.CoreComponentFactory" on path: DexPathList[[zip file "/data/app/com.facebook.orca-KdDU1f0ycqQXI6q3CPqygw==/base.apk"],nativeLibraryDirectories=[/data/app/com.facebook.orca-KdDU1f0ycqQXI6q3CPqygw==/lib/arm64, /data/app/com.facebook.orca-KdDU1f0ycqQXI6q3CPqygw==/base.apk!/lib/arm64-v8a, /system/lib64, /system/product/lib64]]
06-08 10:11:37.728 18698 18698 E LoadedApk: at dalvik.system.BaseDexClassLoader.findClass(BaseDexClassLoader.java:230)
06-08 10:11:37.728 18698 18698 E LoadedApk: at java.lang.ClassLoader.loadClass(ClassLoader.java:379)
06-08 10:11:37.728 18698 18698 E LoadedApk: at java.lang.ClassLoader.loadClass(ClassLoader.java:312)
06-08 10:11:37.728 18698 18698 E LoadedApk: at android.app.LoadedApk.createAppFactory(Unknown Source:8)
06-08 10:11:37.728 18698 18698 E LoadedApk: at android.app.LoadedApk.createOrUpdateClassLoaderLocked(Unknown Source:425)
06-08 10:11:37.728 18698 18698 E LoadedApk: at android.app.LoadedApk.getClassLoader(Unknown Source:6)
06-08 10:11:37.728 18698 18698 E LoadedApk: at android.app.LoadedApk.getResources(Unknown Source:29)
06-08 10:11:37.728 18698 18698 E LoadedApk: at android.app.ContextImpl.createAppContext(Unknown Source:17)
06-08 10:11:37.728 18698 18698 E LoadedApk: at android.app.ContextImpl.createAppContext(Unknown Source:1)
06-08 10:11:37.728 18698 18698 E LoadedApk: at android.app.ActivityThread.handleBindApplication(Unknown Source:790)
06-08 10:11:37.728 18698 18698 E LoadedApk: at android.app.ActivityThread.access$1400(Unknown Source:0)
06-08 10:11:37.728 18698 18698 E LoadedApk: at android.app.ActivityThread$H.handleMessage(Unknown Source:710)
06-08 10:11:37.728 18698 18698 E LoadedApk: at android.os.Handler.dispatchMessage(Unknown Source:19)
06-08 10:11:37.728 18698 18698 E LoadedApk: at android.os.Looper.loop(Unknown Source:242)
06-08 10:11:37.728 18698 18698 E LoadedApk: at android.app.ActivityThread.main(Unknown Source:98)
06-08 10:11:37.728 18698 18698 E LoadedApk: at java.lang.reflect.Method.invoke(Native Method)
06-08 10:11:37.728 18698 18698 E LoadedApk: at com.android.internal.os.RuntimeInit$MethodAndArgsCaller.run(Unknown Source:11)
06-08 10:11:37.728 18698 18698 E LoadedApk: at com.android.internal.os.ZygoteInit.main(Unknown Source:275)
06-08 10:11:37.824 4030 4121 W BpBinder: Slow Binder: BpBinder transact took 293ms, interface=android.hardware.camera2.ICameraDeviceUser, code=6 oneway=false
06-08 10:11:38.047 4030 4147 D miui.face.FaceService: miui.face.timeline, onAuthenticate All Time:627 , id:123456
06-08 10:11:38.047 4030 4121 D miui.face.FaceService: FaceAuthenHelper mReleaseIfAuthenticated Runnable run ... ...
06-08 10:11:38.047 4030 4121 D miui.face.FaceService: release memory... ...
06-08 10:11:38.048 4030 4147 D miui.face.FaceService: Done with client: com.miui.securitycenter
06-08 10:11:38.066 6955 6955 W ActivityThread: SCHED: com.miui.securitycenter/com.miui.applicationlock.ConfirmAccessControl [62, r=20ms, a=12ms, w=655ms]
06-08 10:11:38.070 1757 3743 I chatty : uid=1000(system) Binder:1757_C expire 8 lines
06-08 10:11:38.077 1757 1925 I chatty : uid=1000(system) android.anim expire 13 lines
06-08 10:11:38.109 2353 2353 I MiuiGxzwOverlayView: remove overlay view
06-08 10:11:38.111 1757 3562 I chatty : uid=1000(system) Binder:1757_B expire 8 lines
06-08 10:11:38.118 2353 3156 D DisplayFeatureManager: setScreenEffect mode=17 value=0 cookie=1
06-08 10:11:38.139 1757 5166 I chatty : uid=1000(system) Binder:1757_12 expire 9 lines
06-08 10:11:38.242 4030 4121 D miui.face.transplant: Camera2Util, close camera
06-08 10:11:38.477 17777 17777 W Activity: Slow Operation: Activity com.facebook.orca/com.facebook.messenger.neue.MainActivity onStart took 356ms
06-08 10:11:38.554 17777 17777 W Looper : Slow Looper main: Activity com.facebook.orca/com.facebook.messenger.neue.MainActivity is 479ms late (wall=0ms running=0ms ClientTransaction{ callbacks=[android.app.servertransaction.TopResumedActivityChangeItem] }) because of 3 msg, msg 1 took 480ms (seq=1194 running=353ms runnable=54ms io=27ms h=android.app.ActivityThread$H w=159)
06-08 10:11:38.571 3777 5973 W MiuiPerfServiceClient: interceptAndQueuing:2353|com.android.systemui|1070|191|unknown|null|StatusBar|1863186643662|Slow handle traversal|48
06-08 10:11:38.727 1757 2266 I chatty : uid=1000(system) ClientModeImpl expire 12 lines
06-08 10:11:40.719 17777 18765 E ActivityThread: Failed to find provider info for com.facebook.katana.provider.AttributionIdProvider
06-08 10:11:42.638 1757 1956 I chatty : uid=1000(system) ActivityManager expire 3 lines
06-08 10:11:45.972 1757 9228 I chatty : uid=1000(system) Binder:1757_1D expire 7 lines
06-08 10:11:51.095 2353 2767 D NetworkController.MobileSignalController(1): onServiceStateChanged slotId=0 subId=1 voiceState=0 dataState=0 FiveGConnected= false dataType= 13
06-08 10:11:52.186 1757 2293 I chatty : uid=1000(system) miui.fg expire 1 line
06-08 10:11:52.190 17777 17777 W ActivityThread: SCHED: com.facebook.orca/com.facebook.messenger.neue.MainActivity [90, r=1212ms, a=123ms, w=13711ms]
06-08 10:11:52.198 1757 2957 I chatty : uid=1000(system) Binder:1757_A expire 4 lines
06-08 10:11:52.201 1757 3838 I chatty : uid=1000(system) Binder:1757_F expire 11 lines
06-08 10:11:55.482 9930 9930 I Ad : isPersonalizedAdEnabled getAdSettings: 2
06-08 10:11:55.488 9930 10000 I Ad : isPersonalizedAdEnabled getAdSettings: 2
06-08 10:11:55.493 9930 10001 E ActivityThread: Failed to find provider info for com.android.browser.searchengine
06-08 10:11:55.680 9930 9930 I Ad : isPersonalizedAdEnabled getAdSettings: 2
06-08 10:11:55.686 9930 18872 I Ad : isPersonalizedAdEnabled getAdSettings: 2
06-08 10:11:55.752 9930 10000 W BpBinder: Slow Binder: BpBinder transact took 225ms, interface=android.app.IActivityManager, code=20 oneway=false
06-08 10:11:55.790 1757 1757 I chatty : uid=1000 system_server expire 10 lines
06-08 10:11:55.967 18835 18835 I SystemConfig: Adding association: com.google.android.as <- com.android.providers.contacts
06-08 10:11:55.967 18835 18835 I SystemConfig: Adding association: com.google.android.as <- com.android.providers.media
06-08 10:11:55.967 18835 18835 I SystemConfig: Adding association: com.google.android.as <- com.android.providers.telephony
06-08 10:11:55.967 18835 18835 I SystemConfig: Adding association: com.google.android.as <- com.android.systemui
06-08 10:11:55.967 18835 18835 I SystemConfig: Adding association: com.google.android.as <- com.google.android.gms
06-08 10:11:55.967 18835 18835 I SystemConfig: Adding association: com.google.android.as <- com.google.android.gsf
06-08 10:11:55.976 18835 18835 W SystemConfig: No directory /product_services/etc/sysconfig, skipping
06-08 10:11:55.976 18835 18835 W SystemConfig: No directory /product_services/etc/permissions, skipping
06-08 10:11:55.987 9930 9977 W BpBinder: Slow Binder: BpBinder transact took 498ms, interface=android.app.IActivityManager, code=20 oneway=false
06-08 10:11:56.538 9930 10001 E ActivityThread: Failed to find provider info for com.android.browser.searchengine
06-08 10:11:56.541 9930 9930 I Ad : isPersonalizedAdEnabled getAdSettings: 2
06-08 10:11:56.543 9930 18904 I Ad : isPersonalizedAdEnabled getAdSettings: 2
06-08 10:11:57.499 9930 18871 I Ad : isPersonalizedAdEnabled getAdSettings: 2
06-08 10:11:58.271 9930 18871 I Ad : isPersonalizedAdEnabled getAdSettings: 2
06-08 10:12:00.866 2560 2560 I Timeline: Timeline: Activity_launch_request time:1885563
06-08 10:12:00.914 2560 2560 W ActivityThread: SCHED: com.miui.home/.launcher.Launcher [70, r=227ms, a=96ms, w=8696ms]
06-08 10:12:00.923 1757 1925 I chatty : uid=1000(system) android.anim expire 3 lines
06-08 10:12:01.288 2353 2767 D NetworkController.MobileSignalController(1): onServiceStateChanged slotId=0 subId=1 voiceState=0 dataState=0 FiveGConnected= false dataType= 13
06-08 10:12:01.549 1757 8939 I chatty : uid=1000(system) Binder:1757_14 expire 6 lines
06-08 10:12:01.560 1757 1924 I chatty : uid=1000(system) android.display expire 3 lines
06-08 10:12:03.990 2353 2767 D NetworkController.MobileSignalController(1): onServiceStateChanged slotId=0 subId=1 voiceState=0 dataState=0 FiveGConnected= false dataType= 13
06-08 10:12:13.567 2353 2767 D NetworkController.MobileSignalController(1): onServiceStateChanged slotId=0 subId=1 voiceState=0 dataState=0 FiveGConnected= false dataType= 13
06-08 10:12:13.696 1757 2036 I chatty : uid=1000(system) PowerManagerSer expire 16 lines
06-08 10:12:15.126 1757 2266 I chatty : uid=1000(system) ClientModeImpl expire 13 lines
06-08 10:12:46.148 1757 3838 I chatty : uid=1000(system) Binder:1757_F expire 1 line
06-08 10:12:52.767 1757 2287 I chatty : uid=1000(system) Binder:1757_4 expire 4 lines
06-08 10:12:52.773 1757 2275 I chatty : uid=1000(system) NsdService expire 5 lines
06-08 10:12:52.818 1757 4296 I chatty : uid=1000(system) Binder:1757_10 expire 2 lines
06-08 10:12:52.892 1757 2272 I chatty : uid=1000(system) ConnectivitySer expire 1 line
06-08 10:12:53.066 1757 2732 I chatty : uid=1000(system) Binder:1757_7 expire 7 lines
06-08 10:12:53.121 1757 9222 I chatty : uid=1000(system) Binder:1757_1C expire 7 lines
06-08 10:12:53.898 19272 19272 W Looper : Slow Looper main: Long Msg: seq=2 plan=10:12:52.028 late=3ms wall=1867ms running=1317ms runnable=110ms io=180ms h=android.app.ActivityThread$H w=110
06-08 10:12:54.068 1757 2617 I chatty : uid=1000(system) Binder:1757_6 expire 6 lines
06-08 10:12:54.090 1757 1957 I chatty : uid=1000(system) ActivityManager expire 4 lines
06-08 10:12:54.642 1757 2266 I chatty : uid=1000(system) ClientModeImpl expire 37 lines
06-08 10:12:59.372 1757 8942 I chatty : uid=1000(system) Binder:1757_15 expire 1 line
06-08 10:13:24.425 1757 9212 I chatty : uid=1000(system) Binder:1757_1A expire 5 lines
06-08 10:14:24.598 1757 1971 I chatty : uid=1000(system) batterystats-wo expire 5 lines
06-08 10:14:46.330 2353 2767 D NetworkController.MobileSignalController(1): onServiceStateChanged slotId=0 subId=1 voiceState=0 dataState=0 FiveGConnected= false dataType= 13
06-08 10:14:46.828 1757 2266 I chatty : uid=1000(system) ClientModeImpl expire 21 lines
06-08 10:15:12.699 2353 2767 D NetworkController.MobileSignalController(1): onServiceStateChanged slotId=0 subId=1 voiceState=0 dataState=0 FiveGConnected= false dataType= 13
06-08 10:15:24.499 1757 9222 I chatty : uid=1000(system) Binder:1757_1C expire 10 lines
06-08 10:15:46.547 1757 2617 I chatty : uid=1000(system) Binder:1757_6 expire 11 lines
06-08 10:15:49.395 4107 16723 E ActivityThread: Failed to find provider info for com.miui.whetstone
06-08 10:15:50.261 1757 2266 I chatty : uid=1000(system) ClientModeImpl expire 12 lines
06-08 10:15:55.410 1757 1971 I chatty : uid=1000(system) batterystats-wo expire 7 lines
06-08 10:16:04.556 1757 2732 I chatty : uid=1000(system) Binder:1757_7 expire 14 lines
06-08 10:16:12.262 1757 9212 I chatty : uid=1000(system) Binder:1757_1A expire 3 lines
