06-08 13:17:52.779 2353 2767 D NetworkController.MobileSignalController(1): onServiceStateChanged slotId=0 subId=1 voiceState=0 dataState=0 FiveGConnected= false dataType= 13
06-08 13:17:53.120 2353 2767 D NetworkController.MobileSignalController(1): onServiceStateChanged slotId=0 subId=1 voiceState=0 dataState=0 FiveGConnected= false dataType= 13
06-08 13:18:01.330 4030 4147 D miui.face.FaceService: preInitAuth, com.android.systemui ok
06-08 13:18:01.331 4030 4147 D miui.face.FaceService: onPreInit curMonitor:com.miui.face.util.ClientMonitor@5571dff hasInit: true
06-08 13:18:01.406 2353 3156 D DisplayFeatureManager: setScreenEffect mode=17 value=1 cookie=1
06-08 13:18:01.506 2353 2353 I MiuiGxzwOverlayView: add overlay view: mLayoutParams.alpha = 0.657
06-08 13:18:01.706 2353 3156 D DisplayFeatureManager: setScreenEffect mode=17 value=1 cookie=1
06-08 13:18:01.753 2560 2560 W ActivityThread: SCHED: com.miui.home/.launcher.Launcher [54, r=84ms, a=70ms, w=15400ms]
06-08 13:18:01.759 1757 2036 I chatty : uid=1000(system) PowerManagerSer expire 12 lines
06-08 13:18:01.761 1757 1924 I chatty : uid=1000(system) android.display expire 13 lines
06-08 13:18:01.771 1757 2733 I chatty : uid=1000(system) Binder:1757_8 expire 3 lines
06-08 13:18:01.773 1757 2328 I chatty : uid=1000(system) PhotonicModulat expire 10 lines
06-08 13:18:01.948 1757 1921 I chatty : uid=1000(system) android.fg expire 5 lines
06-08 13:18:01.971 3203 3203 V DreamService[DozeService]: onCreate()
06-08 13:18:02.002 3203 3203 V DreamService[DozeService]: onBind() intent = Intent { act=android.service.dreams.DreamService flg=0x800000 cmp=com.miui.aod/.doze.DozeService }
06-08 13:18:02.005 3203 3203 V DreamService[DozeService]: Calling onDreamingStarted()
06-08 13:18:02.006 3203 3203 V DreamService[DozeService]: onDreamingStarted()
06-08 13:18:02.379 2353 15269 W KeyguardViewMediator: notifyScreenOn
06-08 13:18:02.379 2353 2353 W KeyguardViewMediator: handleNotifyScreenTurningOn
06-08 13:18:02.379 2353 2353 W KeyguardViewMediator: notifyDrawn
06-08 13:18:02.380 1757 1922 I chatty : uid=1000(system) android.ui expire 10 lines
06-08 13:18:02.427 2353 2353 I MiuiGxzwOverlayView: upldate overlay view alpha: 0.0
06-08 13:18:02.593 1757 2303 I chatty : uid=1000(system) ScreenEffectThr expire 4 lines
06-08 13:18:02.595 1757 1757 I chatty : uid=1000 system_server expire 11 lines
06-08 13:18:02.628 2353 15269 W KeyguardViewMediator: doKeyguard: showing the lock screen
06-08 13:18:02.630 1112 1112 I wificond: Pno scan started for frequencies: 2412, 2417, 2422, 2427, 2432, 2437, 2447, 2452, 2457, 2462, 5180, 5200, 5220, 5240, 5745, 5765, 5785, 5805,
06-08 13:18:02.630 1112 1112 W wificond: Scan aborted
06-08 13:18:02.678 1757 1955 I chatty : uid=1000(system) android.bg expire 3 lines
06-08 13:18:02.721 2353 2353 V KeyguardDisplayManager: show
06-08 13:18:02.792 1757 5166 I chatty : uid=1000(system) Binder:1757_12 expire 3 lines
06-08 13:18:02.799 1757 2860 I chatty : uid=1000(system) Binder:1757_9 expire 2 lines
06-08 13:18:03.279 1757 2301 I chatty : uid=1000(system) ProcessManager expire 1 line
06-08 13:18:04.285 826 910 W EventThreadInspector: slow VSync-app on display(19261101167563905), count=16, avg=22 ms, max=32 ms.
06-08 13:18:04.405 2353 2353 I MiuiGxzwViewIcon: setGxzwIconTransparent
06-08 13:18:04.414 2353 2353 I MiuiGxzwViewIcon: turnOffScreen
06-08 13:18:04.482 826 910 W EventThreadInspector: slow VSync-app on display(19261101167563905), count=2, avg=30 ms, max=30 ms.
06-08 13:18:05.073 826 910 W EventThreadInspector: slow VSync-app on display(19261101167563905), count=11, avg=26 ms, max=32 ms.
06-08 13:18:05.237 826 911 W EventThreadInspector: slow VSync-sf on display(19261101167563905), count=1, avg=31 ms, max=31 ms.
06-08 13:18:05.631 826 910 W EventThreadInspector: slow VSync-app on display(19261101167563905), count=8, avg=27 ms, max=31 ms.
06-08 13:18:05.796 826 911 W EventThreadInspector: slow VSync-sf on display(19261101167563905), count=4, avg=25 ms, max=31 ms.
06-08 13:18:08.716 1112 1112 W wificond: Scan aborted
06-08 13:18:19.588 1112 1112 W wificond: Scan aborted
06-08 13:18:29.004 1112 1112 W wificond: Scan aborted
06-08 13:18:39.147 1112 1112 W wificond: Scan aborted
06-08 13:18:44.518 1112 1112 W wificond: Scan aborted
06-08 13:18:45.187 1757 9212 I chatty : uid=1000(system) Binder:1757_1A expire 4 lines
06-08 13:18:45.217 1757 1956 I chatty : uid=1000(system) ActivityManager expire 2 lines
06-08 13:19:00.033 1757 2328 I chatty : uid=1000(system) PhotonicModulat expire 7 lines
06-08 13:19:00.034 1757 1924 I chatty : uid=1000(system) android.display expire 5 lines
06-08 13:19:00.072 1757 8943 I chatty : uid=1000(system) Binder:1757_16 expire 1 line
06-08 13:19:00.226 826 911 W EventThreadInspector: slow VSync-sf on display(19261101167563905), count=3, avg=25 ms, max=30 ms.
06-08 13:19:04.042 1757 9222 I chatty : uid=1000(system) Binder:1757_1C expire 2 lines
06-08 13:19:04.074 1757 2036 I chatty : uid=1000(system) PowerManagerSer expire 18 lines
06-08 13:19:04.077 520 23454 D vold : The trim thread is not running
06-08 13:19:04.078 520 23454 D vold : idle maintenance stopped
06-08 13:19:04.094 1112 1112 I wificond: Pno scan stopped
06-08 13:19:04.116 2353 2353 I miui_face: start face unlock
06-08 13:19:04.117 2353 2353 I MiuiGxzwOverlayView: upldate overlay view alpha: 0.657
06-08 13:19:04.118 2353 2353 I MiuiGxzwViewIcon: setGxzwIconOpaque
06-08 13:19:04.118 2353 3040 I miui_face: start verify time=2
06-08 13:19:04.118 2353 3040 D FaceManagerImpl_client: authenticate mServiceReceiver:android.hardware.miuiface.MiuiFaceManagerImpl$2@5696c5f
06-08 13:19:04.119 4030 4147 D miui.face.FaceService: authenticate, packName: com.android.systemui receiver:android.os.BinderProxy@cb84e0 timeout:5000
06-08 13:19:04.119 4030 4121 D miui.face.transplant: FaceUnlockManager setRunOutTime timeout:5000
06-08 13:19:04.120 4030 4121 D miui.face.FaceService: authen mFaceUnlockView:android.view.TextureView{375a7cc V.ED..... ........ 0,0-0,0} texture:android.graphics.SurfaceTexture@600ca15
06-08 13:19:04.120 4030 4121 D miui.face.transplant: sdk version=sensetime_3.3.22.729-pro-d8376db
06-08 13:19:04.120 4030 4121 D miui.face.FaceService: miui.face.timeline, onFaceStart, ServicePrepareTime:2
06-08 13:19:04.152 2353 2353 D miui_face: onFaceAuthStart
06-08 13:19:04.155 4030 4121 D miui.face.transplant: miui.face.timeline, open camera succeed time=35
06-08 13:19:04.182 3203 3203 V DreamService[DozeService]: wakeUp(): fromSystem=true, mWaking=false, mFinished=false
06-08 13:19:04.182 3203 3203 V DreamService[DozeService]: finish(): mFinished=false
06-08 13:19:04.184 3203 3203 V DreamService[DozeService]: detach(): Calling onDreamingStopped()
06-08 13:19:04.184 3203 3203 V DreamService[DozeService]: onDreamingStopped()
06-08 13:19:04.194 3203 3203 V DreamService[DozeService]: finish(): mFinished=true
06-08 13:19:04.194 3203 3203 V DreamService[DozeService]: onDestroy()
06-08 13:19:04.231 826 910 W EventThreadInspector: slow VSync-app on display(19261101167563905), count=56, avg=29 ms, max=32 ms.
06-08 13:19:04.263 826 911 W EventThreadInspector: slow VSync-sf on display(19261101167563905), count=1, avg=35 ms, max=35 ms.
06-08 13:19:04.472 2353 3040 I miui_face: authenCallback, onAuthenticationHelp helpCode:5 helpString:未检测到人脸
06-08 13:19:04.480 2353 2353 D miui_face: onHelp=Αδυναμία αναγνώρισης
06-08 13:19:04.537 2353 3040 I miui_face: authenCallback, onAuthenticationHelp helpCode:5 helpString:未检测到人脸
06-08 13:19:04.545 2353 2353 D miui_face: onHelp=Αδυναμία αναγνώρισης
06-08 13:19:04.597 2353 3040 I miui_face: authenCallback, onAuthenticationHelp helpCode:5 helpString:未检测到人脸
06-08 13:19:04.604 2353 2353 D miui_face: onHelp=Αδυναμία αναγνώρισης
06-08 13:19:04.653 2353 3040 I miui_face: authenCallback, onAuthenticationHelp helpCode:5 helpString:未检测到人脸
06-08 13:19:04.659 2353 2353 D miui_face: onHelp=Αδυναμία αναγνώρισης
06-08 13:19:04.720 2353 3040 I miui_face: authenCallback, onAuthenticationHelp helpCode:5 helpString:未检测到人脸
06-08 13:19:04.725 2353 2353 D miui_face: onHelp=Αδυναμία αναγνώρισης
06-08 13:19:04.731 2353 2353 I KeyguardViewMediator: event.values[0]=5.00003
06-08 13:19:04.776 2353 3040 I miui_face: authenCallback, onAuthenticationHelp helpCode:5 helpString:未检测到人脸
06-08 13:19:04.790 2353 2353 D miui_face: onHelp=Αδυναμία αναγνώρισης
06-08 13:19:04.840 2353 3040 I miui_face: authenCallback, onAuthenticationHelp helpCode:5 helpString:未检测到人脸
06-08 13:19:04.856 2353 2353 D miui_face: onHelp=Αδυναμία αναγνώρισης
06-08 13:19:04.908 2353 3040 I miui_face: authenCallback, onAuthenticationHelp helpCode:5 helpString:未检测到人脸
06-08 13:19:04.908 2353 2353 D miui_face: onHelp=Αδυναμία αναγνώρισης
06-08 13:19:04.975 2353 3040 I miui_face: authenCallback, onAuthenticationHelp helpCode:5 helpString:未检测到人脸
06-08 13:19:04.975 2353 2353 D miui_face: onHelp=Αδυναμία αναγνώρισης
06-08 13:19:05.041 2353 3040 I miui_face: authenCallback, onAuthenticationHelp helpCode:5 helpString:未检测到人脸
06-08 13:19:05.041 2353 2353 D miui_face: onHelp=Αδυναμία αναγνώρισης
06-08 13:19:05.106 2353 3040 I miui_face: authenCallback, onAuthenticationHelp helpCode:5 helpString:未检测到人脸
06-08 13:19:05.106 2353 2353 D miui_face: onHelp=Αδυναμία αναγνώρισης
06-08 13:19:05.165 3777 3801 W MiuiPerfServiceClient: interceptAndQueuing:2353|com.android.systemui|420|50|unknown|null|StatusBar|5629352395713|Slow issue draw commands|19
06-08 13:19:05.181 2353 3040 I miui_face: authenCallback, onAuthenticationHelp helpCode:5 helpString:未检测到人脸
06-08 13:19:05.181 2353 2353 D miui_face: onHelp=Αδυναμία αναγνώρισης
06-08 13:19:05.249 2353 3040 I miui_face: authenCallback, onAuthenticationHelp helpCode:5 helpString:未检测到人脸
06-08 13:19:05.249 2353 2353 D miui_face: onHelp=Αδυναμία αναγνώρισης
06-08 13:19:05.315 2353 3040 I miui_face: authenCallback, onAuthenticationHelp helpCode:5 helpString:未检测到人脸
06-08 13:19:05.315 2353 2353 D miui_face: onHelp=Αδυναμία αναγνώρισης
06-08 13:19:05.387 2353 3040 I miui_face: authenCallback, onAuthenticationHelp helpCode:5 helpString:未检测到人脸
06-08 13:19:05.387 2353 2353 D miui_face: onHelp=Αδυναμία αναγνώρισης
06-08 13:19:05.449 2353 3040 I miui_face: authenCallback, onAuthenticationHelp helpCode:5 helpString:未检测到人脸
06-08 13:19:05.449 2353 2353 D miui_face: onHelp=Αδυναμία αναγνώρισης
06-08 13:19:05.519 2353 3040 I miui_face: authenCallback, onAuthenticationHelp helpCode:5 helpString:未检测到人脸
06-08 13:19:05.520 2353 2353 D miui_face: onHelp=Αδυναμία αναγνώρισης
06-08 13:19:05.576 2353 3040 I miui_face: authenCallback, onAuthenticationHelp helpCode:5 helpString:未检测到人脸
06-08 13:19:05.576 2353 2353 D miui_face: onHelp=Αδυναμία αναγνώρισης
06-08 13:19:05.652 2353 3040 I miui_face: authenCallback, onAuthenticationHelp helpCode:5 helpString:未检测到人脸
06-08 13:19:05.652 2353 2353 D miui_face: onHelp=Αδυναμία αναγνώρισης
06-08 13:19:05.718 2353 3040 I miui_face: authenCallback, onAuthenticationHelp helpCode:5 helpString:未检测到人脸
06-08 13:19:05.718 2353 2353 D miui_face: onHelp=Αδυναμία αναγνώρισης
06-08 13:19:05.779 2353 3040 I miui_face: authenCallback, onAuthenticationHelp helpCode:5 helpString:未检测到人脸
06-08 13:19:05.779 2353 2353 D miui_face: onHelp=Αδυναμία αναγνώρισης
06-08 13:19:05.849 2353 3040 I miui_face: authenCallback, onAuthenticationHelp helpCode:5 helpString:未检测到人脸
06-08 13:19:05.849 2353 2353 D miui_face: onHelp=Αδυναμία αναγνώρισης
06-08 13:19:05.914 2353 3040 I miui_face: authenCallback, onAuthenticationHelp helpCode:5 helpString:未检测到人脸
06-08 13:19:05.914 2353 2353 D miui_face: onHelp=Αδυναμία αναγνώρισης
06-08 13:19:05.980 2353 3040 I miui_face: authenCallback, onAuthenticationHelp helpCode:5 helpString:未检测到人脸
06-08 13:19:05.980 2353 2353 D miui_face: onHelp=Αδυναμία αναγνώρισης
06-08 13:19:06.047 2353 3040 I miui_face: authenCallback, onAuthenticationHelp helpCode:5 helpString:未检测到人脸
06-08 13:19:06.048 2353 2353 D miui_face: onHelp=Αδυναμία αναγνώρισης
06-08 13:19:06.115 2353 3040 I miui_face: authenCallback, onAuthenticationHelp helpCode:5 helpString:未检测到人脸
06-08 13:19:06.116 2353 2353 D miui_face: onHelp=Αδυναμία αναγνώρισης
06-08 13:19:06.183 2353 3040 I miui_face: authenCallback, onAuthenticationHelp helpCode:5 helpString:未检测到人脸
06-08 13:19:06.184 2353 2353 D miui_face: onHelp=Αδυναμία αναγνώρισης
06-08 13:19:06.254 2353 3040 I miui_face: authenCallback, onAuthenticationHelp helpCode:5 helpString:未检测到人脸
06-08 13:19:06.255 2353 2353 D miui_face: onHelp=Αδυναμία αναγνώρισης
06-08 13:19:06.310 2353 3040 I miui_face: authenCallback, onAuthenticationHelp helpCode:5 helpString:未检测到人脸
06-08 13:19:06.311 2353 2353 D miui_face: onHelp=Αδυναμία αναγνώρισης
06-08 13:19:06.380 2353 3040 I miui_face: authenCallback, onAuthenticationHelp helpCode:5 helpString:未检测到人脸
06-08 13:19:06.380 2353 2353 D miui_face: onHelp=Αδυναμία αναγνώρισης
06-08 13:19:06.446 2353 3040 I miui_face: authenCallback, onAuthenticationHelp helpCode:5 helpString:未检测到人脸
06-08 13:19:06.446 2353 2353 D miui_face: onHelp=Αδυναμία αναγνώρισης
06-08 13:19:06.517 2353 3040 I miui_face: authenCallback, onAuthenticationHelp helpCode:5 helpString:未检测到人脸
06-08 13:19:06.517 2353 2353 D miui_face: onHelp=Αδυναμία αναγνώρισης
06-08 13:19:06.585 2353 3040 I miui_face: authenCallback, onAuthenticationHelp helpCode:5 helpString:未检测到人脸
06-08 13:19:06.586 2353 2353 D miui_face: onHelp=Αδυναμία αναγνώρισης
06-08 13:19:06.649 2353 3040 I miui_face: authenCallback, onAuthenticationHelp helpCode:5 helpString:未检测到人脸
06-08 13:19:06.650 2353 2353 D miui_face: onHelp=Αδυναμία αναγνώρισης
06-08 13:19:06.716 2353 3040 I miui_face: authenCallback, onAuthenticationHelp helpCode:5 helpString:未检测到人脸
06-08 13:19:06.717 2353 2353 D miui_face: onHelp=Αδυναμία αναγνώρισης
06-08 13:19:06.811 2353 3040 I miui_face: authenCallback, onAuthenticationHelp helpCode:5 helpString:未检测到人脸
06-08 13:19:06.838 2353 3040 I miui_face: authenCallback, onAuthenticationHelp helpCode:5 helpString:未检测到人脸
06-08 13:19:06.872 2353 2353 D miui_face: onHelp=Αδυναμία αναγνώρισης
06-08 13:19:06.873 2353 2353 D miui_face: onHelp=Αδυναμία αναγνώρισης
06-08 13:19:06.920 2353 3040 I miui_face: authenCallback, onAuthenticationHelp helpCode:5 helpString:未检测到人脸
06-08 13:19:06.955 1757 9228 I chatty : uid=1000(system) Binder:1757_1D expire 1 line
06-08 13:19:06.972 2353 3040 I miui_face: authenCallback, onAuthenticationHelp helpCode:5 helpString:未检测到人脸
06-08 13:19:07.016 2353 2353 D miui_face: onHelp=Αδυναμία αναγνώρισης
06-08 13:19:07.016 2353 2353 D miui_face: onHelp=Αδυναμία αναγνώρισης
06-08 13:19:07.046 2353 3040 I miui_face: authenCallback, onAuthenticationHelp helpCode:5 helpString:未检测到人脸
06-08 13:19:07.046 2353 2353 D miui_face: onHelp=Αδυναμία αναγνώρισης
06-08 13:19:07.114 2353 3040 I miui_face: authenCallback, onAuthenticationHelp helpCode:5 helpString:未检测到人脸
06-08 13:19:07.114 2353 2353 D miui_face: onHelp=Αδυναμία αναγνώρισης
06-08 13:19:07.184 2353 3040 I miui_face: authenCallback, onAuthenticationHelp helpCode:5 helpString:未检测到人脸
06-08 13:19:07.184 2353 2353 D miui_face: onHelp=Αδυναμία αναγνώρισης
06-08 13:19:07.257 2353 3040 I miui_face: authenCallback, onAuthenticationHelp helpCode:5 helpString:未检测到人脸
06-08 13:19:07.262 2353 2353 D miui_face: onHelp=Αδυναμία αναγνώρισης
06-08 13:19:07.313 2353 3040 I miui_face: authenCallback, onAuthenticationHelp helpCode:5 helpString:未检测到人脸
06-08 13:19:07.313 2353 2353 D miui_face: onHelp=Αδυναμία αναγνώρισης
06-08 13:19:07.388 2353 3040 I miui_face: authenCallback, onAuthenticationHelp helpCode:5 helpString:未检测到人脸
06-08 13:19:07.395 2353 2353 D miui_face: onHelp=Αδυναμία αναγνώρισης
06-08 13:19:07.458 2353 3040 I miui_face: authenCallback, onAuthenticationHelp helpCode:5 helpString:未检测到人脸
06-08 13:19:07.460 2353 2353 D miui_face: onHelp=Αδυναμία αναγνώρισης
06-08 13:19:07.516 2353 3040 I miui_face: authenCallback, onAuthenticationHelp helpCode:5 helpString:未检测到人脸
06-08 13:19:07.516 2353 2353 D miui_face: onHelp=Αδυναμία αναγνώρισης
06-08 13:19:07.582 2353 3040 I miui_face: authenCallback, onAuthenticationHelp helpCode:5 helpString:未检测到人脸
06-08 13:19:07.582 2353 2353 D miui_face: onHelp=Αδυναμία αναγνώρισης
06-08 13:19:07.648 2353 3040 I miui_face: authenCallback, onAuthenticationHelp helpCode:5 helpString:未检测到人脸
06-08 13:19:07.651 2353 2353 D miui_face: onHelp=Αδυναμία αναγνώρισης
06-08 13:19:07.718 2353 3040 I miui_face: authenCallback, onAuthenticationHelp helpCode:5 helpString:未检测到人脸
06-08 13:19:07.719 2353 2353 D miui_face: onHelp=Αδυναμία αναγνώρισης
06-08 13:19:07.774 2353 3040 I miui_face: authenCallback, onAuthenticationHelp helpCode:5 helpString:未检测到人脸
06-08 13:19:07.774 2353 2353 D miui_face: onHelp=Αδυναμία αναγνώρισης
06-08 13:19:07.848 2353 3040 I miui_face: authenCallback, onAuthenticationHelp helpCode:5 helpString:未检测到人脸
06-08 13:19:07.850 2353 2353 D miui_face: onHelp=Αδυναμία αναγνώρισης
06-08 13:19:07.918 2353 3040 I miui_face: authenCallback, onAuthenticationHelp helpCode:5 helpString:未检测到人脸
06-08 13:19:07.918 2353 2353 D miui_face: onHelp=Αδυναμία αναγνώρισης
06-08 13:19:07.985 2353 3040 I miui_face: authenCallback, onAuthenticationHelp helpCode:5 helpString:未检测到人脸
06-08 13:19:07.986 2353 2353 D miui_face: onHelp=Αδυναμία αναγνώρισης
06-08 13:19:08.051 2353 3040 I miui_face: authenCallback, onAuthenticationHelp helpCode:5 helpString:未检测到人脸
06-08 13:19:08.054 2353 2353 D miui_face: onHelp=Αδυναμία αναγνώρισης
06-08 13:19:08.108 2353 3040 I miui_face: authenCallback, onAuthenticationHelp helpCode:5 helpString:未检测到人脸
06-08 13:19:08.108 2353 2353 D miui_face: onHelp=Αδυναμία αναγνώρισης
06-08 13:19:08.184 2353 3040 I miui_face: authenCallback, onAuthenticationHelp helpCode:5 helpString:未检测到人脸
06-08 13:19:08.196 2353 2353 D miui_face: onHelp=Αδυναμία αναγνώρισης
06-08 13:19:08.250 2353 3040 I miui_face: authenCallback, onAuthenticationHelp helpCode:5 helpString:未检测到人脸
06-08 13:19:08.250 2353 2353 D miui_face: onHelp=Αδυναμία αναγνώρισης
06-08 13:19:08.315 2353 3040 I miui_face: authenCallback, onAuthenticationHelp helpCode:5 helpString:未检测到人脸
06-08 13:19:08.316 2353 2353 D miui_face: onHelp=Αδυναμία αναγνώρισης
06-08 13:19:08.385 2353 3040 I miui_face: authenCallback, onAuthenticationHelp helpCode:5 helpString:未检测到人脸
06-08 13:19:08.385 2353 2353 D miui_face: onHelp=Αδυναμία αναγνώρισης
06-08 13:19:08.441 2353 3040 I miui_face: authenCallback, onAuthenticationHelp helpCode:5 helpString:未检测到人脸
06-08 13:19:08.442 2353 2353 D miui_face: onHelp=Αδυναμία αναγνώρισης
06-08 13:19:08.515 2353 3040 I miui_face: authenCallback, onAuthenticationHelp helpCode:5 helpString:未检测到人脸
06-08 13:19:08.516 2353 2353 D miui_face: onHelp=Αδυναμία αναγνώρισης
06-08 13:19:08.583 2353 3040 I miui_face: authenCallback, onAuthenticationHelp helpCode:5 helpString:未检测到人脸
06-08 13:19:08.583 2353 2353 D miui_face: onHelp=Αδυναμία αναγνώρισης
06-08 13:19:08.653 2353 3040 I miui_face: authenCallback, onAuthenticationHelp helpCode:5 helpString:未检测到人脸
06-08 13:19:08.654 2353 2353 D miui_face: onHelp=Αδυναμία αναγνώρισης
06-08 13:19:08.717 2353 3040 I miui_face: authenCallback, onAuthenticationHelp helpCode:5 helpString:未检测到人脸
06-08 13:19:08.717 2353 2353 D miui_face: onHelp=Αδυναμία αναγνώρισης
06-08 13:19:08.784 2353 3040 I miui_face: authenCallback, onAuthenticationHelp helpCode:5 helpString:未检测到人脸
06-08 13:19:08.784 2353 2353 D miui_face: onHelp=Αδυναμία αναγνώρισης
06-08 13:19:08.850 2353 3040 I miui_face: authenCallback, onAuthenticationHelp helpCode:5 helpString:未检测到人脸
06-08 13:19:08.850 2353 2353 D miui_face: onHelp=Αδυναμία αναγνώρισης
06-08 13:19:08.920 2353 3040 I miui_face: authenCallback, onAuthenticationHelp helpCode:5 helpString:未检测到人脸
06-08 13:19:08.920 2353 2353 D miui_face: onHelp=Αδυναμία αναγνώρισης
06-08 13:19:08.981 2353 3040 I miui_face: authenCallback, onAuthenticationHelp helpCode:5 helpString:未检测到人脸
06-08 13:19:08.982 2353 2353 D miui_face: onHelp=Αδυναμία αναγνώρισης
06-08 13:19:09.049 2353 3040 I miui_face: authenCallback, onAuthenticationHelp helpCode:5 helpString:未检测到人脸
06-08 13:19:09.049 2353 2353 D miui_face: onHelp=Αδυναμία αναγνώρισης
06-08 13:19:09.119 2353 3040 I miui_face: authenCallback, onAuthenticationHelp helpCode:5 helpString:未检测到人脸
06-08 13:19:09.119 2353 2353 D miui_face: onHelp=Αδυναμία αναγνώρισης
06-08 13:19:09.186 2353 3040 I miui_face: authenCallback, onAuthenticationHelp helpCode:5 helpString:未检测到人脸
06-08 13:19:09.200 2353 2353 D miui_face: onHelp=Αδυναμία αναγνώρισης
06-08 13:19:09.248 2353 3040 I miui_face: authenCallback, onAuthenticationHelp helpCode:5 helpString:未检测到人脸
06-08 13:19:09.248 2353 2353 D miui_face: onHelp=Αδυναμία αναγνώρισης
06-08 13:19:09.307 2353 3040 I miui_face: authenCallback, onAuthenticationHelp helpCode:5 helpString:未检测到人脸
06-08 13:19:09.307 2353 2353 D miui_face: onHelp=Αδυναμία αναγνώρισης
06-08 13:19:09.555 4030 4121 D miui.face.transplant: Camera2Util, close camera
06-08 13:19:09.555 4030 4121 D miui.face.FaceService: onFaceAuthFailed hasFace:false
06-08 13:19:09.556 4030 4147 D miui.face.FaceService: miui.face.timeline, onAuthenticate All Time:5438 , id:0
06-08 13:19:09.556 2353 3040 I miui_face: authenCallback, onAuthenticationFailed
06-08 13:19:09.556 2353 3040 D FaceManagerImpl_client: cancelAuthentication
06-08 13:19:09.556 4030 4147 D miui.face.FaceService: Done with client: com.android.systemui
06-08 13:19:09.557 4030 4147 D miui.face.FaceService: cancelAuthenticate, packName: com.android.systemui
06-08 13:19:09.557 2353 2353 D miui_face: onFaceAuthTimeOut hasFace=false
06-08 13:19:14.044 1757 1757 I chatty : uid=1000 system_server expire 6 lines
06-08 13:19:14.074 4030 4147 D miui.face.FaceService: preInitAuth, com.android.systemui ok
06-08 13:19:14.076 4030 4147 D miui.face.FaceService: onPreInit curMonitor:com.miui.face.util.ClientMonitor@69ccdf7 hasInit: true
06-08 13:19:14.091 1757 2036 I chatty : uid=1000(system) PowerManagerSer expire 13 lines
06-08 13:19:14.338 3203 3203 V DreamService[DozeService]: onCreate()
06-08 13:19:14.365 3203 3203 V DreamService[DozeService]: onBind() intent = Intent { act=android.service.dreams.DreamService flg=0x800000 cmp=com.miui.aod/.doze.DozeService }
06-08 13:19:14.368 3203 3203 V DreamService[DozeService]: Calling onDreamingStarted()
06-08 13:19:14.368 3203 3203 V DreamService[DozeService]: onDreamingStarted()
06-08 13:19:14.443 1757 3835 I chatty : uid=1000(system) Binder:1757_D expire 2 lines
06-08 13:19:14.764 2353 5026 W KeyguardViewMediator: notifyScreenOn
06-08 13:19:14.764 2353 2353 W KeyguardViewMediator: handleNotifyScreenTurningOn
06-08 13:19:14.764 2353 2353 W KeyguardViewMediator: notifyDrawn
06-08 13:19:14.805 2353 2353 I MiuiGxzwOverlayView: upldate overlay view alpha: 0.0
06-08 13:19:14.981 19712 19832 E ActivityThread: Failed to find provider info for com.miui.whetstone
06-08 13:19:15.067 1112 1112 I wificond: Pno scan started for frequencies: 2412, 2417, 2422, 2427, 2432, 2437, 2447, 2452, 2457, 2462, 5180, 5200, 5220, 5240, 5745, 5765, 5785, 5805,
06-08 13:19:15.733 1757 2301 I chatty : uid=1000(system) ProcessManager expire 2 lines
06-08 13:19:16.267 1757 8942 I chatty : uid=1000(system) Binder:1757_15 expire 11 lines
06-08 13:19:16.519 1757 2328 I chatty : uid=1000(system) PhotonicModulat expire 11 lines
06-08 13:19:16.520 1757 1924 I chatty : uid=1000(system) android.display expire 11 lines
06-08 13:19:17.058 2353 2353 I MiuiGxzwViewIcon: setGxzwIconTransparent
06-08 13:19:17.067 2353 2353 I MiuiGxzwViewIcon: turnOffScreen
06-08 13:19:17.175 826 911 W EventThreadInspector: slow VSync-sf on display(19261101167563905), count=3, avg=27 ms, max=30 ms.
06-08 13:19:17.865 826 911 W EventThreadInspector: slow VSync-sf on display(19261101167563905), count=1, avg=30 ms, max=30 ms.
06-08 13:19:17.931 826 910 W EventThreadInspector: slow VSync-app on display(19261101167563905), count=31, avg=23 ms, max=32 ms.
06-08 13:19:27.742 1757 1971 I chatty : uid=1000(system) batterystats-wo expire 10 lines
06-08 13:19:29.829 1071 1071 W BpBinder: Slow Binder: BpBinder transact took 230ms, interface=, code=2 oneway=false
06-08 13:19:29.835 1757 9229 I chatty : uid=1000(system) Binder:1757_1E expire 2 lines
06-08 13:19:29.841 3078 23131 W BpBinder: Slow Binder: BpBinder transact took 242ms, interface=android.app.IActivityManager, code=204 oneway=false
06-08 13:20:00.543 826 826 W SurfaceFlingerInspector: Slow frame composition: xiaomi f4 41 prepareFrame took 151 ms
06-08 13:20:00.596 1757 2328 I chatty : uid=1000(system) PhotonicModulat expire 8 lines
06-08 13:20:00.596 1757 1924 I chatty : uid=1000(system) android.display expire 10 lines
06-08 13:20:01.430 826 910 W EventThreadInspector: slow VSync-app on display(19261101167563905), count=28, avg=26 ms, max=32 ms.
06-08 13:21:01.109 826 911 W EventThreadInspector: slow VSync-sf on display(19261101167563905), count=60, avg=38 ms, max=235 ms.
06-08 13:21:01.241 826 911 W EventThreadInspector: slow VSync-sf on display(19261101167563905), count=1, avg=31 ms, max=31 ms.
06-08 13:21:01.572 1757 2860 I chatty : uid=1000(system) Binder:1757_9 expire 2 lines
06-08 13:21:02.324 826 910 W EventThreadInspector: slow VSync-app on display(19261101167563905), count=59, avg=29 ms, max=31 ms.
06-08 13:21:02.632 5199 5330 D PowerKeeper.AppStandby: enable standby chain
06-08 13:21:02.675 1757 2272 I chatty : uid=1000(system) ConnectivitySer expire 10 lines
06-08 13:21:11.950 1757 9230 I chatty : uid=1000(system) Binder:1757_1F expire 4 lines
06-08 13:21:11.952 826 826 W SurfaceFlingerInspector: Slow frame composition: xiaomi f4 41 prepareFrame took 152 ms
06-08 13:21:11.953 1112 1112 W wificond: Scan aborted
06-08 13:21:11.968 1757 2617 I chatty : uid=1000(system) Binder:1757_6 expire 6 lines
06-08 13:21:12.196 1757 4296 I chatty : uid=1000(system) Binder:1757_10 expire 1 line
06-08 13:21:12.196 1757 2733 I chatty : uid=1000(system) Binder:1757_8 expire 12 lines
06-08 13:21:23.437 1112 1112 W wificond: Scan aborted
06-08 13:21:32.104 1112 1112 W wificond: Scan aborted
06-08 13:21:39.611 1112 1112 I chatty : uid=1010 wificond identical 1 line
06-08 13:21:49.726 1112 1112 W wificond: Scan aborted
06-08 13:21:49.780 1757 1971 I chatty : uid=1000(system) batterystats-wo expire 1 line
06-08 13:22:00.968 1112 1112 W wificond: Scan aborted
06-08 13:22:03.366 826 910 W EventThreadInspector: slow VSync-app on display(19261101167563905), count=15, avg=27 ms, max=31 ms.
06-08 13:22:03.432 826 911 W EventThreadInspector: slow VSync-sf on display(19261101167563905), count=9, avg=32 ms, max=151 ms.
06-08 13:22:05.402 826 910 W EventThreadInspector: slow VSync-app on display(19261101167563905), count=60, avg=29 ms, max=31 ms.
06-08 13:22:07.372 826 910 W EventThreadInspector: slow VSync-app on display(19261101167563905), count=60, avg=28 ms, max=31 ms.
06-08 13:22:09.120 2353 2353 I MiuiGxzwViewIcon: detect device put up
06-08 13:22:09.121 2353 2353 I MiuiGxzwViewIcon: setGxzwIconOpaque
06-08 13:22:09.341 826 910 W EventThreadInspector: slow VSync-app on display(19261101167563905), count=60, avg=29 ms, max=32 ms.
06-08 13:22:10.126 2353 2353 I MiuiGxzwTouchHelper: onTouch: originalAction = ACTION_DOWN, action = ACTION_DOWN, x = 158,000000, y = 202,000000, pressure = 2048,000000, area = 12,000000
06-08 13:22:10.127 1757 1757 I chatty : uid=1000 system_server expire 32 lines
06-08 13:22:10.130 2353 2353 I MiuiGxzwHightlightContainer: show highlight view
06-08 13:22:10.132 2353 2353 I MiuiGxzwOverlayView: upldate overlay view alpha: 0.657
06-08 13:22:10.199 1757 8943 I chatty : uid=1000(system) Binder:1757_16 expire 10 lines
06-08 13:22:10.260 826 826 W SurfaceFlingerInspector: Slow frame composition: xiaomi f4 41 doComposition took 62 ms
06-08 13:22:10.326 826 910 W EventThreadInspector: slow VSync-app on display(19261101167563905), count=27, avg=29 ms, max=31 ms.
06-08 13:22:10.424 826 911 W EventThreadInspector: slow VSync-sf on display(19261101167563905), count=6, avg=28 ms, max=32 ms.
06-08 13:22:10.529 2353 2353 I miui_keyguard_fingerprint: onAuthenticationSucceeded: authUserId = 0
06-08 13:22:10.532 1757 2036 I chatty : uid=1000(system) PowerManagerSer expire 19 lines
06-08 13:22:10.534 1757 1921 I chatty : uid=1000(system) android.fg expire 3 lines
06-08 13:22:10.622 2353 2353 I MiuiGxzwTouchHelper: onTouch: originalAction = ACTION_UP, action = ACTION_UP, x = 146,000000, y = 194,000000, pressure = 2048,000000, area = 12,000000
06-08 13:22:10.627 2353 2353 I MiuiGxzwOverlayView: upldate overlay view alpha: 0.0
06-08 13:22:10.631 520 23721 D vold : The trim thread is not running
06-08 13:22:10.632 520 23721 D vold : idle maintenance stopped
06-08 13:22:10.632 1112 1112 I wificond: Pno scan stopped
06-08 13:22:10.642 3203 3203 V DreamService[DozeService]: wakeUp(): fromSystem=true, mWaking=false, mFinished=false
06-08 13:22:10.642 3203 3203 V DreamService[DozeService]: finish(): mFinished=false
06-08 13:22:10.642 2353 2353 I MiuiGxzwHightlightContainer: dismiss highlight view
06-08 13:22:10.651 3203 3203 V DreamService[DozeService]: detach(): Calling onDreamingStopped()
06-08 13:22:10.651 3203 3203 V DreamService[DozeService]: onDreamingStopped()
06-08 13:22:10.676 3203 3203 V DreamService[DozeService]: finish(): mFinished=true
06-08 13:22:10.677 3203 3203 V DreamService[DozeService]: onDestroy()
06-08 13:22:10.692 2353 2353 E miui_face: start face unlock fail because device has unlocked
06-08 13:22:10.699 2353 2353 I MiuiGxzwOverlayView: upldate overlay view alpha: 0.657
06-08 13:22:10.721 2353 2353 I MiuiGxzwOverlayView: remove overlay view
06-08 13:22:10.727 2353 3726 I KeyguardViewMediator: call fw keyguardGoingAway: flags = 8
06-08 13:22:10.741 2353 3156 D DisplayFeatureManager: setScreenEffect mode=17 value=0 cookie=1
06-08 13:22:10.742 1757 1925 I chatty : uid=1000(system) android.anim expire 12 lines
06-08 13:22:10.801 1757 5166 I chatty : uid=1000(system) Binder:1757_12 expire 5 lines
06-08 13:22:10.811 1757 9228 I chatty : uid=1000(system) Binder:1757_1D expire 1 line
06-08 13:22:10.849 2353 2353 I KeyguardViewMediator: handleStartKeyguardExitAnimation startTime=5670710 fadeoutDuration=300
06-08 13:22:10.883 2353 2353 V KeyguardDisplayManager: hide
06-08 13:22:10.884 2353 2353 I miui_keyguard_fingerprint: fingerprint unlock time: wait fw call startKeyguardExitAnimation = 103 ms total = 308 ms
06-08 13:22:10.979 1757 1956 I chatty : uid=1000(system) ActivityManager expire 6 lines
06-08 13:22:10.980 4030 4030 D miui.face.FaceService: lock screen passed
06-08 13:22:10.983 5199 5330 D PowerKeeper.AppStandby: disable standby chain
06-08 13:22:10.984 4030 4121 D miui.face.FaceService: FaceAuthenHelper mReleaseIfAuthenticated Runnable run ... ...
06-08 13:22:10.984 4030 4121 D miui.face.FaceService: release memory... ...
06-08 13:22:10.994 1757 1955 I chatty : uid=1000(system) android.bg expire 11 lines
06-08 13:22:10.999 2560 2772 E ActivityThread: Failed to find provider info for com.android.thememanager.set_lockwallpaper
06-08 13:22:11.210 3746 11486 W BpBinder: Slow Binder: BpBinder transact took 265ms, interface=android.media.IAudioRecord, code=1 oneway=false
06-08 13:22:11.441 3777 3805 W MiuiPerfServiceClient: interceptAndQueuing:2353|com.android.systemui|831|178|unknown|null|StatusBar|5671266466583|Slow main thread|28
06-08 13:22:13.462 2560 2560 I Timeline: Timeline: Activity_launch_request time:5673358
06-08 13:22:13.493 2560 2560 W ActivityThread: SCHED: com.miui.home/.launcher.Launcher [73, r=177ms, a=64ms, w=2694ms]
06-08 13:22:13.500 1757 8939 I chatty : uid=1000(system) Binder:1757_14 expire 3 lines
06-08 13:22:13.509 1757 1803 I chatty : uid=1000(system) Binder:1757_1 expire 14 lines
06-08 13:22:13.512 1757 1924 I chatty : uid=1000(system) android.display expire 12 lines
06-08 13:22:13.597 2353 3156 D DisplayFeatureManager: setScreenEffect mode=17 value=1 cookie=1
06-08 13:22:13.603 2353 3156 D DisplayFeatureManager: setScreenEffect mode=17 value=1 cookie=1
06-08 13:22:13.612 6955 14271 D FaceManagerImpl_client: authenticate mServiceReceiver:android.hardware.miuiface.MiuiFaceManagerImpl$2@f4a4206
06-08 13:22:13.613 4030 4147 D miui.face.FaceService: authenticate, packName: com.miui.securitycenter receiver:android.os.BinderProxy@b8f2464 timeout:5000
06-08 13:22:13.613 4030 4121 D miui.face.transplant: FaceUnlockManager setRunOutTime timeout:5000
06-08 13:22:13.614 4030 4121 D miui.face.FaceService: authen mFaceUnlockView:android.view.TextureView{26126cd V.ED..... ........ 0,0-0,0} texture:android.graphics.SurfaceTexture@cbe2b82
06-08 13:22:13.614 4030 4121 D miui.face.transplant: sdk version=sensetime_3.3.22.729-pro-d8376db
06-08 13:22:13.614 4030 4121 D miui.face.FaceService: miui.face.timeline, onFaceStart, ServicePrepareTime:2
06-08 13:22:13.631 2353 2353 I MiuiGxzwOverlayView: add overlay view: mLayoutParams.alpha = 0.18642129
06-08 13:22:13.631 4030 4121 D miui.face.transplant: miui.face.timeline, open camera succeed time=17
06-08 13:22:13.973 4030 4147 D miui.face.FaceService: miui.face.timeline, onAuthenticate All Time:361 , id:123456
06-08 13:22:13.973 4030 4121 D miui.face.FaceService: FaceAuthenHelper mReleaseIfAuthenticated Runnable run ... ...
06-08 13:22:13.973 4030 4121 D miui.face.FaceService: release memory... ...
06-08 13:22:13.976 6955 6955 I Timeline: Timeline: Activity_launch_request time:5673872
06-08 13:22:13.982 4030 4147 D miui.face.FaceService: Done with client: com.miui.securitycenter
06-08 13:22:14.017 6955 6955 W ActivityThread: SCHED: com.miui.securitycenter/com.miui.applicationlock.ConfirmAccessControl [50, r=23ms, a=23ms, w=421ms]
06-08 13:22:14.039 2353 2353 I MiuiGxzwOverlayView: remove overlay view
06-08 13:22:14.044 2353 3156 D DisplayFeatureManager: setScreenEffect mode=17 value=0 cookie=1
06-08 13:22:14.107 20908 20908 I Timeline: Timeline: Activity_launch_request time:5674003
06-08 13:22:14.153 4030 4121 D miui.face.transplant: Camera2Util, close camera
06-08 13:22:14.349 20908 23808 E ActivityThread: Failed to find provider info for com.facebook.katana.provider.AttributionIdProvider
06-08 13:22:14.372 20908 23808 E ActivityThread: Failed to find provider info for com.facebook.katana.provider.AttributionIdProvider
06-08 13:22:14.775 3777 3805 W MiuiPerfServiceClient: interceptAndQueuing:2353|com.android.systemui|1055|119|unknown|null|StatusBar|5674549015800|Slow issue draw commands|50
06-08 13:22:14.815 1757 4962 I chatty : uid=1000(system) first_use_threa expire 1 line
06-08 13:22:14.905 20908 20908 W Looper : Slow Looper main: doFrame is 417ms late because of 10 msg, msg 1 took 421ms (seq=192 running=319ms runnable=12ms io=18ms late=12ms h=android.view.Choreographer$FrameHandler c=android.view.Choreographer$FrameDisplayEventReceiver)
06-08 13:22:15.083 1757 1957 I chatty : uid=1000(system) ActivityManager expire 2 lines
06-08 13:22:18.768 20908 20908 I Timeline: Timeline: Activity_launch_request time:5678663
06-08 13:22:18.796 20908 20908 W ActivityThread: SCHED: com.viber.voip/.HomeActivity [90, r=678ms, a=72ms, w=4482ms]
06-08 13:22:21.014 3777 3805 W MiuiPerfServiceClient: interceptAndQueuing:20908|com.viber.voip|286|187|unknown|null|com.viber.voip/com.viber.voip.messages.ui.ConversationActivity|5680707903714|Slow handle traversal|2
06-08 13:22:35.994 20908 20908 I Timeline: Timeline: Activity_launch_request time:5695890
06-08 13:22:35.996 1757 1803 I chatty : uid=1000(system) Binder:1757_1 expire 2 lines
06-08 13:22:36.016 20908 20908 W ActivityThread: SCHED: com.viber.voip/.messages.ui.ConversationActivity [85, r=900ms, a=155ms, w=17048ms]
06-08 13:22:36.044 20908 20908 I Timeline: Timeline: Activity_launch_request time:5695939
06-08 13:22:36.080 1757 1925 I chatty : uid=1000(system) android.anim expire 7 lines
06-08 13:22:38.478 20908 20908 I Timeline: Timeline: Activity_launch_request time:5698373
06-08 13:22:38.480 1757 2733 I chatty : uid=1000(system) Binder:1757_8 expire 3 lines
06-08 13:22:38.503 20908 20908 W ActivityThread: SCHED: com.viber.voip/.HomeActivity [77, r=201ms, a=57ms, w=2415ms]
06-08 13:22:38.508 1757 8942 I chatty : uid=1000(system) Binder:1757_15 expire 2 lines
06-08 13:22:38.620 1757 8943 I chatty : uid=1000(system) Binder:1757_16 expire 3 lines
06-08 13:22:40.599 3777 3805 W MiuiPerfServiceClient: interceptAndQueuing:20908|com.viber.voip|179|113|unknown|null|com.viber.voip/com.viber.voip.messages.ui.ConversationActivity|5700248579905|Slow handle traversal|2
06-08 13:22:53.888 1757 2036 I chatty : uid=1000(system) PowerManagerSer expire 4 lines
06-08 13:22:53.902 1757 1757 I chatty : uid=1000 system_server expire 2 lines
06-08 13:22:58.036 1757 1955 I chatty : uid=1000(system) android.bg expire 196 lines
06-08 13:23:02.118 1757 2301 I chatty : uid=1000(system) ProcessManager expire 18 lines
06-08 13:23:05.496 1757 2733 I chatty : uid=1000(system) Binder:1757_8 expire 1 line
06-08 13:23:27.096 1757 8942 I chatty : uid=1000(system) Binder:1757_15 expire 1 line
06-08 13:23:35.540 1757 1803 I chatty : uid=1000(system) Binder:1757_1 expire 6 lines
06-08 13:23:47.057 1757 9230 I chatty : uid=1000(system) Binder:1757_1F expire 5 lines
06-08 13:23:56.622 1757 2860 I chatty : uid=1000(system) Binder:1757_9 expire 9 lines
06-08 13:23:57.316 20908 20908 I Timeline: Timeline: Activity_launch_request time:5777211
06-08 13:23:57.339 20908 20908 W ActivityThread: SCHED: com.viber.voip/.messages.ui.ConversationActivity [73, r=2041ms, a=736ms, w=78749ms]
06-08 13:23:57.369 20908 20908 I Timeline: Timeline: Activity_launch_request time:5777265
06-08 13:23:57.403 1757 1925 I chatty : uid=1000(system) android.anim expire 8 lines
06-08 13:23:58.044 20908 20908 W ActivityThread: SCHED: com.viber.voip/.HomeActivity [82, r=87ms, a=19ms, w=629ms]
06-08 13:23:58.057 1757 1924 I chatty : uid=1000(system) android.display expire 5 lines
06-08 13:23:58.087 1757 9228 I chatty : uid=1000(system) Binder:1757_1D expire 5 lines
06-08 13:24:04.827 1757 2036 I chatty : uid=1000(system) PowerManagerSer expire 11 lines
06-08 13:24:04.836 1757 1757 I chatty : uid=1000 system_server expire 10 lines
06-08 13:24:15.600 1757 1803 I chatty : uid=1000(system) Binder:1757_1 expire 2 lines
06-08 13:24:16.974 4030 4147 D miui.face.FaceService: preInitAuth, com.android.systemui ok
06-08 13:24:16.976 4030 4147 D miui.face.FaceService: onPreInit curMonitor:com.miui.face.util.ClientMonitor@1989bfc hasInit: true
06-08 13:24:17.048 1757 1924 I chatty : uid=1000(system) android.display expire 22 lines
06-08 13:24:17.069 2353 3156 D DisplayFeatureManager: setScreenEffect mode=17 value=1 cookie=1
06-08 13:24:17.183 2353 2353 I MiuiGxzwOverlayView: add overlay view: mLayoutParams.alpha = 0.657
06-08 13:24:17.385 2353 3156 D DisplayFeatureManager: setScreenEffect mode=17 value=1 cookie=1
06-08 13:24:17.394 2560 2560 W ActivityThread: SCHED: com.miui.home/.launcher.Launcher [67, r=100ms, a=49ms, w=19323ms]
06-08 13:24:17.403 1757 2036 I chatty : uid=1000(system) PowerManagerSer expire 12 lines
06-08 13:24:17.410 1757 2328 I chatty : uid=1000(system) PhotonicModulat expire 17 lines
06-08 13:24:17.411 1757 8943 I chatty : uid=1000(system) Binder:1757_16 expire 4 lines
06-08 13:24:17.606 1757 1921 I chatty : uid=1000(system) android.fg expire 6 lines
06-08 13:24:17.621 3203 3203 V DreamService[DozeService]: onCreate()
06-08 13:24:17.643 3203 3203 V DreamService[DozeService]: onBind() intent = Intent { act=android.service.dreams.DreamService flg=0x800000 cmp=com.miui.aod/.doze.DozeService }
06-08 13:24:17.647 3203 3203 V DreamService[DozeService]: Calling onDreamingStarted()
06-08 13:24:17.647 3203 3203 V DreamService[DozeService]: onDreamingStarted()
06-08 13:24:17.682 1757 2733 I chatty : uid=1000(system) Binder:1757_8 expire 4 lines
06-08 13:24:18.003 2353 5026 W KeyguardViewMediator: notifyScreenOn
06-08 13:24:18.004 2353 2353 W KeyguardViewMediator: handleNotifyScreenTurningOn
06-08 13:24:18.004 2353 2353 W KeyguardViewMediator: notifyDrawn
06-08 13:24:18.006 1757 1922 I chatty : uid=1000(system) android.ui expire 10 lines
06-08 13:24:18.058 2353 2353 I MiuiGxzwOverlayView: upldate overlay view alpha: 0.0
06-08 13:24:18.232 1757 2303 I chatty : uid=1000(system) ScreenEffectThr expire 4 lines
06-08 13:24:18.233 1757 1757 I chatty : uid=1000 system_server expire 13 lines
06-08 13:24:18.252 2353 9083 W KeyguardViewMediator: doKeyguard: showing the lock screen
06-08 13:24:18.265 1112 1112 I wificond: Pno scan started for frequencies: 2412, 2417, 2422, 2427, 2432, 2437, 2447, 2452, 2457, 2462, 5180, 5200, 5220, 5240, 5745, 5765, 5785, 5805,
06-08 13:24:18.314 1757 8939 I chatty : uid=1000(system) Binder:1757_14 expire 2 lines
06-08 13:24:18.320 1757 1955 I chatty : uid=1000(system) android.bg expire 3 lines
06-08 13:24:18.387 2353 2353 V KeyguardDisplayManager: show
06-08 13:24:18.441 1757 5166 I chatty : uid=1000(system) Binder:1757_12 expire 8 lines
06-08 13:24:18.500 1757 2957 I chatty : uid=1000(system) Binder:1757_A expire 2 lines
06-08 13:24:18.510 1757 8942 I chatty : uid=1000(system) Binder:1757_15 expire 2 lines
06-08 13:24:18.673 826 911 W EventThreadInspector: slow VSync-sf on display(19261101167563905), count=1, avg=48 ms, max=48 ms.
06-08 13:24:18.923 1757 2301 I chatty : uid=1000(system) ProcessManager expire 2 lines
06-08 13:24:19.001 826 910 W EventThreadInspector: slow VSync-app on display(19261101167563905), count=1, avg=31 ms, max=31 ms.
06-08 13:24:19.001 826 911 W EventThreadInspector: slow VSync-sf on display(19261101167563905), count=1, avg=31 ms, max=31 ms.
06-08 13:24:19.428 826 911 W EventThreadInspector: slow VSync-sf on display(19261101167563905), count=3, avg=30 ms, max=32 ms.
06-08 13:24:19.683 1757 1971 I chatty : uid=1000(system) batterystats-wo expire 10 lines
06-08 13:24:20.052 826 910 W EventThreadInspector: slow VSync-app on display(19261101167563905), count=25, avg=23 ms, max=31 ms.
06-08 13:24:20.063 2353 2353 I MiuiGxzwViewIcon: setGxzwIconTransparent
06-08 13:24:20.089 2353 2353 I MiuiGxzwViewIcon: turnOffScreen
06-08 13:24:20.446 826 911 W EventThreadInspector: slow VSync-sf on display(19261101167563905), count=6, avg=24 ms, max=31 ms.
06-08 13:24:21.137 826 910 W EventThreadInspector: slow VSync-app on display(19261101167563905), count=23, avg=25 ms, max=32 ms.
06-08 13:24:21.563 826 911 W EventThreadInspector: slow VSync-sf on display(19261101167563905), count=1, avg=31 ms, max=31 ms.
06-08 13:25:01.037 1757 4531 I chatty : uid=1000(system) Binder:1757_11 expire 1 line
06-08 13:25:01.197 826 911 W EventThreadInspector: slow VSync-sf on display(19261101167563905), count=3, avg=31 ms, max=48 ms.
06-08 13:25:02.671 1757 2328 I chatty : uid=1000(system) PhotonicModulat expire 12 lines
06-08 13:25:02.671 1757 1924 I chatty : uid=1000(system) android.display expire 10 lines
06-08 13:25:09.454 1757 2036 I chatty : uid=1000(system) PowerManagerSer expire 19 lines
06-08 13:25:09.465 520 24540 D vold : The trim thread is not running
06-08 13:25:09.465 520 24540 D vold : idle maintenance stopped
06-08 13:25:09.482 1112 1112 I wificond: Pno scan stopped
06-08 13:25:09.493 2353 2353 I miui_face: start face unlock
06-08 13:25:09.500 2353 2353 I MiuiGxzwOverlayView: upldate overlay view alpha: 0.657
06-08 13:25:09.504 2353 2353 I MiuiGxzwViewIcon: setGxzwIconOpaque
06-08 13:25:09.510 2353 3040 I miui_face: start verify time=17
06-08 13:25:09.510 2353 3040 D FaceManagerImpl_client: authenticate mServiceReceiver:android.hardware.miuiface.MiuiFaceManagerImpl$2@5696c5f
06-08 13:25:09.511 4030 4147 D miui.face.FaceService: authenticate, packName: com.android.systemui receiver:android.os.BinderProxy@cb84e0 timeout:5000
06-08 13:25:09.511 4030 4121 D miui.face.transplant: FaceUnlockManager setRunOutTime timeout:5000
06-08 13:25:09.511 4030 4121 D miui.face.FaceService: authen mFaceUnlockView:android.view.TextureView{e696285 V.ED..... ........ 0,0-0,0} texture:android.graphics.SurfaceTexture@6c1a8da
06-08 13:25:09.512 4030 4121 D miui.face.transplant: sdk version=sensetime_3.3.22.729-pro-d8376db
06-08 13:25:09.512 4030 4121 D miui.face.FaceService: miui.face.timeline, onFaceStart, ServicePrepareTime:2
06-08 13:25:09.516 1757 4296 I chatty : uid=1000(system) Binder:1757_10 expire 3 lines
06-08 13:25:09.530 4030 4121 D miui.face.transplant: miui.face.timeline, open camera succeed time=18
06-08 13:25:09.547 2353 2353 D miui_face: onFaceAuthStart
06-08 13:25:09.561 3203 3203 V DreamService[DozeService]: wakeUp(): fromSystem=true, mWaking=false, mFinished=false
06-08 13:25:09.561 3203 3203 V DreamService[DozeService]: finish(): mFinished=false
06-08 13:25:09.574 3203 3203 V DreamService[DozeService]: detach(): Calling onDreamingStopped()
06-08 13:25:09.574 3203 3203 V DreamService[DozeService]: onDreamingStopped()
06-08 13:25:09.592 3203 3203 V DreamService[DozeService]: finish(): mFinished=true
06-08 13:25:09.593 3203 3203 V DreamService[DozeService]: onDestroy()
06-08 13:25:09.601 826 910 W EventThreadInspector: slow VSync-app on display(19261101167563905), count=55, avg=29 ms, max=32 ms.
06-08 13:25:09.635 826 826 W SurfaceFlingerInspector: Slow frame composition: xiaomi f4 41 doComposition took 62 ms
06-08 13:25:09.733 826 911 W EventThreadInspector: slow VSync-sf on display(19261101167563905), count=9, avg=44 ms, max=189 ms.
06-08 13:25:09.747 4030 4121 W BpBinder: Slow Binder: BpBinder transact took 202ms, interface=android.hardware.camera2.ICameraDeviceUser, code=6 oneway=false
06-08 13:25:09.877 2353 3040 I miui_face: authenCallback, onAuthenticationHelp helpCode:5 helpString:未检测到人脸
06-08 13:25:09.899 2353 2353 D miui_face: onHelp=Αδυναμία αναγνώρισης
06-08 13:25:09.939 2353 3040 I miui_face: authenCallback, onAuthenticationHelp helpCode:5 helpString:未检测到人脸
06-08 13:25:09.949 2353 2353 D miui_face: onHelp=Αδυναμία αναγνώρισης
06-08 13:25:09.994 2353 3040 I miui_face: authenCallback, onAuthenticationHelp helpCode:5 helpString:未检测到人脸
06-08 13:25:09.997 2353 2353 D miui_face: onHelp=Αδυναμία αναγνώρισης
06-08 13:25:10.055 2353 3040 I miui_face: authenCallback, onAuthenticationHelp helpCode:5 helpString:未检测到人脸
06-08 13:25:10.065 2353 2353 D miui_face: onHelp=Αδυναμία αναγνώρισης
06-08 13:25:10.103 2353 2353 I KeyguardViewMediator: event.values[0]=5.00003
06-08 13:25:10.122 2353 3040 I miui_face: authenCallback, onAuthenticationHelp helpCode:5 helpString:未检测到人脸
06-08 13:25:10.132 2353 2353 D miui_face: onHelp=Αδυναμία αναγνώρισης
06-08 13:25:10.175 2353 3040 I miui_face: authenCallback, onAuthenticationHelp helpCode:5 helpString:未检测到人脸
06-08 13:25:10.178 2353 2353 D miui_face: onHelp=Αδυναμία αναγνώρισης
06-08 13:25:10.244 2353 3040 I miui_face: authenCallback, onAuthenticationHelp helpCode:5 helpString:未检测到人脸
06-08 13:25:10.263 2353 2353 D miui_face: onHelp=Αδυναμία αναγνώρισης
06-08 13:25:10.311 2353 3040 I miui_face: authenCallback, onAuthenticationHelp helpCode:5 helpString:未检测到人脸
06-08 13:25:10.311 2353 2353 D miui_face: onHelp=Αδυναμία αναγνώρισης
06-08 13:25:10.373 2353 3040 I miui_face: authenCallback, onAuthenticationHelp helpCode:5 helpString:未检测到人脸
06-08 13:25:10.373 2353 2353 D miui_face: onHelp=Αδυναμία αναγνώρισης
06-08 13:25:10.441 2353 3040 I miui_face: authenCallback, onAuthenticationHelp helpCode:5 helpString:未检测到人脸
06-08 13:25:10.442 2353 2353 D miui_face: onHelp=Αδυναμία αναγνώρισης
06-08 13:25:10.507 2353 3040 I miui_face: authenCallback, onAuthenticationHelp helpCode:5 helpString:未检测到人脸
06-08 13:25:10.511 2353 2353 D miui_face: onHelp=Αδυναμία αναγνώρισης
06-08 13:25:10.582 2353 3040 I miui_face: authenCallback, onAuthenticationHelp helpCode:5 helpString:未检测到人脸
06-08 13:25:10.583 2353 2353 D miui_face: onHelp=Αδυναμία αναγνώρισης
06-08 13:25:10.656 2353 3040 I miui_face: authenCallback, onAuthenticationHelp helpCode:5 helpString:未检测到人脸
06-08 13:25:10.707 2353 3040 I miui_face: authenCallback, onAuthenticationHelp helpCode:5 helpString:未检测到人脸
06-08 13:25:10.720 2353 2353 D miui_face: onHelp=Αδυναμία αναγνώρισης
06-08 13:25:10.721 2353 2353 D miui_face: onHelp=Αδυναμία αναγνώρισης
06-08 13:25:10.774 2353 3040 I miui_face: authenCallback, onAuthenticationHelp helpCode:5 helpString:未检测到人脸
06-08 13:25:10.774 2353 2353 D miui_face: onHelp=Αδυναμία αναγνώρισης
06-08 13:25:10.850 2353 3040 I miui_face: authenCallback, onAuthenticationHelp helpCode:5 helpString:未检测到人脸
06-08 13:25:10.851 2353 2353 D miui_face: onHelp=Αδυναμία αναγνώρισης
06-08 13:25:10.913 2353 3040 I miui_face: authenCallback, onAuthenticationHelp helpCode:5 helpString:未检测到人脸
06-08 13:25:10.914 2353 2353 D miui_face: onHelp=Αδυναμία αναγνώρισης
06-08 13:25:10.984 2353 3040 I miui_face: authenCallback, onAuthenticationHelp helpCode:5 helpString:未检测到人脸
06-08 13:25:10.986 2353 2353 D miui_face: onHelp=Αδυναμία αναγνώρισης
06-08 13:25:11.047 2353 3040 I miui_face: authenCallback, onAuthenticationHelp helpCode:5 helpString:未检测到人脸
06-08 13:25:11.047 2353 2353 D miui_face: onHelp=Αδυναμία αναγνώρισης
06-08 13:25:11.124 2353 3040 I miui_face: authenCallback, onAuthenticationHelp helpCode:5 helpString:未检测到人脸
06-08 13:25:11.124 2353 2353 D miui_face: onHelp=Αδυναμία αναγνώρισης
06-08 13:25:11.185 2353 3040 I miui_face: authenCallback, onAuthenticationHelp helpCode:5 helpString:未检测到人脸
06-08 13:25:11.185 2353 2353 D miui_face: onHelp=Αδυναμία αναγνώρισης
06-08 13:25:11.254 2353 3040 I miui_face: authenCallback, onAuthenticationHelp helpCode:5 helpString:未检测到人脸
06-08 13:25:11.254 2353 2353 D miui_face: onHelp=Αδυναμία αναγνώρισης
06-08 13:25:11.308 2353 3040 I miui_face: authenCallback, onAuthenticationHelp helpCode:5 helpString:未检测到人脸
06-08 13:25:11.308 2353 2353 D miui_face: onHelp=Αδυναμία αναγνώρισης
06-08 13:25:11.379 2353 3040 I miui_face: authenCallback, onAuthenticationHelp helpCode:5 helpString:未检测到人脸
06-08 13:25:11.379 2353 2353 D miui_face: onHelp=Αδυναμία αναγνώρισης
06-08 13:25:11.446 2353 3040 I miui_face: authenCallback, onAuthenticationHelp helpCode:5 helpString:未检测到人脸
06-08 13:25:11.446 2353 2353 D miui_face: onHelp=Αδυναμία αναγνώρισης
06-08 13:25:11.534 2353 3040 I miui_face: authenCallback, onAuthenticationHelp helpCode:5 helpString:未检测到人脸
06-08 13:25:11.535 2353 2353 D miui_face: onHelp=Αδυναμία αναγνώρισης
