06-08 15:14:00.816 1757 4531 I ActivityManager: Killing 28706:com.google.android.webview:sandboxed_process0:org.chromium.content.app.SandboxedProcessService0:0/u0a241i41 (adj 0): isolated not needed
06-08 15:14:01.463 826 910 W EventThreadInspector: slow VSync-app on display(19261101167563905), count=60, avg=29 ms, max=39 ms.
06-08 15:14:01.722 1757 1957 D Boost : hostingType=service, hostingName={com.qualcomm.atfwd/com.qualcomm.atfwd.AtFwdService}, callerPackage=com.qualcomm.atfwd, isSystem=true, isBoostNeeded=false.
06-08 15:14:01.723 1757 1957 I ActivityManager: Start proc 28812:com.qualcomm.telephony/u0a199 for service {com.qualcomm.atfwd/com.qualcomm.atfwd.AtFwdService} caller=com.qualcomm.atfwd
06-08 15:14:02.181 1757 2328 D LocalDisplayAdapter: setDisplayState(id=19261101167563905, state=DOZE_SUSPEND)
06-08 15:14:02.181 1757 1924 I DisplayManagerService: Display device changed state: "Ενσωματωμένη οθόνη", DOZE_SUSPEND
06-08 15:14:02.194 1757 1971 D KernelCpuUidUserSysTimeReader: Removing uids 99041-99041
06-08 15:14:02.195 1757 1971 D BatteryStatsImpl: Got readings for an isolated uid with no mapping: 99041
06-08 15:14:38.501 1757 1971 W NetworkStatsFactorySysApp: stats=NetworkStatsSysApp: elapsedRealtime=20486990
06-08 15:14:38.501 1757 1971 W NetworkStatsFactorySysApp: [0] iface=rmnet_data1 nameOrHashs=2463678812787075199 rxBytes=28928 rxPackets=113 txBytes=28928 txPackets=113 [1] iface=rmnet_data1 nameOrHashs=15360284826224562093 rxBytes=25335 rxPackets=66 txBytes=11171 txPackets=78 [2] iface=rmnet_data1 nameOrHashs=12147314186442659468 rxBytes=48385 rxPackets=135 txBytes=34878 txPackets=205 [3] iface=rmnet_data1 nameOrHashs=4859101771987231424 rxBytes=1793 rxPackets=14 txBytes=2037 txPackets=23 [4] iface=rmnet_data1 nameOrHashs=13413145894021867311 rxBytes=224132 rxPackets=295 txBytes=53336 txPackets=331 [5] iface=rmnet_data2 nameOrHashs=5381 rxBytes=840 rxPackets=10 txBytes=1090 txPackets=10 [6] iface=rmnet_data1 nameOrHashs=13203530503623258350 rxBytes=4728 rxPackets=15 txBytes=2118 txPackets=20 [7] iface=rmnet_data1 nameOrHashs=18446744073709551615 rxBytes=1512 rxPackets=3 txBytes=52 txPackets=1 [8] iface=rmnet_data1 nameOrHashs=5381 rxBytes=30289 rxPackets=119 txBytes=20735 txPackets=154
06-08 15:15:01.521 1757 2328 D LocalDisplayAdapter: setDisplayState(id=19261101167563905, state=DOZE)
06-08 15:15:01.521 1757 1924 I DisplayManagerService: Display device changed state: "Ενσωματωμένη οθόνη", DOZE
06-08 15:15:01.657 1757 2328 D LocalDisplayAdapter: setDisplayState(id=19261101167563905, state=DOZE_SUSPEND)
06-08 15:15:01.657 1757 1924 I DisplayManagerService: Display device changed state: "Ενσωματωμένη οθόνη", DOZE_SUSPEND
06-08 15:15:40.755 1757 1971 W NetworkStatsFactorySysApp: stats=NetworkStatsSysApp: elapsedRealtime=20549244
06-08 15:15:40.755 1757 1971 W NetworkStatsFactorySysApp: [0] iface=rmnet_data1 nameOrHashs=2463678812787075199 rxBytes=28928 rxPackets=113 txBytes=28928 txPackets=113 [1] iface=rmnet_data1 nameOrHashs=15360284826224562093 rxBytes=25335 rxPackets=66 txBytes=11171 txPackets=78 [2] iface=rmnet_data1 nameOrHashs=12147314186442659468 rxBytes=48385 rxPackets=135 txBytes=34878 txPackets=205 [3] iface=rmnet_data1 nameOrHashs=4859101771987231424 rxBytes=1793 rxPackets=14 txBytes=2037 txPackets=23 [4] iface=rmnet_data1 nameOrHashs=13413145894021867311 rxBytes=224132 rxPackets=295 txBytes=53336 txPackets=331 [5] iface=rmnet_data2 nameOrHashs=5381 rxBytes=840 rxPackets=10 txBytes=1090 txPackets=10 [6] iface=rmnet_data1 nameOrHashs=13203530503623258350 rxBytes=4728 rxPackets=15 txBytes=2118 txPackets=20 [7] iface=rmnet_data1 nameOrHashs=18446744073709551615 rxBytes=1512 rxPackets=3 txBytes=52 txPackets=1 [8] iface=rmnet_data1 nameOrHashs=5381 rxBytes=30289 rxPackets=119 txBytes=20735 txPackets=154
06-08 15:15:40.825 1757 1957 D Boost : hostingType=broadcast, hostingName={com.viber.voip/com.google.firebase.iid.FirebaseInstanceIdReceiver}, callerPackage=com.google.android.gms, isSystem=true, isBoostNeeded=false.
06-08 15:15:40.826 1757 1957 I ActivityManager: Start proc 28862:com.viber.voip/u0a209 for broadcast {com.viber.voip/com.google.firebase.iid.FirebaseInstanceIdReceiver} caller=com.google.android.gms
06-08 15:15:41.200 28862 28930 E ActivityThread: Failed to find provider info for com.facebook.katana.provider.AttributionIdProvider
06-08 15:15:41.265 1757 2733 W BluetoothManagerService: bindBluetoothProfileService:Trying to bind to profile: 1, while Bluetooth is disabled
06-08 15:15:41.388 1757 2733 D ConnectivityService: requestNetwork for uid/pid:10209/28862 NetworkRequest [ TRACK_DEFAULT id=166, [ Capabilities: INTERNET&NOT_RESTRICTED&TRUSTED Uid: 10209] ]
06-08 15:15:41.449 1757 2272 D ConnectivityService: releasing NetworkRequest [ TRACK_DEFAULT id=166, [ Capabilities: INTERNET&NOT_RESTRICTED&TRUSTED Uid: 10209] ] (release request)
06-08 15:15:42.913 1757 8943 I PowerManagerService: Waking up from Dozing (uid=10209, reason=WAKE_REASON_APPLICATION, details=od)...
06-08 15:15:42.915 1757 1757 W UsageStatsService: Event reported without a package name, eventType:15
06-08 15:15:42.922 1757 1757 I WindowManager: Started waking up... (why=ON_BECAUSE_OF_APPLICATION)
06-08 15:15:42.954 1757 2036 D AutomaticBrightnessControllerInjector: setLightSensorEnabled: false
06-08 15:15:42.954 1757 2036 D AutomaticBrightnessControllerInjector: res: 0.7
06-08 15:15:42.958 1757 2036 D AutomaticBrightnessControllerInjector: AmbientLux=0.7, mAmbientDarkeningThreshold=0.13999999, mAmbientBrighteningThreshold=2.7, angle_xy2horizon=0.86944133
06-08 15:15:42.958 1757 2036 D AutomaticBrightnessController: updateAutoBrightness: mScreenAutoBrightness=-1, newScreenAutoBrightness=36
06-08 15:15:42.958 1757 2036 D AutomaticBrightnessControllerInjector: skip debounce!
06-08 15:15:42.958 1757 2036 D AutomaticBrightnessControllerInjector: AmbientLux=0.7, mAmbientDarkeningThreshold=0.13999999, mAmbientBrighteningThreshold=2.7, angle_xy2horizon=0.86944133
06-08 15:15:42.958 1757 2036 D AutomaticBrightnessControllerInjector: setAccSensorEnabled enable
06-08 15:15:42.963 1757 1757 D StorageManagerService: Get the action of screen on
06-08 15:15:42.964 520 29009 D vold : The trim thread is not running
06-08 15:15:42.964 520 29009 D vold : idle maintenance stopped
06-08 15:15:42.966 1757 2036 D AutomaticBrightnessControllerInjector: setMotionSensorEnabled enable
06-08 15:15:42.972 1757 2036 D AutomaticBrightnessTouchHelper: touch pointer listener has registered!
06-08 15:15:42.973 1757 2036 V DisplayPowerController: Brightness [36] reason changing to: 'automatic', previous reason: 'doze'.
06-08 15:15:42.973 1757 2328 D LocalDisplayAdapter: setDisplayState(id=19261101167563905, state=DOZE)
06-08 15:15:42.973 1757 1924 I DisplayManagerService: Display device changed state: "Ενσωματωμένη οθόνη", ON
06-08 15:15:42.977 1757 1757 V SettingsProvider: Notifying for 0: content://settings/system/screen_brightness
06-08 15:15:42.981 1112 1112 I wificond: Pno scan stopped
06-08 15:15:42.983 1757 2328 D LocalDisplayAdapter: setDisplayState(id=19261101167563905, state=ON)
06-08 15:15:42.990 1757 1924 D WindowManager: updateContrast : content://settings/system/contrast_alpha
06-08 15:15:42.990 1757 1757 V SettingsProvider: Notifying for 0: content://settings/system/contrast_alpha
06-08 15:15:42.991 1757 1924 I WindowManager: updateContrastOverlay, darkmode: false isContrastEnabled: true alpha: 0.30375716
06-08 15:15:42.999 1757 1757 V LocationPolicy: Screen state changed
06-08 15:15:43.003 2353 2353 I miui_face: start face unlock
06-08 15:15:43.004 2353 2353 I MiuiGxzwOverlayView: upldate overlay view alpha: 0.657
06-08 15:15:43.004 2353 3040 I miui_face: start verify time=1
06-08 15:15:43.005 2353 3040 D FaceManagerImpl_client: authenticate mServiceReceiver:android.hardware.miuiface.MiuiFaceManagerImpl$2@5696c5f
06-08 15:15:43.005 4030 4147 D miui.face.FaceService: authenticate, packName: com.android.systemui receiver:android.os.BinderProxy@cb84e0 timeout:5000
06-08 15:15:43.005 2353 2353 I MiuiGxzwViewIcon: setGxzwIconOpaque
06-08 15:15:43.006 4030 4121 D miui.face.transplant: FaceUnlockManager setRunOutTime timeout:5000
06-08 15:15:43.006 4030 4121 D miui.face.FaceService: authen mFaceUnlockView:android.view.TextureView{c1ca4c4 V.ED..... ........ 0,0-0,0} texture:android.graphics.SurfaceTexture@5fe0fad
06-08 15:15:43.006 4030 4121 D miui.face.transplant: sdk version=sensetime_3.3.22.729-pro-d8376db
06-08 15:15:43.006 4030 4121 D miui.face.FaceService: miui.face.timeline, onFaceStart, ServicePrepareTime:1
06-08 15:15:43.045 2353 2353 D miui_face: onFaceAuthStart
06-08 15:15:43.054 1757 1757 I WindowManager: Finished waking up... (why=ON_BECAUSE_OF_APPLICATION)
06-08 15:15:43.054 1757 2036 I DreamManagerService: Gently waking up from dream.
06-08 15:15:43.055 1757 1921 I DreamManagerService: Performing gentle wake from dream.
06-08 15:15:43.064 1757 3743 I MiuiKnockGestureService: gamemode close knock feature
06-08 15:15:43.064 1757 3743 I MiuiKnockGestureService: native feature not merge
06-08 15:15:43.068 3203 3203 V DreamService[DozeService]: wakeUp(): fromSystem=true, mWaking=false, mFinished=false
06-08 15:15:43.068 3203 3203 V DreamService[DozeService]: finish(): mFinished=false
06-08 15:15:43.068 1757 3743 I DreamManagerService: Leaving dreamland.
06-08 15:15:43.068 1757 1921 I DreamManagerService: Performing gentle wake from dream.
06-08 15:15:43.068 1757 1921 I DreamController: Stopping dream: name=ComponentInfo{com.miui.aod/com.miui.aod.doze.DozeService}, isTest=false, canDoze=true, userId=0
06-08 15:15:43.070 3203 3203 V DreamService[DozeService]: detach(): Calling onDreamingStopped()
06-08 15:15:43.070 3203 3203 V DreamService[DozeService]: onDreamingStopped()
06-08 15:15:43.077 826 910 W EventThreadInspector: slow VSync-app on display(19261101167563905), count=27, avg=29 ms, max=32 ms.
06-08 15:15:43.077 826 911 W EventThreadInspector: slow VSync-sf on display(19261101167563905), count=18, avg=44 ms, max=191 ms.
06-08 15:15:43.086 3203 3203 V DreamService[DozeService]: finish(): mFinished=true
06-08 15:15:43.086 3203 3203 V DreamService[DozeService]: onDestroy()
06-08 15:15:43.092 4030 4121 D miui.face.transplant: miui.face.timeline, open camera succeed time=86
06-08 15:15:43.105 2353 2767 D NetworkController.MobileSignalController(1): onServiceStateChanged slotId=0 subId=1 voiceState=0 dataState=0 FiveGConnected= false dataType= 3
06-08 15:15:43.151 2353 2767 D NetworkController.MobileSignalController(1): onServiceStateChanged slotId=0 subId=1 voiceState=0 dataState=0 FiveGConnected= false dataType= 3
06-08 15:15:43.193 826 911 W EventThreadInspector: slow VSync-sf on display(19261101167563905), count=1, avg=31 ms, max=31 ms.
06-08 15:15:43.232 1757 1955 D ProcessManager: add audio active uid : 10189
06-08 15:15:43.385 2353 3040 I miui_face: authenCallback, onAuthenticationHelp helpCode:5 helpString:未检测到人脸
06-08 15:15:43.408 2353 2353 D miui_face: onHelp=Αδυναμία αναγνώρισης
06-08 15:15:43.451 2353 3040 I miui_face: authenCallback, onAuthenticationHelp helpCode:5 helpString:未检测到人脸
06-08 15:15:43.459 2353 2353 D miui_face: onHelp=Αδυναμία αναγνώρισης
06-08 15:15:43.485 1757 2617 E NotificationService: Error creating vibration waveform with pattern: [0]
06-08 15:15:43.520 2353 3040 I miui_face: authenCallback, onAuthenticationHelp helpCode:5 helpString:未检测到人脸
06-08 15:15:43.523 2353 2353 D miui_face: onHelp=Αδυναμία αναγνώρισης
06-08 15:15:43.579 2353 3040 I miui_face: authenCallback, onAuthenticationHelp helpCode:5 helpString:未检测到人脸
06-08 15:15:43.589 2353 2353 D miui_face: onHelp=Αδυναμία αναγνώρισης
06-08 15:15:43.598 2353 2353 I KeyguardViewMediator: event.values[0]=5.00003
06-08 15:15:43.728 2353 3040 I miui_face: authenCallback, onAuthenticationHelp helpCode:5 helpString:未检测到人脸
06-08 15:15:43.738 2353 2353 D miui_face: onHelp=Αδυναμία αναγνώρισης
06-08 15:15:43.914 2353 3040 I miui_face: authenCallback, onAuthenticationHelp helpCode:5 helpString:未检测到人脸
06-08 15:15:43.914 2353 2353 D miui_face: onHelp=Αδυναμία αναγνώρισης
06-08 15:15:44.136 2353 3040 I miui_face: authenCallback, onAuthenticationHelp helpCode:5 helpString:未检测到人脸
06-08 15:15:44.136 2353 2353 D miui_face: onHelp=Αδυναμία αναγνώρισης
06-08 15:15:44.139 1757 1757 D NotificationListeners: is mask intercept: com.miui.aod.util
06-08 15:15:44.328 2353 3040 I miui_face: authenCallback, onAuthenticationHelp helpCode:5 helpString:未检测到人脸
06-08 15:15:44.328 2353 2353 D miui_face: onHelp=Αδυναμία αναγνώρισης
06-08 15:15:44.524 2353 3040 I miui_face: authenCallback, onAuthenticationHelp helpCode:5 helpString:未检测到人脸
06-08 15:15:44.524 2353 2353 D miui_face: onHelp=Αδυναμία αναγνώρισης
06-08 15:15:44.723 2353 3040 I miui_face: authenCallback, onAuthenticationHelp helpCode:5 helpString:未检测到人脸
06-08 15:15:44.723 2353 2353 D miui_face: onHelp=Αδυναμία αναγνώρισης
06-08 15:15:44.923 2353 3040 I miui_face: authenCallback, onAuthenticationHelp helpCode:5 helpString:未检测到人脸
06-08 15:15:44.924 2353 2353 D miui_face: onHelp=Αδυναμία αναγνώρισης
06-08 15:15:45.124 2353 3040 I miui_face: authenCallback, onAuthenticationHelp helpCode:5 helpString:未检测到人脸
06-08 15:15:45.124 2353 2353 D miui_face: onHelp=Αδυναμία αναγνώρισης
06-08 15:15:45.330 2353 3040 I miui_face: authenCallback, onAuthenticationHelp helpCode:5 helpString:未检测到人脸
06-08 15:15:45.331 2353 2353 D miui_face: onHelp=Αδυναμία αναγνώρισης
06-08 15:15:45.524 2353 3040 I miui_face: authenCallback, onAuthenticationHelp helpCode:5 helpString:未检测到人脸
06-08 15:15:45.525 2353 2353 D miui_face: onHelp=Αδυναμία αναγνώρισης
06-08 15:15:45.724 2353 3040 I miui_face: authenCallback, onAuthenticationHelp helpCode:5 helpString:未检测到人脸
06-08 15:15:45.724 2353 2353 D miui_face: onHelp=Αδυναμία αναγνώρισης
06-08 15:15:45.848 1112 1112 I wificond: Unexpected empty scan result!
06-08 15:15:45.855 1757 3562 E WifiService: Permission violation - getScanResults not allowed for uid=10181, packageName=com.google.android.gms, reason=java.lang.SecurityException: Location mode is disabled for the device
06-08 15:15:45.927 2353 3040 I miui_face: authenCallback, onAuthenticationHelp helpCode:5 helpString:未检测到人脸
06-08 15:15:45.928 2353 2353 D miui_face: onHelp=Αδυναμία αναγνώρισης
06-08 15:15:46.129 2353 3040 I miui_face: authenCallback, onAuthenticationHelp helpCode:5 helpString:未检测到人脸
06-08 15:15:46.130 2353 2353 D miui_face: onHelp=Αδυναμία αναγνώρισης
06-08 15:15:46.247 28862 29087 E ActivityThread: Failed to find provider info for com.facebook.katana.provider.AttributionIdProvider
06-08 15:15:46.327 2353 3040 I miui_face: authenCallback, onAuthenticationHelp helpCode:5 helpString:未检测到人脸
06-08 15:15:46.327 2353 2353 D miui_face: onHelp=Αδυναμία αναγνώρισης
06-08 15:15:46.535 2353 3040 I miui_face: authenCallback, onAuthenticationHelp helpCode:5 helpString:未检测到人脸
06-08 15:15:46.535 2353 2353 D miui_face: onHelp=Αδυναμία αναγνώρισης
06-08 15:15:46.735 2353 3040 I miui_face: authenCallback, onAuthenticationHelp helpCode:5 helpString:未检测到人脸
06-08 15:15:46.737 2353 2353 D miui_face: onHelp=Αδυναμία αναγνώρισης
06-08 15:15:46.934 2353 3040 I miui_face: authenCallback, onAuthenticationHelp helpCode:5 helpString:未检测到人脸
06-08 15:15:46.936 2353 2353 D miui_face: onHelp=Αδυναμία αναγνώρισης
06-08 15:15:47.133 2353 3040 I miui_face: authenCallback, onAuthenticationHelp helpCode:5 helpString:未检测到人脸
06-08 15:15:47.133 2353 2353 D miui_face: onHelp=Αδυναμία αναγνώρισης
06-08 15:15:47.333 2353 3040 I miui_face: authenCallback, onAuthenticationHelp helpCode:5 helpString:未检测到人脸
06-08 15:15:47.333 2353 2353 D miui_face: onHelp=Αδυναμία αναγνώρισης
06-08 15:15:47.533 2353 3040 I miui_face: authenCallback, onAuthenticationHelp helpCode:5 helpString:未检测到人脸
06-08 15:15:47.534 2353 2353 D miui_face: onHelp=Αδυναμία αναγνώρισης
06-08 15:15:47.732 2353 3040 I miui_face: authenCallback, onAuthenticationHelp helpCode:5 helpString:未检测到人脸
06-08 15:15:47.733 2353 2353 D miui_face: onHelp=Αδυναμία αναγνώρισης
06-08 15:15:47.936 2353 3040 I miui_face: authenCallback, onAuthenticationHelp helpCode:5 helpString:未检测到人脸
06-08 15:15:47.936 2353 2353 D miui_face: onHelp=Αδυναμία αναγνώρισης
06-08 15:15:47.962 2353 2353 I MiuiChargeManager: notifyBatteryStatusChanged: status: 3 isPlugged: 0 level: 83 wireState: -1 chargeSpeed: 0 mWiredChargeType: 0 mWirelessChargeType: 0 chargeDeviceType: -1
06-08 15:15:47.963 5199 5199 D PowerChecker_Service: battery status = 3 plug = 0 level = 83
06-08 15:15:48.105 1757 9228 E NotificationService: Error creating vibration waveform with pattern: [0]
06-08 15:15:48.131 2353 3040 I miui_face: authenCallback, onAuthenticationHelp helpCode:5 helpString:未检测到人脸
06-08 15:15:48.135 2353 2353 D miui_face: onHelp=Αδυναμία αναγνώρισης
06-08 15:15:48.567 4030 4121 D miui.face.transplant: Camera2Util, close camera
06-08 15:15:48.567 4030 4121 D miui.face.FaceService: onFaceAuthFailed hasFace:false
06-08 15:15:48.568 4030 4147 D miui.face.FaceService: miui.face.timeline, onAuthenticate All Time:5563 , id:0
06-08 15:15:48.568 2353 3040 I miui_face: authenCallback, onAuthenticationFailed
06-08 15:15:48.568 2353 3040 D FaceManagerImpl_client: cancelAuthentication
06-08 15:15:48.568 4030 4147 D miui.face.FaceService: Done with client: com.android.systemui
06-08 15:15:48.568 4030 4147 D miui.face.FaceService: cancelAuthenticate, packName: com.android.systemui
06-08 15:15:48.568 2353 2353 D miui_face: onFaceAuthTimeOut hasFace=false
06-08 15:15:49.916 1757 2036 D PowerManagerService: screen wakeLock:[FULL_WAKE_LOCK 'od' ACQUIRE_CAUSES_WAKEUP ON_AFTER_RELEASE DISABLED (uid=10209 pid=28862)] disabled
06-08 15:15:49.918 1757 2036 V DisplayPowerController: Brightness [15] reason changing to: 'automatic [ dim ]', previous reason: 'automatic'.
06-08 15:15:49.933 1757 2036 D AutomaticBrightnessControllerInjector: updateSlideAnimationDuration: reason: auto_darken, new duration: 525
06-08 15:15:49.936 1757 1757 V SettingsProvider: Notifying for 0: content://settings/system/slider_animation_duration
06-08 15:15:51.089 2353 2767 D NetworkController.MobileSignalController(1): onServiceStateChanged slotId=0 subId=1 voiceState=0 dataState=0 FiveGConnected= false dataType= 3
06-08 15:15:51.184 2353 2767 D NetworkController.MobileSignalController(1): onServiceStateChanged slotId=0 subId=1 voiceState=0 dataState=0 FiveGConnected= false dataType= 13
06-08 15:15:51.214 1757 2272 D ConnectivityService: NetworkAgentInfo [MOBILE (LTE) - 106] EVENT_NETWORK_INFO_CHANGED, going from CONNECTED to CONNECTED
06-08 15:15:51.226 1757 2272 E Nat464Xlat: getConfig: For config := persist.vendor.net.doxlat returned value := true
06-08 15:15:52.122 2353 2767 D NetworkController.MobileSignalController(1): onServiceStateChanged slotId=0 subId=1 voiceState=0 dataState=0 FiveGConnected= false dataType= 13
06-08 15:15:52.143 2353 2767 I chatty : uid=1000(system) SysUiNetBg identical 1 line
06-08 15:15:52.219 2353 2767 D NetworkController.MobileSignalController(1): onServiceStateChanged slotId=0 subId=1 voiceState=0 dataState=0 FiveGConnected= false dataType= 13
06-08 15:15:52.915 1757 2036 I PowerManagerService: Going to sleep due to timeout (uid 1000)...
06-08 15:15:52.916 1757 1757 W UsageStatsService: Event reported without a package name, eventType:16
06-08 15:15:52.920 1757 1757 I set_top_app: success /proc/2353/top_app:0
06-08 15:15:52.921 1757 1757 I set_top_app: success /proc/2748/top_app:0
06-08 15:15:52.922 1757 1757 I WindowManager: Started going to sleep... (why=OFF_BECAUSE_OF_TIMEOUT)
06-08 15:15:52.923 1757 2617 D PowerManagerService: brightness wakeLock FULL_WAKE_LOCK 'od' ACQUIRE_CAUSES_WAKEUP ON_AFTER_RELEASE DISABLED (uid=10209 pid=28862) is holded 6578263 ms too long
06-08 15:15:52.941 1757 2036 E ColorFade: Unable to create surface.
06-08 15:15:52.941 1757 2036 E ColorFade: android.view.Surface$OutOfResourcesException
06-08 15:15:52.941 1757 2036 E ColorFade: at android.view.SurfaceControl.nativeCreate(Native Method)
06-08 15:15:52.941 1757 2036 E ColorFade: at android.view.SurfaceControl.(Unknown Source:166)
06-08 15:15:52.941 1757 2036 E ColorFade: at android.view.SurfaceControl.(Unknown Source:0)
06-08 15:15:52.941 1757 2036 E ColorFade: at android.view.SurfaceControl$Builder.build(Unknown Source:44)
06-08 15:15:52.941 1757 2036 E ColorFade: at com.android.server.display.ColorFade.createSurface(Unknown Source:49)
06-08 15:15:52.941 1757 2036 E ColorFade: at com.android.server.display.ColorFade.prepare(Unknown Source:26)
06-08 15:15:52.941 1757 2036 E ColorFade: at com.android.server.display.DisplayPowerState.prepareColorFade(Unknown Source:6)
06-08 15:15:52.941 1757 2036 E ColorFade: at com.android.server.display.DisplayPowerController.animateScreenStateChange(Unknown Source:340)
06-08 15:15:52.941 1757 2036 E ColorFade: at com.android.server.display.DisplayPowerController.updatePowerState(Unknown Source:220)
06-08 15:15:52.941 1757 2036 E ColorFade: at com.android.server.display.DisplayPowerController.access$600(Unknown Source:0)
06-08 15:15:52.941 1757 2036 E ColorFade: at com.android.server.display.DisplayPowerController$DisplayControllerHandler.handleMessage(Unknown Source:146)
06-08 15:15:52.941 1757 2036 E ColorFade: at android.os.Handler.dispatchMessage(Unknown Source:19)
06-08 15:15:52.941 1757 2036 E ColorFade: at android.os.Looper.loop(Unknown Source:242)
06-08 15:15:52.941 1757 2036 E ColorFade: at android.os.HandlerThread.run(Unknown Source:28)
06-08 15:15:52.941 1757 2036 E ColorFade: at com.android.server.ServiceThread.run(Unknown Source:12)
06-08 15:15:52.941 1757 2036 V DisplayPowerController: Brightness [36] reason changing to: 'automatic', previous reason: 'automatic [ dim ]'.
06-08 15:15:52.942 1757 2036 I DisplayPowerController: Blocking screen off
06-08 15:15:52.944 1757 2036 I DisplayPowerController: Unblocked screen off after 2 ms
06-08 15:15:52.957 4030 4147 D miui.face.FaceService: preInitAuth, com.android.systemui ok
06-08 15:15:52.962 4030 4147 D miui.face.FaceService: onPreInit curMonitor:com.miui.face.util.ClientMonitor@d3c26cf hasInit: true
06-08 15:15:52.976 1757 2036 I WindowManager: Screen turned off...
06-08 15:15:52.996 1757 2036 D AutomaticBrightnessControllerInjector: setLightSensorEnabled: true
06-08 15:15:52.997 1757 2036 D AutomaticBrightnessControllerInjector: res: 0.0
06-08 15:15:52.998 1757 2036 D AutomaticBrightnessControllerInjector: setAccSensorEnabled disable
06-08 15:15:53.000 1757 2036 D AutomaticBrightnessControllerInjector: setMotionSensorEnabled disable
06-08 15:15:53.002 1757 2036 D AutomaticBrightnessTouchHelper: touch pointer listener has unregistered!
06-08 15:15:53.002 1757 2036 V DisplayPowerController: Brightness [0] reason changing to: 'screen_off', previous reason: 'automatic'.
06-08 15:15:53.003 1757 2328 D LocalDisplayAdapter: setDisplayState(id=19261101167563905, state=OFF)
06-08 15:15:53.003 1757 1924 I DisplayManagerService: Display device changed state: "Ενσωματωμένη οθόνη", OFF
06-08 15:15:53.206 1757 2328 W BpBinder: Slow Binder: BpBinder transact took 203ms, interface=android.ui.ISurfaceComposer, code=19 oneway=false
06-08 15:15:53.209 1757 2036 I DreamManagerService: Entering dreamland.
06-08 15:15:53.211 1757 2036 I PowerManagerService: Dozing...
06-08 15:15:53.212 1757 1921 I DreamController: Starting dream: name=ComponentInfo{com.miui.aod/com.miui.aod.doze.DozeService}, isTest=false, canDoze=true, userId=0
06-08 15:15:53.226 3203 3203 V DreamService[DozeService]: onCreate()
06-08 15:15:53.255 3203 3203 V DreamService[DozeService]: onBind() intent = Intent { act=android.service.dreams.DreamService flg=0x800000 cmp=com.miui.aod/.doze.DozeService }
06-08 15:15:53.260 3203 3203 V DreamService[DozeService]: Calling onDreamingStarted()
06-08 15:15:53.260 3203 3203 V DreamService[DozeService]: onDreamingStarted()
06-08 15:15:53.332 1757 9212 I MiuiKnockGestureService: gamemode close knock feature
06-08 15:15:53.333 1757 9212 I MiuiKnockGestureService: native feature not merge
06-08 15:15:53.660 1757 2036 I DisplayPowerController: Blocking screen on until initial contents have been drawn.
06-08 15:15:53.660 1757 2036 I WindowManager: Screen turning on...
06-08 15:15:53.662 2353 6140 W KeyguardViewMediator: notifyScreenOn
06-08 15:15:53.662 2353 2353 W KeyguardViewMediator: handleNotifyScreenTurningOn
06-08 15:15:53.662 2353 2353 W KeyguardViewMediator: notifyDrawn
06-08 15:15:53.662 1757 3562 I WindowManager: mKeyguardDelegate.ShowListener.onDrawn.
06-08 15:15:53.663 1757 1922 W WindowManager: Setting mKeyguardDrawComplete
06-08 15:15:53.664 1757 1922 I WindowManager: All windows ready for display!
06-08 15:15:53.665 1757 1922 W WindowManager: Setting mWindowManagerDrawComplete
06-08 15:15:53.666 1757 2036 V DisplayPowerController: Brightness [1] reason changing to: 'doze', previous reason: 'screen_off'.
06-08 15:15:53.668 1757 2328 D LocalDisplayAdapter: setDisplayState(id=19261101167563905, state=DOZE)
06-08 15:15:53.669 1757 1924 I DisplayManagerService: Display device changed state: "Ενσωματωμένη οθόνη", DOZE
06-08 15:15:53.685 1757 1922 D WindowManager: finishScreenTurningOn: mAwake=true, mScreenOnEarly=true, mScreenOnFully=false, mKeyguardDrawComplete=true, mWindowManagerDrawComplete=true
06-08 15:15:53.685 1757 1922 I WindowManager: Finished screen turning on...
06-08 15:15:53.686 1757 2036 I DisplayPowerController: Unblocked screen on after 25 ms
06-08 15:15:53.700 2353 2353 I MiuiGxzwOverlayView: upldate overlay view alpha: 0.0
06-08 15:15:53.930 1757 2328 W BpBinder: Slow Binder: BpBinder transact took 261ms, interface=android.ui.ISurfaceComposer, code=19 oneway=false
06-08 15:15:53.932 1757 2303 D DisplayFeatureManager: setScreenEffect mode=0 value=2
06-08 15:15:53.933 1757 1757 I WindowManager: Finished going to sleep... (why=OFF_BECAUSE_OF_TIMEOUT)
06-08 15:15:53.944 1757 2303 D DisplayFeatureManager: setScreenEffect mode=3 value=0
06-08 15:15:53.964 1112 1112 I wificond: Pno scan started for frequencies: 2412, 2417, 2422, 2427, 2432, 2437, 2447, 2452, 2457, 2462, 5180, 5200, 5220, 5240, 5745, 5765, 5785, 5805,
06-08 15:15:53.968 1757 1757 V LocationPolicy: Screen state changed
06-08 15:15:54.010 1757 1955 D ProcessManager: add temp remove audio inactive uid : 10189
06-08 15:15:54.405 1757 2733 D PerfShielderService: com.android.systemui|com.android.systemui-gxz1598495682|407|6579527841027|172|5|9
06-08 15:15:54.499 826 910 W EventThreadInspector: slow VSync-app on display(19261101167563905), count=1, avg=32 ms, max=32 ms.
06-08 15:15:54.610 1757 2301 D ProcessManager: real remove inactive uid : 10189 flag : 1
06-08 15:15:54.961 826 910 W EventThreadInspector: slow VSync-app on display(19261101167563905), count=1, avg=31 ms, max=31 ms.
06-08 15:15:55.354 826 911 W EventThreadInspector: slow VSync-sf on display(19261101167563905), count=27, avg=32 ms, max=49 ms.
06-08 15:15:55.519 1757 2328 D LocalDisplayAdapter: setDisplayState(id=19261101167563905, state=DOZE_SUSPEND)
06-08 15:15:55.520 1757 1924 I DisplayManagerService: Display device changed state: "Ενσωματωμένη οθόνη", DOZE_SUSPEND
06-08 15:15:55.546 1757 2328 D LocalDisplayAdapter: setDisplayState(id=19261101167563905, state=DOZE)
06-08 15:15:55.547 1757 1924 I DisplayManagerService: Display device changed state: "Ενσωματωμένη οθόνη", DOZE
06-08 15:15:55.848 826 911 W EventThreadInspector: slow VSync-sf on display(19261101167563905), count=1, avg=31 ms, max=31 ms.
06-08 15:15:55.877 1757 2328 D LocalDisplayAdapter: setDisplayState(id=19261101167563905, state=DOZE_SUSPEND)
06-08 15:15:55.878 1757 1924 I DisplayManagerService: Display device changed state: "Ενσωματωμένη οθόνη", DOZE_SUSPEND
06-08 15:15:55.897 1757 2328 D LocalDisplayAdapter: setDisplayState(id=19261101167563905, state=DOZE)
06-08 15:15:55.898 1757 1924 I DisplayManagerService: Display device changed state: "Ενσωματωμένη οθόνη", DOZE
06-08 15:15:55.931 2353 2353 I MiuiGxzwViewIcon: setGxzwIconTransparent
06-08 15:15:55.935 2353 2353 I MiuiGxzwViewIcon: turnOffScreen
06-08 15:15:56.302 1757 2328 D LocalDisplayAdapter: setDisplayState(id=19261101167563905, state=DOZE_SUSPEND)
06-08 15:15:56.303 1757 1924 I DisplayManagerService: Display device changed state: "Ενσωματωμένη οθόνη", DOZE_SUSPEND
06-08 15:15:56.340 826 911 W EventThreadInspector: slow VSync-sf on display(19261101167563905), count=1, avg=31 ms, max=31 ms.
06-08 15:15:56.358 1757 2328 D LocalDisplayAdapter: setDisplayState(id=19261101167563905, state=DOZE)
06-08 15:15:56.358 1757 1924 I DisplayManagerService: Display device changed state: "Ενσωματωμένη οθόνη", DOZE
06-08 15:15:56.669 826 911 W EventThreadInspector: slow VSync-sf on display(19261101167563905), count=1, avg=31 ms, max=31 ms.
06-08 15:15:56.699 1757 2328 D LocalDisplayAdapter: setDisplayState(id=19261101167563905, state=DOZE_SUSPEND)
06-08 15:15:56.700 1757 1924 I DisplayManagerService: Display device changed state: "Ενσωματωμένη οθόνη", DOZE_SUSPEND
06-08 15:15:56.726 1757 2328 D LocalDisplayAdapter: setDisplayState(id=19261101167563905, state=DOZE)
06-08 15:15:56.726 1757 1924 I DisplayManagerService: Display device changed state: "Ενσωματωμένη οθόνη", DOZE
06-08 15:15:56.999 1757 2328 D LocalDisplayAdapter: setDisplayState(id=19261101167563905, state=DOZE_SUSPEND)
06-08 15:15:57.000 1757 1924 I DisplayManagerService: Display device changed state: "Ενσωματωμένη οθόνη", DOZE_SUSPEND
06-08 15:16:01.513 1757 2328 D LocalDisplayAdapter: setDisplayState(id=19261101167563905, state=DOZE)
06-08 15:16:01.513 1757 1924 I DisplayManagerService: Display device changed state: "Ενσωματωμένη οθόνη", DOZE
06-08 15:16:01.698 826 911 W EventThreadInspector: slow VSync-sf on display(19261101167563905), count=7, avg=21 ms, max=31 ms.
06-08 15:16:01.764 826 910 W EventThreadInspector: slow VSync-app on display(19261101167563905), count=60, avg=25 ms, max=32 ms.
06-08 15:16:03.175 1757 2328 D LocalDisplayAdapter: setDisplayState(id=19261101167563905, state=DOZE_SUSPEND)
06-08 15:16:03.175 1757 1924 I DisplayManagerService: Display device changed state: "Ενσωματωμένη οθόνη", DOZE_SUSPEND
06-08 15:16:03.320 826 826 W SurfaceFlingerInspector: Slow frame composition: xiaomi f4 41 prepareFrame took 100 ms
06-08 15:16:03.389 1757 1971 W NetworkStatsFactorySysApp: stats=NetworkStatsSysApp: elapsedRealtime=20571879
06-08 15:16:03.389 1757 1971 W NetworkStatsFactorySysApp: [0] iface=rmnet_data1 nameOrHashs=2463678812787075199 rxBytes=28928 rxPackets=113 txBytes=28928 txPackets=113 [1] iface=rmnet_data1 nameOrHashs=15360284826224562093 rxBytes=25335 rxPackets=66 txBytes=11171 txPackets=78 [2] iface=rmnet_data1 nameOrHashs=12147314186442659468 rxBytes=48385 rxPackets=135 txBytes=34878 txPackets=205 [3] iface=rmnet_data1 nameOrHashs=4859101771987231424 rxBytes=1793 rxPackets=14 txBytes=2037 txPackets=23 [4] iface=rmnet_data1 nameOrHashs=13413145894021867311 rxBytes=224132 rxPackets=295 txBytes=53336 txPackets=331 [5] iface=rmnet_data2 nameOrHashs=5381 rxBytes=840 rxPackets=10 txBytes=1090 txPackets=10 [6] iface=rmnet_data1 nameOrHashs=13203530503623258350 rxBytes=4728 rxPackets=15 txBytes=2118 txPackets=20 [7] iface=rmnet_data1 nameOrHashs=18446744073709551615 rxBytes=1512 rxPackets=3 txBytes=52 txPackets=1 [8] iface=rmnet_data1 nameOrHashs=5381 rxBytes=30289 rxPackets=119 txBytes=20735 txPackets=154
06-08 15:17:01.480 1757 2272 D ConnectivityService: Blocked status changed to true for 10209(165) on netId 106
06-08 15:17:01.514 1757 2328 D LocalDisplayAdapter: setDisplayState(id=19261101167563905, state=DOZE)
06-08 15:17:01.514 1757 1924 I DisplayManagerService: Display device changed state: "Ενσωματωμένη οθόνη", DOZE
06-08 15:17:01.709 826 911 W EventThreadInspector: slow VSync-sf on display(19261101167563905), count=4, avg=20 ms, max=30 ms.
06-08 15:17:02.071 826 910 W EventThreadInspector: slow VSync-app on display(19261101167563905), count=60, avg=30 ms, max=31 ms.
06-08 15:17:03.151 1757 2328 D LocalDisplayAdapter: setDisplayState(id=19261101167563905, state=DOZE_SUSPEND)
06-08 15:17:03.157 1757 1924 I DisplayManagerService: Display device changed state: "Ενσωματωμένη οθόνη", DOZE_SUSPEND
06-08 15:17:08.808 28862 28862 W BpBinder: Slow Binder: BpBinder transact took 240ms, interface=android.app.IActivityManager, code=29 oneway=false
06-08 15:17:19.035 1757 1971 W NetworkStatsFactorySysApp: stats=NetworkStatsSysApp: elapsedRealtime=20647524
06-08 15:17:19.035 1757 1971 W NetworkStatsFactorySysApp: [0] iface=rmnet_data1 nameOrHashs=2463678812787075199 rxBytes=29184 rxPackets=114 txBytes=29184 txPackets=114 [1] iface=rmnet_data1 nameOrHashs=15360284826224562093 rxBytes=25335 rxPackets=66 txBytes=11171 txPackets=78 [2] iface=rmnet_data1 nameOrHashs=12147314186442659468 rxBytes=48385 rxPackets=135 txBytes=34878 txPackets=205 [3] iface=rmnet_data1 nameOrHashs=4859101771987231424 rxBytes=1793 rxPackets=14 txBytes=2037 txPackets=23 [4] iface=rmnet_data1 nameOrHashs=13413145894021867311 rxBytes=224132 rxPackets=295 txBytes=53336 txPackets=331 [5] iface=rmnet_data2 nameOrHashs=5381 rxBytes=840 rxPackets=10 txBytes=1090 txPackets=10 [6] iface=rmnet_data1 nameOrHashs=13203530503623258350 rxBytes=4728 rxPackets=15 txBytes=2118 txPackets=20 [7] iface=rmnet_data1 nameOrHashs=18446744073709551615 rxBytes=1512 rxPackets=3 txBytes=52 txPackets=1 [8] iface=rmnet_data1 nameOrHashs=5381 rxBytes=30289 rxPackets=119 txBytes=20735 txPackets=154
06-08 15:18:01.538 1757 2328 D LocalDisplayAdapter: setDisplayState(id=19261101167563905, state=DOZE)
06-08 15:18:01.539 1757 1924 I DisplayManagerService: Display device changed state: "Ενσωματωμένη οθόνη", DOZE
06-08 15:18:01.581 1757 1971 E BatteryExternalStatsWorker: no controller energy info supplied for bluetooth
06-08 15:18:01.600 1757 1971 W NetworkStatsFactorySysApp: stats=NetworkStatsSysApp: elapsedRealtime=20690089
06-08 15:18:01.600 1757 1971 W NetworkStatsFactorySysApp: [0] iface=wlan0 nameOrHashs=12147314186442659468 rxBytes=13696 rxPackets=41 txBytes=11669 txPackets=60 [1] iface=wlan0 nameOrHashs=15360284826224562093 rxBytes=3994 rxPackets=9 txBytes=1539 txPackets=11 [2] iface=wlan0 nameOrHashs=18446744073709551615 rxBytes=232 rxPackets=5 txBytes=232 txPackets=5 [3] iface=wlan0 nameOrHashs=13413145894021867311 rxBytes=323264 rxPackets=398 txBytes=64023 txPackets=393 [4] iface=wlan0 nameOrHashs=3518763049745578179 rxBytes=4369 rxPackets=8 txBytes=1866 txPackets=13 [5] iface=wlan0 nameOrHashs=16020371398875508808 rxBytes=146230 rxPackets=92 txBytes=5421 txPackets=94 [6] iface=wlan0 nameOrHashs=5381 rxBytes=8048 rxPackets=52 txBytes=10406 txPackets=52 [7] iface=wlan0 nameOrHashs=2463678812787075199 rxBytes=3072 rxPackets=12 txBytes=3072 txPackets=12
06-08 15:18:01.606 1757 1971 W NetworkStatsFactorySysApp: stats=NetworkStatsSysApp: elapsedRealtime=20690095
06-08 15:18:01.606 1757 1971 W NetworkStatsFactorySysApp: [0] iface=rmnet_data1 nameOrHashs=2463678812787075199 rxBytes=29184 rxPackets=114 txBytes=29184 txPackets=114 [1] iface=rmnet_data1 nameOrHashs=15360284826224562093 rxBytes=25335 rxPackets=66 txBytes=11171 txPackets=78 [2] iface=rmnet_data1 nameOrHashs=12147314186442659468 rxBytes=48385 rxPackets=135 txBytes=34878 txPackets=205 [3] iface=rmnet_data1 nameOrHashs=4859101771987231424 rxBytes=1793 rxPackets=14 txBytes=2037 txPackets=23 [4] iface=rmnet_data1 nameOrHashs=13413145894021867311 rxBytes=224132 rxPackets=295 txBytes=53336 txPackets=331 [5] iface=rmnet_data2 nameOrHashs=5381 rxBytes=840 rxPackets=10 txBytes=1090 txPackets=10 [6] iface=rmnet_data1 nameOrHashs=13203530503623258350 rxBytes=4728 rxPackets=15 txBytes=2118 txPackets=20 [7] iface=rmnet_data1 nameOrHashs=18446744073709551615 rxBytes=1512 rxPackets=3 txBytes=52 txPackets=1 [8] iface=rmnet_data1 nameOrHashs=5381 rxBytes=30289 rxPackets=119 txBytes=20735 txPackets=154
06-08 15:18:01.663 1757 2328 D LocalDisplayAdapter: setDisplayState(id=19261101167563905, state=DOZE_SUSPEND)
06-08 15:18:01.663 1757 1924 I DisplayManagerService: Display device changed state: "Ενσωματωμένη οθόνη", DOZE_SUSPEND
06-08 15:18:01.689 1757 1971 E BatteryExternalStatsWorker: no controller energy info supplied for bluetooth
06-08 15:18:01.710 1757 1971 W NetworkStatsFactorySysApp: stats=NetworkStatsSysApp: elapsedRealtime=20690200
06-08 15:18:01.710 1757 1971 W NetworkStatsFactorySysApp: [0] iface=wlan0 nameOrHashs=12147314186442659468 rxBytes=13696 rxPackets=41 txBytes=11669 txPackets=60 [1] iface=wlan0 nameOrHashs=15360284826224562093 rxBytes=3994 rxPackets=9 txBytes=1539 txPackets=11 [2] iface=wlan0 nameOrHashs=18446744073709551615 rxBytes=232 rxPackets=5 txBytes=232 txPackets=5 [3] iface=wlan0 nameOrHashs=13413145894021867311 rxBytes=323264 rxPackets=398 txBytes=64023 txPackets=393 [4] iface=wlan0 nameOrHashs=3518763049745578179 rxBytes=4369 rxPackets=8 txBytes=1866 txPackets=13 [5] iface=wlan0 nameOrHashs=16020371398875508808 rxBytes=146230 rxPackets=92 txBytes=5421 txPackets=94 [6] iface=wlan0 nameOrHashs=5381 rxBytes=8048 rxPackets=52 txBytes=10406 txPackets=52 [7] iface=wlan0 nameOrHashs=2463678812787075199 rxBytes=3072 rxPackets=12 txBytes=3072 txPackets=12
06-08 15:18:01.714 1757 1971 W NetworkStatsFactorySysApp: stats=NetworkStatsSysApp: elapsedRealtime=20690204
06-08 15:18:01.714 1757 1971 W NetworkStatsFactorySysApp: [0] iface=rmnet_data1 nameOrHashs=2463678812787075199 rxBytes=29184 rxPackets=114 txBytes=29184 txPackets=114 [1] iface=rmnet_data1 nameOrHashs=15360284826224562093 rxBytes=25335 rxPackets=66 txBytes=11171 txPackets=78 [2] iface=rmnet_data1 nameOrHashs=12147314186442659468 rxBytes=48385 rxPackets=135 txBytes=34878 txPackets=205 [3] iface=rmnet_data1 nameOrHashs=4859101771987231424 rxBytes=1793 rxPackets=14 txBytes=2037 txPackets=23 [4] iface=rmnet_data1 nameOrHashs=13413145894021867311 rxBytes=224132 rxPackets=295 txBytes=53336 txPackets=331 [5] iface=rmnet_data2 nameOrHashs=5381 rxBytes=840 rxPackets=10 txBytes=1090 txPackets=10 [6] iface=rmnet_data1 nameOrHashs=13203530503623258350 rxBytes=4728 rxPackets=15 txBytes=2118 txPackets=20 [7] iface=rmnet_data1 nameOrHashs=18446744073709551615 rxBytes=1512 rxPackets=3 txBytes=52 txPackets=1 [8] iface=rmnet_data1 nameOrHashs=5381 rxBytes=30289 rxPackets=119 txBytes=20735 txPackets=154
06-08 15:18:09.381 4340 5183 W BpBinder: Slow Binder: BpBinder transact took 239ms, interface=com.android.internal.app.IBatteryStats, code=18 oneway=false
06-08 15:18:16.885 1757 1809 W GreezeManager: Slow Greezer: Receive frozen binder trans: dstUid=1000 dstPid=714 callerUid=1000 callerPid=1757 callerTid=2229 delay=180ms oneway=false
06-08 15:18:16.893 1757 1809 W GreezeManager: Slow Greezer: Receive frozen binder trans: dstUid=1000 dstPid=506 callerUid=0 callerPid=1071 callerTid=1071 delay=187ms oneway=false
06-08 15:18:18.846 1757 2328 D LocalDisplayAdapter: setDisplayState(id=19261101167563905, state=DOZE)
06-08 15:18:18.846 1757 1924 I DisplayManagerService: Display device changed state: "Ενσωματωμένη οθόνη", DOZE
06-08 15:18:18.907 2353 2767 D NetworkController.MobileSignalController(1): onServiceStateChanged slotId=0 subId=1 voiceState=0 dataState=0 FiveGConnected= false dataType= 3
06-08 15:18:18.928 1757 2272 D ConnectivityService: NetworkAgentInfo [MOBILE (UMTS) - 106] EVENT_NETWORK_INFO_CHANGED, going from CONNECTED to CONNECTED
06-08 15:18:18.935 1757 2272 E Nat464Xlat: getConfig: For config := persist.vendor.net.doxlat returned value := true
06-08 15:18:19.011 1757 1971 W NetworkStatsFactorySysApp: stats=NetworkStatsSysApp: elapsedRealtime=20707500
06-08 15:18:19.011 1757 1971 W NetworkStatsFactorySysApp: [0] iface=rmnet_data1 nameOrHashs=2463678812787075199 rxBytes=29184 rxPackets=114 txBytes=29184 txPackets=114 [1] iface=rmnet_data1 nameOrHashs=15360284826224562093 rxBytes=25335 rxPackets=66 txBytes=11171 txPackets=78 [2] iface=rmnet_data1 nameOrHashs=12147314186442659468 rxBytes=48385 rxPackets=135 txBytes=34878 txPackets=205 [3] iface=rmnet_data1 nameOrHashs=4859101771987231424 rxBytes=1793 rxPackets=14 txBytes=2037 txPackets=23 [4] iface=rmnet_data1 nameOrHashs=13413145894021867311 rxBytes=224132 rxPackets=295 txBytes=53336 txPackets=331 [5] iface=rmnet_data2 nameOrHashs=5381 rxBytes=840 rxPackets=10 txBytes=1090 txPackets=10 [6] iface=rmnet_data1 nameOrHashs=13203530503623258350 rxBytes=4728 rxPackets=15 txBytes=2118 txPackets=20 [7] iface=rmnet_data1 nameOrHashs=18446744073709551615 rxBytes=1512 rxPackets=3 txBytes=52 txPackets=1 [8] iface=rmnet_data1 nameOrHashs=5381 rxBytes=30289 rxPackets=119 txBytes=20735 txPackets=154
06-08 15:18:19.060 1757 2328 D LocalDisplayAdapter: setDisplayState(id=19261101167563905, state=DOZE_SUSPEND)
06-08 15:18:19.061 1757 1924 I DisplayManagerService: Display device changed state: "Ενσωματωμένη οθόνη", DOZE_SUSPEND
06-08 15:18:30.145 1757 1971 W NetworkStatsFactorySysApp: stats=NetworkStatsSysApp: elapsedRealtime=20718634
06-08 15:18:30.145 1757 1971 W NetworkStatsFactorySysApp: [0] iface=rmnet_data1 nameOrHashs=2463678812787075199 rxBytes=29184 rxPackets=114 txBytes=29184 txPackets=114 [1] iface=rmnet_data1 nameOrHashs=15360284826224562093 rxBytes=25335 rxPackets=66 txBytes=11171 txPackets=78 [2] iface=rmnet_data1 nameOrHashs=12147314186442659468 rxBytes=48385 rxPackets=135 txBytes=34878 txPackets=205 [3] iface=rmnet_data1 nameOrHashs=4859101771987231424 rxBytes=1793 rxPackets=14 txBytes=2037 txPackets=23 [4] iface=rmnet_data1 nameOrHashs=13413145894021867311 rxBytes=224132 rxPackets=295 txBytes=53336 txPackets=331 [5] iface=rmnet_data2 nameOrHashs=5381 rxBytes=840 rxPackets=10 txBytes=1090 txPackets=10 [6] iface=rmnet_data1 nameOrHashs=13203530503623258350 rxBytes=4728 rxPackets=15 txBytes=2118 txPackets=20 [7] iface=rmnet_data1 nameOrHashs=18446744073709551615 rxBytes=1512 rxPackets=3 txBytes=52 txPackets=1 [8] iface=rmnet_data1 nameOrHashs=5381 rxBytes=30289 rxPackets=119 txBytes=20735 txPackets=154
06-08 15:18:30.598 1757 2328 D LocalDisplayAdapter: setDisplayState(id=19261101167563905, state=DOZE)
06-08 15:18:30.598 1757 1924 I DisplayManagerService: Display device changed state: "Ενσωματωμένη οθόνη", DOZE
06-08 15:18:30.703 2353 2767 D NetworkController.MobileSignalController(1): onServiceStateChanged slotId=0 subId=1 voiceState=0 dataState=0 FiveGConnected= false dataType= 13
06-08 15:18:30.725 1757 2272 D ConnectivityService: NetworkAgentInfo [MOBILE (LTE) - 106] EVENT_NETWORK_INFO_CHANGED, going from CONNECTED to CONNECTED
06-08 15:18:30.729 1757 2328 D LocalDisplayAdapter: setDisplayState(id=19261101167563905, state=DOZE_SUSPEND)
06-08 15:18:30.729 1757 1924 I DisplayManagerService: Display device changed state: "Ενσωματωμένη οθόνη", DOZE_SUSPEND
06-08 15:18:30.730 1757 2272 E Nat464Xlat: getConfig: For config := persist.vendor.net.doxlat returned value := true
06-08 15:18:30.773 1757 2328 D LocalDisplayAdapter: setDisplayState(id=19261101167563905, state=DOZE)
06-08 15:18:30.774 1757 1924 I DisplayManagerService: Display device changed state: "Ενσωματωμένη οθόνη", DOZE
06-08 15:18:30.890 1757 2328 D LocalDisplayAdapter: setDisplayState(id=19261101167563905, state=DOZE_SUSPEND)
06-08 15:18:30.891 1757 1924 I DisplayManagerService: Display device changed state: "Ενσωματωμένη οθόνη", DOZE_SUSPEND
06-08 15:18:48.932 1757 1971 W NetworkStatsFactorySysApp: stats=NetworkStatsSysApp: elapsedRealtime=20737421
06-08 15:18:48.932 1757 1971 W NetworkStatsFactorySysApp: [0] iface=rmnet_data1 nameOrHashs=2463678812787075199 rxBytes=29184 rxPackets=114 txBytes=29184 txPackets=114 [1] iface=rmnet_data1 nameOrHashs=15360284826224562093 rxBytes=25335 rxPackets=66 txBytes=11171 txPackets=78 [2] iface=rmnet_data1 nameOrHashs=12147314186442659468 rxBytes=48385 rxPackets=135 txBytes=34878 txPackets=205 [3] iface=rmnet_data1 nameOrHashs=4859101771987231424 rxBytes=1793 rxPackets=14 txBytes=2037 txPackets=23 [4] iface=rmnet_data1 nameOrHashs=13413145894021867311 rxBytes=224132 rxPackets=295 txBytes=53336 txPackets=331 [5] iface=rmnet_data2 nameOrHashs=5381 rxBytes=840 rxPackets=10 txBytes=1090 txPackets=10 [6] iface=rmnet_data1 nameOrHashs=13203530503623258350 rxBytes=4728 rxPackets=15 txBytes=2118 txPackets=20 [7] iface=rmnet_data1 nameOrHashs=18446744073709551615 rxBytes=1512 rxPackets=3 txBytes=52 txPackets=1 [8] iface=rmnet_data1 nameOrHashs=5381 rxBytes=30289 rxPackets=119 txBytes=20735 txPackets=154
06-08 15:19:00.513 1757 2328 D LocalDisplayAdapter: setDisplayState(id=19261101167563905, state=DOZE)
06-08 15:19:00.515 1757 1924 I DisplayManagerService: Display device changed state: "Ενσωματωμένη οθόνη", DOZE
06-08 15:19:00.541 826 911 W EventThreadInspector: slow VSync-sf on display(19261101167563905), count=29, avg=32 ms, max=200 ms.
06-08 15:19:00.717 826 911 W EventThreadInspector: slow VSync-sf on display(19261101167563905), count=1, avg=42 ms, max=42 ms.
06-08 15:19:00.914 826 910 W EventThreadInspector: slow VSync-app on display(19261101167563905), count=60, avg=28 ms, max=42 ms.
06-08 15:19:02.158 1757 2328 D LocalDisplayAdapter: setDisplayState(id=19261101167563905, state=DOZE_SUSPEND)
06-08 15:19:02.159 1757 1924 I DisplayManagerService: Display device changed state: "Ενσωματωμένη οθόνη", DOZE_SUSPEND
06-08 15:19:02.188 1757 1971 D KernelCpuUidUserSysTimeReader: Removing uids 99041-99041
06-08 15:19:11.768 826 826 W SurfaceFlingerInspector: Slow frame composition: xiaomi f4 41 prepareFrame took 197 ms
06-08 15:19:11.828 1757 1971 W NetworkStatsFactorySysApp: stats=NetworkStatsSysApp: elapsedRealtime=20760317
06-08 15:19:11.828 1757 1971 W NetworkStatsFactorySysApp: [0] iface=rmnet_data1 nameOrHashs=2463678812787075199 rxBytes=29184 rxPackets=114 txBytes=29184 txPackets=114 [1] iface=rmnet_data1 nameOrHashs=15360284826224562093 rxBytes=25335 rxPackets=66 txBytes=11171 txPackets=78 [2] iface=rmnet_data1 nameOrHashs=12147314186442659468 rxBytes=48385 rxPackets=135 txBytes=34878 txPackets=205 [3] iface=rmnet_data1 nameOrHashs=4859101771987231424 rxBytes=1793 rxPackets=14 txBytes=2037 txPackets=23 [4] iface=rmnet_data1 nameOrHashs=13413145894021867311 rxBytes=224132 rxPackets=295 txBytes=53336 txPackets=331 [5] iface=rmnet_data2 nameOrHashs=5381 rxBytes=840 rxPackets=10 txBytes=1090 txPackets=10 [6] iface=rmnet_data1 nameOrHashs=13203530503623258350 rxBytes=4728 rxPackets=15 txBytes=2118 txPackets=20 [7] iface=rmnet_data1 nameOrHashs=18446744073709551615 rxBytes=1512 rxPackets=3 txBytes=52 txPackets=1 [8] iface=rmnet_data1 nameOrHashs=5381 rxBytes=30289 rxPackets=119 txBytes=20735 txPackets=154
06-08 15:19:42.714 1757 1971 W NetworkStatsFactorySysApp: stats=NetworkStatsSysApp: elapsedRealtime=20791203
06-08 15:19:42.714 1757 1971 W NetworkStatsFactorySysApp: [0] iface=rmnet_data1 nameOrHashs=2463678812787075199 rxBytes=29184 rxPackets=114 txBytes=29184 txPackets=114 [1] iface=rmnet_data1 nameOrHashs=15360284826224562093 rxBytes=25335 rxPackets=66 txBytes=11171 txPackets=78 [2] iface=rmnet_data1 nameOrHashs=12147314186442659468 rxBytes=48385 rxPackets=135 txBytes=34878 txPackets=205 [3] iface=rmnet_data1 nameOrHashs=4859101771987231424 rxBytes=1793 rxPackets=14 txBytes=2037 txPackets=23 [4] iface=rmnet_data1 nameOrHashs=13413145894021867311 rxBytes=224132 rxPackets=295 txBytes=53336 txPackets=331 [5] iface=rmnet_data2 nameOrHashs=5381 rxBytes=840 rxPackets=10 txBytes=1090 txPackets=10 [6] iface=rmnet_data1 nameOrHashs=13203530503623258350 rxBytes=4728 rxPackets=15 txBytes=2118 txPackets=20 [7] iface=rmnet_data1 nameOrHashs=18446744073709551615 rxBytes=1512 rxPackets=3 txBytes=52 txPackets=1 [8] iface=rmnet_data1 nameOrHashs=5381 rxBytes=30289 rxPackets=119 txBytes=20735 txPackets=154
06-08 15:19:58.324 1757 1971 W NetworkStatsFactorySysApp: stats=NetworkStatsSysApp: elapsedRealtime=20806813
06-08 15:19:58.324 1757 1971 W NetworkStatsFactorySysApp: [0] iface=rmnet_data1 nameOrHashs=2463678812787075199 rxBytes=29184 rxPackets=114 txBytes=29184 txPackets=114 [1] iface=rmnet_data1 nameOrHashs=15360284826224562093 rxBytes=25335 rxPackets=66 txBytes=11171 txPackets=78 [2] iface=rmnet_data1 nameOrHashs=12147314186442659468 rxBytes=48385 rxPackets=135 txBytes=34878 txPackets=205 [3] iface=rmnet_data1 nameOrHashs=4859101771987231424 rxBytes=1793 rxPackets=14 txBytes=2037 txPackets=23 [4] iface=rmnet_data1 nameOrHashs=13413145894021867311 rxBytes=224132 rxPackets=295 txBytes=53336 txPackets=331 [5] iface=rmnet_data2 nameOrHashs=5381 rxBytes=840 rxPackets=10 txBytes=1090 txPackets=10 [6] iface=rmnet_data1 nameOrHashs=13203530503623258350 rxBytes=4728 rxPackets=15 txBytes=2118 txPackets=20 [7] iface=rmnet_data1 nameOrHashs=18446744073709551615 rxBytes=1512 rxPackets=3 txBytes=52 txPackets=1 [8] iface=rmnet_data1 nameOrHashs=5381 rxBytes=30289 rxPackets=119 txBytes=20735 txPackets=154
06-08 15:20:00.022 1757 2328 D LocalDisplayAdapter: setDisplayState(id=19261101167563905, state=DOZE)
06-08 15:20:00.023 1757 1924 I DisplayManagerService: Display device changed state: "Ενσωματωμένη οθόνη", DOZE
06-08 15:20:00.090 2353 2767 D NetworkController.MobileSignalController(1): onServiceStateChanged slotId=0 subId=1 voiceState=0 dataState=0 FiveGConnected= false dataType= 3
06-08 15:20:00.112 1757 2272 D ConnectivityService: NetworkAgentInfo [MOBILE (UMTS) - 106] EVENT_NETWORK_INFO_CHANGED, going from CONNECTED to CONNECTED
06-08 15:20:00.116 1757 2272 E Nat464Xlat: getConfig: For config := persist.vendor.net.doxlat returned value := true
06-08 15:20:00.170 826 911 W EventThreadInspector: slow VSync-sf on display(19261101167563905), count=15, avg=40 ms, max=194 ms.
06-08 15:20:00.233 1757 2328 D LocalDisplayAdapter: setDisplayState(id=19261101167563905, state=DOZE_SUSPEND)
06-08 15:20:00.234 1757 1924 I DisplayManagerService: Display device changed state: "Ενσωματωμένη οθόνη", DOZE_SUSPEND
06-08 15:20:46.446 1757 2328 D LocalDisplayAdapter: setDisplayState(id=19261101167563905, state=DOZE)
06-08 15:20:46.446 1757 1924 I DisplayManagerService: Display device changed state: "Ενσωματωμένη οθόνη", DOZE
06-08 15:20:46.528 2353 2767 D NetworkController.MobileSignalController(1): onServiceStateChanged slotId=0 subId=1 voiceState=0 dataState=0 FiveGConnected= false dataType= 13
