06-08 11:08:20.565 2546 2546 I Telephony: TelephonyConnectionService: getPhoneForAccount chosenPhone : 0: (SBC.oSC)->CS.crCo->H.CS.crCo->H.CS.crCo.pICR@E-BmI
06-08 11:08:20.600 2546 2546 I Telephony: TelephonyConnectionService: getPhoneForAccount chosenPhone : 0: (SBC.oSC)->CS.crCo->H.CS.crCo->H.CS.crCo.pICR@E-BmI
06-08 11:08:20.608 2546 2546 I Telephony: GsmConnection: isAddParticipantCapable: isCapable = false: (SBC.oSC)->CS.crCo->H.CS.crCo->H.CS.crCo.pICR@E-BmI
06-08 11:08:20.608 2546 2546 I Telephony: TelephonyConnectionService: updatePhoneAccount setPhoneAccountHandle, slot = 0 , account = ComponentInfo{com.android.phone/com.android.services.telephony.TelephonyConnectionService}, ***, UserHandle{0}: (SBC.oSC)->CS.crCo->H.CS.crCo->H.CS.crCo.pICR@E-BmI
06-08 11:08:20.675 1757 2272 I chatty : uid=1000(system) ConnectivitySer expire 6 lines
06-08 11:08:20.684 2546 2546 I Telephony: GsmConnection: isAddParticipantCapable: isCapable = false: (SBC.oSC)->CS.crCo->H.CS.crCo->H.CS.crCo.pICR@E-BmI
06-08 11:08:20.722 2546 2546 I chatty : uid=1001(radio) com.android.phone identical 3 lines
06-08 11:08:20.729 2546 2546 I Telephony: GsmConnection: isAddParticipantCapable: isCapable = false: (SBC.oSC)->CS.crCo->H.CS.crCo->H.CS.crCo.pICR@E-BmI
06-08 11:08:20.731 20883 20883 I InCall_sys: Call - update Call_2 call, old state is CONNECTING, new call detail is CONNECTING
06-08 11:08:20.732 20883 20883 I InCall_sys: InCallPresenteronCallListChange oldState= PENDING_OUTGOING newState=PENDING_OUTGOING switching to PENDING_OUTGOING
06-08 11:08:20.744 20883 20883 I InCall_sys: Call - update Call_2 call, old state is CONNECTING, new call detail is CONNECTING
06-08 11:08:20.744 20883 20883 I InCall_sys: InCallPresenteronCallListChange oldState= PENDING_OUTGOING newState=PENDING_OUTGOING switching to PENDING_OUTGOING
06-08 11:08:20.759 20883 20883 I InCall_sys: Call - update Call_2 call, old state is CONNECTING, new call detail is CONNECTING
06-08 11:08:20.759 20883 20883 I chatty : uid=10077(com.android.incallui) identical 2 lines
06-08 11:08:20.760 20883 20883 I InCall_sys: Call - update Call_2 call, old state is CONNECTING, new call detail is CONNECTING
06-08 11:08:20.764 20883 20883 I InCall_sys: Call - update Call_2 call, old state is CONNECTING, new call detail is DIALING
06-08 11:08:20.765 20883 20883 I InCall_sys: InCallPresenteronCallListChange oldState= PENDING_OUTGOING newState=OUTGOING switching to OUTGOING
06-08 11:08:20.778 20883 20883 I InCall_sys: Call - update Call_2 call, old state is DIALING, new call detail is DIALING
06-08 11:08:20.778 1757 2036 I chatty : uid=1000(system) PowerManagerSer expire 22 lines
06-08 11:08:20.778 20883 20883 I InCall_sys: Call - update Call_2 call, old state is DIALING, new call detail is DIALING
06-08 11:08:20.821 2546 2546 I Telephony: TelephonyConnectionService: notifyCreateConnectionComplete TC@3_1: (...->CSW.hCCC)->CS.crCoC->H.CS.crCoC@E-E-E-BmI
06-08 11:08:20.823 2546 2546 I Telephony: TelephonyConnectionService: updatePhoneAccount setPhoneAccountHandle, slot = 0 , account = ComponentInfo{com.android.phone/com.android.services.telephony.TelephonyConnectionService}, ***, UserHandle{0}: (...->CSW.hCCC)->CS.crCoC->H.CS.crCoC@E-E-E-BmI
06-08 11:08:20.842 2546 2546 I Telephony: GsmConnection: isAddParticipantCapable: isCapable = false
06-08 11:08:20.842 2546 2546 I Telephony: GsmConnection: isAddParticipantCapable: isCapable = false
06-08 11:08:20.844 20883 20883 I InCall_sys: Call - update Call_2 call, old state is DIALING, new call detail is DIALING
06-08 11:08:20.845 20883 20883 I InCall_sys: Call - update Call_2 call, old state is DIALING, new call detail is DIALING
06-08 11:08:20.851 20883 20883 I InCall_sys: Call - update Call_2 call, old state is DIALING, new call detail is DIALING
06-08 11:08:21.415 2353 2767 D NetworkController.MobileSignalController(1): onServiceStateChanged slotId=0 subId=1 voiceState=0 dataState=0 FiveGConnected= false dataType= 13
06-08 11:08:21.462 2353 2767 D NetworkController.MobileSignalController(1): onServiceStateChanged slotId=0 subId=1 voiceState=0 dataState=0 FiveGConnected= false dataType= 3
06-08 11:08:21.502 20883 20883 I InCall_sys: Call - update Call_2 call, old state is DIALING, new call detail is DIALING
06-08 11:08:21.880 25311 25485 I Timeline: Timeline: Activity_launch_request time:2893723
06-08 11:08:22.800 1757 2328 I chatty : uid=1000(system) PhotonicModulat expire 6 lines
06-08 11:08:23.140 2546 2546 I Telephony: GsmConnection: isAddParticipantCapable: isCapable = false
06-08 11:08:23.141 2546 2546 I Telephony: GsmConnection: isAddParticipantCapable: isCapable = false
06-08 11:08:23.143 20883 20883 I InCall_sys: Call - update Call_2 call, old state is DIALING, new call detail is DIALING
06-08 11:08:23.154 20883 20883 I InCall_sys: Call - update Call_2 call, old state is DIALING, new call detail is DIALING
06-08 11:08:24.010 1757 3838 I chatty : uid=1000(system) Binder:1757_F expire 8 lines
06-08 11:08:24.011 2546 2546 W Telephony: GsmConnection: handleSuppServiceNotifyMessage: do not support notificationType for MO Call:0
06-08 11:08:24.022 2546 2546 I Telephony: GsmConnection: isAddParticipantCapable: isCapable = false
06-08 11:08:24.022 2546 2546 I Telephony: GsmConnection: isAddParticipantCapable: isCapable = false
06-08 11:08:24.024 20883 20883 I InCall_sys: Call - update Call_2 call, old state is DIALING, new call detail is DIALING
06-08 11:08:24.034 20883 20883 I InCall_sys: Call - update Call_2 call, old state is DIALING, new call detail is DIALING
06-08 11:08:27.633 2353 2767 D NetworkController.MobileSignalController(1): onServiceStateChanged slotId=0 subId=1 voiceState=0 dataState=0 FiveGConnected= false dataType= 3
06-08 11:08:27.767 1757 2303 I chatty : uid=1000(system) ScreenEffectThr expire 4 lines
06-08 11:08:43.237 1757 1971 I chatty : uid=1000(system) batterystats-wo expire 1 line
06-08 11:08:49.902 2546 2546 I Telephony: GsmConnection: isAddParticipantCapable: isCapable = false
06-08 11:08:49.903 2546 2546 I Telephony: GsmConnection: isAddParticipantCapable: isCapable = false
06-08 11:08:49.906 20883 20883 I InCall_sys: Call - update Call_2 call, old state is DIALING, new call detail is DIALING
06-08 11:08:49.919 20883 20883 I InCall_sys: Call - update Call_2 call, old state is DIALING, new call detail is DIALING
06-08 11:08:50.151 1757 2036 I chatty : uid=1000(system) PowerManagerSer expire 14 lines
06-08 11:08:50.219 1757 1924 I chatty : uid=1000(system) android.display expire 1 line
06-08 11:08:50.320 2353 2767 D NetworkController.MobileSignalController(1): onServiceStateChanged slotId=0 subId=1 voiceState=0 dataState=0 FiveGConnected= false dataType= 3
06-08 11:08:50.389 2353 2767 D NetworkController.MobileSignalController(1): onServiceStateChanged slotId=0 subId=1 voiceState=0 dataState=0 FiveGConnected= false dataType= 3
06-08 11:08:51.014 20883 20883 I InCall_sys: InCallPresenteronCallListChange oldState= OUTGOING newState=INCALL switching to INCALL
06-08 11:08:51.182 2353 2767 D NetworkController.MobileSignalController(1): onServiceStateChanged slotId=0 subId=1 voiceState=0 dataState=0 FiveGConnected= false dataType= 3
06-08 11:08:51.351 2546 2546 I Telephony: : onDisconnect: callId=TC@3_1, cause=LOCAL
06-08 11:08:51.360 2546 2546 I Telephony: GsmConnection: isAddParticipantCapable: isCapable = false
06-08 11:08:51.360 2546 2546 I Telephony: GsmConnection: isAddParticipantCapable: isCapable = false
06-08 11:08:51.362 20883 20883 I InCall_sys: Call - update Call_2 call, old state is DISCONNECTING, new call detail is DISCONNECTING
06-08 11:08:51.363 20883 20883 I InCall_sys: InCallPresenteronCallListChange oldState= INCALL newState=INCALL switching to INCALL
06-08 11:08:51.363 1757 3562 I chatty : uid=1000(system) Binder:1757_B expire 19 lines
06-08 11:08:51.365 20883 20883 I InCall_sys: Call - update Call_2 call, old state is DISCONNECTING, new call detail is DISCONNECTING
06-08 11:08:51.382 20883 20883 I InCall_sys: Call - update Call_2 call, old state is DISCONNECTING, new call detail is DISCONNECTING
06-08 11:08:51.382 20883 20883 I InCall_sys: Call - update Call_2 call, old state is DISCONNECTING, new call detail is DISCONNECTING
06-08 11:08:51.383 20883 20883 I InCall_sys: Call - update Call_2 call, old state is DISCONNECTING, new call detail is DISCONNECTING
06-08 11:08:51.401 1757 2871 I chatty : uid=1000(system) uteStateMachine expire 3 lines
06-08 11:08:51.402 20883 20883 I InCall_sys: Call - update Call_2 call, old state is DISCONNECTING, new call detail is DISCONNECTED
06-08 11:08:51.406 1757 1757 I chatty : uid=1000 system_server expire 1 line
06-08 11:08:51.407 1757 2867 I chatty : uid=1000(system) BluetoothRouteM expire 1 line
06-08 11:08:51.408 20883 20883 I InCall_sys: InCallPresenteronCallListChange oldState= INCALL newState=INCALL switching to INCALL
06-08 11:08:51.416 1757 1757 I chatty : uid=1000 system_server expire 16 lines
06-08 11:08:51.418 1757 2871 I chatty : uid=1000(system) uteStateMachine expire 12 lines
06-08 11:08:51.426 1757 2732 I chatty : uid=1000(system) Binder:1757_7 expire 7 lines
06-08 11:08:51.429 20883 20883 I InCall_sys: Call - update Call_2 call, old state is DISCONNECTED, new call detail is DISCONNECTED
06-08 11:08:51.429 20883 20883 I InCall_sys: InCallPresenteronCallListChange oldState= INCALL newState=INCALL switching to INCALL
06-08 11:08:51.458 1757 25564 I chatty : uid=1000 system_server expire 1 line
06-08 11:08:51.517 1757 3838 I chatty : uid=1000(system) Binder:1757_F expire 8 lines
06-08 11:08:51.547 1757 1956 I chatty : uid=1000(system) ActivityManager expire 9 lines
06-08 11:08:51.603 20883 20883 I InCall_sys: InCallPresenteronCallListChange oldState= INCALL newState=NO_CALLS switching to NO_CALLS
06-08 11:08:51.614 1757 1957 I chatty : uid=1000(system) ActivityManager expire 4 lines
06-08 11:08:51.630 20883 20883 I InCall_sys: InCallPresenteronCallListChange oldState= NO_CALLS newState=NO_CALLS switching to NO_CALLS
06-08 11:08:51.639 20883 20883 I InCall_sys: InCallPresenteronCallListChange oldState= NO_CALLS newState=NO_CALLS switching to NO_CALLS
06-08 11:08:51.704 20883 20883 I InCall_sys: InCallActivityCircle anim run to end. InCallState: NO_CALLS
06-08 11:08:51.713 20883 20883 W ActivityThread: SCHED: com.android.incallui/.InCallActivity [72, r=261ms, a=97ms, w=31671ms]
06-08 11:08:51.714 20883 20883 I InCall_sys: InCallActivityInCallActivity onPause()...
06-08 11:08:51.751 2353 15269 I KeyguardViewMediator: setOccluded false
06-08 11:08:51.753 2353 2353 E miui_face: start face unlock fail, mKeyguardShowing=false;isDeviceInteractive=true
06-08 11:08:51.759 1757 1925 I chatty : uid=1000(system) android.anim expire 12 lines
06-08 11:08:51.765 1757 4296 I chatty : uid=1000(system) Binder:1757_10 expire 3 lines
06-08 11:08:51.771 20883 20883 I InCall_sys: InCallPresenteronCallListChange oldState= NO_CALLS newState=NO_CALLS switching to NO_CALLS
06-08 11:08:51.791 1757 1809 I chatty : uid=1000(system) Binder:1757_2 expire 6 lines
06-08 11:08:51.806 1757 2875 I chatty : uid=1000(system) CallAudioModeSt expire 3 lines
06-08 11:08:52.076 20883 20883 I InCall_sys: InCallActivityInCallActivity onStop()...
06-08 11:08:52.077 1757 3562 I chatty : uid=1000(system) Binder:1757_B expire 11 lines
06-08 11:08:52.081 20883 20883 I InCall_sys: InCallActivityonDestroy()... this = com.android.incallui.InCallActivity@c537cdc
06-08 11:08:52.213 1757 8943 I chatty : uid=1000(system) Binder:1757_16 expire 2 lines
06-08 11:08:52.461 25208 25208 I Timeline: Timeline: Activity_launch_request time:2924304
06-08 11:08:52.480 25208 25208 W ActivityThread: SCHED: com.android.contacts/.activities.TwelveKeyDialer [79, r=144ms, a=38ms, w=704ms]
06-08 11:08:53.423 20883 20883 I InCall_sys: InCallPresenteronCallListChange oldState= NO_CALLS newState=NO_CALLS switching to NO_CALLS
06-08 11:08:53.474 2353 2767 D NetworkController.MobileSignalController(1): onServiceStateChanged slotId=0 subId=1 voiceState=0 dataState=0 FiveGConnected= false dataType= 3
06-08 11:08:53.499 2353 2767 D NetworkController.MobileSignalController(1): onServiceStateChanged slotId=0 subId=1 voiceState=0 dataState=0 FiveGConnected= false dataType= 3
06-08 11:08:53.557 2353 2767 D NetworkController.MobileSignalController(1): onServiceStateChanged slotId=0 subId=1 voiceState=0 dataState=0 FiveGConnected= false dataType= 13
06-08 11:08:53.573 1757 2272 I chatty : uid=1000(system) ConnectivitySer expire 7 lines
06-08 11:08:54.818 2353 2767 D NetworkController.MobileSignalController(1): onServiceStateChanged slotId=0 subId=1 voiceState=0 dataState=0 FiveGConnected= false dataType= 13
06-08 11:08:55.704 25208 25208 W ActivityThread: SCHED: com.android.contacts/.activities.ContactDetailActivity [81, r=282ms, a=66ms, w=3129ms]
06-08 11:08:55.708 1757 9221 I chatty : uid=1000(system) Binder:1757_1B expire 3 lines
06-08 11:08:55.725 1757 1924 I chatty : uid=1000(system) android.display expire 10 lines
06-08 11:08:55.764 2560 2560 I Timeline: Timeline: Activity_launch_request time:2927607
06-08 11:08:55.817 1757 2223 I chatty : uid=1000(system) Binder:1757_3 expire 1 line
06-08 11:08:55.826 1757 2247 I chatty : uid=1000(system) InputDispatcher expire 2 lines
06-08 11:08:55.855 1757 4531 I chatty : uid=1000(system) Binder:1757_11 expire 5 lines
06-08 11:08:56.611 1757 2036 I chatty : uid=1000(system) PowerManagerSer expire 10 lines
06-08 11:09:05.642 1757 1971 I chatty : uid=1000(system) batterystats-wo expire 2 lines
06-08 11:09:07.288 2353 2767 D NetworkController.MobileSignalController(1): onServiceStateChanged slotId=0 subId=1 voiceState=0 dataState=0 FiveGConnected= false dataType= 13
06-08 11:09:07.334 2353 2767 D NetworkController.MobileSignalController(1): onServiceStateChanged slotId=0 subId=1 voiceState=0 dataState=0 FiveGConnected= false dataType= 13
06-08 11:09:09.682 1757 1757 I chatty : uid=1000 system_server expire 12 lines
06-08 11:09:09.687 2353 2767 D NetworkController.MobileSignalController(1): onServiceStateChanged slotId=0 subId=1 voiceState=0 dataState=0 FiveGConnected= false dataType= 13
06-08 11:09:11.067 4030 4147 D miui.face.FaceService: preInitAuth, com.android.systemui ok
06-08 11:09:11.068 4030 4147 D miui.face.FaceService: onPreInit curMonitor:com.miui.face.util.ClientMonitor@ea00509 hasInit: true
06-08 11:09:11.115 1757 1924 I chatty : uid=1000(system) android.display expire 17 lines
06-08 11:09:11.125 2353 3156 D DisplayFeatureManager: setScreenEffect mode=17 value=1 cookie=1
06-08 11:09:11.208 2353 2353 I MiuiGxzwOverlayView: add overlay view: mLayoutParams.alpha = 0.657
06-08 11:09:11.427 2353 3156 D DisplayFeatureManager: setScreenEffect mode=17 value=1 cookie=1
06-08 11:09:11.459 1757 2036 I chatty : uid=1000(system) PowerManagerSer expire 16 lines
06-08 11:09:11.513 2560 2560 W ActivityThread: SCHED: com.miui.home/.launcher.Launcher [93, r=107ms, a=7ms, w=15649ms]
06-08 11:09:11.551 1757 2328 I chatty : uid=1000(system) PhotonicModulat expire 12 lines
06-08 11:09:11.741 1757 1921 I chatty : uid=1000(system) android.fg expire 1 line
06-08 11:09:11.758 3203 3203 V DreamService[DozeService]: onCreate()
06-08 11:09:11.786 3203 3203 V DreamService[DozeService]: onBind() intent = Intent { act=android.service.dreams.DreamService flg=0x800000 cmp=com.miui.aod/.doze.DozeService }
06-08 11:09:11.790 3203 3203 V DreamService[DozeService]: Calling onDreamingStarted()
06-08 11:09:11.790 3203 3203 V DreamService[DozeService]: onDreamingStarted()
06-08 11:09:12.202 2353 2757 W KeyguardViewMediator: notifyScreenOn
06-08 11:09:12.280 2353 2353 W KeyguardViewMediator: handleNotifyScreenTurningOn
06-08 11:09:12.280 2353 2353 W KeyguardViewMediator: notifyDrawn
06-08 11:09:12.282 1757 1922 I chatty : uid=1000(system) android.ui expire 5 lines
06-08 11:09:12.291 2353 2353 I MiuiGxzwOverlayView: upldate overlay view alpha: 0.0
06-08 11:09:12.415 1757 2303 I chatty : uid=1000(system) ScreenEffectThr expire 2 lines
06-08 11:09:12.448 2353 15269 W KeyguardViewMediator: doKeyguard: showing the lock screen
06-08 11:09:12.456 1112 1112 I wificond: Pno scan started for frequencies: 2412, 2417, 2422, 2427, 2432, 2437, 2447, 2452, 2457, 2462, 5180, 5200, 5220, 5240, 5745, 5765, 5785, 5805,
06-08 11:09:12.512 1757 1955 I chatty : uid=1000(system) android.bg expire 1 line
06-08 11:09:12.556 1757 9222 I chatty : uid=1000(system) Binder:1757_1C expire 3 lines
06-08 11:09:12.614 2353 2353 V KeyguardDisplayManager: show
06-08 11:09:12.858 826 910 W EventThreadInspector: slow VSync-app on display(19261101167563905), count=1, avg=43 ms, max=43 ms.
06-08 11:09:13.113 1757 2301 I chatty : uid=1000(system) ProcessManager expire 1 line
06-08 11:09:13.912 826 911 W EventThreadInspector: slow VSync-sf on display(19261101167563905), count=29, avg=32 ms, max=46 ms.
06-08 11:09:13.978 826 910 W EventThreadInspector: slow VSync-app on display(19261101167563905), count=16, avg=22 ms, max=32 ms.
06-08 11:09:14.123 2353 2353 I MiuiGxzwViewIcon: setGxzwIconTransparent
06-08 11:09:14.129 2353 2353 I MiuiGxzwViewIcon: turnOffScreen
06-08 11:09:14.603 826 910 W EventThreadInspector: slow VSync-app on display(19261101167563905), count=13, avg=27 ms, max=31 ms.
06-08 11:09:15.163 826 910 W EventThreadInspector: slow VSync-app on display(19261101167563905), count=13, avg=25 ms, max=31 ms.
06-08 11:09:15.558 826 910 W EventThreadInspector: slow VSync-app on display(19261101167563905), count=5, avg=24 ms, max=31 ms.
06-08 11:09:18.745 1757 8939 I chatty : uid=1000(system) Binder:1757_14 expire 3 lines
06-08 11:09:21.719 2353 2353 I MiuiGxzwViewIcon: detect device put up
06-08 11:09:21.719 2353 2353 I MiuiGxzwViewIcon: setGxzwIconOpaque
06-08 11:09:21.736 1757 2328 I chatty : uid=1000(system) PhotonicModulat expire 12 lines
06-08 11:09:21.736 1757 1924 I chatty : uid=1000(system) android.display expire 12 lines
06-08 11:09:24.753 2353 2353 I MiuiGxzwViewIcon: setGxzwIconTransparent
06-08 11:09:24.769 2353 2353 I MiuiGxzwViewIcon: turnOffScreen
06-08 11:09:24.807 826 911 W EventThreadInspector: slow VSync-sf on display(19261101167563905), count=1, avg=49 ms, max=49 ms.
06-08 11:09:28.800 2353 2353 I MiuiGxzwViewIcon: detect device put up
06-08 11:09:28.800 2353 2353 I MiuiGxzwViewIcon: setGxzwIconOpaque
06-08 11:09:29.933 2353 2353 I MiuiGxzwViewIcon: detect device put up
06-08 11:09:32.941 2353 2353 I MiuiGxzwViewIcon: setGxzwIconTransparent
06-08 11:09:32.948 2353 2353 I MiuiGxzwViewIcon: turnOffScreen
06-08 11:09:33.033 826 910 W EventThreadInspector: slow VSync-app on display(19261101167563905), count=28, avg=30 ms, max=48 ms.
06-08 11:09:38.515 1757 2036 I chatty : uid=1000(system) PowerManagerSer expire 2 lines
06-08 11:09:38.518 1757 1757 I chatty : uid=1000 system_server expire 6 lines
06-08 11:09:38.712 2353 2353 I MiuiGxzwTouchHelper: onTouch: originalAction = ACTION_DOWN, action = ACTION_DOWN, x = 111,000000, y = 66,000000, pressure = 2048,000000, area = 12,000000
06-08 11:09:38.712 826 911 W EventThreadInspector: slow VSync-sf on display(19261101167563905), count=12, avg=52 ms, max=218 ms.
06-08 11:09:38.714 2353 2353 I MiuiGxzwViewIcon: setGxzwIconOpaque
06-08 11:09:38.721 2353 2353 I MiuiGxzwHightlightContainer: show highlight view
06-08 11:09:38.721 2353 2353 I MiuiGxzwOverlayView: upldate overlay view alpha: 0.657
06-08 11:09:38.729 1757 2328 I chatty : uid=1000(system) PhotonicModulat expire 8 lines
06-08 11:09:38.827 2353 2353 I MiuiGxzwTouchHelper: onTouch: originalAction = ACTION_UP, action = ACTION_UP, x = 32,000000, y = 121,000000, pressure = 2048,000000, area = 12,000000
06-08 11:09:38.829 2353 2353 I MiuiGxzwOverlayView: upldate overlay view alpha: 0.0
06-08 11:09:38.841 2353 2353 I MiuiGxzwHightlightContainer: dismiss highlight view
06-08 11:09:38.924 826 826 W SurfaceFlingerInspector: Slow frame composition: xiaomi f4 41 doComposition took 95 ms
06-08 11:09:38.989 826 911 W EventThreadInspector: slow VSync-sf on display(19261101167563905), count=2, avg=38 ms, max=45 ms.
06-08 11:09:39.022 826 910 W EventThreadInspector: slow VSync-app on display(19261101167563905), count=14, avg=24 ms, max=31 ms.
06-08 11:09:41.843 2353 2353 I MiuiGxzwViewIcon: setGxzwIconTransparent
06-08 11:09:41.850 1757 1924 I chatty : uid=1000(system) android.display expire 4 lines
06-08 11:09:41.869 2353 2353 I MiuiGxzwViewIcon: turnOffScreen
06-08 11:09:45.665 1757 3835 I chatty : uid=1000(system) Binder:1757_D expire 2 lines
06-08 11:09:46.147 826 910 W EventThreadInspector: slow VSync-app on display(19261101167563905), count=14, avg=27 ms, max=41 ms.
06-08 11:09:46.147 826 911 W EventThreadInspector: slow VSync-sf on display(19261101167563905), count=6, avg=20 ms, max=30 ms.
06-08 11:09:46.805 826 911 W EventThreadInspector: slow VSync-sf on display(19261101167563905), count=16, avg=31 ms, max=32 ms.
06-08 11:09:48.155 826 910 W EventThreadInspector: slow VSync-app on display(19261101167563905), count=60, avg=29 ms, max=32 ms.
06-08 11:09:48.419 826 910 W EventThreadInspector: slow VSync-app on display(19261101167563905), count=5, avg=30 ms, max=30 ms.
06-08 11:09:50.459 826 910 W EventThreadInspector: slow VSync-app on display(19261101167563905), count=60, avg=29 ms, max=31 ms.
06-08 11:09:50.871 5199 5330 D PowerKeeper.AppStandby: enable standby chain
06-08 11:09:52.435 826 910 W EventThreadInspector: slow VSync-app on display(19261101167563905), count=59, avg=29 ms, max=31 ms.
06-08 11:09:53.767 1757 26095 I chatty : uid=1000 system_server expire 1 line
06-08 11:09:54.410 826 910 W EventThreadInspector: slow VSync-app on display(19261101167563905), count=60, avg=30 ms, max=32 ms.
06-08 11:09:55.857 26105 26176 E ActivityThread: Failed to find provider info for com.google.android.instantapps.supervisor.SupervisorArchiveProvider
06-08 11:09:57.973 1757 5166 I chatty : uid=1000(system) Binder:1757_12 expire 6 lines
06-08 11:09:57.979 1757 2957 I chatty : uid=1000(system) Binder:1757_A expire 3 lines
06-08 11:09:58.181 1757 1957 I chatty : uid=1000(system) ActivityManager expire 8 lines
06-08 11:09:58.473 1757 1971 I chatty : uid=1000(system) batterystats-wo expire 8 lines
06-08 11:10:00.027 1757 2328 I chatty : uid=1000(system) PhotonicModulat expire 12 lines
06-08 11:10:00.028 1757 1924 I chatty : uid=1000(system) android.display expire 10 lines
06-08 11:10:00.234 826 911 W EventThreadInspector: slow VSync-sf on display(19261101167563905), count=4, avg=29 ms, max=31 ms.
06-08 11:10:01.617 826 910 W EventThreadInspector: slow VSync-app on display(19261101167563905), count=60, avg=30 ms, max=32 ms.
06-08 11:10:04.989 24301 26253 W BpBinder: Slow Binder: BpBinder transact took 1352ms, interface=com.google.android.gms.droidguard.internal.IDroidGuardHandle, code=5 oneway=false
06-08 11:10:05.169 1757 8942 I chatty : uid=1000(system) Binder:1757_15 expire 3 lines
06-08 11:10:07.177 1757 1956 I chatty : uid=1000(system) ActivityManager expire 7 lines
06-08 11:10:17.768 1757 2223 I chatty : uid=1000(system) Binder:1757_3 expire 5 lines
06-08 11:10:21.351 1757 1809 I chatty : uid=1000(system) Binder:1757_2 expire 6 lines
06-08 11:10:52.846 3078 26420 W BpBinder: Slow Binder: BpBinder transact took 235ms, interface=android.app.IActivityManager, code=204 oneway=false
06-08 11:11:01.051 3078 26420 W BpBinder: Slow Binder: BpBinder transact took 218ms, interface=android.app.IActivityManager, code=204 oneway=false
06-08 11:11:01.323 826 911 W EventThreadInspector: slow VSync-sf on display(19261101167563905), count=4, avg=34 ms, max=41 ms.
06-08 11:11:15.863 826 826 W SurfaceFlingerInspector: Slow frame composition: xiaomi f4 41 prepareFrame took 186 ms
06-08 11:11:15.907 1757 1921 I chatty : uid=1000(system) android.fg expire 7 lines
06-08 11:12:01.034 1757 2732 I chatty : uid=1000(system) Binder:1757_7 expire 4 lines
06-08 11:12:01.248 826 911 W EventThreadInspector: slow VSync-sf on display(19261101167563905), count=1, avg=184 ms, max=184 ms.
06-08 11:12:23.487 3078 26420 W BpBinder: Slow Binder: BpBinder transact took 219ms, interface=android.app.IActivityManager, code=204 oneway=false
06-08 11:12:25.847 1757 2036 I chatty : uid=1000(system) PowerManagerSer expire 18 lines
06-08 11:12:26.093 826 911 W EventThreadInspector: slow VSync-sf on display(19261101167563905), count=1, avg=31 ms, max=31 ms.
06-08 11:12:26.112 1757 2328 I chatty : uid=1000(system) PhotonicModulat expire 20 lines
06-08 11:12:28.021 1757 2248 I chatty : uid=1000(system) InputReader expire 4 lines
06-08 11:12:28.034 2353 2353 I MiuiGxzwViewIcon: onKeycodeGoto
06-08 11:12:28.034 2353 2353 I MiuiGxzwViewIcon: setGxzwIconOpaque
06-08 11:12:28.098 826 910 W EventThreadInspector: slow VSync-app on display(19261101167563905), count=55, avg=29 ms, max=32 ms.
06-08 11:12:29.396 2353 2353 I MiuiGxzwViewIcon: onKeycodeGoto
06-08 11:12:29.968 1757 1757 I chatty : uid=1000 system_server expire 15 lines
06-08 11:12:29.970 2353 2353 I MiuiGxzwTouchHelper: onTouch: originalAction = ACTION_DOWN, action = ACTION_DOWN, x = 203,000000, y = 155,000000, pressure = 2048,000000, area = 9,000000
06-08 11:12:29.977 2353 2353 I MiuiGxzwHightlightContainer: show highlight view
06-08 11:12:29.977 2353 2353 I MiuiGxzwOverlayView: upldate overlay view alpha: 0.657
06-08 11:12:29.977 1757 1924 I chatty : uid=1000(system) android.display expire 11 lines
06-08 11:12:30.105 826 910 W EventThreadInspector: slow VSync-app on display(19261101167563905), count=11, avg=29 ms, max=31 ms.
06-08 11:12:30.106 826 826 W SurfaceFlingerInspector: Slow frame composition: xiaomi f4 41 doComposition took 64 ms
06-08 11:12:30.221 826 911 W EventThreadInspector: slow VSync-sf on display(19261101167563905), count=6, avg=25 ms, max=31 ms.
06-08 11:12:30.356 2353 2353 I miui_keyguard_fingerprint: onAuthenticationSucceeded: authUserId = 0
06-08 11:12:30.363 3203 3203 V DreamService[DozeService]: wakeUp(): fromSystem=true, mWaking=false, mFinished=false
06-08 11:12:30.363 3203 3203 V DreamService[DozeService]: finish(): mFinished=false
06-08 11:12:30.450 520 26489 D vold : The trim thread is not running
06-08 11:12:30.450 520 26489 D vold : idle maintenance stopped
06-08 11:12:30.461 1112 1112 I wificond: Pno scan stopped
06-08 11:12:30.499 2353 2353 I MiuiGxzwOverlayView: upldate overlay view alpha: 0.0
06-08 11:12:30.499 1757 3838 I chatty : uid=1000(system) Binder:1757_F expire 6 lines
06-08 11:12:30.515 2353 3726 I KeyguardViewMediator: call fw keyguardGoingAway: flags = 8
06-08 11:12:30.518 1757 8939 I chatty : uid=1000(system) Binder:1757_14 expire 6 lines
06-08 11:12:30.521 1757 1925 I chatty : uid=1000(system) android.anim expire 1 line
06-08 11:12:30.521 3203 3203 V DreamService[DozeService]: detach(): Calling onDreamingStopped()
06-08 11:12:30.521 3203 3203 V DreamService[DozeService]: onDreamingStopped()
06-08 11:12:30.523 2353 2353 I MiuiGxzwHightlightContainer: dismiss highlight view
06-08 11:12:30.532 1757 9222 I chatty : uid=1000(system) Binder:1757_1C expire 3 lines
06-08 11:12:30.550 2353 2353 I MiuiGxzwOverlayView: remove overlay view
06-08 11:12:30.562 1757 2272 I chatty : uid=1000(system) ConnectivitySer expire 3 lines
06-08 11:12:30.562 2353 3156 D DisplayFeatureManager: setScreenEffect mode=17 value=0 cookie=1
06-08 11:12:30.575 3203 3203 V DreamService[DozeService]: finish(): mFinished=true
06-08 11:12:30.575 3203 3203 V DreamService[DozeService]: onDestroy()
06-08 11:12:30.591 2353 2353 E miui_face: start face unlock fail because device has unlocked
06-08 11:12:30.645 2353 2767 D NetworkController.MobileSignalController(1): onServiceStateChanged slotId=0 subId=1 voiceState=0 dataState=0 FiveGConnected= false dataType= 13
06-08 11:12:30.658 2353 2353 I MiuiGxzwTouchHelper: onTouch: originalAction = ACTION_UP, action = ACTION_UP, x = 174,000000, y = 168,000000, pressure = 2048,000000, area = 16,000000
06-08 11:12:30.680 2353 2353 I KeyguardViewMediator: handleStartKeyguardExitAnimation startTime=3019367 fadeoutDuration=300
06-08 11:12:30.693 2353 2353 V KeyguardDisplayManager: hide
06-08 11:12:30.694 2353 2353 I miui_keyguard_fingerprint: fingerprint unlock time: wait fw call startKeyguardExitAnimation = 91 ms total = 300 ms
06-08 11:12:30.709 5199 5330 D PowerKeeper.AppStandby: disable standby chain
06-08 11:12:30.710 4030 4030 D miui.face.FaceService: lock screen passed
06-08 11:12:30.712 4030 4121 D miui.face.FaceService: FaceAuthenHelper mReleaseIfAuthenticated Runnable run ... ...
06-08 11:12:30.712 4030 4121 D miui.face.FaceService: release memory... ...
06-08 11:12:30.758 2560 2698 E ActivityThread: Failed to find provider info for com.android.thememanager.set_lockwallpaper
06-08 11:12:31.100 1757 3835 I chatty : uid=1000(system) Binder:1757_D expire 2 lines
06-08 11:12:33.269 1757 9191 I chatty : uid=1000(system) Binder:1757_18 expire 1 line
06-08 11:12:39.467 2353 2767 D NetworkController.MobileSignalController(1): onServiceStateChanged slotId=0 subId=1 voiceState=0 dataState=0 FiveGConnected= false dataType= 13
06-08 11:12:39.496 2353 2767 I chatty : uid=1000(system) SysUiNetBg identical 1 line
06-08 11:12:40.155 2353 2767 D NetworkController.MobileSignalController(1): onServiceStateChanged slotId=0 subId=1 voiceState=0 dataState=0 FiveGConnected= false dataType= 13
06-08 11:12:40.933 1757 2036 I chatty : uid=1000(system) PowerManagerSer expire 20 lines
06-08 11:12:40.946 1757 1757 I chatty : uid=1000 system_server expire 10 lines
06-08 11:12:41.252 1757 3743 I chatty : uid=1000(system) Binder:1757_C expire 3 lines
06-08 11:12:45.462 4030 4147 D miui.face.FaceService: preInitAuth, com.android.systemui ok
06-08 11:12:45.463 4030 4147 D miui.face.FaceService: onPreInit curMonitor:com.miui.face.util.ClientMonitor@9a1130e hasInit: true
06-08 11:12:45.539 2353 3156 D DisplayFeatureManager: setScreenEffect mode=17 value=1 cookie=1
06-08 11:12:45.656 2353 2353 I MiuiGxzwOverlayView: add overlay view: mLayoutParams.alpha = 0.657
06-08 11:12:45.828 2353 3156 D DisplayFeatureManager: setScreenEffect mode=17 value=1 cookie=1
06-08 11:12:45.875 2560 2560 W ActivityThread: SCHED: com.miui.home/.launcher.Launcher [69, r=161ms, a=72ms, w=15327ms]
06-08 11:12:45.912 1757 2328 I chatty : uid=1000(system) PhotonicModulat expire 11 lines
06-08 11:12:46.124 3203 3203 V DreamService[DozeService]: onCreate()
06-08 11:12:46.150 3203 3203 V DreamService[DozeService]: onBind() intent = Intent { act=android.service.dreams.DreamService flg=0x800000 cmp=com.miui.aod/.doze.DozeService }
06-08 11:12:46.153 3203 3203 V DreamService[DozeService]: Calling onDreamingStarted()
06-08 11:12:46.153 3203 3203 V DreamService[DozeService]: onDreamingStarted()
06-08 11:12:46.547 2353 15269 W KeyguardViewMediator: notifyScreenOn
06-08 11:12:46.549 2353 2353 W KeyguardViewMediator: handleNotifyScreenTurningOn
06-08 11:12:46.549 2353 2353 W KeyguardViewMediator: notifyDrawn
06-08 11:12:46.550 1757 1922 I chatty : uid=1000(system) android.ui expire 5 lines
06-08 11:12:46.554 1757 1924 I chatty : uid=1000(system) android.display expire 11 lines
06-08 11:12:46.590 2353 2353 I MiuiGxzwOverlayView: upldate overlay view alpha: 0.0
06-08 11:12:46.767 1757 2303 I chatty : uid=1000(system) ScreenEffectThr expire 2 lines
06-08 11:12:46.785 2353 15269 W KeyguardViewMediator: doKeyguard: showing the lock screen
06-08 11:12:46.799 1112 1112 I wificond: Pno scan started for frequencies: 2412, 2417, 2422, 2427, 2432, 2437, 2447, 2452, 2457, 2462, 5180, 5200, 5220, 5240, 5745, 5765, 5785, 5805,
06-08 11:12:46.882 1757 1955 I chatty : uid=1000(system) android.bg expire 1 line
06-08 11:12:46.886 2353 2353 V KeyguardDisplayManager: show
06-08 11:12:47.483 1757 2301 I chatty : uid=1000(system) ProcessManager expire 1 line
06-08 11:12:48.530 2353 2353 I MiuiGxzwViewIcon: setGxzwIconTransparent
06-08 11:12:48.553 2353 2353 I MiuiGxzwViewIcon: turnOffScreen
06-08 11:12:49.893 2353 2767 D NetworkController.MobileSignalController(1): onServiceStateChanged slotId=0 subId=1 voiceState=0 dataState=0 FiveGConnected= false dataType= 3
06-08 11:12:50.720 2353 2353 I MiuiGxzwViewIcon: detect device put up
06-08 11:12:50.720 2353 2353 I MiuiGxzwViewIcon: setGxzwIconOpaque
06-08 11:12:51.062 826 911 W EventThreadInspector: slow VSync-sf on display(19261101167563905), count=1, avg=31 ms, max=31 ms.
06-08 11:12:51.940 1757 1757 I chatty : uid=1000 system_server expire 14 lines
06-08 11:12:51.945 2353 2353 I MiuiGxzwTouchHelper: onTouch: originalAction = ACTION_DOWN, action = ACTION_DOWN, x = 213,000000, y = 192,000000, pressure = 2048,000000, area = 9,000000
06-08 11:12:51.971 2353 2353 I MiuiGxzwHightlightContainer: show highlight view
06-08 11:12:51.972 2353 2353 I MiuiGxzwOverlayView: upldate overlay view alpha: 0.657
06-08 11:12:51.974 2353 2353 I MiuiGxzwTouchHelper: onTouch: originalAction = ACTION_UP, action = ACTION_UP, x = 213,000000, y = 185,000000, pressure = 2048,000000, area = 9,000000
06-08 11:12:51.974 2353 2353 I MiuiGxzwOverlayView: upldate overlay view alpha: 0.0
06-08 11:12:51.976 2353 2353 I MiuiGxzwHightlightContainer: dismiss highlight view
06-08 11:12:52.025 1757 2377 I chatty : uid=1000(system) Binder:1757_5 expire 1 line
06-08 11:12:52.911 2353 2353 I MiuiGxzwTouchHelper: onTouch: originalAction = ACTION_DOWN, action = ACTION_DOWN, x = 195,000000, y = 167,000000, pressure = 2048,000000, area = 12,000000
06-08 11:12:52.921 2353 2353 I MiuiGxzwHightlightContainer: show highlight view
06-08 11:12:52.923 2353 2353 I MiuiGxzwOverlayView: upldate overlay view alpha: 0.657
06-08 11:12:52.971 826 911 W EventThreadInspector: slow VSync-sf on display(19261101167563905), count=8, avg=25 ms, max=31 ms.
06-08 11:12:53.037 826 910 W EventThreadInspector: slow VSync-app on display(19261101167563905), count=19, avg=28 ms, max=31 ms.
06-08 11:12:53.069 826 826 W SurfaceFlingerInspector: Slow frame composition: xiaomi f4 41 doComposition took 62 ms
06-08 11:12:53.234 826 911 W EventThreadInspector: slow VSync-sf on display(19261101167563905), count=5, avg=28 ms, max=32 ms.
06-08 11:12:53.336 2353 2353 I miui_keyguard_fingerprint: onAuthenticationSucceeded: authUserId = 0
06-08 11:12:53.385 1757 2036 I chatty : uid=1000(system) PowerManagerSer expire 18 lines
06-08 11:12:53.404 1757 2328 I chatty : uid=1000(system) PhotonicModulat expire 1 line
06-08 11:12:53.404 1757 1924 I chatty : uid=1000(system) android.display expire 10 lines
06-08 11:12:53.417 1757 1921 I chatty : uid=1000(system) android.fg expire 3 lines
06-08 11:12:53.444 1757 2957 I chatty : uid=1000(system) Binder:1757_A expire 5 lines
06-08 11:12:53.448 3203 3203 V DreamService[DozeService]: wakeUp(): fromSystem=true, mWaking=false, mFinished=false
06-08 11:12:53.448 3203 3203 V DreamService[DozeService]: finish(): mFinished=false
06-08 11:12:53.448 1757 1757 I chatty : uid=1000 system_server expire 8 lines
06-08 11:12:53.452 2353 2353 I MiuiGxzwOverlayView: upldate overlay view alpha: 0.0
06-08 11:12:53.459 1757 8943 I chatty : uid=1000(system) Binder:1757_16 expire 10 lines
06-08 11:12:53.471 520 26676 D vold : The trim thread is not running
06-08 11:12:53.471 520 26676 D vold : idle maintenance stopped
06-08 11:12:53.472 2353 3726 I KeyguardViewMediator: call fw keyguardGoingAway: flags = 8
06-08 11:12:53.476 1757 1922 I chatty : uid=1000(system) android.ui expire 2 lines
06-08 11:12:53.478 1757 1925 I chatty : uid=1000(system) android.anim expire 8 lines
06-08 11:12:53.485 2353 2353 I MiuiGxzwHightlightContainer: dismiss highlight view
06-08 11:12:53.487 1757 3743 I chatty : uid=1000(system) Binder:1757_C expire 16 lines
06-08 11:12:53.494 3203 3203 V DreamService[DozeService]: detach(): Calling onDreamingStopped()
06-08 11:12:53.494 3203 3203 V DreamService[DozeService]: onDreamingStopped()
06-08 11:12:53.497 2353 2353 I MiuiGxzwOverlayView: remove overlay view
06-08 11:12:53.505 2353 3156 D DisplayFeatureManager: setScreenEffect mode=17 value=0 cookie=1
06-08 11:12:53.511 1112 1112 I wificond: Pno scan stopped
06-08 11:12:53.522 2353 2767 D NetworkController.MobileSignalController(1): onServiceStateChanged slotId=0 subId=1 voiceState=0 dataState=0 FiveGConnected= false dataType= 3
06-08 11:12:53.535 1757 3838 I chatty : uid=1000(system) Binder:1757_F expire 7 lines
06-08 11:12:53.562 2353 2353 I MiuiGxzwTouchHelper: onTouch: originalAction = ACTION_MOVE, action = ACTION_MOVE, x = 177,000000, y = 187,000000, pressure = 2048,000000, area = 12,000000
06-08 11:12:53.563 2353 2353 I MiuiGxzwTouchHelper: onTouch: originalAction = ACTION_UP, action = ACTION_UP, x = 177,000000, y = 187,000000, pressure = 2048,000000, area = 12,000000
06-08 11:12:53.571 3203 3203 V DreamService[DozeService]: finish(): mFinished=true
06-08 11:12:53.572 3203 3203 V DreamService[DozeService]: onDestroy()
06-08 11:12:53.574 2353 2353 E miui_face: start face unlock fail because device has unlocked
06-08 11:12:53.605 2353 2767 D NetworkController.MobileSignalController(1): onServiceStateChanged slotId=0 subId=1 voiceState=0 dataState=0 FiveGConnected= false dataType= 3
06-08 11:12:53.636 2353 2353 I KeyguardViewMediator: handleStartKeyguardExitAnimation startTime=3042329 fadeoutDuration=300
06-08 11:12:53.652 2353 2353 V KeyguardDisplayManager: hide
06-08 11:12:53.654 2353 2353 I miui_keyguard_fingerprint: fingerprint unlock time: wait fw call startKeyguardExitAnimation = 114 ms total = 264 ms
06-08 11:12:53.669 1757 1956 I chatty : uid=1000(system) ActivityManager expire 10 lines
06-08 11:12:53.671 4030 4030 D miui.face.FaceService: lock screen passed
06-08 11:12:53.671 4030 4121 D miui.face.FaceService: FaceAuthenHelper mReleaseIfAuthenticated Runnable run ... ...
06-08 11:12:53.671 4030 4121 D miui.face.FaceService: release memory... ...
06-08 11:12:53.729 2560 2719 E ActivityThread: Failed to find provider info for com.android.thememanager.set_lockwallpaper
06-08 11:12:53.795 1757 1809 I chatty : uid=1000(system) Binder:1757_2 expire 9 lines
06-08 11:12:53.852 1757 1955 I chatty : uid=1000(system) android.bg expire 4 lines
06-08 11:12:54.033 1757 9191 I chatty : uid=1000(system) Binder:1757_18 expire 7 lines
06-08 11:12:54.957 2353 2767 D NetworkController.MobileSignalController(1): onServiceStateChanged slotId=0 subId=1 voiceState=0 dataState=0 FiveGConnected= false dataType= 15
06-08 11:12:54.981 1757 2272 I chatty : uid=1000(system) ConnectivitySer expire 9 lines
06-08 11:12:54.998 3777 3805 W MiuiPerfServiceClient: interceptAndQueuing:2353|com.android.systemui|721|150|unknown|null|StatusBar|3042860700033|Slow main thread|19
06-08 11:12:56.902 2560 2560 I Timeline: Timeline: Activity_launch_request time:3045691
06-08 11:12:56.948 2560 2560 W ActivityThread: SCHED: com.miui.home/.launcher.Launcher [68, r=194ms, a=89ms, w=3455ms]
06-08 11:12:57.154 9671 9671 D DisplayFeatureManager: initProxyLoced CONFIG_SERVICENAME_RESOURCEID = 0 hidlServiceName = vendor.xiaomi.hardware.displayfeature@1.0::IDisplayFeature
06-08 11:12:57.373 9671 9671 W Activity: Slow Operation: Activity com.android.camera/.Camera onStart took 193ms
06-08 11:12:57.386 2353 3045 D FlashlightController: TorchCallback: onTorchModeUnavailable
06-08 11:12:57.442 9671 9671 W Looper : Slow Looper main: Activity com.android.camera/.Camera is 490ms late (wall=0ms running=0ms ClientTransaction{ callbacks=[android.app.servertransaction.TopResumedActivityChangeItem] }) because of 1 msg, msg 1 took 490ms (seq=16 running=233ms runnable=48ms io=115ms h=android.app.ActivityThread$H w=159)
06-08 11:12:57.467 1757 1957 I chatty : uid=1000(system) ActivityManager expire 10 lines
06-08 11:12:57.751 9671 9726 W BpBinder: Slow Binder: BpBinder transact took 267ms, interface=android.hardware.camera2.ICameraDeviceUser, code=6 oneway=false
06-08 11:12:57.923 26763 26763 I SystemConfig: Adding association: com.google.android.as <- com.android.providers.contacts
06-08 11:12:57.923 26763 26763 I SystemConfig: Adding association: com.google.android.as <- com.android.providers.media
06-08 11:12:57.923 26763 26763 I SystemConfig: Adding association: com.google.android.as <- com.android.providers.telephony
06-08 11:12:57.923 26763 26763 I SystemConfig: Adding association: com.google.android.as <- com.android.systemui
06-08 11:12:57.923 26763 26763 I SystemConfig: Adding association: com.google.android.as <- com.google.android.gms
06-08 11:12:57.923 26763 26763 I SystemConfig: Adding association: com.google.android.as <- com.google.android.gsf
06-08 11:12:57.937 26763 26763 W SystemConfig: No directory /product_services/etc/sysconfig, skipping
06-08 11:12:57.937 26763 26763 W SystemConfig: No directory /product_services/etc/permissions, skipping
06-08 11:12:58.570 1757 2301 I chatty : uid=1000(system) ProcessManager expire 1 line
06-08 11:12:59.297 1757 4531 I chatty : uid=1000(system) Binder:1757_11 expire 10 lines
06-08 11:12:59.397 1757 2223 I chatty : uid=1000(system) Binder:1757_3 expire 9 lines
06-08 11:12:59.441 1757 4296 I chatty : uid=1000(system) Binder:1757_10 expire 3 lines
06-08 11:12:59.467 1757 8942 I chatty : uid=1000(system) Binder:1757_15 expire 2 lines
06-08 11:12:59.815 1757 9230 I chatty : uid=1000(system) Binder:1757_1F expire 4 lines
06-08 11:13:00.309 1757 2733 I chatty : uid=1000(system) Binder:1757_8 expire 6 lines
06-08 11:13:00.324 1757 8939 I chatty : uid=1000(system) Binder:1757_14 expire 1 line
06-08 11:13:00.334 1757 9190 I chatty : uid=1000(system) Binder:1757_17 expire 10 lines
06-08 11:13:00.373 1757 2377 I chatty : uid=1000(system) Binder:1757_5 expire 4 lines
06-08 11:13:00.387 1757 9229 I chatty : uid=1000(system) Binder:1757_1E expire 8 lines
06-08 11:13:01.009 1757 9199 I chatty : uid=1000(system) Binder:1757_19 expire 8 lines
06-08 11:13:01.068 1757 2860 I chatty : uid=1000(system) Binder:1757_9 expire 1 line
06-08 11:13:01.068 1757 9222 I chatty : uid=1000(system) Binder:1757_1C expire 5 lines
06-08 11:13:01.126 1757 3562 I chatty : uid=1000(system) Binder:1757_B expire 3 lines
06-08 11:13:01.126 1757 2287 I chatty : uid=1000(system) Binder:1757_4 expire 2 lines
06-08 11:13:16.622 4107 21725 E ActivityThread: Failed to find provider info for com.miui.whetstone
06-08 11:13:18.730 2353 2767 D NetworkController.MobileSignalController(1): onServiceStateChanged slotId=0 subId=1 voiceState=0 dataState=0 FiveGConnected= false dataType= 15
06-08 11:13:18.969 2353 2767 D NetworkController.MobileSignalController(1): onServiceStateChanged slotId=0 subId=1 voiceState=0 dataState=0 FiveGConnected= false dataType= 13
06-08 11:13:19.633 826 826 W SurfaceFlingerInspector: Slow frame composition: xiaomi f4 41 prepareFrame took 157 ms
06-08 11:13:19.859 1757 5166 I chatty : uid=1000(system) Binder:1757_12 expire 2 lines
06-08 11:13:21.406 826 826 W SurfaceFlingerInspector: Slow frame composition: xiaomi f4 41 prepareFrame took 64 ms
06-08 11:13:21.733 1757 2275 I chatty : uid=1000(system) NsdService expire 7 lines
06-08 11:13:21.926 1757 1803 I chatty : uid=1000(system) Binder:1757_1 expire 3 lines
06-08 11:13:21.963 1757 3836 I chatty : uid=1000(system) Binder:1757_E expire 6 lines
06-08 11:13:22.127 1757 1924 I chatty : uid=1000(system) android.display expire 3 lines
06-08 11:13:23.551 9671 28277 W BpBinder: Slow Binder: BpBinder transact took 832ms, interface=android.app.IActivityManager, code=20 oneway=false
06-08 11:13:23.643 28319 28356 E ActivityThread: Failed to find provider info for com.miui.gallery.scanner
06-08 11:13:23.652 1757 1957 I chatty : uid=1000(system) ActivityManager expire 20 lines
06-08 11:13:23.754 1757 1956 I chatty : uid=1000(system) ActivityManager expire 6 lines
06-08 11:13:24.032 28349 28349 W Looper : Slow Looper main: Long Msg: seq=2 plan=11:13:22.976 late=3ms wall=1053ms running=544ms runnable=153ms io=263ms h=android.app.ActivityThread$H w=110
06-08 11:13:24.071 28319 28319 E ActivityThread: Failed to find provider info for com.miui.whetstone
06-08 11:13:24.128 28265 28477 W BpBinder: Slow Binder: BpBinder transact took 551ms, interface=android.app.IActivityManager, code=20 oneway=false
06-08 11:13:24.402 826 826 W SurfaceFlingerInspector: Slow frame composition: xiaomi f4 41 prepareFrame took 137 ms
06-08 11:13:24.526 28265 28477 W BpBinder: Slow Binder: BpBinder transact took 268ms, interface=android.content.IContentProvider, code=1 oneway=false
06-08 11:13:24.586 26763 26850 W BpBinder: Slow Binder: BpBinder transact took 790ms, interface=android.content.IContentProvider, code=1 oneway=false
06-08 11:13:24.605 28265 28265 W Looper : Slow Looper main: Long Msg: seq=2 plan=11:13:22.551 late=17ms wall=2037ms running=692ms runnable=542ms io=408ms h=android.app.ActivityThread$H w=110
06-08 11:13:25.711 28265 28265 W Looper : Slow Looper main: Long Msg: seq=10 plan=11:13:24.640 late=1ms wall=1070ms running=152ms runnable=304ms io=97ms h=android.os.Handler w=0
06-08 11:13:26.585 1757 3743 I chatty : uid=1000(system) Binder:1757_C expire 2 lines
06-08 11:13:26.623 28319 28356 E ActivityThread: Failed to find provider info for com.miui.gallery.scanner
06-08 11:13:27.426 28265 28573 W BpBinder: Slow Binder: BpBinder transact took 1039ms, interface=android.app.IActivityManager, code=20 oneway=false
06-08 11:13:27.553 28265 28477 W BpBinder: Slow Binder: BpBinder transact took 1070ms, interface=com.google.android.gms.measurement.internal.IMeasurementService, code=11 oneway=false
06-08 11:13:27.675 28265 28573 W BpBinder: Slow Binder: BpBinder transact took 248ms, interface=android.content.IContentProvider, code=1 oneway=false
06-08 11:13:27.968 28777 28777 I SystemConfig: Adding association: com.google.android.as <- com.android.providers.contacts
06-08 11:13:27.969 28777 28777 I SystemConfig: Adding association: com.google.android.as <- com.android.providers.media
06-08 11:13:27.969 28777 28777 I SystemConfig: Adding association: com.google.android.as <- com.android.providers.telephony
06-08 11:13:27.969 28777 28777 I SystemConfig: Adding association: com.google.android.as <- com.android.systemui
06-08 11:13:27.969 28777 28777 I SystemConfig: Adding association: com.google.android.as <- com.google.android.gms
06-08 11:13:27.969 28777 28777 I SystemConfig: Adding association: com.google.android.as <- com.google.android.gsf
06-08 11:13:28.419 602 1392 E FrameworkListener: read() failed (Connection reset by peer)
06-08 11:13:29.446 826 826 W SurfaceFlingerInspector: Slow frame composition: xiaomi f4 41 prepareFrame took 98 ms
06-08 11:13:29.465 28969 28969 I SystemConfig: Adding association: com.google.android.as <- com.android.providers.contacts
06-08 11:13:29.465 28969 28969 I SystemConfig: Adding association: com.google.android.as <- com.android.providers.media
06-08 11:13:29.465 28969 28969 I SystemConfig: Adding association: com.google.android.as <- com.android.providers.telephony
06-08 11:13:29.465 28969 28969 I SystemConfig: Adding association: com.google.android.as <- com.android.systemui
06-08 11:13:29.465 28969 28969 I SystemConfig: Adding association: com.google.android.as <- com.google.android.gms
06-08 11:13:29.465 28969 28969 I SystemConfig: Adding association: com.google.android.as <- com.google.android.gsf
06-08 11:13:29.535 28969 28969 W SystemConfig: No directory /product_services/etc/sysconfig, skipping
06-08 11:13:29.535 28969 28969 W SystemConfig: No directory /product_services/etc/permissions, skipping
06-08 11:13:29.825 1757 9230 I chatty : uid=1000(system) Binder:1757_1F expire 1 line
06-08 11:13:29.832 29023 29124 W BpBinder: Slow Binder: BpBinder transact took 203ms, interface=android.content.IContentProvider, code=1 oneway=false
06-08 11:13:29.848 1757 1956 I chatty : uid=1000(system) ActivityManager expire 13 lines
06-08 11:13:30.563 29023 29023 W Looper : Slow Looper main: Long Msg: seq=2 plan=11:13:29.219 late=38ms wall=1305ms running=505ms runnable=274ms io=267ms h=android.app.ActivityThread$H w=110
06-08 11:13:30.586 1757 1757 I chatty : uid=1000 system_server expire 6 lines
06-08 11:13:30.892 28319 28725 E ActivityThread: Failed to find provider info for com.miui.gallery.scanner
06-08 11:13:30.927 9671 9671 I Timeline: Timeline: Activity_launch_request time:3079716
06-08 11:13:30.934 1757 3836 I chatty : uid=1000(system) Binder:1757_E expire 7 lines
06-08 11:13:30.997 9671 9671 W ActivityThread: SCHED: com.android.camera/.Camera [57, r=1634ms, a=1231ms, w=33623ms]
06-08 11:13:31.028 9671 9671 D DisplayFeatureManager: setScreenEffect mode=14 value=0
06-08 11:13:31.092 9671 9671 W Activity: Slow Operation: Activity com.android.camera/.Camera onPause took 82ms
06-08 11:13:31.096 1757 2732 I chatty : uid=1000(system) Binder:1757_7 expire 3 lines
06-08 11:13:31.123 1757 1924 I chatty : uid=1000(system) android.display expire 7 lines
06-08 11:13:31.127 2353 2757 I KeyguardViewMediator: setOccluded true
06-08 11:13:31.154 1757 9229 I chatty : uid=1000(system) Binder:1757_1E expire 7 lines
06-08 11:13:31.261 1757 1957 I chatty : uid=1000(system) ActivityManager expire 17 lines
06-08 11:13:31.360 2353 2757 I KeyguardViewMediator: setOccluded false
06-08 11:13:31.385 2353 2353 E miui_face: start face unlock fail, mKeyguardShowing=false;isDeviceInteractive=true
06-08 11:13:31.452 1757 1925 I chatty : uid=1000(system) android.anim expire 11 lines
06-08 11:13:31.484 1757 9222 I chatty : uid=1000(system) Binder:1757_1C expire 1 line
06-08 11:13:31.569 26763 26763 W Looper : Slow Looper main: Activity com.miui.gallery/.activity.ExternalPhotoPageActivity is 459ms late (wall=0ms running=0ms ClientTransaction{ callbacks=[android.app.servertransaction.TopResumedActivityChangeItem] }) because of 1 msg, msg 1 took 462ms (seq=55 running=155ms runnable=98ms io=103ms h=android.app.ActivityThread$H w=159)
06-08 11:13:31.606 1757 9199 I chatty : uid=1000(system) Binder:1757_19 expire 3 lines
06-08 11:13:32.044 4340 5257 W BpBinder: Slow Binder: BpBinder transact took 868ms, interface=android.app.IActivityManager, code=20 oneway=false
06-08 11:13:32.175 29023 29023 E ActivityThread: Failed to find provider info for com.miui.systemAdSolution.adSwitch
06-08 11:13:32.231 29023 29023 I Ad : isPersonalizedAdEnabled getAdSettings: 2
06-08 11:13:32.282 29023 29422 E ActivityThread: Failed to find provider info for com.miui.systemAdSolution.adSwitch
